[INFO] fetching crate encrusted 1.1.0...
[INFO] documenting encrusted-1.1.0 against 1.75.0 for beta-1.76-rustdoc-1
[INFO] extracting crate encrusted 1.1.0 into /workspace/builds/worker-6-tc1/source
[INFO] validating manifest of crates.io crate encrusted 1.1.0 on toolchain 1.75.0
[INFO] running `Command { std: CARGO_HOME="/workspace/cargo-home" RUSTUP_HOME="/workspace/rustup-home" "/workspace/cargo-home/bin/cargo" "+1.75.0" "metadata" "--manifest-path" "Cargo.toml" "--no-deps", kill_on_drop: false }`
[INFO] started tweaking crates.io crate encrusted 1.1.0
[INFO] finished tweaking crates.io crate encrusted 1.1.0
[INFO] tweaked toml for crates.io crate encrusted 1.1.0 written to /workspace/builds/worker-6-tc1/source/Cargo.toml
[INFO] running `Command { std: CARGO_HOME="/workspace/cargo-home" RUSTUP_HOME="/workspace/rustup-home" "/workspace/cargo-home/bin/cargo" "+1.75.0" "generate-lockfile" "--manifest-path" "Cargo.toml", kill_on_drop: false }`
[INFO] [stderr]     Updating crates.io index
[INFO] running `Command { std: CARGO_HOME="/workspace/cargo-home" RUSTUP_HOME="/workspace/rustup-home" "/workspace/cargo-home/bin/cargo" "+1.75.0" "fetch" "--manifest-path" "Cargo.toml", kill_on_drop: false }`
[INFO] [stderr]  Downloading crates ...
[INFO] [stderr]   Downloaded wasm-glue v0.1.0
[INFO] running `Command { std: "docker" "create" "-v" "/var/lib/crater-agent-workspace/builds/worker-6-tc1/target:/opt/rustwide/target:rw,Z" "-v" "/var/lib/crater-agent-workspace/builds/worker-6-tc1/source:/opt/rustwide/workdir:ro,Z" "-v" "/var/lib/crater-agent-workspace/cargo-home:/opt/rustwide/cargo-home:ro,Z" "-v" "/var/lib/crater-agent-workspace/rustup-home:/opt/rustwide/rustup-home:ro,Z" "-e" "SOURCE_DIR=/opt/rustwide/workdir" "-e" "CARGO_TARGET_DIR=/opt/rustwide/target" "-e" "CARGO_HOME=/opt/rustwide/cargo-home" "-e" "RUSTUP_HOME=/opt/rustwide/rustup-home" "-w" "/opt/rustwide/workdir" "-m" "1610612736" "--user" "0:0" "--network" "none" "ghcr.io/rust-lang/crates-build-env/linux@sha256:2788e3201cd34a07e3172128adcd8b3090168a8e3bcc40d7c032b9dda1df7d1c" "/opt/rustwide/cargo-home/bin/cargo" "+1.75.0" "metadata" "--no-deps" "--format-version=1", kill_on_drop: false }`
[INFO] [stdout] c8e79eec1297604bbd723739efa0811af4b8e4733141d04eab2c594ef1284cbd
[INFO] running `Command { std: "docker" "start" "-a" "c8e79eec1297604bbd723739efa0811af4b8e4733141d04eab2c594ef1284cbd", kill_on_drop: false }`
[INFO] running `Command { std: "docker" "inspect" "c8e79eec1297604bbd723739efa0811af4b8e4733141d04eab2c594ef1284cbd", kill_on_drop: false }`
[INFO] running `Command { std: "docker" "rm" "-f" "c8e79eec1297604bbd723739efa0811af4b8e4733141d04eab2c594ef1284cbd", kill_on_drop: false }`
[INFO] [stdout] c8e79eec1297604bbd723739efa0811af4b8e4733141d04eab2c594ef1284cbd
[INFO] running `Command { std: "docker" "create" "-v" "/var/lib/crater-agent-workspace/builds/worker-6-tc1/target:/opt/rustwide/target:rw,Z" "-v" "/var/lib/crater-agent-workspace/builds/worker-6-tc1/source:/opt/rustwide/workdir:ro,Z" "-v" "/var/lib/crater-agent-workspace/cargo-home:/opt/rustwide/cargo-home:ro,Z" "-v" "/var/lib/crater-agent-workspace/rustup-home:/opt/rustwide/rustup-home:ro,Z" "-e" "SOURCE_DIR=/opt/rustwide/workdir" "-e" "CARGO_TARGET_DIR=/opt/rustwide/target" "-e" "CARGO_INCREMENTAL=0" "-e" "RUST_BACKTRACE=full" "-e" "RUSTFLAGS=--cap-lints=warn" "-e" "RUSTDOCFLAGS=--cap-lints=warn" "-e" "CARGO_HOME=/opt/rustwide/cargo-home" "-e" "RUSTUP_HOME=/opt/rustwide/rustup-home" "-w" "/opt/rustwide/workdir" "-m" "1610612736" "--user" "0:0" "--network" "none" "ghcr.io/rust-lang/crates-build-env/linux@sha256:2788e3201cd34a07e3172128adcd8b3090168a8e3bcc40d7c032b9dda1df7d1c" "/opt/rustwide/cargo-home/bin/cargo" "+1.75.0" "doc" "--frozen" "--no-deps" "--document-private-items" "--message-format=json", kill_on_drop: false }`
[INFO] [stdout] 0a81cb8f82638e3ee6b7b720f20e48ecb29560ceef94be5162a71204f57e2a0b
[INFO] running `Command { std: "docker" "start" "-a" "0a81cb8f82638e3ee6b7b720f20e48ecb29560ceef94be5162a71204f57e2a0b", kill_on_drop: false }`
[INFO] [stderr]    Compiling serde v1.0.195
[INFO] [stderr]    Compiling num-traits v0.2.17
[INFO] [stderr]     Checking aho-corasick v1.1.2
[INFO] [stderr]     Checking unicode-width v0.1.11
[INFO] [stderr]     Checking atty v0.2.14
[INFO] [stderr]     Checking byteorder v1.5.0
[INFO] [stderr]     Checking vec_map v0.8.2
[INFO] [stderr]    Compiling syn v2.0.48
[INFO] [stderr]     Checking strsim v0.8.0
[INFO] [stderr]     Checking textwrap v0.11.0
[INFO] [stderr]     Checking ansi_term v0.12.1
[INFO] [stderr]     Checking rand v0.4.6
[INFO] [stderr]     Checking term_size v0.3.2
[INFO] [stderr]     Checking base64 v0.10.1
[INFO] [stderr]     Checking clap v2.34.0
[INFO] [stderr]     Checking regex-automata v0.4.3
[INFO] [stderr]     Checking num-traits v0.1.43
[INFO] [stderr]     Checking enum_primitive v0.1.1
[INFO] [stderr]    Compiling serde_derive v1.0.195
[INFO] [stderr]     Checking serde_json v1.0.111
[INFO] [stderr]     Checking regex v1.10.2
[INFO] [stderr]  Documenting encrusted v1.1.0 (/opt/rustwide/workdir)
[INFO] [stdout] error[E0463]: can't find crate for `wasm_glue`
[INFO] [stdout]  --> src/rust/main.web.rs:6:1
[INFO] [stdout]   |
[INFO] [stdout] 6 | extern crate wasm_glue;
[INFO] [stdout]   | ^^^^^^^^^^^^^^^^^^^^^^^ can't find crate
[INFO] [stdout] 
[INFO] [stdout] 
[INFO] [stdout] error[E0554]: `#![feature]` may not be used on the stable release channel
[INFO] [stdout]  --> src/rust/main.web.rs:1:1
[INFO] [stdout]   |
[INFO] [stdout] 1 | #![feature(slice_patterns)]
[INFO] [stdout]   | ^^^^^^^^^^^^^^^^^^^^^^^^^^^ help: remove the attribute
[INFO] [stdout]   |
[INFO] [stdout]   = help: the feature `slice_patterns` has been stable since `1.42.0` and no longer requires an attribute to enable
[INFO] [stdout] 
[INFO] [stdout] 
[INFO] [stdout] warning: `...` range patterns are deprecated
[INFO] [stdout]   --> src/rust/instruction.rs:88:18
[INFO] [stdout]    |
[INFO] [stdout] 88 |                 1...15 => write!(f, "local{}", x - 1),
[INFO] [stdout]    |                  ^^^ help: use `..=` for an inclusive range
[INFO] [stdout]    |
[INFO] [stdout]    = warning: this is accepted in the current edition (Rust 2015) but is a hard error in Rust 2021!
[INFO] [stdout]    = note: for more information, see <https://doc.rust-lang.org/nightly/edition-guide/rust-2021/warnings-promoted-to-error.html>
[INFO] [stdout]    = note: `#[warn(ellipsis_inclusive_range_patterns)]` on by default
[INFO] [stdout] 
[INFO] [stdout] 
[INFO] [stdout] warning: `...` range patterns are deprecated
[INFO] [stdout]    --> src/rust/instruction.rs:365:18
[INFO] [stdout]     |
[INFO] [stdout] 365 |                 1...15 => write!(f, " -> local{}", x - 1),
[INFO] [stdout]     |                  ^^^ help: use `..=` for an inclusive range
[INFO] [stdout]     |
[INFO] [stdout]     = warning: this is accepted in the current edition (Rust 2015) but is a hard error in Rust 2021!
[INFO] [stdout]     = note: for more information, see <https://doc.rust-lang.org/nightly/edition-guide/rust-2021/warnings-promoted-to-error.html>
[INFO] [stdout] 
[INFO] [stdout] 
[INFO] [stdout] warning: `...` range patterns are deprecated
[INFO] [stdout]    --> src/rust/zmachine.rs:262:14
[INFO] [stdout]     |
[INFO] [stdout] 262 |             1...3 => addr * 2,
[INFO] [stdout]     |              ^^^ help: use `..=` for an inclusive range
[INFO] [stdout]     |
[INFO] [stdout]     = warning: this is accepted in the current edition (Rust 2015) but is a hard error in Rust 2021!
[INFO] [stdout]     = note: for more information, see <https://doc.rust-lang.org/nightly/edition-guide/rust-2021/warnings-promoted-to-error.html>
[INFO] [stdout] 
[INFO] [stdout] 
[INFO] [stdout] warning: `...` range patterns are deprecated
[INFO] [stdout]    --> src/rust/zmachine.rs:263:14
[INFO] [stdout]     |
[INFO] [stdout] 263 |             4...7 => addr * 4,
[INFO] [stdout]     |              ^^^ help: use `..=` for an inclusive range
[INFO] [stdout]     |
[INFO] [stdout]     = warning: this is accepted in the current edition (Rust 2015) but is a hard error in Rust 2021!
[INFO] [stdout]     = note: for more information, see <https://doc.rust-lang.org/nightly/edition-guide/rust-2021/warnings-promoted-to-error.html>
[INFO] [stdout] 
[INFO] [stdout] 
[INFO] [stdout] warning: `...` range patterns are deprecated
[INFO] [stdout]   --> src/rust/instruction.rs:88:18
[INFO] [stdout]    |
[INFO] [stdout] 88 |                 1...15 => write!(f, "local{}", x - 1),
[INFO] [stdout]    |                  ^^^ help: use `..=` for an inclusive range
[INFO] [stdout]    |
[INFO] [stdout]    = warning: this is accepted in the current edition (Rust 2015) but is a hard error in Rust 2021!
[INFO] [stdout]    = note: for more information, see <https://doc.rust-lang.org/nightly/edition-guide/rust-2021/warnings-promoted-to-error.html>
[INFO] [stdout]    = note: `#[warn(ellipsis_inclusive_range_patterns)]` on by default
[INFO] [stdout] 
[INFO] [stdout] 
[INFO] [stdout] warning: `...` range patterns are deprecated
[INFO] [stdout]    --> src/rust/zmachine.rs:271:18
[INFO] [stdout]     |
[INFO] [stdout] 271 |             x @ 6...7 => x + self.routine_offset * 8,
[INFO] [stdout]     |                  ^^^ help: use `..=` for an inclusive range
[INFO] [stdout]     |
[INFO] [stdout]     = warning: this is accepted in the current edition (Rust 2015) but is a hard error in Rust 2021!
[INFO] [stdout]     = note: for more information, see <https://doc.rust-lang.org/nightly/edition-guide/rust-2021/warnings-promoted-to-error.html>
[INFO] [stdout] 
[INFO] [stdout] 
[INFO] [stdout] warning: `...` range patterns are deprecated
[INFO] [stdout]    --> src/rust/zmachine.rs:278:18
[INFO] [stdout]     |
[INFO] [stdout] 278 |             x @ 6...7 => x + self.string_offset * 8,
[INFO] [stdout]     |                  ^^^ help: use `..=` for an inclusive range
[INFO] [stdout]     |
[INFO] [stdout]     = warning: this is accepted in the current edition (Rust 2015) but is a hard error in Rust 2021!
[INFO] [stdout]     = note: for more information, see <https://doc.rust-lang.org/nightly/edition-guide/rust-2021/warnings-promoted-to-error.html>
[INFO] [stdout] 
[INFO] [stdout] 
[INFO] [stdout] warning: `...` range patterns are deprecated
[INFO] [stdout]    --> src/rust/zmachine.rs:340:14
[INFO] [stdout]     |
[INFO] [stdout] 340 |             1...15 => self.read_local(index - 1),
[INFO] [stdout]     |              ^^^ help: use `..=` for an inclusive range
[INFO] [stdout]     |
[INFO] [stdout]     = warning: this is accepted in the current edition (Rust 2015) but is a hard error in Rust 2021!
[INFO] [stdout]     = note: for more information, see <https://doc.rust-lang.org/nightly/edition-guide/rust-2021/warnings-promoted-to-error.html>
[INFO] [stdout] 
[INFO] [stdout] 
[INFO] [stdout] warning: `...` range patterns are deprecated
[INFO] [stdout]    --> src/rust/zmachine.rs:341:15
[INFO] [stdout]     |
[INFO] [stdout] 341 |             16...255 => self.read_global(index - 16),
[INFO] [stdout]     |               ^^^ help: use `..=` for an inclusive range
[INFO] [stdout]     |
[INFO] [stdout]     = warning: this is accepted in the current edition (Rust 2015) but is a hard error in Rust 2021!
[INFO] [stdout]     = note: for more information, see <https://doc.rust-lang.org/nightly/edition-guide/rust-2021/warnings-promoted-to-error.html>
[INFO] [stdout] 
[INFO] [stdout] 
[INFO] [stdout] warning: `...` range patterns are deprecated
[INFO] [stdout]    --> src/rust/instruction.rs:365:18
[INFO] [stdout]     |
[INFO] [stdout] 365 |                 1...15 => write!(f, " -> local{}", x - 1),
[INFO] [stdout]     |                  ^^^ help: use `..=` for an inclusive range
[INFO] [stdout]     |
[INFO] [stdout]     = warning: this is accepted in the current edition (Rust 2015) but is a hard error in Rust 2021!
[INFO] [stdout]     = note: for more information, see <https://doc.rust-lang.org/nightly/edition-guide/rust-2021/warnings-promoted-to-error.html>
[INFO] [stdout] 
[INFO] [stdout] 
[INFO] [stdout] warning: `...` range patterns are deprecated
[INFO] [stdout]    --> src/rust/zmachine.rs:350:14
[INFO] [stdout]     |
[INFO] [stdout] 350 |             1...15 => self.read_local(index - 1),
[INFO] [stdout]     |              ^^^ help: use `..=` for an inclusive range
[INFO] [stdout]     |
[INFO] [stdout]     = warning: this is accepted in the current edition (Rust 2015) but is a hard error in Rust 2021!
[INFO] [stdout]     = note: for more information, see <https://doc.rust-lang.org/nightly/edition-guide/rust-2021/warnings-promoted-to-error.html>
[INFO] [stdout] 
[INFO] [stdout] 
[INFO] [stdout] warning: `...` range patterns are deprecated
[INFO] [stdout]    --> src/rust/zmachine.rs:351:15
[INFO] [stdout]     |
[INFO] [stdout] 351 |             16...255 => self.read_global(index - 16),
[INFO] [stdout]     |               ^^^ help: use `..=` for an inclusive range
[INFO] [stdout]     |
[INFO] [stdout]     = warning: this is accepted in the current edition (Rust 2015) but is a hard error in Rust 2021!
[INFO] [stdout]     = note: for more information, see <https://doc.rust-lang.org/nightly/edition-guide/rust-2021/warnings-promoted-to-error.html>
[INFO] [stdout] 
[INFO] [stdout] 
[INFO] [stdout] warning: `...` range patterns are deprecated
[INFO] [stdout]    --> src/rust/zmachine.rs:262:14
[INFO] [stdout]     |
[INFO] [stdout] 262 |             1...3 => addr * 2,
[INFO] [stdout]     |              ^^^ help: use `..=` for an inclusive range
[INFO] [stdout]     |
[INFO] [stdout]     = warning: this is accepted in the current edition (Rust 2015) but is a hard error in Rust 2021!
[INFO] [stdout]     = note: for more information, see <https://doc.rust-lang.org/nightly/edition-guide/rust-2021/warnings-promoted-to-error.html>
[INFO] [stdout] 
[INFO] [stdout] 
[INFO] [stdout] warning: `...` range patterns are deprecated
[INFO] [stdout]    --> src/rust/zmachine.rs:360:14
[INFO] [stdout]     |
[INFO] [stdout] 360 |             1...15 => self.write_local(index - 1, value),
[INFO] [stdout]     |              ^^^ help: use `..=` for an inclusive range
[INFO] [stdout]     |
[INFO] [stdout]     = warning: this is accepted in the current edition (Rust 2015) but is a hard error in Rust 2021!
[INFO] [stdout]     = note: for more information, see <https://doc.rust-lang.org/nightly/edition-guide/rust-2021/warnings-promoted-to-error.html>
[INFO] [stdout] 
[INFO] [stdout] 
[INFO] [stdout] warning: `...` range patterns are deprecated
[INFO] [stdout]    --> src/rust/zmachine.rs:361:15
[INFO] [stdout]     |
[INFO] [stdout] 361 |             16...255 => self.write_global(index - 16, value),
[INFO] [stdout]     |               ^^^ help: use `..=` for an inclusive range
[INFO] [stdout]     |
[INFO] [stdout]     = warning: this is accepted in the current edition (Rust 2015) but is a hard error in Rust 2021!
[INFO] [stdout]     = note: for more information, see <https://doc.rust-lang.org/nightly/edition-guide/rust-2021/warnings-promoted-to-error.html>
[INFO] [stdout] 
[INFO] [stdout] 
[INFO] [stdout] warning: `...` range patterns are deprecated
[INFO] [stdout]    --> src/rust/zmachine.rs:373:14
[INFO] [stdout]     |
[INFO] [stdout] 373 |             1...15 => self.write_local(index - 1, value),
[INFO] [stdout]     |              ^^^ help: use `..=` for an inclusive range
[INFO] [stdout]     |
[INFO] [stdout]     = warning: this is accepted in the current edition (Rust 2015) but is a hard error in Rust 2021!
[INFO] [stdout]     = note: for more information, see <https://doc.rust-lang.org/nightly/edition-guide/rust-2021/warnings-promoted-to-error.html>
[INFO] [stdout] 
[INFO] [stdout] 
[INFO] [stdout] warning: `...` range patterns are deprecated
[INFO] [stdout]    --> src/rust/zmachine.rs:263:14
[INFO] [stdout]     |
[INFO] [stdout] 263 |             4...7 => addr * 4,
[INFO] [stdout]     |              ^^^ help: use `..=` for an inclusive range
[INFO] [stdout]     |
[INFO] [stdout]     = warning: this is accepted in the current edition (Rust 2015) but is a hard error in Rust 2021!
[INFO] [stdout]     = note: for more information, see <https://doc.rust-lang.org/nightly/edition-guide/rust-2021/warnings-promoted-to-error.html>
[INFO] [stdout] 
[INFO] [stdout] 
[INFO] [stdout] warning: `...` range patterns are deprecated
[INFO] [stdout]    --> src/rust/zmachine.rs:374:15
[INFO] [stdout]     |
[INFO] [stdout] 374 |             16...255 => self.write_global(index - 16, value),
[INFO] [stdout]     |               ^^^ help: use `..=` for an inclusive range
[INFO] [stdout]     |
[INFO] [stdout]     = warning: this is accepted in the current edition (Rust 2015) but is a hard error in Rust 2021!
[INFO] [stdout]     = note: for more information, see <https://doc.rust-lang.org/nightly/edition-guide/rust-2021/warnings-promoted-to-error.html>
[INFO] [stdout] 
[INFO] [stdout] 
[INFO] [stdout] warning: `...` range patterns are deprecated
[INFO] [stdout]    --> src/rust/zmachine.rs:271:18
[INFO] [stdout]     |
[INFO] [stdout] 271 |             x @ 6...7 => x + self.routine_offset * 8,
[INFO] [stdout]     |                  ^^^ help: use `..=` for an inclusive range
[INFO] [stdout]     |
[INFO] [stdout]     = warning: this is accepted in the current edition (Rust 2015) but is a hard error in Rust 2021!
[INFO] [stdout]     = note: for more information, see <https://doc.rust-lang.org/nightly/edition-guide/rust-2021/warnings-promoted-to-error.html>
[INFO] [stdout] 
[INFO] [stdout] 
[INFO] [stdout] warning: `...` range patterns are deprecated
[INFO] [stdout]    --> src/rust/zmachine.rs:278:18
[INFO] [stdout]     |
[INFO] [stdout] 278 |             x @ 6...7 => x + self.string_offset * 8,
[INFO] [stdout]     |                  ^^^ help: use `..=` for an inclusive range
[INFO] [stdout]     |
[INFO] [stdout]     = warning: this is accepted in the current edition (Rust 2015) but is a hard error in Rust 2021!
[INFO] [stdout]     = note: for more information, see <https://doc.rust-lang.org/nightly/edition-guide/rust-2021/warnings-promoted-to-error.html>
[INFO] [stdout] 
[INFO] [stdout] 
[INFO] [stdout] warning: `...` range patterns are deprecated
[INFO] [stdout]    --> src/rust/zmachine.rs:825:14
[INFO] [stdout]     |
[INFO] [stdout] 825 |             1...3 => {
[INFO] [stdout]     |              ^^^ help: use `..=` for an inclusive range
[INFO] [stdout]     |
[INFO] [stdout]     = warning: this is accepted in the current edition (Rust 2015) but is a hard error in Rust 2021!
[INFO] [stdout]     = note: for more information, see <https://doc.rust-lang.org/nightly/edition-guide/rust-2021/warnings-promoted-to-error.html>
[INFO] [stdout] 
[INFO] [stdout] 
[INFO] [stdout] warning: `...` range patterns are deprecated
[INFO] [stdout]     --> src/rust/zmachine.rs:1137:17
[INFO] [stdout]      |
[INFO] [stdout] 1137 |             0x00...0x1f => (get_opcode(btm_5(first), 0), vec![Small, Small]),
[INFO] [stdout]      |                 ^^^ help: use `..=` for an inclusive range
[INFO] [stdout]      |
[INFO] [stdout]      = warning: this is accepted in the current edition (Rust 2015) but is a hard error in Rust 2021!
[INFO] [stdout]      = note: for more information, see <https://doc.rust-lang.org/nightly/edition-guide/rust-2021/warnings-promoted-to-error.html>
[INFO] [stdout] 
[INFO] [stdout] 
[INFO] [stdout] warning: `...` range patterns are deprecated
[INFO] [stdout]    --> src/rust/zmachine.rs:340:14
[INFO] [stdout]     |
[INFO] [stdout] 340 |             1...15 => self.read_local(index - 1),
[INFO] [stdout]     |              ^^^ help: use `..=` for an inclusive range
[INFO] [stdout]     |
[INFO] [stdout]     = warning: this is accepted in the current edition (Rust 2015) but is a hard error in Rust 2021!
[INFO] [stdout]     = note: for more information, see <https://doc.rust-lang.org/nightly/edition-guide/rust-2021/warnings-promoted-to-error.html>
[INFO] [stdout] 
[INFO] [stdout] 
[INFO] [stdout] warning: `...` range patterns are deprecated
[INFO] [stdout]     --> src/rust/zmachine.rs:1138:17
[INFO] [stdout]      |
[INFO] [stdout] 1138 |             0x20...0x3f => (get_opcode(btm_5(first), 0), vec![Small, Variable]),
[INFO] [stdout]      |                 ^^^ help: use `..=` for an inclusive range
[INFO] [stdout]      |
[INFO] [stdout]      = warning: this is accepted in the current edition (Rust 2015) but is a hard error in Rust 2021!
[INFO] [stdout]      = note: for more information, see <https://doc.rust-lang.org/nightly/edition-guide/rust-2021/warnings-promoted-to-error.html>
[INFO] [stdout] 
[INFO] [stdout] 
[INFO] [stdout] warning: `...` range patterns are deprecated
[INFO] [stdout]    --> src/rust/zmachine.rs:341:15
[INFO] [stdout]     |
[INFO] [stdout] 341 |             16...255 => self.read_global(index - 16),
[INFO] [stdout]     |               ^^^ help: use `..=` for an inclusive range
[INFO] [stdout]     |
[INFO] [stdout]     = warning: this is accepted in the current edition (Rust 2015) but is a hard error in Rust 2021!
[INFO] [stdout]     = note: for more information, see <https://doc.rust-lang.org/nightly/edition-guide/rust-2021/warnings-promoted-to-error.html>
[INFO] [stdout] 
[INFO] [stdout] 
[INFO] [stdout] warning: `...` range patterns are deprecated
[INFO] [stdout]    --> src/rust/zmachine.rs:350:14
[INFO] [stdout]     |
[INFO] [stdout] 350 |             1...15 => self.read_local(index - 1),
[INFO] [stdout]     |              ^^^ help: use `..=` for an inclusive range
[INFO] [stdout]     |
[INFO] [stdout]     = warning: this is accepted in the current edition (Rust 2015) but is a hard error in Rust 2021!
[INFO] [stdout]     = note: for more information, see <https://doc.rust-lang.org/nightly/edition-guide/rust-2021/warnings-promoted-to-error.html>
[INFO] [stdout] 
[INFO] [stdout] 
[INFO] [stdout] warning: `...` range patterns are deprecated
[INFO] [stdout]     --> src/rust/zmachine.rs:1139:17
[INFO] [stdout]      |
[INFO] [stdout] 1139 |             0x40...0x5f => (get_opcode(btm_5(first), 0), vec![Variable, Small]),
[INFO] [stdout]      |                 ^^^ help: use `..=` for an inclusive range
[INFO] [stdout]      |
[INFO] [stdout]      = warning: this is accepted in the current edition (Rust 2015) but is a hard error in Rust 2021!
[INFO] [stdout]      = note: for more information, see <https://doc.rust-lang.org/nightly/edition-guide/rust-2021/warnings-promoted-to-error.html>
[INFO] [stdout] 
[INFO] [stdout] 
[INFO] [stdout] warning: `...` range patterns are deprecated
[INFO] [stdout]    --> src/rust/zmachine.rs:351:15
[INFO] [stdout]     |
[INFO] [stdout] 351 |             16...255 => self.read_global(index - 16),
[INFO] [stdout]     |               ^^^ help: use `..=` for an inclusive range
[INFO] [stdout]     |
[INFO] [stdout]     = warning: this is accepted in the current edition (Rust 2015) but is a hard error in Rust 2021!
[INFO] [stdout]     = note: for more information, see <https://doc.rust-lang.org/nightly/edition-guide/rust-2021/warnings-promoted-to-error.html>
[INFO] [stdout] 
[INFO] [stdout] 
[INFO] [stdout] warning: `...` range patterns are deprecated
[INFO] [stdout]    --> src/rust/zmachine.rs:360:14
[INFO] [stdout]     |
[INFO] [stdout] 360 |             1...15 => self.write_local(index - 1, value),
[INFO] [stdout]     |              ^^^ help: use `..=` for an inclusive range
[INFO] [stdout]     |
[INFO] [stdout]     = warning: this is accepted in the current edition (Rust 2015) but is a hard error in Rust 2021!
[INFO] [stdout]     = note: for more information, see <https://doc.rust-lang.org/nightly/edition-guide/rust-2021/warnings-promoted-to-error.html>
[INFO] [stdout] 
[INFO] [stdout] 
[INFO] [stdout] warning: `...` range patterns are deprecated
[INFO] [stdout]     --> src/rust/zmachine.rs:1140:17
[INFO] [stdout]      |
[INFO] [stdout] 1140 |             0x60...0x7f => (get_opcode(btm_5(first), 0), vec![Variable, Variable]),
[INFO] [stdout]      |                 ^^^ help: use `..=` for an inclusive range
[INFO] [stdout]      |
[INFO] [stdout]      = warning: this is accepted in the current edition (Rust 2015) but is a hard error in Rust 2021!
[INFO] [stdout]      = note: for more information, see <https://doc.rust-lang.org/nightly/edition-guide/rust-2021/warnings-promoted-to-error.html>
[INFO] [stdout] 
[INFO] [stdout] 
[INFO] [stdout] warning: `...` range patterns are deprecated
[INFO] [stdout]    --> src/rust/zmachine.rs:361:15
[INFO] [stdout]     |
[INFO] [stdout] 361 |             16...255 => self.write_global(index - 16, value),
[INFO] [stdout]     |               ^^^ help: use `..=` for an inclusive range
[INFO] [stdout]     |
[INFO] [stdout]     = warning: this is accepted in the current edition (Rust 2015) but is a hard error in Rust 2021!
[INFO] [stdout]     = note: for more information, see <https://doc.rust-lang.org/nightly/edition-guide/rust-2021/warnings-promoted-to-error.html>
[INFO] [stdout] 
[INFO] [stdout] 
[INFO] [stdout] warning: `...` range patterns are deprecated
[INFO] [stdout]    --> src/rust/zmachine.rs:373:14
[INFO] [stdout]     |
[INFO] [stdout] 373 |             1...15 => self.write_local(index - 1, value),
[INFO] [stdout]     |              ^^^ help: use `..=` for an inclusive range
[INFO] [stdout]     |
[INFO] [stdout]     = warning: this is accepted in the current edition (Rust 2015) but is a hard error in Rust 2021!
[INFO] [stdout]     = note: for more information, see <https://doc.rust-lang.org/nightly/edition-guide/rust-2021/warnings-promoted-to-error.html>
[INFO] [stdout] 
[INFO] [stdout] 
[INFO] [stdout] warning: `...` range patterns are deprecated
[INFO] [stdout]     --> src/rust/zmachine.rs:1141:17
[INFO] [stdout]      |
[INFO] [stdout] 1141 |             0x80...0x8f => (get_opcode(btm_4(first), 128), vec![Large]),
[INFO] [stdout]      |                 ^^^ help: use `..=` for an inclusive range
[INFO] [stdout]      |
[INFO] [stdout]      = warning: this is accepted in the current edition (Rust 2015) but is a hard error in Rust 2021!
[INFO] [stdout]      = note: for more information, see <https://doc.rust-lang.org/nightly/edition-guide/rust-2021/warnings-promoted-to-error.html>
[INFO] [stdout] 
[INFO] [stdout] 
[INFO] [stdout] warning: `...` range patterns are deprecated
[INFO] [stdout]    --> src/rust/zmachine.rs:374:15
[INFO] [stdout]     |
[INFO] [stdout] 374 |             16...255 => self.write_global(index - 16, value),
[INFO] [stdout]     |               ^^^ help: use `..=` for an inclusive range
[INFO] [stdout]     |
[INFO] [stdout]     = warning: this is accepted in the current edition (Rust 2015) but is a hard error in Rust 2021!
[INFO] [stdout]     = note: for more information, see <https://doc.rust-lang.org/nightly/edition-guide/rust-2021/warnings-promoted-to-error.html>
[INFO] [stdout] 
[INFO] [stdout] 
[INFO] [stdout] warning: `...` range patterns are deprecated
[INFO] [stdout]    --> src/rust/zmachine.rs:825:14
[INFO] [stdout]     |
[INFO] [stdout] 825 |             1...3 => {
[INFO] [stdout]     |              ^^^ help: use `..=` for an inclusive range
[INFO] [stdout]     |
[INFO] [stdout]     = warning: this is accepted in the current edition (Rust 2015) but is a hard error in Rust 2021!
[INFO] [stdout]     = note: for more information, see <https://doc.rust-lang.org/nightly/edition-guide/rust-2021/warnings-promoted-to-error.html>
[INFO] [stdout] 
[INFO] [stdout] 
[INFO] [stdout] warning: `...` range patterns are deprecated
[INFO] [stdout]     --> src/rust/zmachine.rs:1137:17
[INFO] [stdout]      |
[INFO] [stdout] 1137 |             0x00...0x1f => (get_opcode(btm_5(first), 0), vec![Small, Small]),
[INFO] [stdout]      |                 ^^^ help: use `..=` for an inclusive range
[INFO] [stdout]      |
[INFO] [stdout]      = warning: this is accepted in the current edition (Rust 2015) but is a hard error in Rust 2021!
[INFO] [stdout]      = note: for more information, see <https://doc.rust-lang.org/nightly/edition-guide/rust-2021/warnings-promoted-to-error.html>
[INFO] [stdout] 
[INFO] [stdout] 
[INFO] [stdout] warning: `...` range patterns are deprecated
[INFO] [stdout]     --> src/rust/zmachine.rs:1142:17
[INFO] [stdout]      |
[INFO] [stdout] 1142 |             0x90...0x9f => (get_opcode(btm_4(first), 128), vec![Small]),
[INFO] [stdout]      |                 ^^^ help: use `..=` for an inclusive range
[INFO] [stdout]      |
[INFO] [stdout]      = warning: this is accepted in the current edition (Rust 2015) but is a hard error in Rust 2021!
[INFO] [stdout]      = note: for more information, see <https://doc.rust-lang.org/nightly/edition-guide/rust-2021/warnings-promoted-to-error.html>
[INFO] [stdout] 
[INFO] [stdout] 
[INFO] [stdout] warning: `...` range patterns are deprecated
[INFO] [stdout]     --> src/rust/zmachine.rs:1138:17
[INFO] [stdout]      |
[INFO] [stdout] 1138 |             0x20...0x3f => (get_opcode(btm_5(first), 0), vec![Small, Variable]),
[INFO] [stdout]      |                 ^^^ help: use `..=` for an inclusive range
[INFO] [stdout]      |
[INFO] [stdout]      = warning: this is accepted in the current edition (Rust 2015) but is a hard error in Rust 2021!
[INFO] [stdout]      = note: for more information, see <https://doc.rust-lang.org/nightly/edition-guide/rust-2021/warnings-promoted-to-error.html>
[INFO] [stdout] 
[INFO] [stdout] 
[INFO] [stdout] warning: `...` range patterns are deprecated
[INFO] [stdout]     --> src/rust/zmachine.rs:1143:17
[INFO] [stdout]      |
[INFO] [stdout] 1143 |             0xa0...0xaf => (get_opcode(btm_4(first), 128), vec![Variable]),
[INFO] [stdout]      |                 ^^^ help: use `..=` for an inclusive range
[INFO] [stdout]      |
[INFO] [stdout]      = warning: this is accepted in the current edition (Rust 2015) but is a hard error in Rust 2021!
[INFO] [stdout]      = note: for more information, see <https://doc.rust-lang.org/nightly/edition-guide/rust-2021/warnings-promoted-to-error.html>
[INFO] [stdout] 
[INFO] [stdout] 
[INFO] [stdout] warning: `...` range patterns are deprecated
[INFO] [stdout]     --> src/rust/zmachine.rs:1139:17
[INFO] [stdout]      |
[INFO] [stdout] 1139 |             0x40...0x5f => (get_opcode(btm_5(first), 0), vec![Variable, Small]),
[INFO] [stdout]      |                 ^^^ help: use `..=` for an inclusive range
[INFO] [stdout]      |
[INFO] [stdout]      = warning: this is accepted in the current edition (Rust 2015) but is a hard error in Rust 2021!
[INFO] [stdout]      = note: for more information, see <https://doc.rust-lang.org/nightly/edition-guide/rust-2021/warnings-promoted-to-error.html>
[INFO] [stdout] 
[INFO] [stdout] 
[INFO] [stdout] warning: `...` range patterns are deprecated
[INFO] [stdout]     --> src/rust/zmachine.rs:1140:17
[INFO] [stdout]      |
[INFO] [stdout] 1140 |             0x60...0x7f => (get_opcode(btm_5(first), 0), vec![Variable, Variable]),
[INFO] [stdout]      |                 ^^^ help: use `..=` for an inclusive range
[INFO] [stdout]      |
[INFO] [stdout]      = warning: this is accepted in the current edition (Rust 2015) but is a hard error in Rust 2021!
[INFO] [stdout]      = note: for more information, see <https://doc.rust-lang.org/nightly/edition-guide/rust-2021/warnings-promoted-to-error.html>
[INFO] [stdout] 
[INFO] [stdout] 
[INFO] [stdout] warning: `...` range patterns are deprecated
[INFO] [stdout]     --> src/rust/zmachine.rs:1144:17
[INFO] [stdout]      |
[INFO] [stdout] 1144 |             0xb0...0xbd | 0xbf => (get_opcode(btm_4(first), 176), vec![]), // OP_0
[INFO] [stdout]      |                 ^^^ help: use `..=` for an inclusive range
[INFO] [stdout]      |
[INFO] [stdout]      = warning: this is accepted in the current edition (Rust 2015) but is a hard error in Rust 2021!
[INFO] [stdout]      = note: for more information, see <https://doc.rust-lang.org/nightly/edition-guide/rust-2021/warnings-promoted-to-error.html>
[INFO] [stdout] 
[INFO] [stdout] 
[INFO] [stdout] warning: `...` range patterns are deprecated
[INFO] [stdout]     --> src/rust/zmachine.rs:1141:17
[INFO] [stdout]      |
[INFO] [stdout] 1141 |             0x80...0x8f => (get_opcode(btm_4(first), 128), vec![Large]),
[INFO] [stdout]      |                 ^^^ help: use `..=` for an inclusive range
[INFO] [stdout]      |
[INFO] [stdout]      = warning: this is accepted in the current edition (Rust 2015) but is a hard error in Rust 2021!
[INFO] [stdout]      = note: for more information, see <https://doc.rust-lang.org/nightly/edition-guide/rust-2021/warnings-promoted-to-error.html>
[INFO] [stdout] 
[INFO] [stdout] 
[INFO] [stdout] warning: `...` range patterns are deprecated
[INFO] [stdout]     --> src/rust/zmachine.rs:1145:17
[INFO] [stdout]      |
[INFO] [stdout] 1145 |             0xc0...0xdf => (get_opcode(btm_5(first), 0), get_types(&[read.byte()])),
[INFO] [stdout]      |                 ^^^ help: use `..=` for an inclusive range
[INFO] [stdout]      |
[INFO] [stdout]      = warning: this is accepted in the current edition (Rust 2015) but is a hard error in Rust 2021!
[INFO] [stdout]      = note: for more information, see <https://doc.rust-lang.org/nightly/edition-guide/rust-2021/warnings-promoted-to-error.html>
[INFO] [stdout] 
[INFO] [stdout] 
[INFO] [stdout] warning: `...` range patterns are deprecated
[INFO] [stdout]     --> src/rust/zmachine.rs:1142:17
[INFO] [stdout]      |
[INFO] [stdout] 1142 |             0x90...0x9f => (get_opcode(btm_4(first), 128), vec![Small]),
[INFO] [stdout]      |                 ^^^ help: use `..=` for an inclusive range
[INFO] [stdout]      |
[INFO] [stdout]      = warning: this is accepted in the current edition (Rust 2015) but is a hard error in Rust 2021!
[INFO] [stdout]      = note: for more information, see <https://doc.rust-lang.org/nightly/edition-guide/rust-2021/warnings-promoted-to-error.html>
[INFO] [stdout] 
[INFO] [stdout] 
[INFO] [stdout] warning: `...` range patterns are deprecated
[INFO] [stdout]     --> src/rust/zmachine.rs:1146:17
[INFO] [stdout]      |
[INFO] [stdout] 1146 |             0xe0...0xff => {
[INFO] [stdout]      |                 ^^^ help: use `..=` for an inclusive range
[INFO] [stdout]      |
[INFO] [stdout]      = warning: this is accepted in the current edition (Rust 2015) but is a hard error in Rust 2021!
[INFO] [stdout]      = note: for more information, see <https://doc.rust-lang.org/nightly/edition-guide/rust-2021/warnings-promoted-to-error.html>
[INFO] [stdout] 
[INFO] [stdout] 
[INFO] [stdout] warning: `...` range patterns are deprecated
[INFO] [stdout]     --> src/rust/zmachine.rs:1143:17
[INFO] [stdout]      |
[INFO] [stdout] 1143 |             0xa0...0xaf => (get_opcode(btm_4(first), 128), vec![Variable]),
[INFO] [stdout]      |                 ^^^ help: use `..=` for an inclusive range
[INFO] [stdout]      |
[INFO] [stdout]      = warning: this is accepted in the current edition (Rust 2015) but is a hard error in Rust 2021!
[INFO] [stdout]      = note: for more information, see <https://doc.rust-lang.org/nightly/edition-guide/rust-2021/warnings-promoted-to-error.html>
[INFO] [stdout] 
[INFO] [stdout] 
[INFO] [stdout] warning: `...` range patterns are deprecated
[INFO] [stdout]     --> src/rust/zmachine.rs:2025:18
[INFO] [stdout]      |
[INFO] [stdout] 2025 |                 1...4 => locals.push(read.word()),
[INFO] [stdout]      |                  ^^^ help: use `..=` for an inclusive range
[INFO] [stdout]      |
[INFO] [stdout]      = warning: this is accepted in the current edition (Rust 2015) but is a hard error in Rust 2021!
[INFO] [stdout]      = note: for more information, see <https://doc.rust-lang.org/nightly/edition-guide/rust-2021/warnings-promoted-to-error.html>
[INFO] [stdout] 
[INFO] [stdout] 
[INFO] [stdout] warning: unnecessary trailing semicolon
[INFO] [stdout]     --> src/rust/zmachine.rs:2578:10
[INFO] [stdout]      |
[INFO] [stdout] 2578 |         };
[INFO] [stdout]      |          ^ help: remove this semicolon
[INFO] [stdout]      |
[INFO] [stdout]      = note: `#[warn(redundant_semicolons)]` on by default
[INFO] [stdout] 
[INFO] [stdout] 
[INFO] [stdout] warning: `...` range patterns are deprecated
[INFO] [stdout]     --> src/rust/zmachine.rs:1144:17
[INFO] [stdout]      |
[INFO] [stdout] 1144 |             0xb0...0xbd | 0xbf => (get_opcode(btm_4(first), 176), vec![]), // OP_0
[INFO] [stdout]      |                 ^^^ help: use `..=` for an inclusive range
[INFO] [stdout]      |
[INFO] [stdout]      = warning: this is accepted in the current edition (Rust 2015) but is a hard error in Rust 2021!
[INFO] [stdout]      = note: for more information, see <https://doc.rust-lang.org/nightly/edition-guide/rust-2021/warnings-promoted-to-error.html>
[INFO] [stdout] 
[INFO] [stdout] 
[INFO] [stdout] warning: `...` range patterns are deprecated
[INFO] [stdout]     --> src/rust/zmachine.rs:2545:18
[INFO] [stdout]      |
[INFO] [stdout] 2545 |                 1...4 => locals.push(read.word()),
[INFO] [stdout]      |                  ^^^ help: use `..=` for an inclusive range
[INFO] [stdout]      |
[INFO] [stdout]      = warning: this is accepted in the current edition (Rust 2015) but is a hard error in Rust 2021!
[INFO] [stdout]      = note: for more information, see <https://doc.rust-lang.org/nightly/edition-guide/rust-2021/warnings-promoted-to-error.html>
[INFO] [stdout] 
[INFO] [stdout] 
[INFO] [stdout] warning: `...` range patterns are deprecated
[INFO] [stdout]     --> src/rust/zmachine.rs:1145:17
[INFO] [stdout]      |
[INFO] [stdout] 1145 |             0xc0...0xdf => (get_opcode(btm_5(first), 0), get_types(&[read.byte()])),
[INFO] [stdout]      |                 ^^^ help: use `..=` for an inclusive range
[INFO] [stdout]      |
[INFO] [stdout]      = warning: this is accepted in the current edition (Rust 2015) but is a hard error in Rust 2021!
[INFO] [stdout]      = note: for more information, see <https://doc.rust-lang.org/nightly/edition-guide/rust-2021/warnings-promoted-to-error.html>
[INFO] [stdout] 
[INFO] [stdout] 
[INFO] [stdout] warning: `...` range patterns are deprecated
[INFO] [stdout]     --> src/rust/zmachine.rs:1146:17
[INFO] [stdout]      |
[INFO] [stdout] 1146 |             0xe0...0xff => {
[INFO] [stdout]      |                 ^^^ help: use `..=` for an inclusive range
[INFO] [stdout]      |
[INFO] [stdout]      = warning: this is accepted in the current edition (Rust 2015) but is a hard error in Rust 2021!
[INFO] [stdout]      = note: for more information, see <https://doc.rust-lang.org/nightly/edition-guide/rust-2021/warnings-promoted-to-error.html>
[INFO] [stdout] 
[INFO] [stdout] 
[INFO] [stdout] warning: `...` range patterns are deprecated
[INFO] [stdout]     --> src/rust/zmachine.rs:2025:18
[INFO] [stdout]      |
[INFO] [stdout] 2025 |                 1...4 => locals.push(read.word()),
[INFO] [stdout]      |                  ^^^ help: use `..=` for an inclusive range
[INFO] [stdout]      |
[INFO] [stdout]      = warning: this is accepted in the current edition (Rust 2015) but is a hard error in Rust 2021!
[INFO] [stdout]      = note: for more information, see <https://doc.rust-lang.org/nightly/edition-guide/rust-2021/warnings-promoted-to-error.html>
[INFO] [stdout] 
[INFO] [stdout] 
[INFO] [stdout] warning: unnecessary trailing semicolon
[INFO] [stdout]     --> src/rust/zmachine.rs:2578:10
[INFO] [stdout]      |
[INFO] [stdout] 2578 |         };
[INFO] [stdout]      |          ^ help: remove this semicolon
[INFO] [stdout]      |
[INFO] [stdout]      = note: `#[warn(redundant_semicolons)]` on by default
[INFO] [stdout] 
[INFO] [stdout] 
[INFO] [stdout] warning: `...` range patterns are deprecated
[INFO] [stdout]     --> src/rust/zmachine.rs:2545:18
[INFO] [stdout]      |
[INFO] [stdout] 2545 |                 1...4 => locals.push(read.word()),
[INFO] [stdout]      |                  ^^^ help: use `..=` for an inclusive range
[INFO] [stdout]      |
[INFO] [stdout]      = warning: this is accepted in the current edition (Rust 2015) but is a hard error in Rust 2021!
[INFO] [stdout]      = note: for more information, see <https://doc.rust-lang.org/nightly/edition-guide/rust-2021/warnings-promoted-to-error.html>
[INFO] [stdout] 
[INFO] [stdout] 
[INFO] [stdout] error: aborting due to 2 previous errors; 28 warnings emitted
[INFO] [stdout] 
[INFO] [stdout] 
[INFO] [stdout] Some errors have detailed explanations: E0463, E0554.
[INFO] [stdout] 
[INFO] [stdout] For more information about an error, try `rustc --explain E0463`.
[INFO] [stdout] 
[INFO] [stderr] error: could not document `encrusted`
[INFO] [stderr] 
[INFO] [stderr] Caused by:
[INFO] [stderr]   process didn't exit successfully: `/opt/rustwide/rustup-home/toolchains/1.75.0-x86_64-unknown-linux-gnu/bin/rustdoc --crate-type cdylib --crate-name web src/rust/main.web.rs -o /opt/rustwide/target/doc --error-format=json --json=diagnostic-rendered-ansi,artifacts,future-incompat --document-private-items -C metadata=9ac767e18638dd1b -L dependency=/opt/rustwide/target/debug/deps --extern atty=/opt/rustwide/target/debug/deps/libatty-66fed49ed55a6545.rmeta --extern base64=/opt/rustwide/target/debug/deps/libbase64-d186ab3e3f7b1b99.rmeta --extern clap=/opt/rustwide/target/debug/deps/libclap-d056b544bb980d79.rmeta --extern enum_primitive=/opt/rustwide/target/debug/deps/libenum_primitive-54f4957e0b29c1cf.rmeta --extern lazy_static=/opt/rustwide/target/debug/deps/liblazy_static-e7445b4e8703c20b.rmeta --extern rand=/opt/rustwide/target/debug/deps/librand-62e8dff43451b5fe.rmeta --extern regex=/opt/rustwide/target/debug/deps/libregex-32b9f870004ccabd.rmeta --extern serde=/opt/rustwide/target/debug/deps/libserde-d959715fe86d3f0d.rmeta --extern serde_derive=/opt/rustwide/target/debug/deps/libserde_derive-d2ced8b4540a43b2.so --extern serde_json=/opt/rustwide/target/debug/deps/libserde_json-a16063b3c14f67da.rmeta --extern term_size=/opt/rustwide/target/debug/deps/libterm_size-5ed1373c4c470598.rmeta --cap-lints=warn --crate-version 1.1.0` (exit status: 1)
[INFO] [stderr] warning: build failed, waiting for other jobs to finish...
[INFO] [stdout] warning: 28 warnings emitted
[INFO] [stdout] 
[INFO] [stdout] 
[INFO] running `Command { std: "docker" "inspect" "0a81cb8f82638e3ee6b7b720f20e48ecb29560ceef94be5162a71204f57e2a0b", kill_on_drop: false }`
[INFO] running `Command { std: "docker" "rm" "-f" "0a81cb8f82638e3ee6b7b720f20e48ecb29560ceef94be5162a71204f57e2a0b", kill_on_drop: false }`
[INFO] [stdout] 0a81cb8f82638e3ee6b7b720f20e48ecb29560ceef94be5162a71204f57e2a0b
[INFO] documenting encrusted-1.1.0 against beta-2023-12-22 for beta-1.76-rustdoc-1
[INFO] extracting crate encrusted 1.1.0 into /workspace/builds/worker-6-tc2/source
[INFO] validating manifest of crates.io crate encrusted 1.1.0 on toolchain beta-2023-12-22
[INFO] running `Command { std: CARGO_HOME="/workspace/cargo-home" RUSTUP_HOME="/workspace/rustup-home" "/workspace/cargo-home/bin/cargo" "+beta-2023-12-22" "metadata" "--manifest-path" "Cargo.toml" "--no-deps", kill_on_drop: false }`
[INFO] started tweaking crates.io crate encrusted 1.1.0
[INFO] finished tweaking crates.io crate encrusted 1.1.0
[INFO] tweaked toml for crates.io crate encrusted 1.1.0 written to /workspace/builds/worker-6-tc2/source/Cargo.toml
[INFO] running `Command { std: CARGO_HOME="/workspace/cargo-home" RUSTUP_HOME="/workspace/rustup-home" "/workspace/cargo-home/bin/cargo" "+beta-2023-12-22" "generate-lockfile" "--manifest-path" "Cargo.toml", kill_on_drop: false }`
[INFO] [stderr]     Updating crates.io index
[INFO] running `Command { std: CARGO_HOME="/workspace/cargo-home" RUSTUP_HOME="/workspace/rustup-home" "/workspace/cargo-home/bin/cargo" "+beta-2023-12-22" "fetch" "--manifest-path" "Cargo.toml", kill_on_drop: false }`
[INFO] running `Command { std: "docker" "create" "-v" "/var/lib/crater-agent-workspace/builds/worker-6-tc2/target:/opt/rustwide/target:rw,Z" "-v" "/var/lib/crater-agent-workspace/builds/worker-6-tc2/source:/opt/rustwide/workdir:ro,Z" "-v" "/var/lib/crater-agent-workspace/cargo-home:/opt/rustwide/cargo-home:ro,Z" "-v" "/var/lib/crater-agent-workspace/rustup-home:/opt/rustwide/rustup-home:ro,Z" "-e" "SOURCE_DIR=/opt/rustwide/workdir" "-e" "CARGO_TARGET_DIR=/opt/rustwide/target" "-e" "CARGO_HOME=/opt/rustwide/cargo-home" "-e" "RUSTUP_HOME=/opt/rustwide/rustup-home" "-w" "/opt/rustwide/workdir" "-m" "1610612736" "--user" "0:0" "--network" "none" "ghcr.io/rust-lang/crates-build-env/linux@sha256:2788e3201cd34a07e3172128adcd8b3090168a8e3bcc40d7c032b9dda1df7d1c" "/opt/rustwide/cargo-home/bin/cargo" "+beta-2023-12-22" "metadata" "--no-deps" "--format-version=1", kill_on_drop: false }`
[INFO] [stdout] 4513cd34094128d63bdf710f1b92452deaf7eeb3eedb3d1340709feef5cbc576
[INFO] running `Command { std: "docker" "start" "-a" "4513cd34094128d63bdf710f1b92452deaf7eeb3eedb3d1340709feef5cbc576", kill_on_drop: false }`
[INFO] running `Command { std: "docker" "inspect" "4513cd34094128d63bdf710f1b92452deaf7eeb3eedb3d1340709feef5cbc576", kill_on_drop: false }`
[INFO] running `Command { std: "docker" "rm" "-f" "4513cd34094128d63bdf710f1b92452deaf7eeb3eedb3d1340709feef5cbc576", kill_on_drop: false }`
[INFO] [stdout] 4513cd34094128d63bdf710f1b92452deaf7eeb3eedb3d1340709feef5cbc576
[INFO] running `Command { std: "docker" "create" "-v" "/var/lib/crater-agent-workspace/builds/worker-6-tc2/target:/opt/rustwide/target:rw,Z" "-v" "/var/lib/crater-agent-workspace/builds/worker-6-tc2/source:/opt/rustwide/workdir:ro,Z" "-v" "/var/lib/crater-agent-workspace/cargo-home:/opt/rustwide/cargo-home:ro,Z" "-v" "/var/lib/crater-agent-workspace/rustup-home:/opt/rustwide/rustup-home:ro,Z" "-e" "SOURCE_DIR=/opt/rustwide/workdir" "-e" "CARGO_TARGET_DIR=/opt/rustwide/target" "-e" "CARGO_INCREMENTAL=0" "-e" "RUST_BACKTRACE=full" "-e" "RUSTFLAGS=--cap-lints=warn" "-e" "RUSTDOCFLAGS=--cap-lints=warn" "-e" "CARGO_HOME=/opt/rustwide/cargo-home" "-e" "RUSTUP_HOME=/opt/rustwide/rustup-home" "-w" "/opt/rustwide/workdir" "-m" "1610612736" "--user" "0:0" "--network" "none" "ghcr.io/rust-lang/crates-build-env/linux@sha256:2788e3201cd34a07e3172128adcd8b3090168a8e3bcc40d7c032b9dda1df7d1c" "/opt/rustwide/cargo-home/bin/cargo" "+beta-2023-12-22" "doc" "--frozen" "--no-deps" "--document-private-items" "--message-format=json", kill_on_drop: false }`
[INFO] [stdout] 833ab5d0bdc093a7b07810a8ddeb37fac2f60cde49b395f2fffbc48e9cb930f8
[INFO] running `Command { std: "docker" "start" "-a" "833ab5d0bdc093a7b07810a8ddeb37fac2f60cde49b395f2fffbc48e9cb930f8", kill_on_drop: false }`
[INFO] [stderr]    Compiling serde v1.0.195
[INFO] [stderr]    Compiling num-traits v0.2.17
[INFO] [stderr]     Checking aho-corasick v1.1.2
[INFO] [stderr]     Checking unicode-width v0.1.11
[INFO] [stderr]     Checking atty v0.2.14
[INFO] [stderr]     Checking strsim v0.8.0
[INFO] [stderr]     Checking byteorder v1.5.0
[INFO] [stderr]    Compiling syn v2.0.48
[INFO] [stderr]     Checking vec_map v0.8.2
[INFO] [stderr]     Checking textwrap v0.11.0
[INFO] [stderr]     Checking ansi_term v0.12.1
[INFO] [stderr]     Checking term_size v0.3.2
[INFO] [stderr]     Checking rand v0.4.6
[INFO] [stderr]     Checking base64 v0.10.1
[INFO] [stderr]     Checking clap v2.34.0
[INFO] [stderr]     Checking regex-automata v0.4.3
[INFO] [stderr]     Checking num-traits v0.1.43
[INFO] [stderr]     Checking enum_primitive v0.1.1
[INFO] [stderr]    Compiling serde_derive v1.0.195
[INFO] [stderr]     Checking regex v1.10.2
[INFO] [stderr]     Checking serde_json v1.0.111
[INFO] [stderr]  Documenting encrusted v1.1.0 (/opt/rustwide/workdir)
[INFO] [stdout] error[E0463]: can't find crate for `wasm_glue`
[INFO] [stdout]  --> src/rust/main.web.rs:6:1
[INFO] [stdout]   |
[INFO] [stdout] 6 | extern crate wasm_glue;
[INFO] [stdout]   | ^^^^^^^^^^^^^^^^^^^^^^^ can't find crate
[INFO] [stdout] 
[INFO] [stdout] 
[INFO] [stdout] error[E0554]: `#![feature]` may not be used on the beta release channel
[INFO] [stdout]  --> src/rust/main.web.rs:1:1
[INFO] [stdout]   |
[INFO] [stdout] 1 | #![feature(slice_patterns)]
[INFO] [stdout]   | ^^^^^^^^^^^^^^^^^^^^^^^^^^^ help: remove the attribute
[INFO] [stdout]   |
[INFO] [stdout]   = help: the feature `slice_patterns` has been stable since `1.42.0` and no longer requires an attribute to enable
[INFO] [stdout] 
[INFO] [stdout] 
[INFO] [stdout] warning: `...` range patterns are deprecated
[INFO] [stdout]   --> src/rust/instruction.rs:88:18
[INFO] [stdout]    |
[INFO] [stdout] 88 |                 1...15 => write!(f, "local{}", x - 1),
[INFO] [stdout]    |                  ^^^ help: use `..=` for an inclusive range
[INFO] [stdout]    |
[INFO] [stdout]    = warning: this is accepted in the current edition (Rust 2015) but is a hard error in Rust 2021!
[INFO] [stdout]    = note: for more information, see <https://doc.rust-lang.org/nightly/edition-guide/rust-2021/warnings-promoted-to-error.html>
[INFO] [stdout]    = note: `#[warn(ellipsis_inclusive_range_patterns)]` on by default
[INFO] [stdout] 
[INFO] [stdout] 
[INFO] [stdout] warning: `...` range patterns are deprecated
[INFO] [stdout]    --> src/rust/instruction.rs:365:18
[INFO] [stdout]     |
[INFO] [stdout] 365 |                 1...15 => write!(f, " -> local{}", x - 1),
[INFO] [stdout]     |                  ^^^ help: use `..=` for an inclusive range
[INFO] [stdout]     |
[INFO] [stdout]     = warning: this is accepted in the current edition (Rust 2015) but is a hard error in Rust 2021!
[INFO] [stdout]     = note: for more information, see <https://doc.rust-lang.org/nightly/edition-guide/rust-2021/warnings-promoted-to-error.html>
[INFO] [stdout] 
[INFO] [stdout] 
[INFO] [stdout] warning: `...` range patterns are deprecated
[INFO] [stdout]    --> src/rust/zmachine.rs:262:14
[INFO] [stdout]     |
[INFO] [stdout] 262 |             1...3 => addr * 2,
[INFO] [stdout]     |              ^^^ help: use `..=` for an inclusive range
[INFO] [stdout]     |
[INFO] [stdout]     = warning: this is accepted in the current edition (Rust 2015) but is a hard error in Rust 2021!
[INFO] [stdout]     = note: for more information, see <https://doc.rust-lang.org/nightly/edition-guide/rust-2021/warnings-promoted-to-error.html>
[INFO] [stdout] 
[INFO] [stdout] 
[INFO] [stdout] warning: `...` range patterns are deprecated
[INFO] [stdout]    --> src/rust/zmachine.rs:263:14
[INFO] [stdout]     |
[INFO] [stdout] 263 |             4...7 => addr * 4,
[INFO] [stdout]     |              ^^^ help: use `..=` for an inclusive range
[INFO] [stdout]     |
[INFO] [stdout]     = warning: this is accepted in the current edition (Rust 2015) but is a hard error in Rust 2021!
[INFO] [stdout]     = note: for more information, see <https://doc.rust-lang.org/nightly/edition-guide/rust-2021/warnings-promoted-to-error.html>
[INFO] [stdout] 
[INFO] [stdout] 
[INFO] [stdout] warning: `...` range patterns are deprecated
[INFO] [stdout]    --> src/rust/zmachine.rs:271:18
[INFO] [stdout]     |
[INFO] [stdout] 271 |             x @ 6...7 => x + self.routine_offset * 8,
[INFO] [stdout]     |                  ^^^ help: use `..=` for an inclusive range
[INFO] [stdout]     |
[INFO] [stdout]     = warning: this is accepted in the current edition (Rust 2015) but is a hard error in Rust 2021!
[INFO] [stdout]     = note: for more information, see <https://doc.rust-lang.org/nightly/edition-guide/rust-2021/warnings-promoted-to-error.html>
[INFO] [stdout] 
[INFO] [stdout] 
[INFO] [stdout] warning: `...` range patterns are deprecated
[INFO] [stdout]    --> src/rust/zmachine.rs:278:18
[INFO] [stdout]     |
[INFO] [stdout] 278 |             x @ 6...7 => x + self.string_offset * 8,
[INFO] [stdout]     |                  ^^^ help: use `..=` for an inclusive range
[INFO] [stdout]     |
[INFO] [stdout]     = warning: this is accepted in the current edition (Rust 2015) but is a hard error in Rust 2021!
[INFO] [stdout]     = note: for more information, see <https://doc.rust-lang.org/nightly/edition-guide/rust-2021/warnings-promoted-to-error.html>
[INFO] [stdout] 
[INFO] [stdout] 
[INFO] [stdout] warning: `...` range patterns are deprecated
[INFO] [stdout]    --> src/rust/zmachine.rs:340:14
[INFO] [stdout]     |
[INFO] [stdout] 340 |             1...15 => self.read_local(index - 1),
[INFO] [stdout]     |              ^^^ help: use `..=` for an inclusive range
[INFO] [stdout]     |
[INFO] [stdout]     = warning: this is accepted in the current edition (Rust 2015) but is a hard error in Rust 2021!
[INFO] [stdout]     = note: for more information, see <https://doc.rust-lang.org/nightly/edition-guide/rust-2021/warnings-promoted-to-error.html>
[INFO] [stdout] 
[INFO] [stdout] 
[INFO] [stdout] warning: `...` range patterns are deprecated
[INFO] [stdout]    --> src/rust/zmachine.rs:341:15
[INFO] [stdout]     |
[INFO] [stdout] 341 |             16...255 => self.read_global(index - 16),
[INFO] [stdout]     |               ^^^ help: use `..=` for an inclusive range
[INFO] [stdout]     |
[INFO] [stdout]     = warning: this is accepted in the current edition (Rust 2015) but is a hard error in Rust 2021!
[INFO] [stdout]     = note: for more information, see <https://doc.rust-lang.org/nightly/edition-guide/rust-2021/warnings-promoted-to-error.html>
[INFO] [stdout] 
[INFO] [stdout] 
[INFO] [stdout] warning: `...` range patterns are deprecated
[INFO] [stdout]    --> src/rust/zmachine.rs:350:14
[INFO] [stdout]     |
[INFO] [stdout] 350 |             1...15 => self.read_local(index - 1),
[INFO] [stdout]     |              ^^^ help: use `..=` for an inclusive range
[INFO] [stdout]     |
[INFO] [stdout]     = warning: this is accepted in the current edition (Rust 2015) but is a hard error in Rust 2021!
[INFO] [stdout]     = note: for more information, see <https://doc.rust-lang.org/nightly/edition-guide/rust-2021/warnings-promoted-to-error.html>
[INFO] [stdout] 
[INFO] [stdout] 
[INFO] [stdout] warning: `...` range patterns are deprecated
[INFO] [stdout]    --> src/rust/zmachine.rs:351:15
[INFO] [stdout]     |
[INFO] [stdout] 351 |             16...255 => self.read_global(index - 16),
[INFO] [stdout]     |               ^^^ help: use `..=` for an inclusive range
[INFO] [stdout]     |
[INFO] [stdout]     = warning: this is accepted in the current edition (Rust 2015) but is a hard error in Rust 2021!
[INFO] [stdout]     = note: for more information, see <https://doc.rust-lang.org/nightly/edition-guide/rust-2021/warnings-promoted-to-error.html>
[INFO] [stdout] 
[INFO] [stdout] 
[INFO] [stdout] warning: `...` range patterns are deprecated
[INFO] [stdout]    --> src/rust/zmachine.rs:360:14
[INFO] [stdout]     |
[INFO] [stdout] 360 |             1...15 => self.write_local(index - 1, value),
[INFO] [stdout]     |              ^^^ help: use `..=` for an inclusive range
[INFO] [stdout]     |
[INFO] [stdout]     = warning: this is accepted in the current edition (Rust 2015) but is a hard error in Rust 2021!
[INFO] [stdout]     = note: for more information, see <https://doc.rust-lang.org/nightly/edition-guide/rust-2021/warnings-promoted-to-error.html>
[INFO] [stdout] 
[INFO] [stdout] 
[INFO] [stdout] warning: `...` range patterns are deprecated
[INFO] [stdout]    --> src/rust/zmachine.rs:361:15
[INFO] [stdout]     |
[INFO] [stdout] 361 |             16...255 => self.write_global(index - 16, value),
[INFO] [stdout]     |               ^^^ help: use `..=` for an inclusive range
[INFO] [stdout]     |
[INFO] [stdout]     = warning: this is accepted in the current edition (Rust 2015) but is a hard error in Rust 2021!
[INFO] [stdout]     = note: for more information, see <https://doc.rust-lang.org/nightly/edition-guide/rust-2021/warnings-promoted-to-error.html>
[INFO] [stdout] 
[INFO] [stdout] 
[INFO] [stdout] warning: `...` range patterns are deprecated
[INFO] [stdout]    --> src/rust/zmachine.rs:373:14
[INFO] [stdout]     |
[INFO] [stdout] 373 |             1...15 => self.write_local(index - 1, value),
[INFO] [stdout]     |              ^^^ help: use `..=` for an inclusive range
[INFO] [stdout]     |
[INFO] [stdout]     = warning: this is accepted in the current edition (Rust 2015) but is a hard error in Rust 2021!
[INFO] [stdout]     = note: for more information, see <https://doc.rust-lang.org/nightly/edition-guide/rust-2021/warnings-promoted-to-error.html>
[INFO] [stdout] 
[INFO] [stdout] 
[INFO] [stdout] warning: `...` range patterns are deprecated
[INFO] [stdout]    --> src/rust/zmachine.rs:374:15
[INFO] [stdout]     |
[INFO] [stdout] 374 |             16...255 => self.write_global(index - 16, value),
[INFO] [stdout]     |               ^^^ help: use `..=` for an inclusive range
[INFO] [stdout]     |
[INFO] [stdout]     = warning: this is accepted in the current edition (Rust 2015) but is a hard error in Rust 2021!
[INFO] [stdout]     = note: for more information, see <https://doc.rust-lang.org/nightly/edition-guide/rust-2021/warnings-promoted-to-error.html>
[INFO] [stdout] 
[INFO] [stdout] 
[INFO] [stdout] warning: `...` range patterns are deprecated
[INFO] [stdout]    --> src/rust/zmachine.rs:825:14
[INFO] [stdout]     |
[INFO] [stdout] 825 |             1...3 => {
[INFO] [stdout]     |              ^^^ help: use `..=` for an inclusive range
[INFO] [stdout]     |
[INFO] [stdout]     = warning: this is accepted in the current edition (Rust 2015) but is a hard error in Rust 2021!
[INFO] [stdout]     = note: for more information, see <https://doc.rust-lang.org/nightly/edition-guide/rust-2021/warnings-promoted-to-error.html>
[INFO] [stdout] 
[INFO] [stdout] 
[INFO] [stdout] warning: `...` range patterns are deprecated
[INFO] [stdout]     --> src/rust/zmachine.rs:1137:17
[INFO] [stdout]      |
[INFO] [stdout] 1137 |             0x00...0x1f => (get_opcode(btm_5(first), 0), vec![Small, Small]),
[INFO] [stdout]      |                 ^^^ help: use `..=` for an inclusive range
[INFO] [stdout]      |
[INFO] [stdout]      = warning: this is accepted in the current edition (Rust 2015) but is a hard error in Rust 2021!
[INFO] [stdout]      = note: for more information, see <https://doc.rust-lang.org/nightly/edition-guide/rust-2021/warnings-promoted-to-error.html>
[INFO] [stdout] 
[INFO] [stdout] 
[INFO] [stdout] warning: `...` range patterns are deprecated
[INFO] [stdout]     --> src/rust/zmachine.rs:1138:17
[INFO] [stdout]      |
[INFO] [stdout] 1138 |             0x20...0x3f => (get_opcode(btm_5(first), 0), vec![Small, Variable]),
[INFO] [stdout]      |                 ^^^ help: use `..=` for an inclusive range
[INFO] [stdout]      |
[INFO] [stdout]      = warning: this is accepted in the current edition (Rust 2015) but is a hard error in Rust 2021!
[INFO] [stdout]      = note: for more information, see <https://doc.rust-lang.org/nightly/edition-guide/rust-2021/warnings-promoted-to-error.html>
[INFO] [stdout] 
[INFO] [stdout] 
[INFO] [stdout] warning: `...` range patterns are deprecated
[INFO] [stdout]     --> src/rust/zmachine.rs:1139:17
[INFO] [stdout]      |
[INFO] [stdout] 1139 |             0x40...0x5f => (get_opcode(btm_5(first), 0), vec![Variable, Small]),
[INFO] [stdout]      |                 ^^^ help: use `..=` for an inclusive range
[INFO] [stdout]      |
[INFO] [stdout]      = warning: this is accepted in the current edition (Rust 2015) but is a hard error in Rust 2021!
[INFO] [stdout]      = note: for more information, see <https://doc.rust-lang.org/nightly/edition-guide/rust-2021/warnings-promoted-to-error.html>
[INFO] [stdout] 
[INFO] [stdout] 
[INFO] [stdout] warning: `...` range patterns are deprecated
[INFO] [stdout]     --> src/rust/zmachine.rs:1140:17
[INFO] [stdout]      |
[INFO] [stdout] 1140 |             0x60...0x7f => (get_opcode(btm_5(first), 0), vec![Variable, Variable]),
[INFO] [stdout]      |                 ^^^ help: use `..=` for an inclusive range
[INFO] [stdout]      |
[INFO] [stdout]      = warning: this is accepted in the current edition (Rust 2015) but is a hard error in Rust 2021!
[INFO] [stdout]      = note: for more information, see <https://doc.rust-lang.org/nightly/edition-guide/rust-2021/warnings-promoted-to-error.html>
[INFO] [stdout] 
[INFO] [stdout] 
[INFO] [stdout] warning: `...` range patterns are deprecated
[INFO] [stdout]     --> src/rust/zmachine.rs:1141:17
[INFO] [stdout]      |
[INFO] [stdout] 1141 |             0x80...0x8f => (get_opcode(btm_4(first), 128), vec![Large]),
[INFO] [stdout]      |                 ^^^ help: use `..=` for an inclusive range
[INFO] [stdout]      |
[INFO] [stdout]      = warning: this is accepted in the current edition (Rust 2015) but is a hard error in Rust 2021!
[INFO] [stdout]      = note: for more information, see <https://doc.rust-lang.org/nightly/edition-guide/rust-2021/warnings-promoted-to-error.html>
[INFO] [stdout] 
[INFO] [stdout] 
[INFO] [stdout] warning: `...` range patterns are deprecated
[INFO] [stdout]     --> src/rust/zmachine.rs:1142:17
[INFO] [stdout]      |
[INFO] [stdout] 1142 |             0x90...0x9f => (get_opcode(btm_4(first), 128), vec![Small]),
[INFO] [stdout]      |                 ^^^ help: use `..=` for an inclusive range
[INFO] [stdout]      |
[INFO] [stdout]      = warning: this is accepted in the current edition (Rust 2015) but is a hard error in Rust 2021!
[INFO] [stdout]      = note: for more information, see <https://doc.rust-lang.org/nightly/edition-guide/rust-2021/warnings-promoted-to-error.html>
[INFO] [stdout] 
[INFO] [stdout] 
[INFO] [stdout] warning: `...` range patterns are deprecated
[INFO] [stdout]     --> src/rust/zmachine.rs:1143:17
[INFO] [stdout]      |
[INFO] [stdout] 1143 |             0xa0...0xaf => (get_opcode(btm_4(first), 128), vec![Variable]),
[INFO] [stdout]      |                 ^^^ help: use `..=` for an inclusive range
[INFO] [stdout]      |
[INFO] [stdout]      = warning: this is accepted in the current edition (Rust 2015) but is a hard error in Rust 2021!
[INFO] [stdout]      = note: for more information, see <https://doc.rust-lang.org/nightly/edition-guide/rust-2021/warnings-promoted-to-error.html>
[INFO] [stdout] 
[INFO] [stdout] 
[INFO] [stdout] warning: `...` range patterns are deprecated
[INFO] [stdout]     --> src/rust/zmachine.rs:1144:17
[INFO] [stdout]      |
[INFO] [stdout] 1144 |             0xb0...0xbd | 0xbf => (get_opcode(btm_4(first), 176), vec![]), // OP_0
[INFO] [stdout]      |                 ^^^ help: use `..=` for an inclusive range
[INFO] [stdout]      |
[INFO] [stdout]      = warning: this is accepted in the current edition (Rust 2015) but is a hard error in Rust 2021!
[INFO] [stdout]      = note: for more information, see <https://doc.rust-lang.org/nightly/edition-guide/rust-2021/warnings-promoted-to-error.html>
[INFO] [stdout] 
[INFO] [stdout] 
[INFO] [stdout] warning: `...` range patterns are deprecated
[INFO] [stdout]     --> src/rust/zmachine.rs:1145:17
[INFO] [stdout]      |
[INFO] [stdout] 1145 |             0xc0...0xdf => (get_opcode(btm_5(first), 0), get_types(&[read.byte()])),
[INFO] [stdout]      |                 ^^^ help: use `..=` for an inclusive range
[INFO] [stdout]      |
[INFO] [stdout]      = warning: this is accepted in the current edition (Rust 2015) but is a hard error in Rust 2021!
[INFO] [stdout]      = note: for more information, see <https://doc.rust-lang.org/nightly/edition-guide/rust-2021/warnings-promoted-to-error.html>
[INFO] [stdout] 
[INFO] [stdout] 
[INFO] [stdout] warning: `...` range patterns are deprecated
[INFO] [stdout]     --> src/rust/zmachine.rs:1146:17
[INFO] [stdout]      |
[INFO] [stdout] 1146 |             0xe0...0xff => {
[INFO] [stdout]      |                 ^^^ help: use `..=` for an inclusive range
[INFO] [stdout]      |
[INFO] [stdout]      = warning: this is accepted in the current edition (Rust 2015) but is a hard error in Rust 2021!
[INFO] [stdout]      = note: for more information, see <https://doc.rust-lang.org/nightly/edition-guide/rust-2021/warnings-promoted-to-error.html>
[INFO] [stdout] 
[INFO] [stdout] 
[INFO] [stdout] warning: `...` range patterns are deprecated
[INFO] [stdout]     --> src/rust/zmachine.rs:2025:18
[INFO] [stdout]      |
[INFO] [stdout] 2025 |                 1...4 => locals.push(read.word()),
[INFO] [stdout]      |                  ^^^ help: use `..=` for an inclusive range
[INFO] [stdout]      |
[INFO] [stdout]      = warning: this is accepted in the current edition (Rust 2015) but is a hard error in Rust 2021!
[INFO] [stdout]      = note: for more information, see <https://doc.rust-lang.org/nightly/edition-guide/rust-2021/warnings-promoted-to-error.html>
[INFO] [stdout] 
[INFO] [stdout] 
[INFO] [stdout] warning: unnecessary trailing semicolon
[INFO] [stdout]     --> src/rust/zmachine.rs:2578:10
[INFO] [stdout]      |
[INFO] [stdout] 2578 |         };
[INFO] [stdout]      |          ^ help: remove this semicolon
[INFO] [stdout]      |
[INFO] [stdout]      = note: `#[warn(redundant_semicolons)]` on by default
[INFO] [stdout] 
[INFO] [stdout] 
[INFO] [stdout] warning: `...` range patterns are deprecated
[INFO] [stdout]     --> src/rust/zmachine.rs:2545:18
[INFO] [stdout]      |
[INFO] [stdout] 2545 |                 1...4 => locals.push(read.word()),
[INFO] [stdout]      |                  ^^^ help: use `..=` for an inclusive range
[INFO] [stdout]      |
[INFO] [stdout]      = warning: this is accepted in the current edition (Rust 2015) but is a hard error in Rust 2021!
[INFO] [stdout]      = note: for more information, see <https://doc.rust-lang.org/nightly/edition-guide/rust-2021/warnings-promoted-to-error.html>
[INFO] [stdout] 
[INFO] [stdout] 
[INFO] [stdout] warning: `...` range patterns are deprecated
[INFO] [stdout]   --> src/rust/instruction.rs:88:18
[INFO] [stdout]    |
[INFO] [stdout] 88 |                 1...15 => write!(f, "local{}", x - 1),
[INFO] [stdout]    |                  ^^^ help: use `..=` for an inclusive range
[INFO] [stdout]    |
[INFO] [stdout]    = warning: this is accepted in the current edition (Rust 2015) but is a hard error in Rust 2021!
[INFO] [stdout]    = note: for more information, see <https://doc.rust-lang.org/nightly/edition-guide/rust-2021/warnings-promoted-to-error.html>
[INFO] [stdout]    = note: `#[warn(ellipsis_inclusive_range_patterns)]` on by default
[INFO] [stdout] 
[INFO] [stdout] 
[INFO] [stdout] warning: `...` range patterns are deprecated
[INFO] [stdout]    --> src/rust/instruction.rs:365:18
[INFO] [stdout]     |
[INFO] [stdout] 365 |                 1...15 => write!(f, " -> local{}", x - 1),
[INFO] [stdout]     |                  ^^^ help: use `..=` for an inclusive range
[INFO] [stdout]     |
[INFO] [stdout]     = warning: this is accepted in the current edition (Rust 2015) but is a hard error in Rust 2021!
[INFO] [stdout]     = note: for more information, see <https://doc.rust-lang.org/nightly/edition-guide/rust-2021/warnings-promoted-to-error.html>
[INFO] [stdout] 
[INFO] [stdout] 
[INFO] [stdout] warning: `...` range patterns are deprecated
[INFO] [stdout]    --> src/rust/zmachine.rs:262:14
[INFO] [stdout]     |
[INFO] [stdout] 262 |             1...3 => addr * 2,
[INFO] [stdout]     |              ^^^ help: use `..=` for an inclusive range
[INFO] [stdout]     |
[INFO] [stdout]     = warning: this is accepted in the current edition (Rust 2015) but is a hard error in Rust 2021!
[INFO] [stdout]     = note: for more information, see <https://doc.rust-lang.org/nightly/edition-guide/rust-2021/warnings-promoted-to-error.html>
[INFO] [stdout] 
[INFO] [stdout] 
[INFO] [stdout] warning: `...` range patterns are deprecated
[INFO] [stdout]    --> src/rust/zmachine.rs:263:14
[INFO] [stdout]     |
[INFO] [stdout] 263 |             4...7 => addr * 4,
[INFO] [stdout]     |              ^^^ help: use `..=` for an inclusive range
[INFO] [stdout]     |
[INFO] [stdout]     = warning: this is accepted in the current edition (Rust 2015) but is a hard error in Rust 2021!
[INFO] [stdout]     = note: for more information, see <https://doc.rust-lang.org/nightly/edition-guide/rust-2021/warnings-promoted-to-error.html>
[INFO] [stdout] 
[INFO] [stdout] 
[INFO] [stdout] warning: `...` range patterns are deprecated
[INFO] [stdout]    --> src/rust/zmachine.rs:271:18
[INFO] [stdout]     |
[INFO] [stdout] 271 |             x @ 6...7 => x + self.routine_offset * 8,
[INFO] [stdout]     |                  ^^^ help: use `..=` for an inclusive range
[INFO] [stdout]     |
[INFO] [stdout]     = warning: this is accepted in the current edition (Rust 2015) but is a hard error in Rust 2021!
[INFO] [stdout]     = note: for more information, see <https://doc.rust-lang.org/nightly/edition-guide/rust-2021/warnings-promoted-to-error.html>
[INFO] [stdout] 
[INFO] [stdout] 
[INFO] [stdout] warning: `...` range patterns are deprecated
[INFO] [stdout]    --> src/rust/zmachine.rs:278:18
[INFO] [stdout]     |
[INFO] [stdout] 278 |             x @ 6...7 => x + self.string_offset * 8,
[INFO] [stdout]     |                  ^^^ help: use `..=` for an inclusive range
[INFO] [stdout]     |
[INFO] [stdout]     = warning: this is accepted in the current edition (Rust 2015) but is a hard error in Rust 2021!
[INFO] [stdout]     = note: for more information, see <https://doc.rust-lang.org/nightly/edition-guide/rust-2021/warnings-promoted-to-error.html>
[INFO] [stdout] 
[INFO] [stdout] 
[INFO] [stdout] warning: `...` range patterns are deprecated
[INFO] [stdout]    --> src/rust/zmachine.rs:340:14
[INFO] [stdout]     |
[INFO] [stdout] 340 |             1...15 => self.read_local(index - 1),
[INFO] [stdout]     |              ^^^ help: use `..=` for an inclusive range
[INFO] [stdout]     |
[INFO] [stdout]     = warning: this is accepted in the current edition (Rust 2015) but is a hard error in Rust 2021!
[INFO] [stdout]     = note: for more information, see <https://doc.rust-lang.org/nightly/edition-guide/rust-2021/warnings-promoted-to-error.html>
[INFO] [stdout] 
[INFO] [stdout] 
[INFO] [stdout] warning: `...` range patterns are deprecated
[INFO] [stdout]    --> src/rust/zmachine.rs:341:15
[INFO] [stdout]     |
[INFO] [stdout] 341 |             16...255 => self.read_global(index - 16),
[INFO] [stdout]     |               ^^^ help: use `..=` for an inclusive range
[INFO] [stdout]     |
[INFO] [stdout]     = warning: this is accepted in the current edition (Rust 2015) but is a hard error in Rust 2021!
[INFO] [stdout]     = note: for more information, see <https://doc.rust-lang.org/nightly/edition-guide/rust-2021/warnings-promoted-to-error.html>
[INFO] [stdout] 
[INFO] [stdout] 
[INFO] [stdout] warning: `...` range patterns are deprecated
[INFO] [stdout]    --> src/rust/zmachine.rs:350:14
[INFO] [stdout]     |
[INFO] [stdout] 350 |             1...15 => self.read_local(index - 1),
[INFO] [stdout]     |              ^^^ help: use `..=` for an inclusive range
[INFO] [stdout]     |
[INFO] [stdout]     = warning: this is accepted in the current edition (Rust 2015) but is a hard error in Rust 2021!
[INFO] [stdout]     = note: for more information, see <https://doc.rust-lang.org/nightly/edition-guide/rust-2021/warnings-promoted-to-error.html>
[INFO] [stdout] 
[INFO] [stdout] 
[INFO] [stdout] warning: `...` range patterns are deprecated
[INFO] [stdout]    --> src/rust/zmachine.rs:351:15
[INFO] [stdout]     |
[INFO] [stdout] 351 |             16...255 => self.read_global(index - 16),
[INFO] [stdout]     |               ^^^ help: use `..=` for an inclusive range
[INFO] [stdout]     |
[INFO] [stdout]     = warning: this is accepted in the current edition (Rust 2015) but is a hard error in Rust 2021!
[INFO] [stdout]     = note: for more information, see <https://doc.rust-lang.org/nightly/edition-guide/rust-2021/warnings-promoted-to-error.html>
[INFO] [stdout] 
[INFO] [stdout] 
[INFO] [stdout] warning: `...` range patterns are deprecated
[INFO] [stdout]    --> src/rust/zmachine.rs:360:14
[INFO] [stdout]     |
[INFO] [stdout] 360 |             1...15 => self.write_local(index - 1, value),
[INFO] [stdout]     |              ^^^ help: use `..=` for an inclusive range
[INFO] [stdout]     |
[INFO] [stdout]     = warning: this is accepted in the current edition (Rust 2015) but is a hard error in Rust 2021!
[INFO] [stdout]     = note: for more information, see <https://doc.rust-lang.org/nightly/edition-guide/rust-2021/warnings-promoted-to-error.html>
[INFO] [stdout] 
[INFO] [stdout] 
[INFO] [stdout] warning: `...` range patterns are deprecated
[INFO] [stdout]    --> src/rust/zmachine.rs:361:15
[INFO] [stdout]     |
[INFO] [stdout] 361 |             16...255 => self.write_global(index - 16, value),
[INFO] [stdout]     |               ^^^ help: use `..=` for an inclusive range
[INFO] [stdout]     |
[INFO] [stdout]     = warning: this is accepted in the current edition (Rust 2015) but is a hard error in Rust 2021!
[INFO] [stdout]     = note: for more information, see <https://doc.rust-lang.org/nightly/edition-guide/rust-2021/warnings-promoted-to-error.html>
[INFO] [stdout] 
[INFO] [stdout] 
[INFO] [stdout] warning: `...` range patterns are deprecated
[INFO] [stdout]    --> src/rust/zmachine.rs:373:14
[INFO] [stdout]     |
[INFO] [stdout] 373 |             1...15 => self.write_local(index - 1, value),
[INFO] [stdout]     |              ^^^ help: use `..=` for an inclusive range
[INFO] [stdout]     |
[INFO] [stdout]     = warning: this is accepted in the current edition (Rust 2015) but is a hard error in Rust 2021!
[INFO] [stdout]     = note: for more information, see <https://doc.rust-lang.org/nightly/edition-guide/rust-2021/warnings-promoted-to-error.html>
[INFO] [stdout] 
[INFO] [stdout] 
[INFO] [stdout] warning: `...` range patterns are deprecated
[INFO] [stdout]    --> src/rust/zmachine.rs:374:15
[INFO] [stdout]     |
[INFO] [stdout] 374 |             16...255 => self.write_global(index - 16, value),
[INFO] [stdout]     |               ^^^ help: use `..=` for an inclusive range
[INFO] [stdout]     |
[INFO] [stdout]     = warning: this is accepted in the current edition (Rust 2015) but is a hard error in Rust 2021!
[INFO] [stdout]     = note: for more information, see <https://doc.rust-lang.org/nightly/edition-guide/rust-2021/warnings-promoted-to-error.html>
[INFO] [stdout] 
[INFO] [stdout] 
[INFO] [stdout] warning: `...` range patterns are deprecated
[INFO] [stdout]    --> src/rust/zmachine.rs:825:14
[INFO] [stdout]     |
[INFO] [stdout] 825 |             1...3 => {
[INFO] [stdout]     |              ^^^ help: use `..=` for an inclusive range
[INFO] [stdout]     |
[INFO] [stdout]     = warning: this is accepted in the current edition (Rust 2015) but is a hard error in Rust 2021!
[INFO] [stdout]     = note: for more information, see <https://doc.rust-lang.org/nightly/edition-guide/rust-2021/warnings-promoted-to-error.html>
[INFO] [stdout] 
[INFO] [stdout] 
[INFO] [stdout] warning: `...` range patterns are deprecated
[INFO] [stdout]     --> src/rust/zmachine.rs:1137:17
[INFO] [stdout]      |
[INFO] [stdout] 1137 |             0x00...0x1f => (get_opcode(btm_5(first), 0), vec![Small, Small]),
[INFO] [stdout]      |                 ^^^ help: use `..=` for an inclusive range
[INFO] [stdout]      |
[INFO] [stdout]      = warning: this is accepted in the current edition (Rust 2015) but is a hard error in Rust 2021!
[INFO] [stdout]      = note: for more information, see <https://doc.rust-lang.org/nightly/edition-guide/rust-2021/warnings-promoted-to-error.html>
[INFO] [stdout] 
[INFO] [stdout] 
[INFO] [stdout] warning: `...` range patterns are deprecated
[INFO] [stdout]     --> src/rust/zmachine.rs:1138:17
[INFO] [stdout]      |
[INFO] [stdout] 1138 |             0x20...0x3f => (get_opcode(btm_5(first), 0), vec![Small, Variable]),
[INFO] [stdout]      |                 ^^^ help: use `..=` for an inclusive range
[INFO] [stdout]      |
[INFO] [stdout]      = warning: this is accepted in the current edition (Rust 2015) but is a hard error in Rust 2021!
[INFO] [stdout]      = note: for more information, see <https://doc.rust-lang.org/nightly/edition-guide/rust-2021/warnings-promoted-to-error.html>
[INFO] [stdout] 
[INFO] [stdout] 
[INFO] [stdout] warning: `...` range patterns are deprecated
[INFO] [stdout]     --> src/rust/zmachine.rs:1139:17
[INFO] [stdout]      |
[INFO] [stdout] 1139 |             0x40...0x5f => (get_opcode(btm_5(first), 0), vec![Variable, Small]),
[INFO] [stdout]      |                 ^^^ help: use `..=` for an inclusive range
[INFO] [stdout]      |
[INFO] [stdout]      = warning: this is accepted in the current edition (Rust 2015) but is a hard error in Rust 2021!
[INFO] [stdout]      = note: for more information, see <https://doc.rust-lang.org/nightly/edition-guide/rust-2021/warnings-promoted-to-error.html>
[INFO] [stdout] 
[INFO] [stdout] 
[INFO] [stdout] warning: `...` range patterns are deprecated
[INFO] [stdout]     --> src/rust/zmachine.rs:1140:17
[INFO] [stdout]      |
[INFO] [stdout] 1140 |             0x60...0x7f => (get_opcode(btm_5(first), 0), vec![Variable, Variable]),
[INFO] [stdout]      |                 ^^^ help: use `..=` for an inclusive range
[INFO] [stdout]      |
[INFO] [stdout]      = warning: this is accepted in the current edition (Rust 2015) but is a hard error in Rust 2021!
[INFO] [stdout]      = note: for more information, see <https://doc.rust-lang.org/nightly/edition-guide/rust-2021/warnings-promoted-to-error.html>
[INFO] [stdout] 
[INFO] [stdout] 
[INFO] [stdout] warning: `...` range patterns are deprecated
[INFO] [stdout]     --> src/rust/zmachine.rs:1141:17
[INFO] [stdout]      |
[INFO] [stdout] 1141 |             0x80...0x8f => (get_opcode(btm_4(first), 128), vec![Large]),
[INFO] [stdout]      |                 ^^^ help: use `..=` for an inclusive range
[INFO] [stdout]      |
[INFO] [stdout]      = warning: this is accepted in the current edition (Rust 2015) but is a hard error in Rust 2021!
[INFO] [stdout]      = note: for more information, see <https://doc.rust-lang.org/nightly/edition-guide/rust-2021/warnings-promoted-to-error.html>
[INFO] [stdout] 
[INFO] [stdout] 
[INFO] [stdout] warning: `...` range patterns are deprecated
[INFO] [stdout]     --> src/rust/zmachine.rs:1142:17
[INFO] [stdout]      |
[INFO] [stdout] 1142 |             0x90...0x9f => (get_opcode(btm_4(first), 128), vec![Small]),
[INFO] [stdout]      |                 ^^^ help: use `..=` for an inclusive range
[INFO] [stdout]      |
[INFO] [stdout]      = warning: this is accepted in the current edition (Rust 2015) but is a hard error in Rust 2021!
[INFO] [stdout]      = note: for more information, see <https://doc.rust-lang.org/nightly/edition-guide/rust-2021/warnings-promoted-to-error.html>
[INFO] [stdout] 
[INFO] [stdout] 
[INFO] [stdout] warning: `...` range patterns are deprecated
[INFO] [stdout]     --> src/rust/zmachine.rs:1143:17
[INFO] [stdout]      |
[INFO] [stdout] 1143 |             0xa0...0xaf => (get_opcode(btm_4(first), 128), vec![Variable]),
[INFO] [stdout]      |                 ^^^ help: use `..=` for an inclusive range
[INFO] [stdout]      |
[INFO] [stdout]      = warning: this is accepted in the current edition (Rust 2015) but is a hard error in Rust 2021!
[INFO] [stdout]      = note: for more information, see <https://doc.rust-lang.org/nightly/edition-guide/rust-2021/warnings-promoted-to-error.html>
[INFO] [stdout] 
[INFO] [stdout] 
[INFO] [stdout] warning: `...` range patterns are deprecated
[INFO] [stdout]     --> src/rust/zmachine.rs:1144:17
[INFO] [stdout]      |
[INFO] [stdout] 1144 |             0xb0...0xbd | 0xbf => (get_opcode(btm_4(first), 176), vec![]), // OP_0
[INFO] [stdout]      |                 ^^^ help: use `..=` for an inclusive range
[INFO] [stdout]      |
[INFO] [stdout]      = warning: this is accepted in the current edition (Rust 2015) but is a hard error in Rust 2021!
[INFO] [stdout]      = note: for more information, see <https://doc.rust-lang.org/nightly/edition-guide/rust-2021/warnings-promoted-to-error.html>
[INFO] [stdout] 
[INFO] [stdout] 
[INFO] [stdout] warning: `...` range patterns are deprecated
[INFO] [stdout]     --> src/rust/zmachine.rs:1145:17
[INFO] [stdout]      |
[INFO] [stdout] 1145 |             0xc0...0xdf => (get_opcode(btm_5(first), 0), get_types(&[read.byte()])),
[INFO] [stdout]      |                 ^^^ help: use `..=` for an inclusive range
[INFO] [stdout]      |
[INFO] [stdout]      = warning: this is accepted in the current edition (Rust 2015) but is a hard error in Rust 2021!
[INFO] [stdout]      = note: for more information, see <https://doc.rust-lang.org/nightly/edition-guide/rust-2021/warnings-promoted-to-error.html>
[INFO] [stdout] 
[INFO] [stdout] 
[INFO] [stdout] warning: `...` range patterns are deprecated
[INFO] [stdout]     --> src/rust/zmachine.rs:1146:17
[INFO] [stdout]      |
[INFO] [stdout] 1146 |             0xe0...0xff => {
[INFO] [stdout]      |                 ^^^ help: use `..=` for an inclusive range
[INFO] [stdout]      |
[INFO] [stdout]      = warning: this is accepted in the current edition (Rust 2015) but is a hard error in Rust 2021!
[INFO] [stdout]      = note: for more information, see <https://doc.rust-lang.org/nightly/edition-guide/rust-2021/warnings-promoted-to-error.html>
[INFO] [stdout] 
[INFO] [stdout] 
[INFO] [stdout] warning: `...` range patterns are deprecated
[INFO] [stdout]     --> src/rust/zmachine.rs:2025:18
[INFO] [stdout]      |
[INFO] [stdout] 2025 |                 1...4 => locals.push(read.word()),
[INFO] [stdout]      |                  ^^^ help: use `..=` for an inclusive range
[INFO] [stdout]      |
[INFO] [stdout]      = warning: this is accepted in the current edition (Rust 2015) but is a hard error in Rust 2021!
[INFO] [stdout]      = note: for more information, see <https://doc.rust-lang.org/nightly/edition-guide/rust-2021/warnings-promoted-to-error.html>
[INFO] [stdout] 
[INFO] [stdout] 
[INFO] [stdout] warning: unnecessary trailing semicolon
[INFO] [stdout]     --> src/rust/zmachine.rs:2578:10
[INFO] [stdout]      |
[INFO] [stdout] 2578 |         };
[INFO] [stdout]      |          ^ help: remove this semicolon
[INFO] [stdout]      |
[INFO] [stdout]      = note: `#[warn(redundant_semicolons)]` on by default
[INFO] [stdout] 
[INFO] [stdout] 
[INFO] [stdout] warning: `...` range patterns are deprecated
[INFO] [stdout]     --> src/rust/zmachine.rs:2545:18
[INFO] [stdout]      |
[INFO] [stdout] 2545 |                 1...4 => locals.push(read.word()),
[INFO] [stdout]      |                  ^^^ help: use `..=` for an inclusive range
[INFO] [stdout]      |
[INFO] [stdout]      = warning: this is accepted in the current edition (Rust 2015) but is a hard error in Rust 2021!
[INFO] [stdout]      = note: for more information, see <https://doc.rust-lang.org/nightly/edition-guide/rust-2021/warnings-promoted-to-error.html>
[INFO] [stdout] 
[INFO] [stdout] 
[INFO] [stdout] error: aborting due to 2 previous errors; 28 warnings emitted
[INFO] [stdout] 
[INFO] [stdout] 
[INFO] [stdout] Some errors have detailed explanations: E0463, E0554.
[INFO] [stdout] 
[INFO] [stdout] For more information about an error, try `rustc --explain E0463`.
[INFO] [stdout] 
[INFO] [stderr] error: could not document `encrusted`
[INFO] [stderr] 
[INFO] [stderr] Caused by:
[INFO] [stderr]   process didn't exit successfully: `/opt/rustwide/rustup-home/toolchains/beta-2023-12-22-x86_64-unknown-linux-gnu/bin/rustdoc --crate-type cdylib --crate-name web src/rust/main.web.rs -o /opt/rustwide/target/doc --error-format=json --json=diagnostic-rendered-ansi,artifacts,future-incompat --document-private-items -C metadata=9e5fc58d6d8ef88e -L dependency=/opt/rustwide/target/debug/deps --extern atty=/opt/rustwide/target/debug/deps/libatty-90e141b19fc62c19.rmeta --extern base64=/opt/rustwide/target/debug/deps/libbase64-6aac23de8130ba96.rmeta --extern clap=/opt/rustwide/target/debug/deps/libclap-55d77ce0fecfbd6b.rmeta --extern enum_primitive=/opt/rustwide/target/debug/deps/libenum_primitive-d0280b580417d9bd.rmeta --extern lazy_static=/opt/rustwide/target/debug/deps/liblazy_static-cc91e7c9c894213a.rmeta --extern rand=/opt/rustwide/target/debug/deps/librand-6a5a9421ac7f35af.rmeta --extern regex=/opt/rustwide/target/debug/deps/libregex-2952d6a44c1ca133.rmeta --extern serde=/opt/rustwide/target/debug/deps/libserde-3f6515b8468627a8.rmeta --extern serde_derive=/opt/rustwide/target/debug/deps/libserde_derive-7ce8b0efa248d741.so --extern serde_json=/opt/rustwide/target/debug/deps/libserde_json-1df5b95b1ab6b8ed.rmeta --extern term_size=/opt/rustwide/target/debug/deps/libterm_size-d784cd6443317fb6.rmeta --cap-lints=warn --crate-version 1.1.0` (exit status: 1)
[INFO] [stderr] warning: build failed, waiting for other jobs to finish...
[INFO] [stdout] warning: 28 warnings emitted
[INFO] [stdout] 
[INFO] [stdout] 
[INFO] running `Command { std: "docker" "inspect" "833ab5d0bdc093a7b07810a8ddeb37fac2f60cde49b395f2fffbc48e9cb930f8", kill_on_drop: false }`
[INFO] running `Command { std: "docker" "rm" "-f" "833ab5d0bdc093a7b07810a8ddeb37fac2f60cde49b395f2fffbc48e9cb930f8", kill_on_drop: false }`
[INFO] [stdout] 833ab5d0bdc093a7b07810a8ddeb37fac2f60cde49b395f2fffbc48e9cb930f8
