[INFO] fetching crate egui-winit-phobos 0.10.0...
[INFO] documenting egui-winit-phobos-0.10.0 against 1.75.0 for beta-1.76-rustdoc-1
[INFO] extracting crate egui-winit-phobos 0.10.0 into /workspace/builds/worker-3-tc1/source
[INFO] validating manifest of crates.io crate egui-winit-phobos 0.10.0 on toolchain 1.75.0
[INFO] running `Command { std: CARGO_HOME="/workspace/cargo-home" RUSTUP_HOME="/workspace/rustup-home" "/workspace/cargo-home/bin/cargo" "+1.75.0" "metadata" "--manifest-path" "Cargo.toml" "--no-deps", kill_on_drop: false }`
[INFO] started tweaking crates.io crate egui-winit-phobos 0.10.0
[INFO] finished tweaking crates.io crate egui-winit-phobos 0.10.0
[INFO] tweaked toml for crates.io crate egui-winit-phobos 0.10.0 written to /workspace/builds/worker-3-tc1/source/Cargo.toml
[INFO] running `Command { std: CARGO_HOME="/workspace/cargo-home" RUSTUP_HOME="/workspace/rustup-home" "/workspace/cargo-home/bin/cargo" "+1.75.0" "generate-lockfile" "--manifest-path" "Cargo.toml", kill_on_drop: false }`
[INFO] [stderr]     Blocking waiting for file lock on package cache
[INFO] [stderr]     Updating crates.io index
[INFO] running `Command { std: CARGO_HOME="/workspace/cargo-home" RUSTUP_HOME="/workspace/rustup-home" "/workspace/cargo-home/bin/cargo" "+1.75.0" "fetch" "--manifest-path" "Cargo.toml", kill_on_drop: false }`
[INFO] [stderr]     Blocking waiting for file lock on package cache
[INFO] [stderr]  Downloading crates ...
[INFO] [stderr]   Downloaded wayland-commons v0.29.5
[INFO] [stderr]   Downloaded slotmap v1.0.7
[INFO] [stderr]   Downloaded smithay-client-toolkit v0.16.1
[INFO] [stderr]   Downloaded wayland-protocols v0.29.5
[INFO] [stderr]   Downloaded strict-num v0.1.1
[INFO] [stderr]   Downloaded tiny-skia v0.8.4
[INFO] [stderr]   Downloaded egui v0.21.0
[INFO] [stderr]   Downloaded wayland-scanner v0.29.5
[INFO] [stderr]   Downloaded phobos v0.10.0
[INFO] [stderr]   Downloaded spv-cross v0.23.5
[INFO] [stderr]   Downloaded orbclient v0.3.47
[INFO] [stderr]   Downloaded epaint v0.21.0
[INFO] [stderr]   Downloaded wayland-cursor v0.29.5
[INFO] [stderr]   Downloaded wayland-client v0.29.5
[INFO] [stderr]   Downloaded gethostname v0.3.0
[INFO] [stderr]   Downloaded windows v0.44.0
[INFO] [stderr]   Downloaded wayland-sys v0.29.5
[INFO] [stderr]   Downloaded block-sys v0.1.0-beta.1
[INFO] [stderr]   Downloaded arboard v3.3.0
[INFO] [stderr]   Downloaded x11rb v0.12.0
[INFO] [stderr]   Downloaded atomic_refcell v0.1.13
[INFO] [stderr]   Downloaded raw-window-metal v0.3.2
[INFO] [stderr]   Downloaded smithay-clipboard v0.6.6
[INFO] [stderr]   Downloaded webbrowser v0.8.12
[INFO] [stderr]   Downloaded ash v0.37.3+1.3.251
[INFO] [stderr]   Downloaded x11rb-protocol v0.12.0
[INFO] [stderr]   Downloaded android-activity v0.4.3
[INFO] [stderr]   Downloaded winit v0.28.7
[INFO] [stderr]   Downloaded ecolor v0.21.0
[INFO] [stderr]   Downloaded emath v0.21.0
[INFO] [stderr]   Downloaded cocoa v0.25.0
[INFO] [stderr]   Downloaded winapi-wsapoll v0.1.1
[INFO] [stderr]   Downloaded ash-window v0.12.0
[INFO] [stderr]   Downloaded egui-winit v0.21.1
[INFO] [stderr]   Downloaded gpu-allocator v0.22.0
[INFO] [stderr]   Downloaded multimap v0.9.1
[INFO] [stderr]   Downloaded android-properties v0.2.2
[INFO] [stderr]   Downloaded num_enum_derive v0.6.1
[INFO] [stderr]   Downloaded num_enum v0.6.1
[INFO] [stderr]   Downloaded block2 v0.2.0-alpha.6
[INFO] [stderr]   Downloaded objc-sys v0.2.0-beta.2
[INFO] [stderr]   Downloaded objc2-encode v2.0.0-pre.2
[INFO] [stderr]   Downloaded objc2 v0.3.0-beta.3.patch-leaks.3
[INFO] [stderr]   Downloaded libredox v0.0.2
[INFO] [stderr]   Downloaded tiny-skia-path v0.8.4
[INFO] [stderr]   Downloaded sctk-adwaita v0.5.4
[INFO] [stderr]   Downloaded calloop v0.10.6
[INFO] running `Command { std: "docker" "create" "-v" "/var/lib/crater-agent-workspace/builds/worker-3-tc1/target:/opt/rustwide/target:rw,Z" "-v" "/var/lib/crater-agent-workspace/builds/worker-3-tc1/source:/opt/rustwide/workdir:ro,Z" "-v" "/var/lib/crater-agent-workspace/cargo-home:/opt/rustwide/cargo-home:ro,Z" "-v" "/var/lib/crater-agent-workspace/rustup-home:/opt/rustwide/rustup-home:ro,Z" "-e" "SOURCE_DIR=/opt/rustwide/workdir" "-e" "CARGO_TARGET_DIR=/opt/rustwide/target" "-e" "CARGO_HOME=/opt/rustwide/cargo-home" "-e" "RUSTUP_HOME=/opt/rustwide/rustup-home" "-w" "/opt/rustwide/workdir" "-m" "1610612736" "--user" "0:0" "--network" "none" "ghcr.io/rust-lang/crates-build-env/linux@sha256:2788e3201cd34a07e3172128adcd8b3090168a8e3bcc40d7c032b9dda1df7d1c" "/opt/rustwide/cargo-home/bin/cargo" "+1.75.0" "metadata" "--no-deps" "--format-version=1", kill_on_drop: false }`
[INFO] [stdout] 813227957c1eae8c4ffe6a6c52d6277e83506d81e77f2357f99aa6182ff3f0dd
[INFO] running `Command { std: "docker" "start" "-a" "813227957c1eae8c4ffe6a6c52d6277e83506d81e77f2357f99aa6182ff3f0dd", kill_on_drop: false }`
[INFO] running `Command { std: "docker" "inspect" "813227957c1eae8c4ffe6a6c52d6277e83506d81e77f2357f99aa6182ff3f0dd", kill_on_drop: false }`
[INFO] running `Command { std: "docker" "rm" "-f" "813227957c1eae8c4ffe6a6c52d6277e83506d81e77f2357f99aa6182ff3f0dd", kill_on_drop: false }`
[INFO] [stdout] 813227957c1eae8c4ffe6a6c52d6277e83506d81e77f2357f99aa6182ff3f0dd
[INFO] running `Command { std: "docker" "create" "-v" "/var/lib/crater-agent-workspace/builds/worker-3-tc1/target:/opt/rustwide/target:rw,Z" "-v" "/var/lib/crater-agent-workspace/builds/worker-3-tc1/source:/opt/rustwide/workdir:ro,Z" "-v" "/var/lib/crater-agent-workspace/cargo-home:/opt/rustwide/cargo-home:ro,Z" "-v" "/var/lib/crater-agent-workspace/rustup-home:/opt/rustwide/rustup-home:ro,Z" "-e" "SOURCE_DIR=/opt/rustwide/workdir" "-e" "CARGO_TARGET_DIR=/opt/rustwide/target" "-e" "CARGO_INCREMENTAL=0" "-e" "RUST_BACKTRACE=full" "-e" "RUSTFLAGS=--cap-lints=warn" "-e" "RUSTDOCFLAGS=--cap-lints=warn" "-e" "CARGO_HOME=/opt/rustwide/cargo-home" "-e" "RUSTUP_HOME=/opt/rustwide/rustup-home" "-w" "/opt/rustwide/workdir" "-m" "1610612736" "--user" "0:0" "--network" "none" "ghcr.io/rust-lang/crates-build-env/linux@sha256:2788e3201cd34a07e3172128adcd8b3090168a8e3bcc40d7c032b9dda1df7d1c" "/opt/rustwide/cargo-home/bin/cargo" "+1.75.0" "doc" "--frozen" "--no-deps" "--document-private-items" "--message-format=json", kill_on_drop: false }`
[INFO] [stdout] 27f6663f16611c7ac8327de6b6732671b9352005071d8771d46a98bc5d8e60ae
[INFO] running `Command { std: "docker" "start" "-a" "27f6663f16611c7ac8327de6b6732671b9352005071d8771d46a98bc5d8e60ae", kill_on_drop: false }`
[INFO] [stderr]     Checking libloading v0.8.1
[INFO] [stderr]     Checking simd-adler32 v0.3.7
[INFO] [stderr]    Compiling proc-macro2 v1.0.76
[INFO] [stderr]    Compiling memoffset v0.6.5
[INFO] [stderr]    Compiling libc v0.2.151
[INFO] [stderr]    Compiling wayland-sys v0.29.5
[INFO] [stderr]    Compiling thiserror v1.0.56
[INFO] [stderr]    Compiling slotmap v1.0.7
[INFO] [stderr]     Checking downcast-rs v1.2.0
[INFO] [stderr]     Checking scoped-tls v1.0.1
[INFO] [stderr]     Checking ttf-parser v0.20.0
[INFO] [stderr]    Compiling smithay-client-toolkit v0.16.1
[INFO] [stderr]    Compiling memoffset v0.7.1
[INFO] [stderr]     Checking xcursor v0.3.5
[INFO] [stderr]     Checking ab_glyph_rasterizer v0.1.8
[INFO] [stderr]     Checking memmap2 v0.5.10
[INFO] [stderr]     Checking strict-num v0.1.1
[INFO] [stderr]     Checking bytemuck v1.14.0
[INFO] [stderr]     Checking arrayref v0.3.7
[INFO] [stderr]     Checking dlib v0.5.2
[INFO] [stderr]     Checking parking_lot_core v0.9.9
[INFO] [stderr]    Compiling x11-dl v2.21.0
[INFO] [stderr]     Checking miniz_oxide v0.7.1
[INFO] [stderr]     Checking fdeflate v0.3.3
[INFO] [stderr]    Compiling ahash v0.8.7
[INFO] [stderr]    Compiling ash v0.37.3+1.3.251
[INFO] [stderr]    Compiling cfg_aliases v0.1.1
[INFO] [stderr]     Checking libloading v0.7.4
[INFO] [stderr]     Checking tiny-skia-path v0.8.4
[INFO] [stderr]    Compiling x11rb v0.12.0
[INFO] [stderr]     Checking parking_lot v0.12.1
[INFO] [stderr]     Checking raw-window-handle v0.5.2
[INFO] [stderr]    Compiling quote v1.0.35
[INFO] [stderr]     Checking nix v0.24.3
[INFO] [stderr]     Checking nix v0.25.1
[INFO] [stderr]     Checking nix v0.26.4
[INFO] [stderr]     Checking mio v0.8.10
[INFO] [stderr]    Compiling syn v2.0.48
[INFO] [stderr]    Compiling wayland-scanner v0.29.5
[INFO] [stderr]     Checking flate2 v1.0.28
[INFO] [stderr]     Checking gethostname v0.3.0
[INFO] [stderr]     Checking instant v0.1.12
[INFO] [stderr]    Compiling anyhow v1.0.79
[INFO] [stderr]     Checking emath v0.21.0
[INFO] [stderr]    Compiling jobserver v0.1.27
[INFO] [stderr]     Checking nohash-hasher v0.2.0
[INFO] [stderr]     Checking ecolor v0.21.0
[INFO] [stderr]    Compiling syn v1.0.109
[INFO] [stderr]     Checking home v0.5.9
[INFO] [stderr]     Checking png v0.17.10
[INFO] [stderr]    Compiling phobos v0.10.0
[INFO] [stderr]     Checking fixedbitset v0.4.2
[INFO] [stderr]    Compiling egui-winit-phobos v0.10.0 (/opt/rustwide/workdir)
[INFO] [stderr]    Compiling cc v1.0.83
[INFO] [stdout] warning: function `get_dxc_path` is never used
[INFO] [stdout]  --> build.rs:7:4
[INFO] [stdout]   |
[INFO] [stdout] 7 | fn get_dxc_path() -> Result<PathBuf> {
[INFO] [stdout]   |    ^^^^^^^^^^^^
[INFO] [stdout]   |
[INFO] [stdout]   = note: `#[warn(dead_code)]` on by default
[INFO] [stdout] 
[INFO] [stdout] 
[INFO] [stdout] warning: enum `Stage` is never used
[INFO] [stdout]   --> build.rs:15:6
[INFO] [stdout]    |
[INFO] [stdout] 15 | enum Stage {
[INFO] [stdout]    |      ^^^^^
[INFO] [stdout] 
[INFO] [stdout] 
[INFO] [stdout] warning: function `hlsl_profile` is never used
[INFO] [stdout]   --> build.rs:21:4
[INFO] [stdout]    |
[INFO] [stdout] 21 | fn hlsl_profile(stage: Stage) -> Result<String> {
[INFO] [stdout]    |    ^^^^^^^^^^^^
[INFO] [stdout] 
[INFO] [stdout] 
[INFO] [stdout] warning: function `compile_hlsl` is never used
[INFO] [stdout]   --> build.rs:31:4
[INFO] [stdout]    |
[INFO] [stdout] 31 | fn compile_hlsl(path: &Path, out: &Path, stage: Stage) -> Result<()> {
[INFO] [stdout]    |    ^^^^^^^^^^^^
[INFO] [stdout] 
[INFO] [stdout] 
[INFO] [stderr]     Checking petgraph v0.6.4
[INFO] [stderr]     Checking webbrowser v0.8.12
[INFO] [stdout] warning: 4 warnings emitted
[INFO] [stdout] 
[INFO] [stdout] 
[INFO] [stderr]     Checking multimap v0.9.1
[INFO] [stderr]    Compiling wayland-client v0.29.5
[INFO] [stderr]    Compiling wayland-protocols v0.29.5
[INFO] [stderr]     Checking tiny-skia v0.8.4
[INFO] [stderr]    Compiling winit v0.28.7
[INFO] [stderr]     Checking owned_ttf_parser v0.20.0
[INFO] [stderr]     Checking ab_glyph v0.2.23
[INFO] [stderr]    Compiling backtrace v0.3.69
[INFO] [stderr]    Compiling spv-cross v0.23.5
[INFO] [stderr]     Checking x11rb-protocol v0.12.0
[INFO] [stderr]     Checking wayland-commons v0.29.5
[INFO] [stderr]     Checking epaint v0.21.0
[INFO] [stderr]     Checking egui v0.21.0
[INFO] [stderr] error: could not compile `ash` (lib)
[INFO] [stderr] 
[INFO] [stderr] Caused by:
[INFO] [stderr]   process didn't exit successfully: `/opt/rustwide/rustup-home/toolchains/1.75.0-x86_64-unknown-linux-gnu/bin/rustc --crate-name ash --edition=2021 /opt/rustwide/cargo-home/registry/src/index.crates.io-6f17d22bba15001f/ash-0.37.3+1.3.251/src/lib.rs --error-format=json --json=diagnostic-rendered-ansi,artifacts,future-incompat --crate-type lib --emit=dep-info,metadata -C embed-bitcode=no -C debuginfo=2 --cfg 'feature="debug"' --cfg 'feature="default"' --cfg 'feature="libloading"' --cfg 'feature="loaded"' -C metadata=7415ddae5d677c84 -C extra-filename=-7415ddae5d677c84 --out-dir /opt/rustwide/target/debug/deps -L dependency=/opt/rustwide/target/debug/deps --extern libloading=/opt/rustwide/target/debug/deps/liblibloading-29c88375499a3949.rmeta --cap-lints allow --cap-lints=warn` (signal: 9, SIGKILL: kill)
[INFO] [stderr] warning: build failed, waiting for other jobs to finish...
[INFO] [stderr] error: could not compile `syn` (lib)
[INFO] [stderr] 
[INFO] [stderr] Caused by:
[INFO] [stderr]   process didn't exit successfully: `/opt/rustwide/rustup-home/toolchains/1.75.0-x86_64-unknown-linux-gnu/bin/rustc --crate-name syn --edition=2018 /opt/rustwide/cargo-home/registry/src/index.crates.io-6f17d22bba15001f/syn-1.0.109/src/lib.rs --error-format=json --json=diagnostic-rendered-ansi,artifacts,future-incompat --crate-type lib --emit=dep-info,metadata,link -C embed-bitcode=no --cfg 'feature="clone-impls"' --cfg 'feature="default"' --cfg 'feature="derive"' --cfg 'feature="extra-traits"' --cfg 'feature="parsing"' --cfg 'feature="printing"' --cfg 'feature="proc-macro"' --cfg 'feature="quote"' --cfg 'feature="visit"' -C metadata=0335963895b92e56 -C extra-filename=-0335963895b92e56 --out-dir /opt/rustwide/target/debug/deps -L dependency=/opt/rustwide/target/debug/deps --extern proc_macro2=/opt/rustwide/target/debug/deps/libproc_macro2-5ed4f7c766dad0ce.rmeta --extern quote=/opt/rustwide/target/debug/deps/libquote-66f33318e1c9f723.rmeta --extern unicode_ident=/opt/rustwide/target/debug/deps/libunicode_ident-e03ce37406b474da.rmeta --cap-lints allow --cap-lints=warn --cfg syn_disable_nightly_tests` (signal: 9, SIGKILL: kill)
[INFO] [stderr] error: could not compile `syn` (lib)
[INFO] [stderr] 
[INFO] [stderr] Caused by:
[INFO] [stderr]   process didn't exit successfully: `/opt/rustwide/rustup-home/toolchains/1.75.0-x86_64-unknown-linux-gnu/bin/rustc --crate-name syn --edition=2021 /opt/rustwide/cargo-home/registry/src/index.crates.io-6f17d22bba15001f/syn-2.0.48/src/lib.rs --error-format=json --json=diagnostic-rendered-ansi,artifacts,future-incompat --crate-type lib --emit=dep-info,metadata,link -C embed-bitcode=no --cfg 'feature="clone-impls"' --cfg 'feature="default"' --cfg 'feature="derive"' --cfg 'feature="full"' --cfg 'feature="parsing"' --cfg 'feature="printing"' --cfg 'feature="proc-macro"' --cfg 'feature="quote"' -C metadata=521e5aba02dcb2e7 -C extra-filename=-521e5aba02dcb2e7 --out-dir /opt/rustwide/target/debug/deps -L dependency=/opt/rustwide/target/debug/deps --extern proc_macro2=/opt/rustwide/target/debug/deps/libproc_macro2-5ed4f7c766dad0ce.rmeta --extern quote=/opt/rustwide/target/debug/deps/libquote-66f33318e1c9f723.rmeta --extern unicode_ident=/opt/rustwide/target/debug/deps/libunicode_ident-e03ce37406b474da.rmeta --cap-lints allow --cap-lints=warn` (signal: 9, SIGKILL: kill)
[INFO] [stderr] error: could not compile `x11rb-protocol` (lib)
[INFO] [stderr] 
[INFO] [stderr] Caused by:
[INFO] [stderr]   process didn't exit successfully: `/opt/rustwide/rustup-home/toolchains/1.75.0-x86_64-unknown-linux-gnu/bin/rustc --crate-name x11rb_protocol --edition=2021 /opt/rustwide/cargo-home/registry/src/index.crates.io-6f17d22bba15001f/x11rb-protocol-0.12.0/src/lib.rs --error-format=json --json=diagnostic-rendered-ansi,artifacts,future-incompat --crate-type lib --emit=dep-info,metadata -C embed-bitcode=no -C debuginfo=2 --cfg 'feature="default"' --cfg 'feature="nix"' --cfg 'feature="std"' -C metadata=8840d1bb608ea425 -C extra-filename=-8840d1bb608ea425 --out-dir /opt/rustwide/target/debug/deps -L dependency=/opt/rustwide/target/debug/deps --extern nix=/opt/rustwide/target/debug/deps/libnix-e01da03c020a75db.rmeta --cap-lints allow --cap-lints=warn` (signal: 9, SIGKILL: kill)
[INFO] [stderr] The following warnings were emitted during compilation:
[INFO] [stderr] 
[INFO] [stderr] warning: spv-cross@0.23.5: src/wrapper.cpp:2: warning: ignoring '#pragma warning ' [-Wunknown-pragmas]
[INFO] [stderr] warning: spv-cross@0.23.5:     2 | #pragma warning(disable : 4996 4101)
[INFO] [stderr] warning: spv-cross@0.23.5:       | 
[INFO] [stderr] warning: spv-cross@0.23.5: c++: fatal error: Killed signal terminated program cc1plus
[INFO] [stderr] warning: spv-cross@0.23.5: compilation terminated.
[INFO] [stderr] warning: spv-cross@0.23.5: ToolExecError: Command "c++" "-O0" "-ffunction-sections" "-fdata-sections" "-fPIC" "-gdwarf-4" "-fno-omit-frame-pointer" "-m64" "-Wall" "-Wextra" "-DSPIRV_CROSS_EXCEPTIONS_TO_ASSERTIONS" "-DSPIRV_CROSS_WRAPPER_NO_EXCEPTIONS" "-DSPIRV_CROSS_WRAPPER_GLSL" "-DSPIRV_CROSS_WRAPPER_HLSL" "-std=c++14" "-o" "/opt/rustwide/target/debug/build/spv-cross-bb848bd31a37c257/out/src/wrapper.o" "-c" "src/wrapper.cpp" with args "c++" did not execute successfully (status code exit status: 1).
[INFO] [stderr] 
[INFO] [stderr] error: failed to run custom build command for `spv-cross v0.23.5`
[INFO] [stderr] note: To improve backtraces for build dependencies, set the CARGO_PROFILE_DEV_BUILD_OVERRIDE_DEBUG=true environment variable to enable debug information generation.
[INFO] [stderr] 
[INFO] [stderr] Caused by:
[INFO] [stderr]   process didn't exit successfully: `/opt/rustwide/target/debug/build/spv-cross-1bf6c1f2fc353d92/build-script-build` (exit status: 1)
[INFO] [stderr]   --- stdout
[INFO] [stderr]   OPT_LEVEL = Some("0")
[INFO] [stderr]   TARGET = Some("x86_64-unknown-linux-gnu")
[INFO] [stderr]   HOST = Some("x86_64-unknown-linux-gnu")
[INFO] [stderr]   cargo:rerun-if-env-changed=CXX_x86_64-unknown-linux-gnu
[INFO] [stderr]   CXX_x86_64-unknown-linux-gnu = None
[INFO] [stderr]   cargo:rerun-if-env-changed=CXX_x86_64_unknown_linux_gnu
[INFO] [stderr]   CXX_x86_64_unknown_linux_gnu = None
[INFO] [stderr]   cargo:rerun-if-env-changed=HOST_CXX
[INFO] [stderr]   HOST_CXX = None
[INFO] [stderr]   cargo:rerun-if-env-changed=CXX
[INFO] [stderr]   CXX = None
[INFO] [stderr]   cargo:rerun-if-env-changed=CRATE_CC_NO_DEFAULTS
[INFO] [stderr]   CRATE_CC_NO_DEFAULTS = None
[INFO] [stderr]   DEBUG = Some("true")
[INFO] [stderr]   CARGO_CFG_TARGET_FEATURE = Some("fxsr,sse,sse2")
[INFO] [stderr]   cargo:rerun-if-env-changed=CXXFLAGS_x86_64-unknown-linux-gnu
[INFO] [stderr]   CXXFLAGS_x86_64-unknown-linux-gnu = None
[INFO] [stderr]   cargo:rerun-if-env-changed=CXXFLAGS_x86_64_unknown_linux_gnu
[INFO] [stderr]   CXXFLAGS_x86_64_unknown_linux_gnu = None
[INFO] [stderr]   cargo:rerun-if-env-changed=HOST_CXXFLAGS
[INFO] [stderr]   HOST_CXXFLAGS = None
[INFO] [stderr]   cargo:rerun-if-env-changed=CXXFLAGS
[INFO] [stderr]   CXXFLAGS = None
[INFO] [stderr]   cargo:rerun-if-env-changed=CXX_x86_64-unknown-linux-gnu
[INFO] [stderr]   CXX_x86_64-unknown-linux-gnu = None
[INFO] [stderr]   cargo:rerun-if-env-changed=CXX_x86_64_unknown_linux_gnu
[INFO] [stderr]   CXX_x86_64_unknown_linux_gnu = None
[INFO] [stderr]   cargo:rerun-if-env-changed=HOST_CXX
[INFO] [stderr]   HOST_CXX = None
[INFO] [stderr]   cargo:rerun-if-env-changed=CXX
[INFO] [stderr]   CXX = None
[INFO] [stderr]   cargo:rerun-if-env-changed=CRATE_CC_NO_DEFAULTS
[INFO] [stderr]   CRATE_CC_NO_DEFAULTS = None
[INFO] [stderr]   CARGO_CFG_TARGET_FEATURE = Some("fxsr,sse,sse2")
[INFO] [stderr]   cargo:rerun-if-env-changed=CXXFLAGS_x86_64-unknown-linux-gnu
[INFO] [stderr]   CXXFLAGS_x86_64-unknown-linux-gnu = None
[INFO] [stderr]   cargo:rerun-if-env-changed=CXXFLAGS_x86_64_unknown_linux_gnu
[INFO] [stderr]   CXXFLAGS_x86_64_unknown_linux_gnu = None
[INFO] [stderr]   cargo:rerun-if-env-changed=HOST_CXXFLAGS
[INFO] [stderr]   HOST_CXXFLAGS = None
[INFO] [stderr]   cargo:rerun-if-env-changed=CXXFLAGS
[INFO] [stderr]   CXXFLAGS = None
[INFO] [stderr]   running: "c++" "-O0" "-ffunction-sections" "-fdata-sections" "-fPIC" "-gdwarf-4" "-fno-omit-frame-pointer" "-m64" "-Wall" "-Wextra" "-DSPIRV_CROSS_EXCEPTIONS_TO_ASSERTIONS" "-DSPIRV_CROSS_WRAPPER_NO_EXCEPTIONS" "-DSPIRV_CROSS_WRAPPER_GLSL" "-DSPIRV_CROSS_WRAPPER_HLSL" "-std=c++14" "-o" "/opt/rustwide/target/debug/build/spv-cross-bb848bd31a37c257/out/src/wrapper.o" "-c" "src/wrapper.cpp"
[INFO] [stderr]   running: "c++" "-O0" "-ffunction-sections" "-fdata-sections" "-fPIC" "-gdwarf-4" "-fno-omit-frame-pointer" "-m64" "-Wall" "-Wextra" "-DSPIRV_CROSS_EXCEPTIONS_TO_ASSERTIONS" "-DSPIRV_CROSS_WRAPPER_NO_EXCEPTIONS" "-DSPIRV_CROSS_WRAPPER_GLSL" "-DSPIRV_CROSS_WRAPPER_HLSL" "-std=c++14" "-o" "/opt/rustwide/target/debug/build/spv-cross-bb848bd31a37c257/out/src/vendor/SPIRV-Cross/spirv_cfg.o" "-c" "src/vendor/SPIRV-Cross/spirv_cfg.cpp"
[INFO] [stderr]   running: "c++" "-O0" "-ffunction-sections" "-fdata-sections" "-fPIC" "-gdwarf-4" "-fno-omit-frame-pointer" "-m64" "-Wall" "-Wextra" "-DSPIRV_CROSS_EXCEPTIONS_TO_ASSERTIONS" "-DSPIRV_CROSS_WRAPPER_NO_EXCEPTIONS" "-DSPIRV_CROSS_WRAPPER_GLSL" "-DSPIRV_CROSS_WRAPPER_HLSL" "-std=c++14" "-o" "/opt/rustwide/target/debug/build/spv-cross-bb848bd31a37c257/out/src/vendor/SPIRV-Cross/spirv_cross.o" "-c" "src/vendor/SPIRV-Cross/spirv_cross.cpp"
[INFO] [stderr]   running: "c++" "-O0" "-ffunction-sections" "-fdata-sections" "-fPIC" "-gdwarf-4" "-fno-omit-frame-pointer" "-m64" "-Wall" "-Wextra" "-DSPIRV_CROSS_EXCEPTIONS_TO_ASSERTIONS" "-DSPIRV_CROSS_WRAPPER_NO_EXCEPTIONS" "-DSPIRV_CROSS_WRAPPER_GLSL" "-DSPIRV_CROSS_WRAPPER_HLSL" "-std=c++14" "-o" "/opt/rustwide/target/debug/build/spv-cross-bb848bd31a37c257/out/src/vendor/SPIRV-Cross/spirv_cross_parsed_ir.o" "-c" "src/vendor/SPIRV-Cross/spirv_cross_parsed_ir.cpp"
[INFO] [stderr]   cargo:warning=src/wrapper.cpp:2: warning: ignoring '#pragma warning ' [-Wunknown-pragmas]
[INFO] [stderr] 
[INFO] [stderr]   cargo:warning=    2 | #pragma warning(disable : 4996 4101)
[INFO] [stderr] 
[INFO] [stderr]   cargo:warning=      | 
[INFO] [stderr] 
[INFO] [stderr]   running: "c++" "-O0" "-ffunction-sections" "-fdata-sections" "-fPIC" "-gdwarf-4" "-fno-omit-frame-pointer" "-m64" "-Wall" "-Wextra" "-DSPIRV_CROSS_EXCEPTIONS_TO_ASSERTIONS" "-DSPIRV_CROSS_WRAPPER_NO_EXCEPTIONS" "-DSPIRV_CROSS_WRAPPER_GLSL" "-DSPIRV_CROSS_WRAPPER_HLSL" "-std=c++14" "-o" "/opt/rustwide/target/debug/build/spv-cross-bb848bd31a37c257/out/src/vendor/SPIRV-Cross/spirv_parser.o" "-c" "src/vendor/SPIRV-Cross/spirv_parser.cpp"
[INFO] [stderr]   running: "c++" "-O0" "-ffunction-sections" "-fdata-sections" "-fPIC" "-gdwarf-4" "-fno-omit-frame-pointer" "-m64" "-Wall" "-Wextra" "-DSPIRV_CROSS_EXCEPTIONS_TO_ASSERTIONS" "-DSPIRV_CROSS_WRAPPER_NO_EXCEPTIONS" "-DSPIRV_CROSS_WRAPPER_GLSL" "-DSPIRV_CROSS_WRAPPER_HLSL" "-std=c++14" "-o" "/opt/rustwide/target/debug/build/spv-cross-bb848bd31a37c257/out/src/vendor/SPIRV-Cross/spirv_cross_util.o" "-c" "src/vendor/SPIRV-Cross/spirv_cross_util.cpp"
[INFO] [stderr]   running: "c++" "-O0" "-ffunction-sections" "-fdata-sections" "-fPIC" "-gdwarf-4" "-fno-omit-frame-pointer" "-m64" "-Wall" "-Wextra" "-DSPIRV_CROSS_EXCEPTIONS_TO_ASSERTIONS" "-DSPIRV_CROSS_WRAPPER_NO_EXCEPTIONS" "-DSPIRV_CROSS_WRAPPER_GLSL" "-DSPIRV_CROSS_WRAPPER_HLSL" "-std=c++14" "-o" "/opt/rustwide/target/debug/build/spv-cross-bb848bd31a37c257/out/src/vendor/SPIRV-Cross/spirv_glsl.o" "-c" "src/vendor/SPIRV-Cross/spirv_glsl.cpp"
[INFO] [stderr]   running: "c++" "-O0" "-ffunction-sections" "-fdata-sections" "-fPIC" "-gdwarf-4" "-fno-omit-frame-pointer" "-m64" "-Wall" "-Wextra" "-DSPIRV_CROSS_EXCEPTIONS_TO_ASSERTIONS" "-DSPIRV_CROSS_WRAPPER_NO_EXCEPTIONS" "-DSPIRV_CROSS_WRAPPER_GLSL" "-DSPIRV_CROSS_WRAPPER_HLSL" "-std=c++14" "-o" "/opt/rustwide/target/debug/build/spv-cross-bb848bd31a37c257/out/src/vendor/SPIRV-Cross/spirv_hlsl.o" "-c" "src/vendor/SPIRV-Cross/spirv_hlsl.cpp"
[INFO] [stderr]   cargo:warning=c++: fatal error: Killed signal terminated program cc1plus
[INFO] [stderr] 
[INFO] [stderr]   cargo:warning=compilation terminated.
[INFO] [stderr] 
[INFO] [stderr]   exit status: 1
[INFO] [stderr]   cargo:warning=ToolExecError: Command "c++" "-O0" "-ffunction-sections" "-fdata-sections" "-fPIC" "-gdwarf-4" "-fno-omit-frame-pointer" "-m64" "-Wall" "-Wextra" "-DSPIRV_CROSS_EXCEPTIONS_TO_ASSERTIONS" "-DSPIRV_CROSS_WRAPPER_NO_EXCEPTIONS" "-DSPIRV_CROSS_WRAPPER_GLSL" "-DSPIRV_CROSS_WRAPPER_HLSL" "-std=c++14" "-o" "/opt/rustwide/target/debug/build/spv-cross-bb848bd31a37c257/out/src/wrapper.o" "-c" "src/wrapper.cpp" with args "c++" did not execute successfully (status code exit status: 1).
[INFO] [stderr]   exit status: 0
[INFO] [stderr]   exit status: 0
[INFO] [stderr]   exit status: 0
[INFO] [stderr]   exit status: 0
[INFO] [stderr]   exit status: 0
[INFO] [stderr]   exit status: 0
[INFO] [stderr]   exit status: 0
[INFO] [stderr] 
[INFO] [stderr]   --- stderr
[INFO] [stderr] 
[INFO] [stderr] 
[INFO] [stderr]   error occurred: Command "c++" "-O0" "-ffunction-sections" "-fdata-sections" "-fPIC" "-gdwarf-4" "-fno-omit-frame-pointer" "-m64" "-Wall" "-Wextra" "-DSPIRV_CROSS_EXCEPTIONS_TO_ASSERTIONS" "-DSPIRV_CROSS_WRAPPER_NO_EXCEPTIONS" "-DSPIRV_CROSS_WRAPPER_GLSL" "-DSPIRV_CROSS_WRAPPER_HLSL" "-std=c++14" "-o" "/opt/rustwide/target/debug/build/spv-cross-bb848bd31a37c257/out/src/wrapper.o" "-c" "src/wrapper.cpp" with args "c++" did not execute successfully (status code exit status: 1).
[INFO] [stderr] 
[INFO] [stderr] 
[INFO] running `Command { std: "docker" "inspect" "27f6663f16611c7ac8327de6b6732671b9352005071d8771d46a98bc5d8e60ae", kill_on_drop: false }`
[INFO] running `Command { std: "docker" "rm" "-f" "27f6663f16611c7ac8327de6b6732671b9352005071d8771d46a98bc5d8e60ae", kill_on_drop: false }`
[INFO] [stdout] 27f6663f16611c7ac8327de6b6732671b9352005071d8771d46a98bc5d8e60ae
[INFO] documenting egui-winit-phobos-0.10.0 against beta-2023-12-22 for beta-1.76-rustdoc-1
[INFO] extracting crate egui-winit-phobos 0.10.0 into /workspace/builds/worker-3-tc2/source
[INFO] validating manifest of crates.io crate egui-winit-phobos 0.10.0 on toolchain beta-2023-12-22
[INFO] running `Command { std: CARGO_HOME="/workspace/cargo-home" RUSTUP_HOME="/workspace/rustup-home" "/workspace/cargo-home/bin/cargo" "+beta-2023-12-22" "metadata" "--manifest-path" "Cargo.toml" "--no-deps", kill_on_drop: false }`
[INFO] started tweaking crates.io crate egui-winit-phobos 0.10.0
[INFO] finished tweaking crates.io crate egui-winit-phobos 0.10.0
[INFO] tweaked toml for crates.io crate egui-winit-phobos 0.10.0 written to /workspace/builds/worker-3-tc2/source/Cargo.toml
[INFO] running `Command { std: CARGO_HOME="/workspace/cargo-home" RUSTUP_HOME="/workspace/rustup-home" "/workspace/cargo-home/bin/cargo" "+beta-2023-12-22" "generate-lockfile" "--manifest-path" "Cargo.toml", kill_on_drop: false }`
[INFO] [stderr]     Updating crates.io index
[INFO] running `Command { std: CARGO_HOME="/workspace/cargo-home" RUSTUP_HOME="/workspace/rustup-home" "/workspace/cargo-home/bin/cargo" "+beta-2023-12-22" "fetch" "--manifest-path" "Cargo.toml", kill_on_drop: false }`
[INFO] running `Command { std: "docker" "create" "-v" "/var/lib/crater-agent-workspace/builds/worker-3-tc2/target:/opt/rustwide/target:rw,Z" "-v" "/var/lib/crater-agent-workspace/builds/worker-3-tc2/source:/opt/rustwide/workdir:ro,Z" "-v" "/var/lib/crater-agent-workspace/cargo-home:/opt/rustwide/cargo-home:ro,Z" "-v" "/var/lib/crater-agent-workspace/rustup-home:/opt/rustwide/rustup-home:ro,Z" "-e" "SOURCE_DIR=/opt/rustwide/workdir" "-e" "CARGO_TARGET_DIR=/opt/rustwide/target" "-e" "CARGO_HOME=/opt/rustwide/cargo-home" "-e" "RUSTUP_HOME=/opt/rustwide/rustup-home" "-w" "/opt/rustwide/workdir" "-m" "1610612736" "--user" "0:0" "--network" "none" "ghcr.io/rust-lang/crates-build-env/linux@sha256:2788e3201cd34a07e3172128adcd8b3090168a8e3bcc40d7c032b9dda1df7d1c" "/opt/rustwide/cargo-home/bin/cargo" "+beta-2023-12-22" "metadata" "--no-deps" "--format-version=1", kill_on_drop: false }`
[INFO] [stdout] 324a96602bf6ebad0987714bfbfd22f4b2620d509a98b2c13276d6d2ceb6ee52
[INFO] running `Command { std: "docker" "start" "-a" "324a96602bf6ebad0987714bfbfd22f4b2620d509a98b2c13276d6d2ceb6ee52", kill_on_drop: false }`
[INFO] running `Command { std: "docker" "inspect" "324a96602bf6ebad0987714bfbfd22f4b2620d509a98b2c13276d6d2ceb6ee52", kill_on_drop: false }`
[INFO] running `Command { std: "docker" "rm" "-f" "324a96602bf6ebad0987714bfbfd22f4b2620d509a98b2c13276d6d2ceb6ee52", kill_on_drop: false }`
[INFO] [stdout] 324a96602bf6ebad0987714bfbfd22f4b2620d509a98b2c13276d6d2ceb6ee52
[INFO] running `Command { std: "docker" "create" "-v" "/var/lib/crater-agent-workspace/builds/worker-3-tc2/target:/opt/rustwide/target:rw,Z" "-v" "/var/lib/crater-agent-workspace/builds/worker-3-tc2/source:/opt/rustwide/workdir:ro,Z" "-v" "/var/lib/crater-agent-workspace/cargo-home:/opt/rustwide/cargo-home:ro,Z" "-v" "/var/lib/crater-agent-workspace/rustup-home:/opt/rustwide/rustup-home:ro,Z" "-e" "SOURCE_DIR=/opt/rustwide/workdir" "-e" "CARGO_TARGET_DIR=/opt/rustwide/target" "-e" "CARGO_INCREMENTAL=0" "-e" "RUST_BACKTRACE=full" "-e" "RUSTFLAGS=--cap-lints=warn" "-e" "RUSTDOCFLAGS=--cap-lints=warn" "-e" "CARGO_HOME=/opt/rustwide/cargo-home" "-e" "RUSTUP_HOME=/opt/rustwide/rustup-home" "-w" "/opt/rustwide/workdir" "-m" "1610612736" "--user" "0:0" "--network" "none" "ghcr.io/rust-lang/crates-build-env/linux@sha256:2788e3201cd34a07e3172128adcd8b3090168a8e3bcc40d7c032b9dda1df7d1c" "/opt/rustwide/cargo-home/bin/cargo" "+beta-2023-12-22" "doc" "--frozen" "--no-deps" "--document-private-items" "--message-format=json", kill_on_drop: false }`
[INFO] [stdout] 761ed214a2baa63966ace75ee403834ade24514cdf30286c58841cbdbb0c3832
[INFO] running `Command { std: "docker" "start" "-a" "761ed214a2baa63966ace75ee403834ade24514cdf30286c58841cbdbb0c3832", kill_on_drop: false }`
[INFO] [stderr]     Checking libloading v0.8.1
[INFO] [stderr]     Checking simd-adler32 v0.3.7
[INFO] [stderr]    Compiling proc-macro2 v1.0.76
[INFO] [stderr]    Compiling memoffset v0.6.5
[INFO] [stderr]    Compiling wayland-sys v0.29.5
[INFO] [stderr]    Compiling libc v0.2.151
[INFO] [stderr]    Compiling thiserror v1.0.56
[INFO] [stderr]    Compiling slotmap v1.0.7
[INFO] [stderr]     Checking downcast-rs v1.2.0
[INFO] [stderr]     Checking scoped-tls v1.0.1
[INFO] [stderr]     Checking ttf-parser v0.20.0
[INFO] [stderr]    Compiling memoffset v0.7.1
[INFO] [stderr]    Compiling smithay-client-toolkit v0.16.1
[INFO] [stderr]     Checking xcursor v0.3.5
[INFO] [stderr]     Checking ab_glyph_rasterizer v0.1.8
[INFO] [stderr]     Checking memmap2 v0.5.10
[INFO] [stderr]     Checking strict-num v0.1.1
[INFO] [stderr]     Checking arrayref v0.3.7
[INFO] [stderr]     Checking bytemuck v1.14.0
[INFO] [stderr]     Checking parking_lot_core v0.9.9
[INFO] [stderr]     Checking miniz_oxide v0.7.1
[INFO] [stderr]     Checking fdeflate v0.3.3
[INFO] [stderr]     Checking dlib v0.5.2
[INFO] [stderr]    Compiling ahash v0.8.7
[INFO] [stderr]    Compiling x11-dl v2.21.0
[INFO] [stderr]    Compiling ash v0.37.3+1.3.251
[INFO] [stderr]    Compiling cfg_aliases v0.1.1
[INFO] [stderr]     Checking libloading v0.7.4
[INFO] [stderr]     Checking tiny-skia-path v0.8.4
[INFO] [stderr]    Compiling x11rb v0.12.0
[INFO] [stderr]     Checking parking_lot v0.12.1
[INFO] [stderr]    Compiling quote v1.0.35
[INFO] [stderr]     Checking raw-window-handle v0.5.2
[INFO] [stderr]     Checking gethostname v0.3.0
[INFO] [stderr]     Checking nix v0.26.4
[INFO] [stderr]     Checking nix v0.24.3
[INFO] [stderr]     Checking nix v0.25.1
[INFO] [stderr]     Checking mio v0.8.10
[INFO] [stderr]     Checking instant v0.1.12
[INFO] [stderr]     Checking ecolor v0.21.0
[INFO] [stderr]     Checking nohash-hasher v0.2.0
[INFO] [stderr]    Compiling wayland-scanner v0.29.5
[INFO] [stderr]    Compiling syn v2.0.48
[INFO] [stderr]     Checking flate2 v1.0.28
[INFO] [stderr]     Checking emath v0.21.0
[INFO] [stderr]    Compiling jobserver v0.1.27
[INFO] [stderr]    Compiling anyhow v1.0.79
[INFO] [stderr]    Compiling syn v1.0.109
[INFO] [stderr]     Checking fixedbitset v0.4.2
[INFO] [stderr]    Compiling phobos v0.10.0
[INFO] [stderr]     Checking home v0.5.9
[INFO] [stderr]    Compiling cc v1.0.83
[INFO] [stderr]     Checking webbrowser v0.8.12
[INFO] [stderr]     Checking png v0.17.10
[INFO] [stderr]     Checking petgraph v0.6.4
[INFO] [stderr]    Compiling egui-winit-phobos v0.10.0 (/opt/rustwide/workdir)
[INFO] [stderr]     Checking multimap v0.9.1
[INFO] [stdout] warning: function `get_dxc_path` is never used
[INFO] [stdout]  --> build.rs:7:4
[INFO] [stdout]   |
[INFO] [stdout] 7 | fn get_dxc_path() -> Result<PathBuf> {
[INFO] [stdout]   |    ^^^^^^^^^^^^
[INFO] [stdout]   |
[INFO] [stdout]   = note: `#[warn(dead_code)]` on by default
[INFO] [stdout] 
[INFO] [stdout] 
[INFO] [stdout] warning: enum `Stage` is never used
[INFO] [stdout]   --> build.rs:15:6
[INFO] [stdout]    |
[INFO] [stdout] 15 | enum Stage {
[INFO] [stdout]    |      ^^^^^
[INFO] [stdout] 
[INFO] [stdout] 
[INFO] [stdout] warning: function `hlsl_profile` is never used
[INFO] [stdout]   --> build.rs:21:4
[INFO] [stdout]    |
[INFO] [stdout] 21 | fn hlsl_profile(stage: Stage) -> Result<String> {
[INFO] [stdout]    |    ^^^^^^^^^^^^
[INFO] [stdout] 
[INFO] [stdout] 
[INFO] [stdout] warning: function `compile_hlsl` is never used
[INFO] [stdout]   --> build.rs:31:4
[INFO] [stdout]    |
[INFO] [stdout] 31 | fn compile_hlsl(path: &Path, out: &Path, stage: Stage) -> Result<()> {
[INFO] [stdout]    |    ^^^^^^^^^^^^
[INFO] [stdout] 
[INFO] [stdout] 
[INFO] [stdout] warning: 4 warnings emitted
[INFO] [stdout] 
[INFO] [stdout] 
[INFO] [stderr]     Checking owned_ttf_parser v0.20.0
[INFO] [stderr]     Checking ab_glyph v0.2.23
[INFO] [stderr]    Compiling wayland-client v0.29.5
[INFO] [stderr]    Compiling wayland-protocols v0.29.5
[INFO] [stderr]    Compiling winit v0.28.7
[INFO] [stderr]     Checking x11rb-protocol v0.12.0
[INFO] [stderr]     Checking tiny-skia v0.8.4
[INFO] [stderr]     Checking epaint v0.21.0
[INFO] [stderr]     Checking wayland-commons v0.29.5
[INFO] [stderr]    Compiling backtrace v0.3.69
[INFO] [stderr]    Compiling spv-cross v0.23.5
[INFO] [stderr]     Checking egui v0.21.0
[INFO] [stderr] error: could not compile `ash` (lib)
[INFO] [stderr] 
[INFO] [stderr] Caused by:
[INFO] [stderr]   process didn't exit successfully: `/opt/rustwide/rustup-home/toolchains/beta-2023-12-22-x86_64-unknown-linux-gnu/bin/rustc --crate-name ash --edition=2021 /opt/rustwide/cargo-home/registry/src/index.crates.io-6f17d22bba15001f/ash-0.37.3+1.3.251/src/lib.rs --error-format=json --json=diagnostic-rendered-ansi,artifacts,future-incompat --crate-type lib --emit=dep-info,metadata -C embed-bitcode=no -C debuginfo=2 --cfg 'feature="debug"' --cfg 'feature="default"' --cfg 'feature="libloading"' --cfg 'feature="loaded"' -C metadata=5ac234e41f3f8b85 -C extra-filename=-5ac234e41f3f8b85 --out-dir /opt/rustwide/target/debug/deps -L dependency=/opt/rustwide/target/debug/deps --extern libloading=/opt/rustwide/target/debug/deps/liblibloading-4286b7b0a99bcc6c.rmeta --cap-lints allow --cap-lints=warn` (signal: 9, SIGKILL: kill)
[INFO] [stderr] warning: build failed, waiting for other jobs to finish...
[INFO] [stderr] error: could not compile `syn` (lib)
[INFO] [stderr] 
[INFO] [stderr] Caused by:
[INFO] [stderr]   process didn't exit successfully: `/opt/rustwide/rustup-home/toolchains/beta-2023-12-22-x86_64-unknown-linux-gnu/bin/rustc --crate-name syn --edition=2021 /opt/rustwide/cargo-home/registry/src/index.crates.io-6f17d22bba15001f/syn-2.0.48/src/lib.rs --error-format=json --json=diagnostic-rendered-ansi,artifacts,future-incompat --crate-type lib --emit=dep-info,metadata,link -C embed-bitcode=no --cfg 'feature="clone-impls"' --cfg 'feature="default"' --cfg 'feature="derive"' --cfg 'feature="full"' --cfg 'feature="parsing"' --cfg 'feature="printing"' --cfg 'feature="proc-macro"' --cfg 'feature="quote"' -C metadata=5fbcb651c371b8bb -C extra-filename=-5fbcb651c371b8bb --out-dir /opt/rustwide/target/debug/deps -L dependency=/opt/rustwide/target/debug/deps --extern proc_macro2=/opt/rustwide/target/debug/deps/libproc_macro2-8fb16d78df8cbd7f.rmeta --extern quote=/opt/rustwide/target/debug/deps/libquote-5762a54817def818.rmeta --extern unicode_ident=/opt/rustwide/target/debug/deps/libunicode_ident-074c333503047827.rmeta --cap-lints allow --cap-lints=warn` (signal: 9, SIGKILL: kill)
[INFO] [stderr] error: could not compile `syn` (lib)
[INFO] [stderr] 
[INFO] [stderr] Caused by:
[INFO] [stderr]   process didn't exit successfully: `/opt/rustwide/rustup-home/toolchains/beta-2023-12-22-x86_64-unknown-linux-gnu/bin/rustc --crate-name syn --edition=2018 /opt/rustwide/cargo-home/registry/src/index.crates.io-6f17d22bba15001f/syn-1.0.109/src/lib.rs --error-format=json --json=diagnostic-rendered-ansi,artifacts,future-incompat --crate-type lib --emit=dep-info,metadata,link -C embed-bitcode=no --cfg 'feature="clone-impls"' --cfg 'feature="default"' --cfg 'feature="derive"' --cfg 'feature="extra-traits"' --cfg 'feature="parsing"' --cfg 'feature="printing"' --cfg 'feature="proc-macro"' --cfg 'feature="quote"' --cfg 'feature="visit"' -C metadata=1112474415880d5f -C extra-filename=-1112474415880d5f --out-dir /opt/rustwide/target/debug/deps -L dependency=/opt/rustwide/target/debug/deps --extern proc_macro2=/opt/rustwide/target/debug/deps/libproc_macro2-8fb16d78df8cbd7f.rmeta --extern quote=/opt/rustwide/target/debug/deps/libquote-5762a54817def818.rmeta --extern unicode_ident=/opt/rustwide/target/debug/deps/libunicode_ident-074c333503047827.rmeta --cap-lints allow --cap-lints=warn --cfg syn_disable_nightly_tests` (signal: 9, SIGKILL: kill)
[INFO] [stderr] error: could not compile `x11rb-protocol` (lib)
[INFO] [stderr] 
[INFO] [stderr] Caused by:
[INFO] [stderr]   process didn't exit successfully: `/opt/rustwide/rustup-home/toolchains/beta-2023-12-22-x86_64-unknown-linux-gnu/bin/rustc --crate-name x11rb_protocol --edition=2021 /opt/rustwide/cargo-home/registry/src/index.crates.io-6f17d22bba15001f/x11rb-protocol-0.12.0/src/lib.rs --error-format=json --json=diagnostic-rendered-ansi,artifacts,future-incompat --crate-type lib --emit=dep-info,metadata -C embed-bitcode=no -C debuginfo=2 --cfg 'feature="default"' --cfg 'feature="nix"' --cfg 'feature="std"' -C metadata=9f91676eeaf9d992 -C extra-filename=-9f91676eeaf9d992 --out-dir /opt/rustwide/target/debug/deps -L dependency=/opt/rustwide/target/debug/deps --extern nix=/opt/rustwide/target/debug/deps/libnix-4cfb26883af23008.rmeta --cap-lints allow --cap-lints=warn` (signal: 9, SIGKILL: kill)
[INFO] [stderr] The following warnings were emitted during compilation:
[INFO] [stderr] 
[INFO] [stderr] warning: spv-cross@0.23.5: src/wrapper.cpp:2: warning: ignoring '#pragma warning ' [-Wunknown-pragmas]
[INFO] [stderr] warning: spv-cross@0.23.5:     2 | #pragma warning(disable : 4996 4101)
[INFO] [stderr] warning: spv-cross@0.23.5:       | 
[INFO] [stderr] warning: spv-cross@0.23.5: c++: fatal error: Killed signal terminated program cc1plus
[INFO] [stderr] warning: spv-cross@0.23.5: compilation terminated.
[INFO] [stderr] warning: spv-cross@0.23.5: ToolExecError: Command "c++" "-O0" "-ffunction-sections" "-fdata-sections" "-fPIC" "-gdwarf-4" "-fno-omit-frame-pointer" "-m64" "-Wall" "-Wextra" "-DSPIRV_CROSS_EXCEPTIONS_TO_ASSERTIONS" "-DSPIRV_CROSS_WRAPPER_NO_EXCEPTIONS" "-DSPIRV_CROSS_WRAPPER_GLSL" "-DSPIRV_CROSS_WRAPPER_HLSL" "-std=c++14" "-o" "/opt/rustwide/target/debug/build/spv-cross-3804e339f8cbbed6/out/src/wrapper.o" "-c" "src/wrapper.cpp" with args "c++" did not execute successfully (status code exit status: 1).
[INFO] [stderr] 
[INFO] [stderr] error: failed to run custom build command for `spv-cross v0.23.5`
[INFO] [stderr] note: To improve backtraces for build dependencies, set the CARGO_PROFILE_DEV_BUILD_OVERRIDE_DEBUG=true environment variable to enable debug information generation.
[INFO] [stderr] 
[INFO] [stderr] Caused by:
[INFO] [stderr]   process didn't exit successfully: `/opt/rustwide/target/debug/build/spv-cross-ff88d9112f28486c/build-script-build` (exit status: 1)
[INFO] [stderr]   --- stdout
[INFO] [stderr]   OPT_LEVEL = Some("0")
[INFO] [stderr]   TARGET = Some("x86_64-unknown-linux-gnu")
[INFO] [stderr]   HOST = Some("x86_64-unknown-linux-gnu")
[INFO] [stderr]   cargo:rerun-if-env-changed=CXX_x86_64-unknown-linux-gnu
[INFO] [stderr]   CXX_x86_64-unknown-linux-gnu = None
[INFO] [stderr]   cargo:rerun-if-env-changed=CXX_x86_64_unknown_linux_gnu
[INFO] [stderr]   CXX_x86_64_unknown_linux_gnu = None
[INFO] [stderr]   cargo:rerun-if-env-changed=HOST_CXX
[INFO] [stderr]   HOST_CXX = None
[INFO] [stderr]   cargo:rerun-if-env-changed=CXX
[INFO] [stderr]   CXX = None
[INFO] [stderr]   cargo:rerun-if-env-changed=CRATE_CC_NO_DEFAULTS
[INFO] [stderr]   CRATE_CC_NO_DEFAULTS = None
[INFO] [stderr]   DEBUG = Some("true")
[INFO] [stderr]   CARGO_CFG_TARGET_FEATURE = Some("fxsr,sse,sse2")
[INFO] [stderr]   cargo:rerun-if-env-changed=CXXFLAGS_x86_64-unknown-linux-gnu
[INFO] [stderr]   CXXFLAGS_x86_64-unknown-linux-gnu = None
[INFO] [stderr]   cargo:rerun-if-env-changed=CXXFLAGS_x86_64_unknown_linux_gnu
[INFO] [stderr]   CXXFLAGS_x86_64_unknown_linux_gnu = None
[INFO] [stderr]   cargo:rerun-if-env-changed=HOST_CXXFLAGS
[INFO] [stderr]   HOST_CXXFLAGS = None
[INFO] [stderr]   cargo:rerun-if-env-changed=CXXFLAGS
[INFO] [stderr]   CXXFLAGS = None
[INFO] [stderr]   cargo:rerun-if-env-changed=CXX_x86_64-unknown-linux-gnu
[INFO] [stderr]   CXX_x86_64-unknown-linux-gnu = None
[INFO] [stderr]   cargo:rerun-if-env-changed=CXX_x86_64_unknown_linux_gnu
[INFO] [stderr]   CXX_x86_64_unknown_linux_gnu = None
[INFO] [stderr]   cargo:rerun-if-env-changed=HOST_CXX
[INFO] [stderr]   HOST_CXX = None
[INFO] [stderr]   cargo:rerun-if-env-changed=CXX
[INFO] [stderr]   CXX = None
[INFO] [stderr]   cargo:rerun-if-env-changed=CRATE_CC_NO_DEFAULTS
[INFO] [stderr]   CRATE_CC_NO_DEFAULTS = None
[INFO] [stderr]   CARGO_CFG_TARGET_FEATURE = Some("fxsr,sse,sse2")
[INFO] [stderr]   cargo:rerun-if-env-changed=CXXFLAGS_x86_64-unknown-linux-gnu
[INFO] [stderr]   CXXFLAGS_x86_64-unknown-linux-gnu = None
[INFO] [stderr]   cargo:rerun-if-env-changed=CXXFLAGS_x86_64_unknown_linux_gnu
[INFO] [stderr]   CXXFLAGS_x86_64_unknown_linux_gnu = None
[INFO] [stderr]   cargo:rerun-if-env-changed=HOST_CXXFLAGS
[INFO] [stderr]   HOST_CXXFLAGS = None
[INFO] [stderr]   cargo:rerun-if-env-changed=CXXFLAGS
[INFO] [stderr]   CXXFLAGS = None
[INFO] [stderr]   running: "c++" "-O0" "-ffunction-sections" "-fdata-sections" "-fPIC" "-gdwarf-4" "-fno-omit-frame-pointer" "-m64" "-Wall" "-Wextra" "-DSPIRV_CROSS_EXCEPTIONS_TO_ASSERTIONS" "-DSPIRV_CROSS_WRAPPER_NO_EXCEPTIONS" "-DSPIRV_CROSS_WRAPPER_GLSL" "-DSPIRV_CROSS_WRAPPER_HLSL" "-std=c++14" "-o" "/opt/rustwide/target/debug/build/spv-cross-3804e339f8cbbed6/out/src/wrapper.o" "-c" "src/wrapper.cpp"
[INFO] [stderr]   running: "c++" "-O0" "-ffunction-sections" "-fdata-sections" "-fPIC" "-gdwarf-4" "-fno-omit-frame-pointer" "-m64" "-Wall" "-Wextra" "-DSPIRV_CROSS_EXCEPTIONS_TO_ASSERTIONS" "-DSPIRV_CROSS_WRAPPER_NO_EXCEPTIONS" "-DSPIRV_CROSS_WRAPPER_GLSL" "-DSPIRV_CROSS_WRAPPER_HLSL" "-std=c++14" "-o" "/opt/rustwide/target/debug/build/spv-cross-3804e339f8cbbed6/out/src/vendor/SPIRV-Cross/spirv_cfg.o" "-c" "src/vendor/SPIRV-Cross/spirv_cfg.cpp"
[INFO] [stderr]   running: "c++" "-O0" "-ffunction-sections" "-fdata-sections" "-fPIC" "-gdwarf-4" "-fno-omit-frame-pointer" "-m64" "-Wall" "-Wextra" "-DSPIRV_CROSS_EXCEPTIONS_TO_ASSERTIONS" "-DSPIRV_CROSS_WRAPPER_NO_EXCEPTIONS" "-DSPIRV_CROSS_WRAPPER_GLSL" "-DSPIRV_CROSS_WRAPPER_HLSL" "-std=c++14" "-o" "/opt/rustwide/target/debug/build/spv-cross-3804e339f8cbbed6/out/src/vendor/SPIRV-Cross/spirv_cross.o" "-c" "src/vendor/SPIRV-Cross/spirv_cross.cpp"
[INFO] [stderr]   running: "c++" "-O0" "-ffunction-sections" "-fdata-sections" "-fPIC" "-gdwarf-4" "-fno-omit-frame-pointer" "-m64" "-Wall" "-Wextra" "-DSPIRV_CROSS_EXCEPTIONS_TO_ASSERTIONS" "-DSPIRV_CROSS_WRAPPER_NO_EXCEPTIONS" "-DSPIRV_CROSS_WRAPPER_GLSL" "-DSPIRV_CROSS_WRAPPER_HLSL" "-std=c++14" "-o" "/opt/rustwide/target/debug/build/spv-cross-3804e339f8cbbed6/out/src/vendor/SPIRV-Cross/spirv_cross_parsed_ir.o" "-c" "src/vendor/SPIRV-Cross/spirv_cross_parsed_ir.cpp"
[INFO] [stderr]   cargo:warning=src/wrapper.cpp:2: warning: ignoring '#pragma warning ' [-Wunknown-pragmas]
[INFO] [stderr] 
[INFO] [stderr]   cargo:warning=    2 | #pragma warning(disable : 4996 4101)
[INFO] [stderr] 
[INFO] [stderr]   cargo:warning=      | 
[INFO] [stderr] 
[INFO] [stderr]   running: "c++" "-O0" "-ffunction-sections" "-fdata-sections" "-fPIC" "-gdwarf-4" "-fno-omit-frame-pointer" "-m64" "-Wall" "-Wextra" "-DSPIRV_CROSS_EXCEPTIONS_TO_ASSERTIONS" "-DSPIRV_CROSS_WRAPPER_NO_EXCEPTIONS" "-DSPIRV_CROSS_WRAPPER_GLSL" "-DSPIRV_CROSS_WRAPPER_HLSL" "-std=c++14" "-o" "/opt/rustwide/target/debug/build/spv-cross-3804e339f8cbbed6/out/src/vendor/SPIRV-Cross/spirv_parser.o" "-c" "src/vendor/SPIRV-Cross/spirv_parser.cpp"
[INFO] [stderr]   running: "c++" "-O0" "-ffunction-sections" "-fdata-sections" "-fPIC" "-gdwarf-4" "-fno-omit-frame-pointer" "-m64" "-Wall" "-Wextra" "-DSPIRV_CROSS_EXCEPTIONS_TO_ASSERTIONS" "-DSPIRV_CROSS_WRAPPER_NO_EXCEPTIONS" "-DSPIRV_CROSS_WRAPPER_GLSL" "-DSPIRV_CROSS_WRAPPER_HLSL" "-std=c++14" "-o" "/opt/rustwide/target/debug/build/spv-cross-3804e339f8cbbed6/out/src/vendor/SPIRV-Cross/spirv_cross_util.o" "-c" "src/vendor/SPIRV-Cross/spirv_cross_util.cpp"
[INFO] [stderr]   running: "c++" "-O0" "-ffunction-sections" "-fdata-sections" "-fPIC" "-gdwarf-4" "-fno-omit-frame-pointer" "-m64" "-Wall" "-Wextra" "-DSPIRV_CROSS_EXCEPTIONS_TO_ASSERTIONS" "-DSPIRV_CROSS_WRAPPER_NO_EXCEPTIONS" "-DSPIRV_CROSS_WRAPPER_GLSL" "-DSPIRV_CROSS_WRAPPER_HLSL" "-std=c++14" "-o" "/opt/rustwide/target/debug/build/spv-cross-3804e339f8cbbed6/out/src/vendor/SPIRV-Cross/spirv_glsl.o" "-c" "src/vendor/SPIRV-Cross/spirv_glsl.cpp"
[INFO] [stderr]   running: "c++" "-O0" "-ffunction-sections" "-fdata-sections" "-fPIC" "-gdwarf-4" "-fno-omit-frame-pointer" "-m64" "-Wall" "-Wextra" "-DSPIRV_CROSS_EXCEPTIONS_TO_ASSERTIONS" "-DSPIRV_CROSS_WRAPPER_NO_EXCEPTIONS" "-DSPIRV_CROSS_WRAPPER_GLSL" "-DSPIRV_CROSS_WRAPPER_HLSL" "-std=c++14" "-o" "/opt/rustwide/target/debug/build/spv-cross-3804e339f8cbbed6/out/src/vendor/SPIRV-Cross/spirv_hlsl.o" "-c" "src/vendor/SPIRV-Cross/spirv_hlsl.cpp"
[INFO] [stderr]   cargo:warning=c++: fatal error: Killed signal terminated program cc1plus
[INFO] [stderr] 
[INFO] [stderr]   cargo:warning=compilation terminated.
[INFO] [stderr] 
[INFO] [stderr]   exit status: 1
[INFO] [stderr]   cargo:warning=ToolExecError: Command "c++" "-O0" "-ffunction-sections" "-fdata-sections" "-fPIC" "-gdwarf-4" "-fno-omit-frame-pointer" "-m64" "-Wall" "-Wextra" "-DSPIRV_CROSS_EXCEPTIONS_TO_ASSERTIONS" "-DSPIRV_CROSS_WRAPPER_NO_EXCEPTIONS" "-DSPIRV_CROSS_WRAPPER_GLSL" "-DSPIRV_CROSS_WRAPPER_HLSL" "-std=c++14" "-o" "/opt/rustwide/target/debug/build/spv-cross-3804e339f8cbbed6/out/src/wrapper.o" "-c" "src/wrapper.cpp" with args "c++" did not execute successfully (status code exit status: 1).
[INFO] [stderr]   exit status: 0
[INFO] [stderr]   exit status: 0
[INFO] [stderr]   exit status: 0
[INFO] [stderr]   exit status: 0
[INFO] [stderr]   exit status: 0
[INFO] [stderr]   exit status: 0
[INFO] [stderr]   exit status: 0
[INFO] [stderr] 
[INFO] [stderr]   --- stderr
[INFO] [stderr] 
[INFO] [stderr] 
[INFO] [stderr]   error occurred: Command "c++" "-O0" "-ffunction-sections" "-fdata-sections" "-fPIC" "-gdwarf-4" "-fno-omit-frame-pointer" "-m64" "-Wall" "-Wextra" "-DSPIRV_CROSS_EXCEPTIONS_TO_ASSERTIONS" "-DSPIRV_CROSS_WRAPPER_NO_EXCEPTIONS" "-DSPIRV_CROSS_WRAPPER_GLSL" "-DSPIRV_CROSS_WRAPPER_HLSL" "-std=c++14" "-o" "/opt/rustwide/target/debug/build/spv-cross-3804e339f8cbbed6/out/src/wrapper.o" "-c" "src/wrapper.cpp" with args "c++" did not execute successfully (status code exit status: 1).
[INFO] [stderr] 
[INFO] [stderr] 
[INFO] running `Command { std: "docker" "inspect" "761ed214a2baa63966ace75ee403834ade24514cdf30286c58841cbdbb0c3832", kill_on_drop: false }`
[INFO] running `Command { std: "docker" "rm" "-f" "761ed214a2baa63966ace75ee403834ade24514cdf30286c58841cbdbb0c3832", kill_on_drop: false }`
[INFO] [stdout] 761ed214a2baa63966ace75ee403834ade24514cdf30286c58841cbdbb0c3832
