[INFO] fetching crate egui-wgpu 0.24.1...
[INFO] documenting egui-wgpu-0.24.1 against 1.75.0 for beta-1.76-rustdoc-1
[INFO] extracting crate egui-wgpu 0.24.1 into /workspace/builds/worker-4-tc1/source
[INFO] validating manifest of crates.io crate egui-wgpu 0.24.1 on toolchain 1.75.0
[INFO] running `Command { std: CARGO_HOME="/workspace/cargo-home" RUSTUP_HOME="/workspace/rustup-home" "/workspace/cargo-home/bin/cargo" "+1.75.0" "metadata" "--manifest-path" "Cargo.toml" "--no-deps", kill_on_drop: false }`
[INFO] started tweaking crates.io crate egui-wgpu 0.24.1
[INFO] finished tweaking crates.io crate egui-wgpu 0.24.1
[INFO] tweaked toml for crates.io crate egui-wgpu 0.24.1 written to /workspace/builds/worker-4-tc1/source/Cargo.toml
[INFO] running `Command { std: CARGO_HOME="/workspace/cargo-home" RUSTUP_HOME="/workspace/rustup-home" "/workspace/cargo-home/bin/cargo" "+1.75.0" "generate-lockfile" "--manifest-path" "Cargo.toml", kill_on_drop: false }`
[INFO] [stderr]     Updating crates.io index
[INFO] running `Command { std: CARGO_HOME="/workspace/cargo-home" RUSTUP_HOME="/workspace/rustup-home" "/workspace/cargo-home/bin/cargo" "+1.75.0" "fetch" "--manifest-path" "Cargo.toml", kill_on_drop: false }`
[INFO] [stderr]  Downloading crates ...
[INFO] [stderr]   Downloaded renderdoc-sys v1.0.0
[INFO] [stderr]   Downloaded profiling v1.0.13
[INFO] [stderr]   Downloaded type-map v0.5.0
[INFO] [stderr]   Downloaded gpu-allocator v0.23.0
[INFO] [stderr]   Downloaded emath v0.24.1
[INFO] [stderr]   Downloaded glutin_wgl_sys v0.5.0
[INFO] [stderr]   Downloaded ecolor v0.24.1
[INFO] [stderr]   Downloaded com-rs v0.2.1
[INFO] [stderr]   Downloaded range-alloc v0.1.3
[INFO] [stderr]   Downloaded presser v0.3.1
[INFO] [stderr]   Downloaded d3d12 v0.7.0
[INFO] [stderr]   Downloaded gl_generator v0.14.0
[INFO] [stderr]   Downloaded nanorand v0.7.0
[INFO] [stderr]   Downloaded flume v0.11.0
[INFO] [stderr]   Downloaded wgpu v0.18.0
[INFO] [stderr]   Downloaded glow v0.13.0
[INFO] [stderr]   Downloaded khronos_api v3.1.0
[INFO] [stderr]   Downloaded metal v0.27.0
[INFO] [stderr]   Downloaded epaint v0.24.1
[INFO] [stderr]   Downloaded naga v0.14.2
[INFO] [stderr]   Downloaded ash v0.37.3+1.3.251
[INFO] [stderr]   Downloaded wgpu-core v0.18.1
[INFO] [stderr]   Downloaded wgpu-hal v0.18.1
[INFO] [stderr]   Downloaded windows v0.51.1
[INFO] [stderr]   Downloaded egui v0.24.1
[INFO] [stderr]   Downloaded wgpu-types v0.18.0
[INFO] [stderr]   Downloaded khronos-egl v6.0.0
[INFO] [stderr]   Downloaded litrs v0.4.1
[INFO] [stderr]   Downloaded document-features v0.2.8
[INFO] [stderr]   Downloaded gpu-alloc v0.6.0
[INFO] [stderr]   Downloaded foreign-types-macros v0.2.3
[INFO] [stderr]   Downloaded hassle-rs v0.10.0
[INFO] [stderr]   Downloaded puffin v0.18.1
[INFO] [stderr]   Downloaded gpu-alloc-types v0.3.0
[INFO] [stderr]   Downloaded gpu-descriptor-types v0.1.2
[INFO] [stderr]   Downloaded gpu-descriptor v0.2.4
[INFO] running `Command { std: "docker" "create" "-v" "/var/lib/crater-agent-workspace/builds/worker-4-tc1/target:/opt/rustwide/target:rw,Z" "-v" "/var/lib/crater-agent-workspace/builds/worker-4-tc1/source:/opt/rustwide/workdir:ro,Z" "-v" "/var/lib/crater-agent-workspace/cargo-home:/opt/rustwide/cargo-home:ro,Z" "-v" "/var/lib/crater-agent-workspace/rustup-home:/opt/rustwide/rustup-home:ro,Z" "-e" "SOURCE_DIR=/opt/rustwide/workdir" "-e" "CARGO_TARGET_DIR=/opt/rustwide/target" "-e" "CARGO_HOME=/opt/rustwide/cargo-home" "-e" "RUSTUP_HOME=/opt/rustwide/rustup-home" "-w" "/opt/rustwide/workdir" "-m" "1610612736" "--user" "0:0" "--network" "none" "ghcr.io/rust-lang/crates-build-env/linux@sha256:2788e3201cd34a07e3172128adcd8b3090168a8e3bcc40d7c032b9dda1df7d1c" "/opt/rustwide/cargo-home/bin/cargo" "+1.75.0" "metadata" "--no-deps" "--format-version=1", kill_on_drop: false }`
[INFO] [stdout] a54f16cd1c53e7490aca5f858de55c39b83fa8d0e786da6b6f5c34897c1baa5c
[INFO] running `Command { std: "docker" "start" "-a" "a54f16cd1c53e7490aca5f858de55c39b83fa8d0e786da6b6f5c34897c1baa5c", kill_on_drop: false }`
[INFO] running `Command { std: "docker" "inspect" "a54f16cd1c53e7490aca5f858de55c39b83fa8d0e786da6b6f5c34897c1baa5c", kill_on_drop: false }`
[INFO] running `Command { std: "docker" "rm" "-f" "a54f16cd1c53e7490aca5f858de55c39b83fa8d0e786da6b6f5c34897c1baa5c", kill_on_drop: false }`
[INFO] [stdout] a54f16cd1c53e7490aca5f858de55c39b83fa8d0e786da6b6f5c34897c1baa5c
[INFO] running `Command { std: "docker" "create" "-v" "/var/lib/crater-agent-workspace/builds/worker-4-tc1/target:/opt/rustwide/target:rw,Z" "-v" "/var/lib/crater-agent-workspace/builds/worker-4-tc1/source:/opt/rustwide/workdir:ro,Z" "-v" "/var/lib/crater-agent-workspace/cargo-home:/opt/rustwide/cargo-home:ro,Z" "-v" "/var/lib/crater-agent-workspace/rustup-home:/opt/rustwide/rustup-home:ro,Z" "-e" "SOURCE_DIR=/opt/rustwide/workdir" "-e" "CARGO_TARGET_DIR=/opt/rustwide/target" "-e" "CARGO_INCREMENTAL=0" "-e" "RUST_BACKTRACE=full" "-e" "RUSTFLAGS=--cap-lints=warn" "-e" "RUSTDOCFLAGS=--cap-lints=warn" "-e" "CARGO_HOME=/opt/rustwide/cargo-home" "-e" "RUSTUP_HOME=/opt/rustwide/rustup-home" "-w" "/opt/rustwide/workdir" "-m" "1610612736" "--user" "0:0" "--network" "none" "ghcr.io/rust-lang/crates-build-env/linux@sha256:2788e3201cd34a07e3172128adcd8b3090168a8e3bcc40d7c032b9dda1df7d1c" "/opt/rustwide/cargo-home/bin/cargo" "+1.75.0" "doc" "--frozen" "--no-deps" "--document-private-items" "--message-format=json", kill_on_drop: false }`
[INFO] [stdout] 1a6e99b671dac6a23d56231c3e555fa14fed43ac6196d9653ccb8a3d92ef1bdf
[INFO] running `Command { std: "docker" "start" "-a" "1a6e99b671dac6a23d56231c3e555fa14fed43ac6196d9653ccb8a3d92ef1bdf", kill_on_drop: false }`
[INFO] [stderr]    Compiling proc-macro2 v1.0.76
[INFO] [stderr]    Compiling ahash v0.8.7
[INFO] [stderr]     Checking bitflags v2.4.1
[INFO] [stderr]     Checking allocator-api2 v0.2.16
[INFO] [stderr]     Checking smallvec v1.11.2
[INFO] [stderr]    Compiling khronos-egl v6.0.0
[INFO] [stderr]     Checking bit-vec v0.6.3
[INFO] [stderr]    Compiling ash v0.37.3+1.3.251
[INFO] [stderr]     Checking libloading v0.7.4
[INFO] [stderr]     Checking codespan-reporting v0.11.1
[INFO] [stderr]     Checking libloading v0.8.1
[INFO] [stderr]     Checking ttf-parser v0.20.0
[INFO] [stderr]     Checking unicode-xid v0.2.4
[INFO] [stderr]     Checking spirv v0.2.0+1.5.4
[INFO] [stderr]     Checking hexf-parse v0.2.1
[INFO] [stderr]     Checking getrandom v0.2.11
[INFO] [stderr]     Checking profiling v1.0.13
[INFO] [stderr]     Checking gpu-descriptor-types v0.1.2
[INFO] [stderr]     Checking gpu-alloc-types v0.3.0
[INFO] [stderr]     Checking wgpu-types v0.18.0
[INFO] [stderr]     Checking arrayvec v0.7.4
[INFO] [stderr]     Checking ab_glyph_rasterizer v0.1.8
[INFO] [stderr]     Checking bit-set v0.5.3
[INFO] [stderr]     Checking parking_lot_core v0.9.9
[INFO] [stderr]     Checking glow v0.13.0
[INFO] [stderr]     Checking raw-window-handle v0.5.2
[INFO] [stderr]     Checking renderdoc-sys v1.0.0
[INFO] [stderr]     Checking gpu-alloc v0.6.0
[INFO] [stderr]     Checking nanorand v0.7.0
[INFO] [stderr]     Checking spin v0.9.8
[INFO] [stderr]     Checking futures-sink v0.3.30
[INFO] [stderr]     Checking futures-core v0.3.30
[INFO] [stderr]     Checking parking_lot v0.12.1
[INFO] [stderr]     Checking nohash-hasher v0.2.0
[INFO] [stderr]     Checking type-map v0.5.0
[INFO] [stderr]    Compiling quote v1.0.35
[INFO] [stderr]     Checking flume v0.11.0
[INFO] [stderr]     Checking hashbrown v0.14.3
[INFO] [stderr]    Compiling syn v2.0.48
[INFO] [stderr]     Checking indexmap v2.1.0
[INFO] [stderr]     Checking gpu-descriptor v0.2.4
[INFO] [stderr]     Checking owned_ttf_parser v0.20.0
[INFO] [stderr]     Checking ab_glyph v0.2.23
[INFO] [stderr]    Compiling thiserror-impl v1.0.56
[INFO] [stderr]    Compiling bytemuck_derive v1.5.0
[INFO] [stderr]     Checking bytemuck v1.14.0
[INFO] [stderr]     Checking thiserror v1.0.56
[INFO] [stderr]     Checking naga v0.14.2
[INFO] [stderr]     Checking ecolor v0.24.1
[INFO] [stderr]     Checking emath v0.24.1
[INFO] [stderr]     Checking epaint v0.24.1
[INFO] [stderr]     Checking egui v0.24.1
[INFO] [stderr]     Checking wgpu-hal v0.18.1
[INFO] [stderr]     Checking wgpu-core v0.18.1
[INFO] [stderr]     Checking wgpu v0.18.0
[INFO] [stderr]  Documenting egui-wgpu v0.24.1 (/opt/rustwide/workdir)
[INFO] [stderr]     Finished dev [unoptimized + debuginfo] target(s) in 13.73s
[INFO] [stderr]    Generated /opt/rustwide/target/doc/egui_wgpu/index.html
[INFO] running `Command { std: "docker" "inspect" "1a6e99b671dac6a23d56231c3e555fa14fed43ac6196d9653ccb8a3d92ef1bdf", kill_on_drop: false }`
[INFO] running `Command { std: "docker" "rm" "-f" "1a6e99b671dac6a23d56231c3e555fa14fed43ac6196d9653ccb8a3d92ef1bdf", kill_on_drop: false }`
[INFO] [stdout] 1a6e99b671dac6a23d56231c3e555fa14fed43ac6196d9653ccb8a3d92ef1bdf
[INFO] running `Command { std: "docker" "create" "-v" "/var/lib/crater-agent-workspace/builds/worker-4-tc1/target:/opt/rustwide/target:rw,Z" "-v" "/var/lib/crater-agent-workspace/builds/worker-4-tc1/source:/opt/rustwide/workdir:ro,Z" "-v" "/var/lib/crater-agent-workspace/cargo-home:/opt/rustwide/cargo-home:ro,Z" "-v" "/var/lib/crater-agent-workspace/rustup-home:/opt/rustwide/rustup-home:ro,Z" "-e" "SOURCE_DIR=/opt/rustwide/workdir" "-e" "CARGO_TARGET_DIR=/opt/rustwide/target" "-e" "CARGO_INCREMENTAL=0" "-e" "RUST_BACKTRACE=full" "-e" "RUSTFLAGS=--cap-lints=warn" "-e" "RUSTDOCFLAGS=--cap-lints=warn" "-e" "DOCS_RS=1" "-e" "RUSTC_BOOTSTRAP=1" "-e" "CARGO_HOME=/opt/rustwide/cargo-home" "-e" "RUSTUP_HOME=/opt/rustwide/rustup-home" "-w" "/opt/rustwide/workdir" "-m" "1610612736" "--user" "0:0" "--network" "none" "ghcr.io/rust-lang/crates-build-env/linux@sha256:2788e3201cd34a07e3172128adcd8b3090168a8e3bcc40d7c032b9dda1df7d1c" "/opt/rustwide/cargo-home/bin/cargo" "+1.75.0" "rustdoc" "--lib" "-Zrustdoc-map" "--all-features" "-Z" "unstable-options" "--config" "build.rustdocflags=[\"-Z\", \"unstable-options\", \"--document-private-items\"]" "--frozen" "--message-format=json", kill_on_drop: false }`
[INFO] [stdout] 77b3033dde0d8c759e5962ce9daf5a3b50bc308918fcf22b02dd0d327b1686bf
[INFO] running `Command { std: "docker" "start" "-a" "77b3033dde0d8c759e5962ce9daf5a3b50bc308918fcf22b02dd0d327b1686bf", kill_on_drop: false }`
[INFO] [stderr]    Compiling proc-macro2 v1.0.76
[INFO] [stderr]    Compiling thiserror v1.0.56
[INFO] [stderr]    Compiling xml-rs v0.8.19
[INFO] [stderr]    Compiling cfg_aliases v0.1.1
[INFO] [stderr]     Checking instant v0.1.12
[INFO] [stderr]    Compiling litrs v0.4.1
[INFO] [stderr]     Checking puffin v0.18.1
[INFO] [stderr]    Compiling quote v1.0.35
[INFO] [stderr]    Compiling document-features v0.2.8
[INFO] [stderr]    Compiling syn v2.0.48
[INFO] [stderr]    Compiling wayland-scanner v0.29.5
[INFO] [stderr]    Compiling winit v0.28.7
[INFO] [stdout] error: The platform you're compiling for is not supported by winit
[INFO] [stdout]   --> /opt/rustwide/cargo-home/registry/src/index.crates.io-6f17d22bba15001f/winit-0.28.7/src/platform_impl/mod.rs:67:1
[INFO] [stdout]    |
[INFO] [stdout] 67 | compile_error!("The platform you're compiling for is not supported by winit");
[INFO] [stdout]    | ^^^^^^^^^^^^^^^^^^^^^^^^^^^^^^^^^^^^^^^^^^^^^^^^^^^^^^^^^^^^^^^^^^^^^^^^^^^^^
[INFO] [stdout] 
[INFO] [stdout] 
[INFO] [stdout] error[E0432]: unresolved import `self::platform`
[INFO] [stdout]   --> /opt/rustwide/cargo-home/registry/src/index.crates.io-6f17d22bba15001f/winit-0.28.7/src/platform_impl/mod.rs:26:15
[INFO] [stdout]    |
[INFO] [stdout] 26 | pub use self::platform::*;
[INFO] [stdout]    |               ^^^^^^^^ could not find `platform` in `self`
[INFO] [stdout] 
[INFO] [stdout] 
[INFO] [stdout] error[E0432]: unresolved import `crate::platform_impl::PlatformIcon`
[INFO] [stdout]  --> /opt/rustwide/cargo-home/registry/src/index.crates.io-6f17d22bba15001f/winit-0.28.7/src/icon.rs:1:5
[INFO] [stdout]   |
[INFO] [stdout] 1 | use crate::platform_impl::PlatformIcon;
[INFO] [stdout]   |     ^^^^^^^^^^^^^^^^^^^^^^^^^^^^^^^^^^ no `PlatformIcon` in `platform_impl`
[INFO] [stdout] 
[INFO] [stdout] 
[INFO] [stdout] error[E0433]: failed to resolve: could not find `DeviceId` in `platform_impl`
[INFO] [stdout]    --> /opt/rustwide/cargo-home/registry/src/index.crates.io-6f17d22bba15001f/winit-0.28.7/src/event.rs:789:33
[INFO] [stdout]     |
[INFO] [stdout] 789 |         DeviceId(platform_impl::DeviceId::dummy())
[INFO] [stdout]     |                                 ^^^^^^^^ could not find `DeviceId` in `platform_impl`
[INFO] [stdout] 
[INFO] [stdout] 
[INFO] [stdout] error[E0433]: failed to resolve: could not find `WindowId` in `platform_impl`
[INFO] [stdout]   --> /opt/rustwide/cargo-home/registry/src/index.crates.io-6f17d22bba15001f/winit-0.28.7/src/window.rs:86:33
[INFO] [stdout]    |
[INFO] [stdout] 86 |         WindowId(platform_impl::WindowId::dummy())
[INFO] [stdout]    |                                 ^^^^^^^^ could not find `WindowId` in `platform_impl`
[INFO] [stdout] 
[INFO] [stdout] 
[INFO] [stdout] error[E0433]: failed to resolve: could not find `Window` in `platform_impl`
[INFO] [stdout]    --> /opt/rustwide/cargo-home/registry/src/index.crates.io-6f17d22bba15001f/winit-0.28.7/src/window.rs:465:24
[INFO] [stdout]     |
[INFO] [stdout] 465 |         platform_impl::Window::new(&window_target.p, self.window, self.platform_specific).map(
[INFO] [stdout]     |                        ^^^^^^ could not find `Window` in `platform_impl`
[INFO] [stdout] 
[INFO] [stdout] 
[INFO] [stdout] error[E0412]: cannot find type `OsError` in module `platform_impl`
[INFO] [stdout]   --> /opt/rustwide/cargo-home/registry/src/index.crates.io-6f17d22bba15001f/winit-0.28.7/src/error.rs:25:27
[INFO] [stdout]    |
[INFO] [stdout] 25 |     error: platform_impl::OsError,
[INFO] [stdout]    |                           ^^^^^^^ not found in `platform_impl`
[INFO] [stdout]    |
[INFO] [stdout] help: there is an enum variant `crate::window::BadIcon::OsError`; try using the variant's enum
[INFO] [stdout]    |
[INFO] [stdout] 25 |     error: crate::window::BadIcon,
[INFO] [stdout]    |            ~~~~~~~~~~~~~~~~~~~~~~
[INFO] [stdout] 
[INFO] [stdout] 
[INFO] [stdout] error[E0412]: cannot find type `OsError` in module `platform_impl`
[INFO] [stdout]   --> /opt/rustwide/cargo-home/registry/src/index.crates.io-6f17d22bba15001f/winit-0.28.7/src/error.rs:38:76
[INFO] [stdout]    |
[INFO] [stdout] 38 |     pub(crate) fn new(line: u32, file: &'static str, error: platform_impl::OsError) -> OsError {
[INFO] [stdout]    |                                                                            ^^^^^^^ not found in `platform_impl`
[INFO] [stdout]    |
[INFO] [stdout] help: there is an enum variant `crate::window::BadIcon::OsError`; try using the variant's enum
[INFO] [stdout]    |
[INFO] [stdout] 38 |     pub(crate) fn new(line: u32, file: &'static str, error: crate::window::BadIcon) -> OsError {
[INFO] [stdout]    |                                                             ~~~~~~~~~~~~~~~~~~~~~~
[INFO] [stdout] 
[INFO] [stdout] 
[INFO] [stdout] error[E0412]: cannot find type `DeviceId` in module `platform_impl`
[INFO] [stdout]    --> /opt/rustwide/cargo-home/registry/src/index.crates.io-6f17d22bba15001f/winit-0.28.7/src/event.rs:776:47
[INFO] [stdout]     |
[INFO] [stdout] 776 | pub struct DeviceId(pub(crate) platform_impl::DeviceId);
[INFO] [stdout]     |                                               ^^^^^^^^ not found in `platform_impl`
[INFO] [stdout] 
[INFO] [stdout] 
[INFO] [stdout] error[E0412]: cannot find type `EventLoop` in module `platform_impl`
[INFO] [stdout]   --> /opt/rustwide/cargo-home/registry/src/index.crates.io-6f17d22bba15001f/winit-0.28.7/src/event_loop.rs:36:43
[INFO] [stdout]    |
[INFO] [stdout] 36 |     pub(crate) event_loop: platform_impl::EventLoop<T>,
[INFO] [stdout]    |                                           ^^^^^^^^^ not found in `platform_impl`
[INFO] [stdout] 
[INFO] [stdout] 
[INFO] [stdout] error[E0412]: cannot find type `EventLoopWindowTarget` in module `platform_impl`
[INFO] [stdout]   --> /opt/rustwide/cargo-home/registry/src/index.crates.io-6f17d22bba15001f/winit-0.28.7/src/event_loop.rs:47:34
[INFO] [stdout]    |
[INFO] [stdout] 47 |     pub(crate) p: platform_impl::EventLoopWindowTarget<T>,
[INFO] [stdout]    |                                  ^^^^^^^^^^^^^^^^^^^^^ not found in `platform_impl`
[INFO] [stdout] 
[INFO] [stdout] 
[INFO] [stdout] error[E0412]: cannot find type `PlatformSpecificEventLoopAttributes` in module `platform_impl`
[INFO] [stdout]   --> /opt/rustwide/cargo-home/registry/src/index.crates.io-6f17d22bba15001f/winit-0.28.7/src/event_loop.rs:57:50
[INFO] [stdout]    |
[INFO] [stdout] 57 |     pub(crate) platform_specific: platform_impl::PlatformSpecificEventLoopAttributes,
[INFO] [stdout]    |                                                  ^^^^^^^^^^^^^^^^^^^^^^^^^^^^^^^^^^^ not found in `platform_impl`
[INFO] [stdout] 
[INFO] [stdout] 
[INFO] [stdout] error[E0433]: failed to resolve: could not find `EventLoop` in `platform_impl`
[INFO] [stdout]    --> /opt/rustwide/cargo-home/registry/src/index.crates.io-6f17d22bba15001f/winit-0.28.7/src/event_loop.rs:121:40
[INFO] [stdout]     |
[INFO] [stdout] 121 |             event_loop: platform_impl::EventLoop::new(&mut self.platform_specific),
[INFO] [stdout]     |                                        ^^^^^^^^^ could not find `EventLoop` in `platform_impl`
[INFO] [stdout]     |
[INFO] [stdout] help: consider importing this struct
[INFO] [stdout]     |
[INFO] [stdout] 10  + use crate::event_loop::EventLoop;
[INFO] [stdout]     |
[INFO] [stdout] help: if you import `EventLoop`, refer to it directly
[INFO] [stdout]     |
[INFO] [stdout] 121 -             event_loop: platform_impl::EventLoop::new(&mut self.platform_specific),
[INFO] [stdout] 121 +             event_loop: EventLoop::new(&mut self.platform_specific),
[INFO] [stdout]     |
[INFO] [stdout] 
[INFO] [stdout] 
[INFO] [stdout] error[E0412]: cannot find type `EventLoopProxy` in module `platform_impl`
[INFO] [stdout]    --> /opt/rustwide/cargo-home/registry/src/index.crates.io-6f17d22bba15001f/winit-0.28.7/src/event_loop.rs:380:38
[INFO] [stdout]     |
[INFO] [stdout] 380 |     event_loop_proxy: platform_impl::EventLoopProxy<T>,
[INFO] [stdout]     |                                      ^^^^^^^^^^^^^^ not found in `platform_impl`
[INFO] [stdout] 
[INFO] [stdout] 
[INFO] [stdout] error[E0412]: cannot find type `VideoMode` in module `platform_impl`
[INFO] [stdout]   --> /opt/rustwide/cargo-home/registry/src/index.crates.io-6f17d22bba15001f/winit-0.28.7/src/monitor.rs:18:43
[INFO] [stdout]    |
[INFO] [stdout] 18 |     pub(crate) video_mode: platform_impl::VideoMode,
[INFO] [stdout]    |                                           ^^^^^^^^^ not found in `platform_impl`
[INFO] [stdout] 
[INFO] [stdout] 
[INFO] [stdout] error[E0412]: cannot find type `MonitorHandle` in module `platform_impl`
[INFO] [stdout]    --> /opt/rustwide/cargo-home/registry/src/index.crates.io-6f17d22bba15001f/winit-0.28.7/src/monitor.rs:107:38
[INFO] [stdout]     |
[INFO] [stdout] 107 |     pub(crate) inner: platform_impl::MonitorHandle,
[INFO] [stdout]     |                                      ^^^^^^^^^^^^^ not found in `platform_impl`
[INFO] [stdout] 
[INFO] [stdout] 
[INFO] [stdout] error[E0412]: cannot find type `VideoMode` in this scope
[INFO] [stdout]   --> /opt/rustwide/cargo-home/registry/src/index.crates.io-6f17d22bba15001f/winit-0.28.7/src/platform_impl/mod.rs:31:15
[INFO] [stdout]    |
[INFO] [stdout] 31 |     Exclusive(VideoMode),
[INFO] [stdout]    |               ^^^^^^^^^ not found in this scope
[INFO] [stdout]    |
[INFO] [stdout] help: consider importing this struct
[INFO] [stdout]    |
[INFO] [stdout] 1  + use crate::monitor::VideoMode;
[INFO] [stdout]    |
[INFO] [stdout] 
[INFO] [stdout] 
[INFO] [stdout] error[E0412]: cannot find type `MonitorHandle` in this scope
[INFO] [stdout]    --> /opt/rustwide/cargo-home/registry/src/index.crates.io-6f17d22bba15001f/winit-0.28.7/src/platform_impl/mod.rs:32:23
[INFO] [stdout]     |
[INFO] [stdout] 32  |     Borderless(Option<MonitorHandle>),
[INFO] [stdout]     |                       ^^^^^^^^^^^^^
[INFO] [stdout]     |
[INFO] [stdout]    ::: /opt/rustwide/cargo-home/registry/src/index.crates.io-6f17d22bba15001f/winit-0.28.7/src/monitor.rs:106:1
[INFO] [stdout]     |
[INFO] [stdout] 106 | pub struct MonitorHandle {
[INFO] [stdout]     | ------------------------ similarly named struct `RootMonitorHandle` defined here
[INFO] [stdout]     |
[INFO] [stdout] help: a struct with a similar name exists
[INFO] [stdout]     |
[INFO] [stdout] 32  |     Borderless(Option<RootMonitorHandle>),
[INFO] [stdout]     |                       ~~~~~~~~~~~~~~~~~
[INFO] [stdout] help: consider importing this struct
[INFO] [stdout]     |
[INFO] [stdout] 1   + use crate::monitor::MonitorHandle;
[INFO] [stdout]     |
[INFO] [stdout] 
[INFO] [stdout] 
[INFO] [stdout] error[E0412]: cannot find type `Window` in module `platform_impl`
[INFO] [stdout]   --> /opt/rustwide/cargo-home/registry/src/index.crates.io-6f17d22bba15001f/winit-0.28.7/src/window.rs:45:39
[INFO] [stdout]    |
[INFO] [stdout] 45 |     pub(crate) window: platform_impl::Window,
[INFO] [stdout]    |                                       ^^^^^^ not found in `platform_impl`
[INFO] [stdout] 
[INFO] [stdout] 
[INFO] [stdout] error[E0412]: cannot find type `WindowId` in module `platform_impl`
[INFO] [stdout]   --> /opt/rustwide/cargo-home/registry/src/index.crates.io-6f17d22bba15001f/winit-0.28.7/src/window.rs:73:47
[INFO] [stdout]    |
[INFO] [stdout] 73 | pub struct WindowId(pub(crate) platform_impl::WindowId);
[INFO] [stdout]    |                                               ^^^^^^^^ not found in `platform_impl`
[INFO] [stdout] 
[INFO] [stdout] 
[INFO] [stdout] error[E0412]: cannot find type `PlatformSpecificWindowBuilderAttributes` in module `platform_impl`
[INFO] [stdout]    --> /opt/rustwide/cargo-home/registry/src/index.crates.io-6f17d22bba15001f/winit-0.28.7/src/window.rs:110:50
[INFO] [stdout]     |
[INFO] [stdout] 110 |     pub(crate) platform_specific: platform_impl::PlatformSpecificWindowBuilderAttributes,
[INFO] [stdout]     |                                                  ^^^^^^^^^^^^^^^^^^^^^^^^^^^^^^^^^^^^^^^ not found in `platform_impl`
[INFO] [stdout] 
[INFO] [stdout] 
[INFO] [stdout] error[E0282]: type annotations needed
[INFO] [stdout]    --> /opt/rustwide/cargo-home/registry/src/index.crates.io-6f17d22bba15001f/winit-0.28.7/src/window.rs:492:17
[INFO] [stdout]     |
[INFO] [stdout] 492 |         builder.build(event_loop)
[INFO] [stdout]     |                 ^^^^^ cannot infer type of the type parameter `T` declared on the method `build`
[INFO] [stdout]     |
[INFO] [stdout] help: consider specifying the generic argument
[INFO] [stdout]     |
[INFO] [stdout] 492 |         builder.build::<T>(event_loop)
[INFO] [stdout]     |                      +++++
[INFO] [stdout] 
[INFO] [stdout] 
[INFO] [stdout] error: aborting due to 22 previous errors
[INFO] [stdout] 
[INFO] [stdout] 
[INFO] [stdout] Some errors have detailed explanations: E0282, E0412, E0432, E0433.
[INFO] [stdout] 
[INFO] [stdout] For more information about an error, try `rustc --explain E0282`.
[INFO] [stdout] 
[INFO] [stderr] error: could not compile `winit` (lib) due to 23 previous errors
[INFO] [stderr] warning: build failed, waiting for other jobs to finish...
[INFO] running `Command { std: "docker" "inspect" "77b3033dde0d8c759e5962ce9daf5a3b50bc308918fcf22b02dd0d327b1686bf", kill_on_drop: false }`
[INFO] running `Command { std: "docker" "rm" "-f" "77b3033dde0d8c759e5962ce9daf5a3b50bc308918fcf22b02dd0d327b1686bf", kill_on_drop: false }`
[INFO] [stdout] 77b3033dde0d8c759e5962ce9daf5a3b50bc308918fcf22b02dd0d327b1686bf
[INFO] documenting egui-wgpu-0.24.1 against beta-2023-12-22 for beta-1.76-rustdoc-1
[INFO] extracting crate egui-wgpu 0.24.1 into /workspace/builds/worker-4-tc2/source
[INFO] validating manifest of crates.io crate egui-wgpu 0.24.1 on toolchain beta-2023-12-22
[INFO] running `Command { std: CARGO_HOME="/workspace/cargo-home" RUSTUP_HOME="/workspace/rustup-home" "/workspace/cargo-home/bin/cargo" "+beta-2023-12-22" "metadata" "--manifest-path" "Cargo.toml" "--no-deps", kill_on_drop: false }`
[INFO] started tweaking crates.io crate egui-wgpu 0.24.1
[INFO] finished tweaking crates.io crate egui-wgpu 0.24.1
[INFO] tweaked toml for crates.io crate egui-wgpu 0.24.1 written to /workspace/builds/worker-4-tc2/source/Cargo.toml
[INFO] running `Command { std: CARGO_HOME="/workspace/cargo-home" RUSTUP_HOME="/workspace/rustup-home" "/workspace/cargo-home/bin/cargo" "+beta-2023-12-22" "generate-lockfile" "--manifest-path" "Cargo.toml", kill_on_drop: false }`
[INFO] [stderr]     Updating crates.io index
[INFO] running `Command { std: CARGO_HOME="/workspace/cargo-home" RUSTUP_HOME="/workspace/rustup-home" "/workspace/cargo-home/bin/cargo" "+beta-2023-12-22" "fetch" "--manifest-path" "Cargo.toml", kill_on_drop: false }`
[INFO] running `Command { std: "docker" "create" "-v" "/var/lib/crater-agent-workspace/builds/worker-4-tc2/target:/opt/rustwide/target:rw,Z" "-v" "/var/lib/crater-agent-workspace/builds/worker-4-tc2/source:/opt/rustwide/workdir:ro,Z" "-v" "/var/lib/crater-agent-workspace/cargo-home:/opt/rustwide/cargo-home:ro,Z" "-v" "/var/lib/crater-agent-workspace/rustup-home:/opt/rustwide/rustup-home:ro,Z" "-e" "SOURCE_DIR=/opt/rustwide/workdir" "-e" "CARGO_TARGET_DIR=/opt/rustwide/target" "-e" "CARGO_HOME=/opt/rustwide/cargo-home" "-e" "RUSTUP_HOME=/opt/rustwide/rustup-home" "-w" "/opt/rustwide/workdir" "-m" "1610612736" "--user" "0:0" "--network" "none" "ghcr.io/rust-lang/crates-build-env/linux@sha256:2788e3201cd34a07e3172128adcd8b3090168a8e3bcc40d7c032b9dda1df7d1c" "/opt/rustwide/cargo-home/bin/cargo" "+beta-2023-12-22" "metadata" "--no-deps" "--format-version=1", kill_on_drop: false }`
[INFO] [stdout] 80791a549fec646970fcfe0c2bcb5de0b1adc4780c445cffdf5333af055e6d1a
[INFO] running `Command { std: "docker" "start" "-a" "80791a549fec646970fcfe0c2bcb5de0b1adc4780c445cffdf5333af055e6d1a", kill_on_drop: false }`
[INFO] running `Command { std: "docker" "inspect" "80791a549fec646970fcfe0c2bcb5de0b1adc4780c445cffdf5333af055e6d1a", kill_on_drop: false }`
[INFO] running `Command { std: "docker" "rm" "-f" "80791a549fec646970fcfe0c2bcb5de0b1adc4780c445cffdf5333af055e6d1a", kill_on_drop: false }`
[INFO] [stdout] 80791a549fec646970fcfe0c2bcb5de0b1adc4780c445cffdf5333af055e6d1a
[INFO] running `Command { std: "docker" "create" "-v" "/var/lib/crater-agent-workspace/builds/worker-4-tc2/target:/opt/rustwide/target:rw,Z" "-v" "/var/lib/crater-agent-workspace/builds/worker-4-tc2/source:/opt/rustwide/workdir:ro,Z" "-v" "/var/lib/crater-agent-workspace/cargo-home:/opt/rustwide/cargo-home:ro,Z" "-v" "/var/lib/crater-agent-workspace/rustup-home:/opt/rustwide/rustup-home:ro,Z" "-e" "SOURCE_DIR=/opt/rustwide/workdir" "-e" "CARGO_TARGET_DIR=/opt/rustwide/target" "-e" "CARGO_INCREMENTAL=0" "-e" "RUST_BACKTRACE=full" "-e" "RUSTFLAGS=--cap-lints=warn" "-e" "RUSTDOCFLAGS=--cap-lints=warn" "-e" "CARGO_HOME=/opt/rustwide/cargo-home" "-e" "RUSTUP_HOME=/opt/rustwide/rustup-home" "-w" "/opt/rustwide/workdir" "-m" "1610612736" "--user" "0:0" "--network" "none" "ghcr.io/rust-lang/crates-build-env/linux@sha256:2788e3201cd34a07e3172128adcd8b3090168a8e3bcc40d7c032b9dda1df7d1c" "/opt/rustwide/cargo-home/bin/cargo" "+beta-2023-12-22" "doc" "--frozen" "--no-deps" "--document-private-items" "--message-format=json", kill_on_drop: false }`
[INFO] [stdout] 8c356fe4b4494707ef5bab6d87b647d46520b61abab77c7c7b6f876882416087
[INFO] running `Command { std: "docker" "start" "-a" "8c356fe4b4494707ef5bab6d87b647d46520b61abab77c7c7b6f876882416087", kill_on_drop: false }`
[INFO] [stderr]    Compiling proc-macro2 v1.0.76
[INFO] [stderr]     Checking bitflags v2.4.1
[INFO] [stderr]     Checking smallvec v1.11.2
[INFO] [stderr]     Checking allocator-api2 v0.2.16
[INFO] [stderr]     Checking bit-vec v0.6.3
[INFO] [stderr]    Compiling ahash v0.8.7
[INFO] [stderr]    Compiling ash v0.37.3+1.3.251
[INFO] [stderr]    Compiling khronos-egl v6.0.0
[INFO] [stderr]     Checking libloading v0.8.1
[INFO] [stderr]     Checking libloading v0.7.4
[INFO] [stderr]     Checking unicode-xid v0.2.4
[INFO] [stderr]     Checking hexf-parse v0.2.1
[INFO] [stderr]     Checking codespan-reporting v0.11.1
[INFO] [stderr]     Checking spirv v0.2.0+1.5.4
[INFO] [stderr]     Checking ttf-parser v0.20.0
[INFO] [stderr]     Checking getrandom v0.2.11
[INFO] [stderr]     Checking profiling v1.0.13
[INFO] [stderr]     Checking ab_glyph_rasterizer v0.1.8
[INFO] [stderr]     Checking gpu-alloc-types v0.3.0
[INFO] [stderr]     Checking gpu-descriptor-types v0.1.2
[INFO] [stderr]     Checking wgpu-types v0.18.0
[INFO] [stderr]     Checking renderdoc-sys v1.0.0
[INFO] [stderr]     Checking raw-window-handle v0.5.2
[INFO] [stderr]     Checking bit-set v0.5.3
[INFO] [stderr]     Checking parking_lot_core v0.9.9
[INFO] [stderr]     Checking glow v0.13.0
[INFO] [stderr]     Checking arrayvec v0.7.4
[INFO] [stderr]     Checking nanorand v0.7.0
[INFO] [stderr]     Checking gpu-alloc v0.6.0
[INFO] [stderr]     Checking spin v0.9.8
[INFO] [stderr]     Checking futures-core v0.3.30
[INFO] [stderr]     Checking nohash-hasher v0.2.0
[INFO] [stderr]     Checking futures-sink v0.3.30
[INFO] [stderr]     Checking parking_lot v0.12.1
[INFO] [stderr]     Checking type-map v0.5.0
[INFO] [stderr]    Compiling quote v1.0.35
[INFO] [stderr]     Checking flume v0.11.0
[INFO] [stderr]     Checking hashbrown v0.14.3
[INFO] [stderr]    Compiling syn v2.0.48
[INFO] [stderr]     Checking indexmap v2.1.0
[INFO] [stderr]     Checking gpu-descriptor v0.2.4
[INFO] [stderr]     Checking owned_ttf_parser v0.20.0
[INFO] [stderr]     Checking ab_glyph v0.2.23
[INFO] [stderr]    Compiling bytemuck_derive v1.5.0
[INFO] [stderr]    Compiling thiserror-impl v1.0.56
[INFO] [stderr]     Checking bytemuck v1.14.0
[INFO] [stderr]     Checking emath v0.24.1
[INFO] [stderr]     Checking ecolor v0.24.1
[INFO] [stderr]     Checking thiserror v1.0.56
[INFO] [stderr]     Checking naga v0.14.2
[INFO] [stderr]     Checking epaint v0.24.1
[INFO] [stderr]     Checking egui v0.24.1
[INFO] [stderr]     Checking wgpu-hal v0.18.1
[INFO] [stderr]     Checking wgpu-core v0.18.1
[INFO] [stderr]     Checking wgpu v0.18.0
[INFO] [stderr]  Documenting egui-wgpu v0.24.1 (/opt/rustwide/workdir)
[INFO] [stderr]     Finished dev [unoptimized + debuginfo] target(s) in 11.87s
[INFO] [stderr]    Generated /opt/rustwide/target/doc/egui_wgpu/index.html
[INFO] running `Command { std: "docker" "inspect" "8c356fe4b4494707ef5bab6d87b647d46520b61abab77c7c7b6f876882416087", kill_on_drop: false }`
[INFO] running `Command { std: "docker" "rm" "-f" "8c356fe4b4494707ef5bab6d87b647d46520b61abab77c7c7b6f876882416087", kill_on_drop: false }`
[INFO] [stdout] 8c356fe4b4494707ef5bab6d87b647d46520b61abab77c7c7b6f876882416087
[INFO] running `Command { std: "docker" "create" "-v" "/var/lib/crater-agent-workspace/builds/worker-4-tc2/target:/opt/rustwide/target:rw,Z" "-v" "/var/lib/crater-agent-workspace/builds/worker-4-tc2/source:/opt/rustwide/workdir:ro,Z" "-v" "/var/lib/crater-agent-workspace/cargo-home:/opt/rustwide/cargo-home:ro,Z" "-v" "/var/lib/crater-agent-workspace/rustup-home:/opt/rustwide/rustup-home:ro,Z" "-e" "SOURCE_DIR=/opt/rustwide/workdir" "-e" "CARGO_TARGET_DIR=/opt/rustwide/target" "-e" "CARGO_INCREMENTAL=0" "-e" "RUST_BACKTRACE=full" "-e" "RUSTFLAGS=--cap-lints=warn" "-e" "RUSTDOCFLAGS=--cap-lints=warn" "-e" "RUSTC_BOOTSTRAP=1" "-e" "DOCS_RS=1" "-e" "CARGO_HOME=/opt/rustwide/cargo-home" "-e" "RUSTUP_HOME=/opt/rustwide/rustup-home" "-w" "/opt/rustwide/workdir" "-m" "1610612736" "--user" "0:0" "--network" "none" "ghcr.io/rust-lang/crates-build-env/linux@sha256:2788e3201cd34a07e3172128adcd8b3090168a8e3bcc40d7c032b9dda1df7d1c" "/opt/rustwide/cargo-home/bin/cargo" "+beta-2023-12-22" "rustdoc" "--lib" "-Zrustdoc-map" "--all-features" "-Z" "unstable-options" "--config" "build.rustdocflags=[\"-Z\", \"unstable-options\", \"--document-private-items\"]" "--frozen" "--message-format=json", kill_on_drop: false }`
[INFO] [stdout] 15b98c93256029b133d0cb1ae11a9b761689bbff9ff65a1971be3380b43d6278
[INFO] running `Command { std: "docker" "start" "-a" "15b98c93256029b133d0cb1ae11a9b761689bbff9ff65a1971be3380b43d6278", kill_on_drop: false }`
[INFO] [stderr]    Compiling proc-macro2 v1.0.76
[INFO] [stderr]    Compiling thiserror v1.0.56
[INFO] [stderr]    Compiling xml-rs v0.8.19
[INFO] [stderr]    Compiling cfg_aliases v0.1.1
[INFO] [stderr]     Checking instant v0.1.12
[INFO] [stderr]    Compiling litrs v0.4.1
[INFO] [stderr]     Checking puffin v0.18.1
[INFO] [stderr]    Compiling document-features v0.2.8
[INFO] [stderr]    Compiling quote v1.0.35
[INFO] [stderr]    Compiling syn v2.0.48
[INFO] [stderr]    Compiling wayland-scanner v0.29.5
[INFO] [stderr]    Compiling winit v0.28.7
[INFO] [stdout] error: The platform you're compiling for is not supported by winit
[INFO] [stdout]   --> /opt/rustwide/cargo-home/registry/src/index.crates.io-6f17d22bba15001f/winit-0.28.7/src/platform_impl/mod.rs:67:1
[INFO] [stdout]    |
[INFO] [stdout] 67 | compile_error!("The platform you're compiling for is not supported by winit");
[INFO] [stdout]    | ^^^^^^^^^^^^^^^^^^^^^^^^^^^^^^^^^^^^^^^^^^^^^^^^^^^^^^^^^^^^^^^^^^^^^^^^^^^^^
[INFO] [stdout] 
[INFO] [stdout] 
[INFO] [stdout] error[E0432]: unresolved import `self::platform`
[INFO] [stdout]   --> /opt/rustwide/cargo-home/registry/src/index.crates.io-6f17d22bba15001f/winit-0.28.7/src/platform_impl/mod.rs:26:15
[INFO] [stdout]    |
[INFO] [stdout] 26 | pub use self::platform::*;
[INFO] [stdout]    |               ^^^^^^^^ could not find `platform` in `self`
[INFO] [stdout] 
[INFO] [stdout] 
[INFO] [stdout] error[E0432]: unresolved import `crate::platform_impl::PlatformIcon`
[INFO] [stdout]  --> /opt/rustwide/cargo-home/registry/src/index.crates.io-6f17d22bba15001f/winit-0.28.7/src/icon.rs:1:5
[INFO] [stdout]   |
[INFO] [stdout] 1 | use crate::platform_impl::PlatformIcon;
[INFO] [stdout]   |     ^^^^^^^^^^^^^^^^^^^^^^^^^^^^^^^^^^ no `PlatformIcon` in `platform_impl`
[INFO] [stdout] 
[INFO] [stdout] 
[INFO] [stdout] error[E0433]: failed to resolve: could not find `DeviceId` in `platform_impl`
[INFO] [stdout]    --> /opt/rustwide/cargo-home/registry/src/index.crates.io-6f17d22bba15001f/winit-0.28.7/src/event.rs:789:33
[INFO] [stdout]     |
[INFO] [stdout] 789 |         DeviceId(platform_impl::DeviceId::dummy())
[INFO] [stdout]     |                                 ^^^^^^^^ could not find `DeviceId` in `platform_impl`
[INFO] [stdout] 
[INFO] [stdout] 
[INFO] [stdout] error[E0433]: failed to resolve: could not find `WindowId` in `platform_impl`
[INFO] [stdout]   --> /opt/rustwide/cargo-home/registry/src/index.crates.io-6f17d22bba15001f/winit-0.28.7/src/window.rs:86:33
[INFO] [stdout]    |
[INFO] [stdout] 86 |         WindowId(platform_impl::WindowId::dummy())
[INFO] [stdout]    |                                 ^^^^^^^^ could not find `WindowId` in `platform_impl`
[INFO] [stdout] 
[INFO] [stdout] 
[INFO] [stdout] error[E0433]: failed to resolve: could not find `Window` in `platform_impl`
[INFO] [stdout]    --> /opt/rustwide/cargo-home/registry/src/index.crates.io-6f17d22bba15001f/winit-0.28.7/src/window.rs:465:24
[INFO] [stdout]     |
[INFO] [stdout] 465 |         platform_impl::Window::new(&window_target.p, self.window, self.platform_specific).map(
[INFO] [stdout]     |                        ^^^^^^ could not find `Window` in `platform_impl`
[INFO] [stdout] 
[INFO] [stdout] 
[INFO] [stdout] error[E0412]: cannot find type `OsError` in module `platform_impl`
[INFO] [stdout]   --> /opt/rustwide/cargo-home/registry/src/index.crates.io-6f17d22bba15001f/winit-0.28.7/src/error.rs:25:27
[INFO] [stdout]    |
[INFO] [stdout] 25 |     error: platform_impl::OsError,
[INFO] [stdout]    |                           ^^^^^^^ not found in `platform_impl`
[INFO] [stdout]    |
[INFO] [stdout] help: there is an enum variant `crate::window::BadIcon::OsError`; try using the variant's enum
[INFO] [stdout]    |
[INFO] [stdout] 25 |     error: crate::window::BadIcon,
[INFO] [stdout]    |            ~~~~~~~~~~~~~~~~~~~~~~
[INFO] [stdout] 
[INFO] [stdout] 
[INFO] [stdout] error[E0412]: cannot find type `OsError` in module `platform_impl`
[INFO] [stdout]   --> /opt/rustwide/cargo-home/registry/src/index.crates.io-6f17d22bba15001f/winit-0.28.7/src/error.rs:38:76
[INFO] [stdout]    |
[INFO] [stdout] 38 |     pub(crate) fn new(line: u32, file: &'static str, error: platform_impl::OsError) -> OsError {
[INFO] [stdout]    |                                                                            ^^^^^^^ not found in `platform_impl`
[INFO] [stdout]    |
[INFO] [stdout] help: there is an enum variant `crate::window::BadIcon::OsError`; try using the variant's enum
[INFO] [stdout]    |
[INFO] [stdout] 38 |     pub(crate) fn new(line: u32, file: &'static str, error: crate::window::BadIcon) -> OsError {
[INFO] [stdout]    |                                                             ~~~~~~~~~~~~~~~~~~~~~~
[INFO] [stdout] 
[INFO] [stdout] 
[INFO] [stdout] error[E0412]: cannot find type `DeviceId` in module `platform_impl`
[INFO] [stdout]    --> /opt/rustwide/cargo-home/registry/src/index.crates.io-6f17d22bba15001f/winit-0.28.7/src/event.rs:776:47
[INFO] [stdout]     |
[INFO] [stdout] 776 | pub struct DeviceId(pub(crate) platform_impl::DeviceId);
[INFO] [stdout]     |                                               ^^^^^^^^ not found in `platform_impl`
[INFO] [stdout] 
[INFO] [stdout] 
[INFO] [stdout] error[E0412]: cannot find type `EventLoop` in module `platform_impl`
[INFO] [stdout]   --> /opt/rustwide/cargo-home/registry/src/index.crates.io-6f17d22bba15001f/winit-0.28.7/src/event_loop.rs:36:43
[INFO] [stdout]    |
[INFO] [stdout] 36 |     pub(crate) event_loop: platform_impl::EventLoop<T>,
[INFO] [stdout]    |                                           ^^^^^^^^^ not found in `platform_impl`
[INFO] [stdout] 
[INFO] [stdout] 
[INFO] [stdout] error[E0412]: cannot find type `EventLoopWindowTarget` in module `platform_impl`
[INFO] [stdout]   --> /opt/rustwide/cargo-home/registry/src/index.crates.io-6f17d22bba15001f/winit-0.28.7/src/event_loop.rs:47:34
[INFO] [stdout]    |
[INFO] [stdout] 47 |     pub(crate) p: platform_impl::EventLoopWindowTarget<T>,
[INFO] [stdout]    |                                  ^^^^^^^^^^^^^^^^^^^^^ not found in `platform_impl`
[INFO] [stdout] 
[INFO] [stdout] 
[INFO] [stdout] error[E0412]: cannot find type `PlatformSpecificEventLoopAttributes` in module `platform_impl`
[INFO] [stdout]   --> /opt/rustwide/cargo-home/registry/src/index.crates.io-6f17d22bba15001f/winit-0.28.7/src/event_loop.rs:57:50
[INFO] [stdout]    |
[INFO] [stdout] 57 |     pub(crate) platform_specific: platform_impl::PlatformSpecificEventLoopAttributes,
[INFO] [stdout]    |                                                  ^^^^^^^^^^^^^^^^^^^^^^^^^^^^^^^^^^^ not found in `platform_impl`
[INFO] [stdout] 
[INFO] [stdout] 
[INFO] [stdout] error[E0433]: failed to resolve: could not find `EventLoop` in `platform_impl`
[INFO] [stdout]    --> /opt/rustwide/cargo-home/registry/src/index.crates.io-6f17d22bba15001f/winit-0.28.7/src/event_loop.rs:121:40
[INFO] [stdout]     |
[INFO] [stdout] 121 |             event_loop: platform_impl::EventLoop::new(&mut self.platform_specific),
[INFO] [stdout]     |                                        ^^^^^^^^^ could not find `EventLoop` in `platform_impl`
[INFO] [stdout]     |
[INFO] [stdout] help: consider importing this struct
[INFO] [stdout]     |
[INFO] [stdout] 10  + use crate::event_loop::EventLoop;
[INFO] [stdout]     |
[INFO] [stdout] help: if you import `EventLoop`, refer to it directly
[INFO] [stdout]     |
[INFO] [stdout] 121 -             event_loop: platform_impl::EventLoop::new(&mut self.platform_specific),
[INFO] [stdout] 121 +             event_loop: EventLoop::new(&mut self.platform_specific),
[INFO] [stdout]     |
[INFO] [stdout] 
[INFO] [stdout] 
[INFO] [stdout] error[E0412]: cannot find type `EventLoopProxy` in module `platform_impl`
[INFO] [stdout]    --> /opt/rustwide/cargo-home/registry/src/index.crates.io-6f17d22bba15001f/winit-0.28.7/src/event_loop.rs:380:38
[INFO] [stdout]     |
[INFO] [stdout] 380 |     event_loop_proxy: platform_impl::EventLoopProxy<T>,
[INFO] [stdout]     |                                      ^^^^^^^^^^^^^^ not found in `platform_impl`
[INFO] [stdout] 
[INFO] [stdout] 
[INFO] [stdout] error[E0412]: cannot find type `VideoMode` in module `platform_impl`
[INFO] [stdout]   --> /opt/rustwide/cargo-home/registry/src/index.crates.io-6f17d22bba15001f/winit-0.28.7/src/monitor.rs:18:43
[INFO] [stdout]    |
[INFO] [stdout] 18 |     pub(crate) video_mode: platform_impl::VideoMode,
[INFO] [stdout]    |                                           ^^^^^^^^^ not found in `platform_impl`
[INFO] [stdout] 
[INFO] [stdout] 
[INFO] [stdout] error[E0412]: cannot find type `MonitorHandle` in module `platform_impl`
[INFO] [stdout]    --> /opt/rustwide/cargo-home/registry/src/index.crates.io-6f17d22bba15001f/winit-0.28.7/src/monitor.rs:107:38
[INFO] [stdout]     |
[INFO] [stdout] 107 |     pub(crate) inner: platform_impl::MonitorHandle,
[INFO] [stdout]     |                                      ^^^^^^^^^^^^^ not found in `platform_impl`
[INFO] [stdout] 
[INFO] [stdout] 
[INFO] [stdout] error[E0412]: cannot find type `VideoMode` in this scope
[INFO] [stdout]   --> /opt/rustwide/cargo-home/registry/src/index.crates.io-6f17d22bba15001f/winit-0.28.7/src/platform_impl/mod.rs:31:15
[INFO] [stdout]    |
[INFO] [stdout] 31 |     Exclusive(VideoMode),
[INFO] [stdout]    |               ^^^^^^^^^ not found in this scope
[INFO] [stdout]    |
[INFO] [stdout] help: consider importing this struct
[INFO] [stdout]    |
[INFO] [stdout] 1  + use crate::monitor::VideoMode;
[INFO] [stdout]    |
[INFO] [stdout] 
[INFO] [stdout] 
[INFO] [stdout] error[E0412]: cannot find type `MonitorHandle` in this scope
[INFO] [stdout]    --> /opt/rustwide/cargo-home/registry/src/index.crates.io-6f17d22bba15001f/winit-0.28.7/src/platform_impl/mod.rs:32:23
[INFO] [stdout]     |
[INFO] [stdout] 32  |     Borderless(Option<MonitorHandle>),
[INFO] [stdout]     |                       ^^^^^^^^^^^^^
[INFO] [stdout]     |
[INFO] [stdout]    ::: /opt/rustwide/cargo-home/registry/src/index.crates.io-6f17d22bba15001f/winit-0.28.7/src/monitor.rs:106:1
[INFO] [stdout]     |
[INFO] [stdout] 106 | pub struct MonitorHandle {
[INFO] [stdout]     | ------------------------ similarly named struct `RootMonitorHandle` defined here
[INFO] [stdout]     |
[INFO] [stdout] help: a struct with a similar name exists
[INFO] [stdout]     |
[INFO] [stdout] 32  |     Borderless(Option<RootMonitorHandle>),
[INFO] [stdout]     |                       ~~~~~~~~~~~~~~~~~
[INFO] [stdout] help: consider importing this struct
[INFO] [stdout]     |
[INFO] [stdout] 1   + use crate::monitor::MonitorHandle;
[INFO] [stdout]     |
[INFO] [stdout] 
[INFO] [stdout] 
[INFO] [stdout] error[E0412]: cannot find type `Window` in module `platform_impl`
[INFO] [stdout]   --> /opt/rustwide/cargo-home/registry/src/index.crates.io-6f17d22bba15001f/winit-0.28.7/src/window.rs:45:39
[INFO] [stdout]    |
[INFO] [stdout] 45 |     pub(crate) window: platform_impl::Window,
[INFO] [stdout]    |                                       ^^^^^^ not found in `platform_impl`
[INFO] [stdout] 
[INFO] [stdout] 
[INFO] [stdout] error[E0412]: cannot find type `WindowId` in module `platform_impl`
[INFO] [stdout]   --> /opt/rustwide/cargo-home/registry/src/index.crates.io-6f17d22bba15001f/winit-0.28.7/src/window.rs:73:47
[INFO] [stdout]    |
[INFO] [stdout] 73 | pub struct WindowId(pub(crate) platform_impl::WindowId);
[INFO] [stdout]    |                                               ^^^^^^^^ not found in `platform_impl`
[INFO] [stdout] 
[INFO] [stdout] 
[INFO] [stdout] error[E0412]: cannot find type `PlatformSpecificWindowBuilderAttributes` in module `platform_impl`
[INFO] [stdout]    --> /opt/rustwide/cargo-home/registry/src/index.crates.io-6f17d22bba15001f/winit-0.28.7/src/window.rs:110:50
[INFO] [stdout]     |
[INFO] [stdout] 110 |     pub(crate) platform_specific: platform_impl::PlatformSpecificWindowBuilderAttributes,
[INFO] [stdout]     |                                                  ^^^^^^^^^^^^^^^^^^^^^^^^^^^^^^^^^^^^^^^ not found in `platform_impl`
[INFO] [stdout] 
[INFO] [stdout] 
[INFO] [stdout] error[E0282]: type annotations needed
[INFO] [stdout]    --> /opt/rustwide/cargo-home/registry/src/index.crates.io-6f17d22bba15001f/winit-0.28.7/src/window.rs:492:17
[INFO] [stdout]     |
[INFO] [stdout] 492 |         builder.build(event_loop)
[INFO] [stdout]     |                 ^^^^^ cannot infer type of the type parameter `T` declared on the method `build`
[INFO] [stdout]     |
[INFO] [stdout] help: consider specifying the generic argument
[INFO] [stdout]     |
[INFO] [stdout] 492 |         builder.build::<T>(event_loop)
[INFO] [stdout]     |                      +++++
[INFO] [stdout] 
[INFO] [stdout] 
[INFO] [stdout] error: aborting due to 22 previous errors
[INFO] [stdout] 
[INFO] [stdout] 
[INFO] [stdout] Some errors have detailed explanations: E0282, E0412, E0432, E0433.
[INFO] [stdout] 
[INFO] [stdout] For more information about an error, try `rustc --explain E0282`.
[INFO] [stdout] 
[INFO] [stderr] error: could not compile `winit` (lib) due to 23 previous errors
[INFO] [stderr] warning: build failed, waiting for other jobs to finish...
[INFO] running `Command { std: "docker" "inspect" "15b98c93256029b133d0cb1ae11a9b761689bbff9ff65a1971be3380b43d6278", kill_on_drop: false }`
[INFO] running `Command { std: "docker" "rm" "-f" "15b98c93256029b133d0cb1ae11a9b761689bbff9ff65a1971be3380b43d6278", kill_on_drop: false }`
[INFO] [stdout] 15b98c93256029b133d0cb1ae11a9b761689bbff9ff65a1971be3380b43d6278
