[INFO] fetching crate dw-query 0.1.0...
[INFO] documenting dw-query-0.1.0 against 1.75.0 for beta-1.76-rustdoc-1
[INFO] extracting crate dw-query 0.1.0 into /workspace/builds/worker-6-tc1/source
[INFO] validating manifest of crates.io crate dw-query 0.1.0 on toolchain 1.75.0
[INFO] running `Command { std: CARGO_HOME="/workspace/cargo-home" RUSTUP_HOME="/workspace/rustup-home" "/workspace/cargo-home/bin/cargo" "+1.75.0" "metadata" "--manifest-path" "Cargo.toml" "--no-deps", kill_on_drop: false }`
[INFO] started tweaking crates.io crate dw-query 0.1.0
[INFO] finished tweaking crates.io crate dw-query 0.1.0
[INFO] tweaked toml for crates.io crate dw-query 0.1.0 written to /workspace/builds/worker-6-tc1/source/Cargo.toml
[INFO] running `Command { std: CARGO_HOME="/workspace/cargo-home" RUSTUP_HOME="/workspace/rustup-home" "/workspace/cargo-home/bin/cargo" "+1.75.0" "generate-lockfile" "--manifest-path" "Cargo.toml", kill_on_drop: false }`
[INFO] [stderr]     Updating crates.io index
[INFO] running `Command { std: CARGO_HOME="/workspace/cargo-home" RUSTUP_HOME="/workspace/rustup-home" "/workspace/cargo-home/bin/cargo" "+1.75.0" "fetch" "--manifest-path" "Cargo.toml", kill_on_drop: false }`
[INFO] [stderr]  Downloading crates ...
[INFO] [stderr]   Downloaded bit-vec v0.4.4
[INFO] [stderr]   Downloaded bit-set v0.4.0
[INFO] [stderr]   Downloaded rusqlite v0.26.3
[INFO] [stderr]   Downloaded libsqlite3-sys v0.23.2
[INFO] [stderr]   Downloaded shell32-sys v0.1.2
[INFO] [stderr]   Downloaded appdirs v0.2.0
[INFO] [stderr]   Downloaded dw-models v0.1.0
[INFO] [stderr]   Downloaded ole32-sys v0.2.0
[INFO] [stderr]   Downloaded vec_map v0.6.0
[INFO] [stderr]   Downloaded mpsc_requests v0.3.3
[INFO] [stderr]   Downloaded dw-datastore v0.1.0
[INFO] [stderr]   Downloaded dw-transform v0.1.0
[INFO] [stderr]   Downloaded redfa v0.0.2
[INFO] [stderr]   Downloaded lalr v0.0.2
[INFO] [stderr]   Downloaded plex v0.2.5
[INFO] running `Command { std: "docker" "create" "-v" "/var/lib/crater-agent-workspace/builds/worker-6-tc1/target:/opt/rustwide/target:rw,Z" "-v" "/var/lib/crater-agent-workspace/builds/worker-6-tc1/source:/opt/rustwide/workdir:ro,Z" "-v" "/var/lib/crater-agent-workspace/cargo-home:/opt/rustwide/cargo-home:ro,Z" "-v" "/var/lib/crater-agent-workspace/rustup-home:/opt/rustwide/rustup-home:ro,Z" "-e" "SOURCE_DIR=/opt/rustwide/workdir" "-e" "CARGO_TARGET_DIR=/opt/rustwide/target" "-e" "CARGO_HOME=/opt/rustwide/cargo-home" "-e" "RUSTUP_HOME=/opt/rustwide/rustup-home" "-w" "/opt/rustwide/workdir" "-m" "1610612736" "--user" "0:0" "--network" "none" "ghcr.io/rust-lang/crates-build-env/linux@sha256:2788e3201cd34a07e3172128adcd8b3090168a8e3bcc40d7c032b9dda1df7d1c" "/opt/rustwide/cargo-home/bin/cargo" "+1.75.0" "metadata" "--no-deps" "--format-version=1", kill_on_drop: false }`
[INFO] [stdout] 38b920678148d3661d50d9e654b3bab45de7be082863b8d741d4975607856fdb
[INFO] running `Command { std: "docker" "start" "-a" "38b920678148d3661d50d9e654b3bab45de7be082863b8d741d4975607856fdb", kill_on_drop: false }`
[INFO] running `Command { std: "docker" "inspect" "38b920678148d3661d50d9e654b3bab45de7be082863b8d741d4975607856fdb", kill_on_drop: false }`
[INFO] running `Command { std: "docker" "rm" "-f" "38b920678148d3661d50d9e654b3bab45de7be082863b8d741d4975607856fdb", kill_on_drop: false }`
[INFO] [stdout] 38b920678148d3661d50d9e654b3bab45de7be082863b8d741d4975607856fdb
[INFO] running `Command { std: "docker" "create" "-v" "/var/lib/crater-agent-workspace/builds/worker-6-tc1/target:/opt/rustwide/target:rw,Z" "-v" "/var/lib/crater-agent-workspace/builds/worker-6-tc1/source:/opt/rustwide/workdir:ro,Z" "-v" "/var/lib/crater-agent-workspace/cargo-home:/opt/rustwide/cargo-home:ro,Z" "-v" "/var/lib/crater-agent-workspace/rustup-home:/opt/rustwide/rustup-home:ro,Z" "-e" "SOURCE_DIR=/opt/rustwide/workdir" "-e" "CARGO_TARGET_DIR=/opt/rustwide/target" "-e" "CARGO_INCREMENTAL=0" "-e" "RUST_BACKTRACE=full" "-e" "RUSTFLAGS=--cap-lints=warn" "-e" "RUSTDOCFLAGS=--cap-lints=warn" "-e" "CARGO_HOME=/opt/rustwide/cargo-home" "-e" "RUSTUP_HOME=/opt/rustwide/rustup-home" "-w" "/opt/rustwide/workdir" "-m" "1610612736" "--user" "0:0" "--network" "none" "ghcr.io/rust-lang/crates-build-env/linux@sha256:2788e3201cd34a07e3172128adcd8b3090168a8e3bcc40d7c032b9dda1df7d1c" "/opt/rustwide/cargo-home/bin/cargo" "+1.75.0" "doc" "--frozen" "--no-deps" "--document-private-items" "--message-format=json", kill_on_drop: false }`
[INFO] [stdout] 837e5afbbdec9a3a15d953d38f9249762c904a5aca5e415b38b3e6af97b65d50
[INFO] running `Command { std: "docker" "start" "-a" "837e5afbbdec9a3a15d953d38f9249762c904a5aca5e415b38b3e6af97b65d50", kill_on_drop: false }`
[INFO] [stderr]    Compiling proc-macro2 v1.0.76
[INFO] [stderr]    Compiling yansi v1.0.0-rc.1
[INFO] [stderr]    Compiling proc-macro2-diagnostics v0.10.1
[INFO] [stderr]    Compiling rustix v0.38.28
[INFO] [stderr]    Compiling pin-project-lite v0.2.13
[INFO] [stderr]     Checking futures-channel v0.3.30
[INFO] [stderr]    Compiling cookie v0.18.0
[INFO] [stderr]    Compiling ref-cast v1.0.22
[INFO] [stderr]    Compiling futures-core v0.3.30
[INFO] [stderr]    Compiling futures-sink v0.3.30
[INFO] [stderr]    Compiling futures-task v0.3.30
[INFO] [stderr]    Compiling bytes v1.5.0
[INFO] [stderr]    Compiling powerfmt v0.2.0
[INFO] [stderr]    Compiling syn v1.0.109
[INFO] [stderr]    Compiling tracing-core v0.1.32
[INFO] [stderr]    Compiling mio v0.8.10
[INFO] [stderr]    Compiling socket2 v0.5.5
[INFO] [stderr]    Compiling uncased v0.9.9
[INFO] [stderr]    Compiling futures-util v0.3.30
[INFO] [stderr]    Compiling deranged v0.3.11
[INFO] [stderr]    Compiling try-lock v0.2.5
[INFO] [stderr]    Compiling bitflags v2.4.1
[INFO] [stderr]    Compiling want v0.3.1
[INFO] [stderr]    Compiling httparse v1.8.0
[INFO] [stderr]    Compiling ahash v0.7.7
[INFO] [stderr]    Compiling tower-service v0.3.2
[INFO] [stderr]    Compiling httpdate v1.0.3
[INFO] [stderr]    Compiling tracing v0.1.40
[INFO] [stderr]    Compiling quote v1.0.35
[INFO] [stderr]    Compiling http v0.2.11
[INFO] [stderr]    Compiling tokio v1.35.1
[INFO] [stderr]    Compiling futures-io v0.3.30
[INFO] [stderr]    Compiling syn v2.0.48
[INFO] [stderr]    Compiling stable-pattern v0.1.0
[INFO] [stderr]     Checking time v0.3.31
[INFO] [stderr]    Compiling figment v0.10.13
[INFO] [stderr]    Compiling multer v2.1.0
[INFO] [stderr]    Compiling state v0.6.0
[INFO] [stderr]    Compiling proc-macro2 v0.4.30
[INFO] [stderr]    Compiling either v1.9.0
[INFO] [stderr]    Compiling schemars v0.8.16
[INFO] [stderr]    Compiling libsqlite3-sys v0.23.2
[INFO] [stderr]    Compiling rocket v0.5.0
[INFO] [stderr]    Compiling unicode-xid v0.1.0
[INFO] [stderr]     Checking spin v0.9.8
[INFO] [stderr]     Checking hashbrown v0.11.2
[INFO] [stderr]    Compiling syn v0.15.44
[INFO] [stderr]    Compiling bit-vec v0.4.4
[INFO] [stderr]     Checking atomic v0.5.3
[INFO] [stderr]     Checking crossbeam-channel v0.4.4
[INFO] [stderr]    Compiling http-body v0.4.6
[INFO] [stderr]    Compiling bit-set v0.4.0
[INFO] [stderr]    Compiling quote v0.6.13
[INFO] [stderr]    Compiling vec_map v0.6.0
[INFO] [stderr]     Checking hashlink v0.7.0
[INFO] [stderr]     Checking appdirs v0.2.0
[INFO] [stderr]     Checking mpsc_requests v0.3.3
[INFO] [stderr]    Compiling redfa v0.0.2
[INFO] [stderr]    Compiling lalr v0.0.2
[INFO] [stderr]    Compiling futures v0.3.30
[INFO] [stderr]     Checking is-terminal v0.4.10
[INFO] [stderr]     Checking tempfile v3.9.0
[INFO] [stderr]    Compiling serde_derive_internals v0.26.0
[INFO] [stderr]    Compiling hyper v0.14.28
[INFO] [stderr]    Compiling schemars_derive v0.8.16
[INFO] [stderr]    Compiling devise_core v0.4.1
[INFO] [stderr]    Compiling serde_derive v1.0.195
[INFO] [stderr]    Compiling tokio-macros v2.2.0
[INFO] [stderr]    Compiling pear_codegen v0.2.8
[INFO] [stderr]    Compiling ref-cast-impl v1.0.22
[INFO] [stderr]    Compiling async-stream-impl v0.3.5
[INFO] [stderr]    Compiling async-trait v0.1.77
[INFO] [stderr]    Compiling devise_codegen v0.4.1
[INFO] [stderr]    Compiling plex v0.2.5
[INFO] [stdout] error[E0554]: `#![feature]` may not be used on the stable release channel
[INFO] [stdout]  --> /opt/rustwide/cargo-home/registry/src/index.crates.io-6f17d22bba15001f/plex-0.2.5/src/lib.rs:2:12
[INFO] [stdout]   |
[INFO] [stdout] 2 | #![feature(proc_macro_diagnostic)]
[INFO] [stdout]   |            ^^^^^^^^^^^^^^^^^^^^^
[INFO] [stdout] 
[INFO] [stdout] 
[INFO] [stdout] error[E0554]: `#![feature]` may not be used on the stable release channel
[INFO] [stdout]  --> /opt/rustwide/cargo-home/registry/src/index.crates.io-6f17d22bba15001f/plex-0.2.5/src/lib.rs:3:12
[INFO] [stdout]   |
[INFO] [stdout] 3 | #![feature(proc_macro_span)]
[INFO] [stdout]   |            ^^^^^^^^^^^^^^^
[INFO] [stdout] 
[INFO] [stdout] 
[INFO] [stdout] error: aborting due to 2 previous errors
[INFO] [stdout] 
[INFO] [stdout] 
[INFO] [stdout] For more information about this error, try `rustc --explain E0554`.
[INFO] [stdout] 
[INFO] [stderr] error: could not compile `plex` (lib) due to 3 previous errors
[INFO] [stderr] warning: build failed, waiting for other jobs to finish...
[INFO] running `Command { std: "docker" "inspect" "837e5afbbdec9a3a15d953d38f9249762c904a5aca5e415b38b3e6af97b65d50", kill_on_drop: false }`
[INFO] running `Command { std: "docker" "rm" "-f" "837e5afbbdec9a3a15d953d38f9249762c904a5aca5e415b38b3e6af97b65d50", kill_on_drop: false }`
[INFO] [stdout] 837e5afbbdec9a3a15d953d38f9249762c904a5aca5e415b38b3e6af97b65d50
[INFO] documenting dw-query-0.1.0 against beta-2023-12-22 for beta-1.76-rustdoc-1
[INFO] extracting crate dw-query 0.1.0 into /workspace/builds/worker-6-tc2/source
[INFO] validating manifest of crates.io crate dw-query 0.1.0 on toolchain beta-2023-12-22
[INFO] running `Command { std: CARGO_HOME="/workspace/cargo-home" RUSTUP_HOME="/workspace/rustup-home" "/workspace/cargo-home/bin/cargo" "+beta-2023-12-22" "metadata" "--manifest-path" "Cargo.toml" "--no-deps", kill_on_drop: false }`
[INFO] started tweaking crates.io crate dw-query 0.1.0
[INFO] finished tweaking crates.io crate dw-query 0.1.0
[INFO] tweaked toml for crates.io crate dw-query 0.1.0 written to /workspace/builds/worker-6-tc2/source/Cargo.toml
[INFO] running `Command { std: CARGO_HOME="/workspace/cargo-home" RUSTUP_HOME="/workspace/rustup-home" "/workspace/cargo-home/bin/cargo" "+beta-2023-12-22" "generate-lockfile" "--manifest-path" "Cargo.toml", kill_on_drop: false }`
[INFO] [stderr]     Updating crates.io index
[INFO] running `Command { std: CARGO_HOME="/workspace/cargo-home" RUSTUP_HOME="/workspace/rustup-home" "/workspace/cargo-home/bin/cargo" "+beta-2023-12-22" "fetch" "--manifest-path" "Cargo.toml", kill_on_drop: false }`
[INFO] running `Command { std: "docker" "create" "-v" "/var/lib/crater-agent-workspace/builds/worker-6-tc2/target:/opt/rustwide/target:rw,Z" "-v" "/var/lib/crater-agent-workspace/builds/worker-6-tc2/source:/opt/rustwide/workdir:ro,Z" "-v" "/var/lib/crater-agent-workspace/cargo-home:/opt/rustwide/cargo-home:ro,Z" "-v" "/var/lib/crater-agent-workspace/rustup-home:/opt/rustwide/rustup-home:ro,Z" "-e" "SOURCE_DIR=/opt/rustwide/workdir" "-e" "CARGO_TARGET_DIR=/opt/rustwide/target" "-e" "CARGO_HOME=/opt/rustwide/cargo-home" "-e" "RUSTUP_HOME=/opt/rustwide/rustup-home" "-w" "/opt/rustwide/workdir" "-m" "1610612736" "--user" "0:0" "--network" "none" "ghcr.io/rust-lang/crates-build-env/linux@sha256:2788e3201cd34a07e3172128adcd8b3090168a8e3bcc40d7c032b9dda1df7d1c" "/opt/rustwide/cargo-home/bin/cargo" "+beta-2023-12-22" "metadata" "--no-deps" "--format-version=1", kill_on_drop: false }`
[INFO] [stdout] 5e00a685f4d320ee175559a92d82f0d436b447df381b84dc7c5d9cf2aa7357e8
[INFO] running `Command { std: "docker" "start" "-a" "5e00a685f4d320ee175559a92d82f0d436b447df381b84dc7c5d9cf2aa7357e8", kill_on_drop: false }`
[INFO] running `Command { std: "docker" "inspect" "5e00a685f4d320ee175559a92d82f0d436b447df381b84dc7c5d9cf2aa7357e8", kill_on_drop: false }`
[INFO] running `Command { std: "docker" "rm" "-f" "5e00a685f4d320ee175559a92d82f0d436b447df381b84dc7c5d9cf2aa7357e8", kill_on_drop: false }`
[INFO] [stdout] 5e00a685f4d320ee175559a92d82f0d436b447df381b84dc7c5d9cf2aa7357e8
[INFO] running `Command { std: "docker" "create" "-v" "/var/lib/crater-agent-workspace/builds/worker-6-tc2/target:/opt/rustwide/target:rw,Z" "-v" "/var/lib/crater-agent-workspace/builds/worker-6-tc2/source:/opt/rustwide/workdir:ro,Z" "-v" "/var/lib/crater-agent-workspace/cargo-home:/opt/rustwide/cargo-home:ro,Z" "-v" "/var/lib/crater-agent-workspace/rustup-home:/opt/rustwide/rustup-home:ro,Z" "-e" "SOURCE_DIR=/opt/rustwide/workdir" "-e" "CARGO_TARGET_DIR=/opt/rustwide/target" "-e" "CARGO_INCREMENTAL=0" "-e" "RUST_BACKTRACE=full" "-e" "RUSTFLAGS=--cap-lints=warn" "-e" "RUSTDOCFLAGS=--cap-lints=warn" "-e" "CARGO_HOME=/opt/rustwide/cargo-home" "-e" "RUSTUP_HOME=/opt/rustwide/rustup-home" "-w" "/opt/rustwide/workdir" "-m" "1610612736" "--user" "0:0" "--network" "none" "ghcr.io/rust-lang/crates-build-env/linux@sha256:2788e3201cd34a07e3172128adcd8b3090168a8e3bcc40d7c032b9dda1df7d1c" "/opt/rustwide/cargo-home/bin/cargo" "+beta-2023-12-22" "doc" "--frozen" "--no-deps" "--document-private-items" "--message-format=json", kill_on_drop: false }`
[INFO] [stdout] e59be1f7faf29be1176abc1591925fe58e6342ad5e83d14ce6d9179d51bd9547
[INFO] running `Command { std: "docker" "start" "-a" "e59be1f7faf29be1176abc1591925fe58e6342ad5e83d14ce6d9179d51bd9547", kill_on_drop: false }`
[INFO] [stderr]    Compiling proc-macro2 v1.0.76
[INFO] [stderr]    Compiling yansi v1.0.0-rc.1
[INFO] [stderr]    Compiling proc-macro2-diagnostics v0.10.1
[INFO] [stderr]    Compiling rustix v0.38.28
[INFO] [stderr]    Compiling pin-project-lite v0.2.13
[INFO] [stderr]     Checking futures-channel v0.3.30
[INFO] [stderr]    Compiling cookie v0.18.0
[INFO] [stderr]    Compiling futures-core v0.3.30
[INFO] [stderr]    Compiling ref-cast v1.0.22
[INFO] [stderr]    Compiling futures-sink v0.3.30
[INFO] [stderr]    Compiling futures-task v0.3.30
[INFO] [stderr]    Compiling bytes v1.5.0
[INFO] [stderr]    Compiling powerfmt v0.2.0
[INFO] [stderr]    Compiling syn v1.0.109
[INFO] [stderr]    Compiling tracing-core v0.1.32
[INFO] [stderr]    Compiling mio v0.8.10
[INFO] [stderr]    Compiling socket2 v0.5.5
[INFO] [stderr]    Compiling uncased v0.9.9
[INFO] [stderr]    Compiling futures-util v0.3.30
[INFO] [stderr]    Compiling deranged v0.3.11
[INFO] [stderr]    Compiling bitflags v2.4.1
[INFO] [stderr]    Compiling try-lock v0.2.5
[INFO] [stderr]    Compiling httparse v1.8.0
[INFO] [stderr]    Compiling want v0.3.1
[INFO] [stderr]    Compiling ahash v0.7.7
[INFO] [stderr]    Compiling httpdate v1.0.3
[INFO] [stderr]    Compiling tower-service v0.3.2
[INFO] [stderr]    Compiling futures-io v0.3.30
[INFO] [stderr]    Compiling tracing v0.1.40
[INFO] [stderr]    Compiling tokio v1.35.1
[INFO] [stderr]    Compiling quote v1.0.35
[INFO] [stderr]    Compiling http v0.2.11
[INFO] [stderr]    Compiling syn v2.0.48
[INFO] [stderr]    Compiling stable-pattern v0.1.0
[INFO] [stderr]     Checking time v0.3.31
[INFO] [stderr]    Compiling figment v0.10.13
[INFO] [stderr]    Compiling multer v2.1.0
[INFO] [stderr]    Compiling state v0.6.0
[INFO] [stderr]    Compiling either v1.9.0
[INFO] [stderr]    Compiling proc-macro2 v0.4.30
[INFO] [stderr]    Compiling schemars v0.8.16
[INFO] [stderr]    Compiling libsqlite3-sys v0.23.2
[INFO] [stderr]    Compiling rocket v0.5.0
[INFO] [stderr]     Checking spin v0.9.8
[INFO] [stderr]    Compiling unicode-xid v0.1.0
[INFO] [stderr]     Checking hashbrown v0.11.2
[INFO] [stderr]    Compiling syn v0.15.44
[INFO] [stderr]     Checking atomic v0.5.3
[INFO] [stderr]    Compiling bit-vec v0.4.4
[INFO] [stderr]     Checking crossbeam-channel v0.4.4
[INFO] [stderr]    Compiling vec_map v0.6.0
[INFO] [stderr]    Compiling http-body v0.4.6
[INFO] [stderr]    Compiling bit-set v0.4.0
[INFO] [stderr]    Compiling lalr v0.0.2
[INFO] [stderr]     Checking hashlink v0.7.0
[INFO] [stderr]    Compiling quote v0.6.13
[INFO] [stderr]     Checking mpsc_requests v0.3.3
[INFO] [stderr]    Compiling redfa v0.0.2
[INFO] [stderr]     Checking appdirs v0.2.0
[INFO] [stderr]    Compiling futures v0.3.30
[INFO] [stderr]     Checking is-terminal v0.4.10
[INFO] [stderr]     Checking tempfile v3.9.0
[INFO] [stderr]    Compiling serde_derive_internals v0.26.0
[INFO] [stderr]    Compiling hyper v0.14.28
[INFO] [stderr]    Compiling schemars_derive v0.8.16
[INFO] [stderr]    Compiling devise_core v0.4.1
[INFO] [stderr]    Compiling serde_derive v1.0.195
[INFO] [stderr]    Compiling tokio-macros v2.2.0
[INFO] [stderr]    Compiling pear_codegen v0.2.8
[INFO] [stderr]    Compiling ref-cast-impl v1.0.22
[INFO] [stderr]    Compiling async-stream-impl v0.3.5
[INFO] [stderr]    Compiling async-trait v0.1.77
[INFO] [stderr]    Compiling devise_codegen v0.4.1
[INFO] [stderr]    Compiling plex v0.2.5
[INFO] [stdout] error[E0554]: `#![feature]` may not be used on the beta release channel
[INFO] [stdout]  --> /opt/rustwide/cargo-home/registry/src/index.crates.io-6f17d22bba15001f/plex-0.2.5/src/lib.rs:2:12
[INFO] [stdout]   |
[INFO] [stdout] 2 | #![feature(proc_macro_diagnostic)]
[INFO] [stdout]   |            ^^^^^^^^^^^^^^^^^^^^^
[INFO] [stdout] 
[INFO] [stdout] 
[INFO] [stdout] error[E0554]: `#![feature]` may not be used on the beta release channel
[INFO] [stdout]  --> /opt/rustwide/cargo-home/registry/src/index.crates.io-6f17d22bba15001f/plex-0.2.5/src/lib.rs:3:12
[INFO] [stdout]   |
[INFO] [stdout] 3 | #![feature(proc_macro_span)]
[INFO] [stdout]   |            ^^^^^^^^^^^^^^^
[INFO] [stdout] 
[INFO] [stdout] 
[INFO] [stdout] error: aborting due to 2 previous errors
[INFO] [stdout] 
[INFO] [stdout] 
[INFO] [stdout] For more information about this error, try `rustc --explain E0554`.
[INFO] [stdout] 
[INFO] [stderr] error: could not compile `plex` (lib) due to 3 previous errors
[INFO] [stderr] warning: build failed, waiting for other jobs to finish...
[INFO] running `Command { std: "docker" "inspect" "e59be1f7faf29be1176abc1591925fe58e6342ad5e83d14ce6d9179d51bd9547", kill_on_drop: false }`
[INFO] running `Command { std: "docker" "rm" "-f" "e59be1f7faf29be1176abc1591925fe58e6342ad5e83d14ce6d9179d51bd9547", kill_on_drop: false }`
[INFO] [stdout] e59be1f7faf29be1176abc1591925fe58e6342ad5e83d14ce6d9179d51bd9547
