[INFO] fetching crate dusk-wallet 0.20.1...
[INFO] documenting dusk-wallet-0.20.1 against 1.75.0 for beta-1.76-rustdoc-1
[INFO] extracting crate dusk-wallet 0.20.1 into /workspace/builds/worker-2-tc1/source
[INFO] validating manifest of crates.io crate dusk-wallet 0.20.1 on toolchain 1.75.0
[INFO] running `Command { std: CARGO_HOME="/workspace/cargo-home" RUSTUP_HOME="/workspace/rustup-home" "/workspace/cargo-home/bin/cargo" "+1.75.0" "metadata" "--manifest-path" "Cargo.toml" "--no-deps", kill_on_drop: false }`
[INFO] removed /workspace/builds/worker-2-tc1/source/rust-toolchain
[INFO] started tweaking crates.io crate dusk-wallet 0.20.1
[INFO] finished tweaking crates.io crate dusk-wallet 0.20.1
[INFO] tweaked toml for crates.io crate dusk-wallet 0.20.1 written to /workspace/builds/worker-2-tc1/source/Cargo.toml
[INFO] crate crates.io crate dusk-wallet 0.20.1 already has a lockfile, it will not be regenerated
[INFO] running `Command { std: CARGO_HOME="/workspace/cargo-home" RUSTUP_HOME="/workspace/rustup-home" "/workspace/cargo-home/bin/cargo" "+1.75.0" "fetch" "--manifest-path" "Cargo.toml", kill_on_drop: false }`
[INFO] [stderr]     Updating crates.io index
[INFO] [stderr]  Downloading crates ...
[INFO] [stderr]   Downloaded dusk-poseidon v0.31.0
[INFO] [stderr]   Downloaded rkyv_derive v0.7.39
[INFO] [stderr]   Downloaded cpufeatures v0.2.10
[INFO] [stderr]   Downloaded rkyv v0.7.39
[INFO] [stderr]   Downloaded crypto v0.3.0
[INFO] [stderr]   Downloaded konst_kernel v0.3.6
[INFO] [stderr]   Downloaded open v2.1.3
[INFO] [stderr]   Downloaded phoenix-core v0.21.0
[INFO] [stderr]   Downloaded dusk-wallet-core v0.22.0-plonk.0.16
[INFO] [stderr]   Downloaded konst v0.3.6
[INFO] [stderr]   Downloaded typewit v1.8.0
[INFO] [stderr]   Downloaded itertools v0.9.0
[INFO] [stderr]   Downloaded dusk-bls12_381 v0.12.3
[INFO] [stderr]   Downloaded dusk-plonk v0.16.0
[INFO] [stderr]   Downloaded requestty v0.4.1
[INFO] [stderr]   Downloaded ahash v0.4.8
[INFO] [stderr]   Downloaded requestty-ui v0.4.1
[INFO] [stderr]   Downloaded dusk-pki v0.13.0
[INFO] [stderr]   Downloaded dusk-jubjub v0.13.1
[INFO] [stderr]   Downloaded block-modes v0.8.1
[INFO] [stderr]   Downloaded hashbrown v0.9.1
[INFO] [stderr]   Downloaded pairing v0.23.0
[INFO] [stderr]   Downloaded typewit_proc_macros v1.8.1
[INFO] [stderr]   Downloaded merlin v3.0.0
[INFO] [stderr]   Downloaded msgpacker-derive v0.3.1
[INFO] [stderr]   Downloaded rend v0.3.6
[INFO] [stderr]   Downloaded derive-hex v0.1.2
[INFO] [stderr]   Downloaded konst_proc_macros v0.3.0
[INFO] [stderr]   Downloaded dusk-bytes v0.1.6
[INFO] [stderr]   Downloaded dusk-bls12_381-sign v0.5.0
[INFO] [stderr]   Downloaded msgpacker v0.4.3
[INFO] [stderr]   Downloaded poseidon-merkle v0.3.0
[INFO] [stderr]   Downloaded dusk-schnorr v0.14.0
[INFO] [stderr]   Downloaded piecrust-uplink v0.8.0-rc.0
[INFO] [stderr]   Downloaded dusk-hades v0.22.0
[INFO] [stderr]   Downloaded dusk-merkle v0.5.1
[INFO] [stderr]   Downloaded rusk-abi v0.11.0
[INFO] running `Command { std: "docker" "create" "-v" "/var/lib/crater-agent-workspace/builds/worker-2-tc1/target:/opt/rustwide/target:rw,Z" "-v" "/var/lib/crater-agent-workspace/builds/worker-2-tc1/source:/opt/rustwide/workdir:ro,Z" "-v" "/var/lib/crater-agent-workspace/cargo-home:/opt/rustwide/cargo-home:ro,Z" "-v" "/var/lib/crater-agent-workspace/rustup-home:/opt/rustwide/rustup-home:ro,Z" "-e" "SOURCE_DIR=/opt/rustwide/workdir" "-e" "CARGO_TARGET_DIR=/opt/rustwide/target" "-e" "CARGO_HOME=/opt/rustwide/cargo-home" "-e" "RUSTUP_HOME=/opt/rustwide/rustup-home" "-w" "/opt/rustwide/workdir" "-m" "1610612736" "--user" "0:0" "--network" "none" "ghcr.io/rust-lang/crates-build-env/linux@sha256:2788e3201cd34a07e3172128adcd8b3090168a8e3bcc40d7c032b9dda1df7d1c" "/opt/rustwide/cargo-home/bin/cargo" "+1.75.0" "metadata" "--no-deps" "--format-version=1", kill_on_drop: false }`
[INFO] [stdout] fa454c1e59a0b9f968aa5aab6d4f72918e9497e3dade6638422ee1a6204ab9fa
[INFO] running `Command { std: "docker" "start" "-a" "fa454c1e59a0b9f968aa5aab6d4f72918e9497e3dade6638422ee1a6204ab9fa", kill_on_drop: false }`
[INFO] running `Command { std: "docker" "inspect" "fa454c1e59a0b9f968aa5aab6d4f72918e9497e3dade6638422ee1a6204ab9fa", kill_on_drop: false }`
[INFO] running `Command { std: "docker" "rm" "-f" "fa454c1e59a0b9f968aa5aab6d4f72918e9497e3dade6638422ee1a6204ab9fa", kill_on_drop: false }`
[INFO] [stdout] fa454c1e59a0b9f968aa5aab6d4f72918e9497e3dade6638422ee1a6204ab9fa
[INFO] running `Command { std: "docker" "create" "-v" "/var/lib/crater-agent-workspace/builds/worker-2-tc1/target:/opt/rustwide/target:rw,Z" "-v" "/var/lib/crater-agent-workspace/builds/worker-2-tc1/source:/opt/rustwide/workdir:ro,Z" "-v" "/var/lib/crater-agent-workspace/cargo-home:/opt/rustwide/cargo-home:ro,Z" "-v" "/var/lib/crater-agent-workspace/rustup-home:/opt/rustwide/rustup-home:ro,Z" "-e" "SOURCE_DIR=/opt/rustwide/workdir" "-e" "CARGO_TARGET_DIR=/opt/rustwide/target" "-e" "CARGO_INCREMENTAL=0" "-e" "RUST_BACKTRACE=full" "-e" "RUSTFLAGS=--cap-lints=warn" "-e" "RUSTDOCFLAGS=--cap-lints=warn" "-e" "CARGO_HOME=/opt/rustwide/cargo-home" "-e" "RUSTUP_HOME=/opt/rustwide/rustup-home" "-w" "/opt/rustwide/workdir" "-m" "1610612736" "--user" "0:0" "--network" "none" "ghcr.io/rust-lang/crates-build-env/linux@sha256:2788e3201cd34a07e3172128adcd8b3090168a8e3bcc40d7c032b9dda1df7d1c" "/opt/rustwide/cargo-home/bin/cargo" "+1.75.0" "doc" "--frozen" "--no-deps" "--document-private-items" "--message-format=json", kill_on_drop: false }`
[INFO] [stdout] 2e7a693df775cfce3e8b5eebd12ee00b02b0b4d5513789553fd8c887b8dad890
[INFO] running `Command { std: "docker" "start" "-a" "2e7a693df775cfce3e8b5eebd12ee00b02b0b4d5513789553fd8c887b8dad890", kill_on_drop: false }`
[INFO] [stderr]    Compiling libc v0.2.149
[INFO] [stderr]    Compiling proc-macro2 v1.0.69
[INFO] [stderr]    Compiling radium v0.7.0
[INFO] [stderr]    Compiling bytecheck v0.6.11
[INFO] [stderr]     Checking tap v1.0.1
[INFO] [stderr]    Compiling rend v0.3.6
[INFO] [stderr]    Compiling rkyv v0.7.39
[INFO] [stderr]     Checking funty v2.0.0
[INFO] [stderr]     Checking seahash v4.1.0
[INFO] [stderr]     Checking cpufeatures v0.2.10
[INFO] [stderr]     Checking smallvec v1.11.1
[INFO] [stderr]     Checking digest v0.10.7
[INFO] [stderr]     Checking rayon-core v1.12.0
[INFO] [stderr]     Checking ahash v0.4.8
[INFO] [stderr]     Checking miniz_oxide v0.7.1
[INFO] [stderr]     Checking itertools v0.9.0
[INFO] [stderr]     Checking tracing-core v0.1.32
[INFO] [stderr]     Checking wyz v0.5.1
[INFO] [stderr]    Compiling serde v1.0.189
[INFO] [stderr]     Checking hashbrown v0.9.1
[INFO] [stderr]     Checking sha2 v0.10.8
[INFO] [stderr]    Compiling futures-channel v0.3.28
[INFO] [stderr]    Compiling clang-sys v1.6.1
[INFO] [stderr]    Compiling prettyplease v0.2.15
[INFO] [stderr]    Compiling futures-util v0.3.28
[INFO] [stderr]     Checking memchr v2.6.4
[INFO] [stderr]    Compiling libloading v0.7.4
[INFO] [stderr]     Checking rayon v1.8.0
[INFO] [stderr]    Compiling openssl v0.10.57
[INFO] [stderr]    Compiling signal-hook v0.3.17
[INFO] [stderr]    Compiling bindgen v0.65.1
[INFO] [stderr]     Checking blake2 v0.10.6
[INFO] [stderr]    Compiling rustix v0.38.20
[INFO] [stderr]     Checking bitvec v1.0.1
[INFO] [stderr]     Checking crypto-mac v0.8.0
[INFO] [stderr]     Checking smawk v0.3.2
[INFO] [stderr]     Checking unicode-linebreak v0.1.5
[INFO] [stderr]    Compiling typewit_proc_macros v1.8.1
[INFO] [stderr]     Checking regex-syntax v0.6.29
[INFO] [stderr]     Checking unicode-width v0.1.11
[INFO] [stderr]     Checking linux-raw-sys v0.4.10
[INFO] [stderr]     Checking regex-syntax v0.8.2
[INFO] [stderr]    Compiling thiserror v1.0.50
[INFO] [stderr]     Checking blake2b_simd v1.0.2
[INFO] [stderr]    Compiling quote v1.0.33
[INFO] [stderr]     Checking cipher v0.3.0
[INFO] [stderr]     Checking textwrap v0.15.2
[INFO] [stderr]     Checking os_str_bytes v6.6.1
[INFO] [stderr]    Compiling syn v2.0.38
[INFO] [stderr]    Compiling jobserver v0.1.27
[INFO] [stderr]    Compiling syn v1.0.109
[INFO] [stderr]    Compiling nom v7.1.3
[INFO] [stderr]     Checking typewit v1.8.0
[INFO] [stderr]     Checking getrandom v0.2.10
[INFO] [stderr]     Checking signal-hook-registry v1.4.1
[INFO] [stderr]     Checking parking_lot_core v0.9.9
[INFO] [stderr]     Checking mio v0.8.9
[INFO] [stderr]    Compiling cc v1.0.83
[INFO] [stderr]     Checking ahash v0.7.7
[INFO] [stderr]     Checking rand_core v0.6.4
[INFO] [stderr]     Checking parking_lot v0.12.1
[INFO] [stderr]     Checking num_cpus v1.16.0
[INFO] [stderr]     Checking socket2 v0.5.5
[INFO] [stderr]     Checking hashbrown v0.12.3
[INFO] [stderr]     Checking getrandom v0.1.16
[INFO] [stderr]    Compiling proc-macro-error-attr v1.0.4
[INFO] [stderr]     Checking socket2 v0.4.10
[INFO] [stderr]     Checking rand_chacha v0.3.1
[INFO] [stderr]     Checking rand_core v0.5.1
[INFO] [stderr]     Checking signal-hook-mio v0.2.3
[INFO] [stderr]     Checking crossterm v0.23.2
[INFO] [stderr]    Compiling async-trait v0.1.74
[INFO] [stderr]     Checking rand_chacha v0.2.2
[INFO] [stderr]     Checking unicode-segmentation v1.10.1
[INFO] [stderr]     Checking rand v0.7.3
[INFO] [stderr]     Checking indexmap v1.9.3
[INFO] [stderr]     Checking sharded-slab v0.1.7
[INFO] [stderr]     Checking konst_kernel v0.3.6
[INFO] [stderr]     Checking nanorand v0.7.0
[INFO] [stderr]     Checking requestty-ui v0.4.1
[INFO] [stderr]     Checking regex-automata v0.4.3
[INFO] [stderr]     Checking atty v0.2.14
[INFO] [stderr]     Checking dirs-sys v0.3.7
[INFO] [stderr]     Checking clap_lex v0.2.4
[INFO] [stderr]     Checking sha2 v0.9.9
[INFO] [stderr]     Checking hmac v0.8.1
[INFO] [stderr]     Checking pbkdf2 v0.4.0
[INFO] [stderr]     Checking tracing-log v0.1.4
[INFO] [stderr]     Checking regex-automata v0.1.10
[INFO] [stderr]     Checking spin v0.9.8
[INFO] [stderr]     Checking const_panic v0.2.8
[INFO] [stderr]     Checking pathdiff v0.2.1
[INFO] [stderr]     Checking termcolor v1.3.0
[INFO] [stderr]     Checking textwrap v0.16.0
[INFO] [stderr]    Compiling konst_proc_macros v0.3.0
[INFO] [stderr]     Checking ff v0.13.0
[INFO] [stderr]     Checking block-modes v0.8.1
[INFO] [stderr]     Checking open v2.1.3
[INFO] [stderr]     Checking dirs v4.0.0
[INFO] [stderr]     Checking rand v0.8.5
[INFO] [stderr]     Checking aes v0.7.5
[INFO] [stderr]     Checking group v0.13.0
[INFO] [stderr]    Compiling openssl-sys v0.9.93
[INFO] [stderr]    Compiling bzip2-sys v0.1.11+1.0.8
[INFO] [stderr]    Compiling zstd-sys v2.0.9+zstd.1.5.5
[INFO] [stderr]    Compiling libz-sys v1.1.12
[INFO] [stderr]    Compiling lz4-sys v1.9.4
[INFO] [stderr]     Checking pairing v0.23.0
[INFO] [stderr]    Compiling cexpr v0.6.0
[INFO] [stderr]    Compiling blake3 v1.5.0
[INFO] [stderr]     Checking matchers v0.1.0
[INFO] [stderr]     Checking whoami v1.4.1
[INFO] [stderr]     Checking konst v0.3.6
[INFO] [stderr]     Checking crypto v0.3.0
[INFO] [stderr]     Checking tempfile v3.8.0
[INFO] [stderr]     Checking requestty v0.4.1
[INFO] [stderr]    Compiling native-tls v0.2.11
[INFO] [stderr]     Checking regex v1.10.2
[INFO] [stderr]    Compiling proc-macro-error v1.0.4
[INFO] [stderr]    Compiling ptr_meta_derive v0.1.4
[INFO] [stderr]    Compiling bytecheck_derive v0.6.11
[INFO] [stderr]    Compiling rkyv_derive v0.7.39
[INFO] [stderr]    Compiling derive-hex v0.1.2
[INFO] [stderr]    Compiling clap_derive v3.2.25
[INFO] [stderr]     Checking ptr_meta v0.1.4
[INFO] [stderr]     Checking dusk-bytes v0.1.6
[INFO] [stderr]    Compiling zeroize_derive v1.4.2
[INFO] [stderr]    Compiling msgpacker-derive v0.3.1
[INFO] [stderr]    Compiling serde_derive v1.0.189
[INFO] [stderr]    Compiling tracing-attributes v0.1.27
[INFO] [stderr]    Compiling futures-macro v0.3.28
[INFO] [stderr]    Compiling tokio-macros v2.1.0
[INFO] [stderr]    Compiling openssl-macros v0.1.1
[INFO] [stderr]    Compiling thiserror-impl v1.0.50
[INFO] [stderr]    Compiling pin-project-internal v1.1.3
[INFO] [stderr]     Checking zeroize v1.6.0
[INFO] [stderr]     Checking merlin v3.0.0
[INFO] [stderr]     Checking msgpacker v0.4.3
[INFO] [stderr]     Checking tokio v1.33.0
[INFO] [stdout] error[E0554]: `#![feature]` may not be used on the stable release channel
[INFO] [stdout]  --> /opt/rustwide/cargo-home/registry/src/index.crates.io-6f17d22bba15001f/msgpacker-0.4.3/src/lib.rs:3:5
[INFO] [stdout]   |
[INFO] [stdout] 3 |     iter_array_chunks,
[INFO] [stdout]   |     ^^^^^^^^^^^^^^^^^
[INFO] [stdout] 
[INFO] [stdout] 
[INFO] [stdout] error[E0554]: `#![feature]` may not be used on the stable release channel
[INFO] [stdout]  --> /opt/rustwide/cargo-home/registry/src/index.crates.io-6f17d22bba15001f/msgpacker-0.4.3/src/lib.rs:4:5
[INFO] [stdout]   |
[INFO] [stdout] 4 |     maybe_uninit_array_assume_init,
[INFO] [stdout]   |     ^^^^^^^^^^^^^^^^^^^^^^^^^^^^^^
[INFO] [stdout] 
[INFO] [stdout] 
[INFO] [stdout] error[E0554]: `#![feature]` may not be used on the stable release channel
[INFO] [stdout]  --> /opt/rustwide/cargo-home/registry/src/index.crates.io-6f17d22bba15001f/msgpacker-0.4.3/src/lib.rs:5:5
[INFO] [stdout]   |
[INFO] [stdout] 5 |     maybe_uninit_uninit_array
[INFO] [stdout]   |     ^^^^^^^^^^^^^^^^^^^^^^^^^
[INFO] [stdout] 
[INFO] [stdout] 
[INFO] [stderr]     Checking clap v3.2.25
[INFO] [stdout] error: aborting due to 3 previous errors
[INFO] [stdout] 
[INFO] [stdout] 
[INFO] [stdout] For more information about this error, try `rustc --explain E0554`.
[INFO] [stdout] 
[INFO] [stderr] error: could not compile `msgpacker` (lib) due to 4 previous errors
[INFO] [stderr] warning: build failed, waiting for other jobs to finish...
[INFO] running `Command { std: "docker" "inspect" "2e7a693df775cfce3e8b5eebd12ee00b02b0b4d5513789553fd8c887b8dad890", kill_on_drop: false }`
[INFO] running `Command { std: "docker" "rm" "-f" "2e7a693df775cfce3e8b5eebd12ee00b02b0b4d5513789553fd8c887b8dad890", kill_on_drop: false }`
[INFO] [stdout] 2e7a693df775cfce3e8b5eebd12ee00b02b0b4d5513789553fd8c887b8dad890
[INFO] documenting dusk-wallet-0.20.1 against beta-2023-12-22 for beta-1.76-rustdoc-1
[INFO] extracting crate dusk-wallet 0.20.1 into /workspace/builds/worker-2-tc2/source
[INFO] validating manifest of crates.io crate dusk-wallet 0.20.1 on toolchain beta-2023-12-22
[INFO] running `Command { std: CARGO_HOME="/workspace/cargo-home" RUSTUP_HOME="/workspace/rustup-home" "/workspace/cargo-home/bin/cargo" "+beta-2023-12-22" "metadata" "--manifest-path" "Cargo.toml" "--no-deps", kill_on_drop: false }`
[INFO] removed /workspace/builds/worker-2-tc2/source/rust-toolchain
[INFO] started tweaking crates.io crate dusk-wallet 0.20.1
[INFO] finished tweaking crates.io crate dusk-wallet 0.20.1
[INFO] tweaked toml for crates.io crate dusk-wallet 0.20.1 written to /workspace/builds/worker-2-tc2/source/Cargo.toml
[INFO] crate crates.io crate dusk-wallet 0.20.1 already has a lockfile, it will not be regenerated
[INFO] running `Command { std: CARGO_HOME="/workspace/cargo-home" RUSTUP_HOME="/workspace/rustup-home" "/workspace/cargo-home/bin/cargo" "+beta-2023-12-22" "fetch" "--manifest-path" "Cargo.toml", kill_on_drop: false }`
[INFO] running `Command { std: "docker" "create" "-v" "/var/lib/crater-agent-workspace/builds/worker-2-tc2/target:/opt/rustwide/target:rw,Z" "-v" "/var/lib/crater-agent-workspace/builds/worker-2-tc2/source:/opt/rustwide/workdir:ro,Z" "-v" "/var/lib/crater-agent-workspace/cargo-home:/opt/rustwide/cargo-home:ro,Z" "-v" "/var/lib/crater-agent-workspace/rustup-home:/opt/rustwide/rustup-home:ro,Z" "-e" "SOURCE_DIR=/opt/rustwide/workdir" "-e" "CARGO_TARGET_DIR=/opt/rustwide/target" "-e" "CARGO_HOME=/opt/rustwide/cargo-home" "-e" "RUSTUP_HOME=/opt/rustwide/rustup-home" "-w" "/opt/rustwide/workdir" "-m" "1610612736" "--user" "0:0" "--network" "none" "ghcr.io/rust-lang/crates-build-env/linux@sha256:2788e3201cd34a07e3172128adcd8b3090168a8e3bcc40d7c032b9dda1df7d1c" "/opt/rustwide/cargo-home/bin/cargo" "+beta-2023-12-22" "metadata" "--no-deps" "--format-version=1", kill_on_drop: false }`
[INFO] [stdout] 0a3b308cf5cce4b092eb25596d93a2159bfc2a42e47840a060c13a8b5fa178ae
[INFO] running `Command { std: "docker" "start" "-a" "0a3b308cf5cce4b092eb25596d93a2159bfc2a42e47840a060c13a8b5fa178ae", kill_on_drop: false }`
[INFO] running `Command { std: "docker" "inspect" "0a3b308cf5cce4b092eb25596d93a2159bfc2a42e47840a060c13a8b5fa178ae", kill_on_drop: false }`
[INFO] running `Command { std: "docker" "rm" "-f" "0a3b308cf5cce4b092eb25596d93a2159bfc2a42e47840a060c13a8b5fa178ae", kill_on_drop: false }`
[INFO] [stdout] 0a3b308cf5cce4b092eb25596d93a2159bfc2a42e47840a060c13a8b5fa178ae
[INFO] running `Command { std: "docker" "create" "-v" "/var/lib/crater-agent-workspace/builds/worker-2-tc2/target:/opt/rustwide/target:rw,Z" "-v" "/var/lib/crater-agent-workspace/builds/worker-2-tc2/source:/opt/rustwide/workdir:ro,Z" "-v" "/var/lib/crater-agent-workspace/cargo-home:/opt/rustwide/cargo-home:ro,Z" "-v" "/var/lib/crater-agent-workspace/rustup-home:/opt/rustwide/rustup-home:ro,Z" "-e" "SOURCE_DIR=/opt/rustwide/workdir" "-e" "CARGO_TARGET_DIR=/opt/rustwide/target" "-e" "CARGO_INCREMENTAL=0" "-e" "RUST_BACKTRACE=full" "-e" "RUSTFLAGS=--cap-lints=warn" "-e" "RUSTDOCFLAGS=--cap-lints=warn" "-e" "CARGO_HOME=/opt/rustwide/cargo-home" "-e" "RUSTUP_HOME=/opt/rustwide/rustup-home" "-w" "/opt/rustwide/workdir" "-m" "1610612736" "--user" "0:0" "--network" "none" "ghcr.io/rust-lang/crates-build-env/linux@sha256:2788e3201cd34a07e3172128adcd8b3090168a8e3bcc40d7c032b9dda1df7d1c" "/opt/rustwide/cargo-home/bin/cargo" "+beta-2023-12-22" "doc" "--frozen" "--no-deps" "--document-private-items" "--message-format=json", kill_on_drop: false }`
[INFO] [stdout] 996d0c81794da3e4cc67f5b15839ed79c8286b2cdb8ed14a9c57199327cd4398
[INFO] running `Command { std: "docker" "start" "-a" "996d0c81794da3e4cc67f5b15839ed79c8286b2cdb8ed14a9c57199327cd4398", kill_on_drop: false }`
[INFO] [stderr]    Compiling libc v0.2.149
[INFO] [stderr]    Compiling proc-macro2 v1.0.69
[INFO] [stderr]    Compiling radium v0.7.0
[INFO] [stderr]    Compiling bytecheck v0.6.11
[INFO] [stderr]    Compiling rend v0.3.6
[INFO] [stderr]     Checking tap v1.0.1
[INFO] [stderr]    Compiling rkyv v0.7.39
[INFO] [stderr]     Checking funty v2.0.0
[INFO] [stderr]     Checking seahash v4.1.0
[INFO] [stderr]     Checking cpufeatures v0.2.10
[INFO] [stderr]     Checking smallvec v1.11.1
[INFO] [stderr]     Checking digest v0.10.7
[INFO] [stderr]     Checking rayon-core v1.12.0
[INFO] [stderr]     Checking ahash v0.4.8
[INFO] [stderr]     Checking miniz_oxide v0.7.1
[INFO] [stderr]     Checking itertools v0.9.0
[INFO] [stderr]     Checking tracing-core v0.1.32
[INFO] [stderr]     Checking wyz v0.5.1
[INFO] [stderr]    Compiling serde v1.0.189
[INFO] [stderr]     Checking hashbrown v0.9.1
[INFO] [stderr]     Checking sha2 v0.10.8
[INFO] [stderr]    Compiling futures-channel v0.3.28
[INFO] [stderr]    Compiling clang-sys v1.6.1
[INFO] [stderr]    Compiling prettyplease v0.2.15
[INFO] [stderr]    Compiling futures-util v0.3.28
[INFO] [stderr]    Compiling memchr v2.6.4
[INFO] [stderr]     Checking rayon v1.8.0
[INFO] [stderr]    Compiling libloading v0.7.4
[INFO] [stderr]    Compiling bindgen v0.65.1
[INFO] [stderr]    Compiling signal-hook v0.3.17
[INFO] [stderr]    Compiling openssl v0.10.57
[INFO] [stderr]     Checking blake2 v0.10.6
[INFO] [stderr]    Compiling rustix v0.38.20
[INFO] [stderr]     Checking bitvec v1.0.1
[INFO] [stderr]     Checking crypto-mac v0.8.0
[INFO] [stderr]     Checking smawk v0.3.2
[INFO] [stderr]     Checking regex-syntax v0.6.29
[INFO] [stderr]    Compiling thiserror v1.0.50
[INFO] [stderr]     Checking linux-raw-sys v0.4.10
[INFO] [stderr]     Checking unicode-width v0.1.11
[INFO] [stderr]     Checking regex-syntax v0.8.2
[INFO] [stderr]     Checking unicode-linebreak v0.1.5
[INFO] [stderr]    Compiling typewit_proc_macros v1.8.1
[INFO] [stderr]     Checking blake2b_simd v1.0.2
[INFO] [stderr]    Compiling quote v1.0.33
[INFO] [stderr]    Compiling nom v7.1.3
[INFO] [stderr]     Checking textwrap v0.15.2
[INFO] [stderr]    Compiling syn v2.0.38
[INFO] [stderr]    Compiling syn v1.0.109
[INFO] [stderr]     Checking getrandom v0.2.10
[INFO] [stderr]    Compiling jobserver v0.1.27
[INFO] [stderr]     Checking signal-hook-registry v1.4.1
[INFO] [stderr]     Checking mio v0.8.9
[INFO] [stderr]     Checking parking_lot_core v0.9.9
[INFO] [stderr]     Checking socket2 v0.5.5
[INFO] [stderr]     Checking num_cpus v1.16.0
[INFO] [stderr]     Checking getrandom v0.1.16
[INFO] [stderr]     Checking ahash v0.7.7
[INFO] [stderr]    Compiling cc v1.0.83
[INFO] [stderr]     Checking rand_core v0.6.4
[INFO] [stderr]     Checking parking_lot v0.12.1
[INFO] [stderr]     Checking hashbrown v0.12.3
[INFO] [stderr]     Checking rand_core v0.5.1
[INFO] [stderr]    Compiling proc-macro-error-attr v1.0.4
[INFO] [stderr]     Checking socket2 v0.4.10
[INFO] [stderr]     Checking rand_chacha v0.3.1
[INFO] [stderr]     Checking signal-hook-mio v0.2.3
[INFO] [stderr]     Checking crossterm v0.23.2
[INFO] [stderr]     Checking rand_chacha v0.2.2
[INFO] [stderr]     Checking typewit v1.8.0
[INFO] [stderr]     Checking cipher v0.3.0
[INFO] [stderr]     Checking os_str_bytes v6.6.1
[INFO] [stderr]     Checking unicode-segmentation v1.10.1
[INFO] [stderr]    Compiling async-trait v0.1.74
[INFO] [stderr]     Checking indexmap v1.9.3
[INFO] [stderr]     Checking clap_lex v0.2.4
[INFO] [stderr]     Checking konst_kernel v0.3.6
[INFO] [stderr]     Checking sharded-slab v0.1.7
[INFO] [stderr]     Checking sha2 v0.9.9
[INFO] [stderr]     Checking regex-automata v0.4.3
[INFO] [stderr]     Checking requestty-ui v0.4.1
[INFO] [stderr]     Checking rand v0.7.3
[INFO] [stderr]     Checking nanorand v0.7.0
[INFO] [stderr]     Checking dirs-sys v0.3.7
[INFO] [stderr]     Checking regex-automata v0.1.10
[INFO] [stderr]     Checking atty v0.2.14
[INFO] [stderr]     Checking hmac v0.8.1
[INFO] [stderr]     Checking pbkdf2 v0.4.0
[INFO] [stderr]     Checking tracing-log v0.1.4
[INFO] [stderr]     Checking ff v0.13.0
[INFO] [stderr]     Checking spin v0.9.8
[INFO] [stderr]    Compiling konst_proc_macros v0.3.0
[INFO] [stderr]     Checking termcolor v1.3.0
[INFO] [stderr]     Checking textwrap v0.16.0
[INFO] [stderr]     Checking group v0.13.0
[INFO] [stderr]     Checking const_panic v0.2.8
[INFO] [stderr]     Checking pathdiff v0.2.1
[INFO] [stderr]     Checking open v2.1.3
[INFO] [stderr]     Checking pairing v0.23.0
[INFO] [stderr]     Checking block-modes v0.8.1
[INFO] [stderr]     Checking dirs v4.0.0
[INFO] [stderr]     Checking aes v0.7.5
[INFO] [stderr]    Compiling openssl-sys v0.9.93
[INFO] [stderr]    Compiling zstd-sys v2.0.9+zstd.1.5.5
[INFO] [stderr]    Compiling libz-sys v1.1.12
[INFO] [stderr]    Compiling lz4-sys v1.9.4
[INFO] [stderr]    Compiling cexpr v0.6.0
[INFO] [stderr]    Compiling bzip2-sys v0.1.11+1.0.8
[INFO] [stderr]    Compiling blake3 v1.5.0
[INFO] [stderr]     Checking rand v0.8.5
[INFO] [stderr]     Checking matchers v0.1.0
[INFO] [stderr]     Checking whoami v1.4.1
[INFO] [stderr]     Checking konst v0.3.6
[INFO] [stderr]     Checking crypto v0.3.0
[INFO] [stderr]     Checking tempfile v3.8.0
[INFO] [stderr]     Checking requestty v0.4.1
[INFO] [stderr]    Compiling native-tls v0.2.11
[INFO] [stderr]     Checking regex v1.10.2
[INFO] [stderr]    Compiling proc-macro-error v1.0.4
[INFO] [stderr]    Compiling ptr_meta_derive v0.1.4
[INFO] [stderr]    Compiling bytecheck_derive v0.6.11
[INFO] [stderr]    Compiling rkyv_derive v0.7.39
[INFO] [stderr]    Compiling derive-hex v0.1.2
[INFO] [stderr]    Compiling clap_derive v3.2.25
[INFO] [stderr]     Checking ptr_meta v0.1.4
[INFO] [stderr]     Checking dusk-bytes v0.1.6
[INFO] [stderr]    Compiling zeroize_derive v1.4.2
[INFO] [stderr]    Compiling msgpacker-derive v0.3.1
[INFO] [stderr]    Compiling serde_derive v1.0.189
[INFO] [stderr]    Compiling tracing-attributes v0.1.27
[INFO] [stderr]    Compiling tokio-macros v2.1.0
[INFO] [stderr]    Compiling futures-macro v0.3.28
[INFO] [stderr]    Compiling openssl-macros v0.1.1
[INFO] [stderr]    Compiling thiserror-impl v1.0.50
[INFO] [stderr]    Compiling pin-project-internal v1.1.3
[INFO] [stderr]     Checking zeroize v1.6.0
[INFO] [stderr]     Checking msgpacker v0.4.3
[INFO] [stderr]     Checking tokio v1.33.0
[INFO] [stderr]     Checking merlin v3.0.0
[INFO] [stdout] error[E0554]: `#![feature]` may not be used on the beta release channel
[INFO] [stdout]  --> /opt/rustwide/cargo-home/registry/src/index.crates.io-6f17d22bba15001f/msgpacker-0.4.3/src/lib.rs:3:5
[INFO] [stdout]   |
[INFO] [stdout] 3 |     iter_array_chunks,
[INFO] [stdout]   |     ^^^^^^^^^^^^^^^^^
[INFO] [stdout] 
[INFO] [stdout] 
[INFO] [stdout] error[E0554]: `#![feature]` may not be used on the beta release channel
[INFO] [stdout]  --> /opt/rustwide/cargo-home/registry/src/index.crates.io-6f17d22bba15001f/msgpacker-0.4.3/src/lib.rs:4:5
[INFO] [stdout]   |
[INFO] [stdout] 4 |     maybe_uninit_array_assume_init,
[INFO] [stdout]   |     ^^^^^^^^^^^^^^^^^^^^^^^^^^^^^^
[INFO] [stdout] 
[INFO] [stdout] 
[INFO] [stdout] error[E0554]: `#![feature]` may not be used on the beta release channel
[INFO] [stdout]  --> /opt/rustwide/cargo-home/registry/src/index.crates.io-6f17d22bba15001f/msgpacker-0.4.3/src/lib.rs:5:5
[INFO] [stdout]   |
[INFO] [stdout] 5 |     maybe_uninit_uninit_array
[INFO] [stdout]   |     ^^^^^^^^^^^^^^^^^^^^^^^^^
[INFO] [stdout] 
[INFO] [stdout] 
[INFO] [stderr] error: could not compile `bindgen` (lib)
[INFO] [stderr] 
[INFO] [stderr] Caused by:
[INFO] [stderr]   process didn't exit successfully: `/opt/rustwide/rustup-home/toolchains/beta-2023-12-22-x86_64-unknown-linux-gnu/bin/rustc --crate-name bindgen --edition=2018 /opt/rustwide/cargo-home/registry/src/index.crates.io-6f17d22bba15001f/bindgen-0.65.1/lib.rs --error-format=json --json=diagnostic-rendered-ansi,artifacts,future-incompat --crate-type lib --emit=dep-info,metadata,link -C embed-bitcode=no --cfg 'feature="runtime"' -C metadata=626b5e8b5fc72e07 -C extra-filename=-626b5e8b5fc72e07 --out-dir /opt/rustwide/target/debug/deps -L dependency=/opt/rustwide/target/debug/deps --extern bitflags=/opt/rustwide/target/debug/deps/libbitflags-7dea74733173235c.rmeta --extern cexpr=/opt/rustwide/target/debug/deps/libcexpr-f11ac3d4e4b963fa.rmeta --extern clang_sys=/opt/rustwide/target/debug/deps/libclang_sys-99783138f54df6f9.rmeta --extern lazy_static=/opt/rustwide/target/debug/deps/liblazy_static-9e387837147b962e.rmeta --extern lazycell=/opt/rustwide/target/debug/deps/liblazycell-12abb96df01d4234.rmeta --extern peeking_take_while=/opt/rustwide/target/debug/deps/libpeeking_take_while-b6d60bfccddccb5e.rmeta --extern prettyplease=/opt/rustwide/target/debug/deps/libprettyplease-ad2098d658cf7248.rmeta --extern proc_macro2=/opt/rustwide/target/debug/deps/libproc_macro2-00ccf126c88e5498.rmeta --extern quote=/opt/rustwide/target/debug/deps/libquote-fbe8e71e7887c583.rmeta --extern regex=/opt/rustwide/target/debug/deps/libregex-5b2f067e700ef686.rmeta --extern rustc_hash=/opt/rustwide/target/debug/deps/librustc_hash-5fc4804f431dba66.rmeta --extern shlex=/opt/rustwide/target/debug/deps/libshlex-0c87128e3bf84452.rmeta --extern syn=/opt/rustwide/target/debug/deps/libsyn-b34ad1940f3cf2f9.rmeta --cap-lints allow --cap-lints=warn` (signal: 9, SIGKILL: kill)
[INFO] [stderr] warning: build failed, waiting for other jobs to finish...
[INFO] [stdout] error: aborting due to 3 previous errors
[INFO] [stdout] 
[INFO] [stdout] 
[INFO] [stdout] For more information about this error, try `rustc --explain E0554`.
[INFO] [stdout] 
[INFO] [stderr] error: could not compile `msgpacker` (lib) due to 4 previous errors
[INFO] running `Command { std: "docker" "inspect" "996d0c81794da3e4cc67f5b15839ed79c8286b2cdb8ed14a9c57199327cd4398", kill_on_drop: false }`
[INFO] running `Command { std: "docker" "rm" "-f" "996d0c81794da3e4cc67f5b15839ed79c8286b2cdb8ed14a9c57199327cd4398", kill_on_drop: false }`
[INFO] [stdout] 996d0c81794da3e4cc67f5b15839ed79c8286b2cdb8ed14a9c57199327cd4398
