[INFO] fetching crate dpdk-hash-table 0.1.0...
[INFO] documenting dpdk-hash-table-0.1.0 against 1.75.0 for beta-1.76-rustdoc-1
[INFO] extracting crate dpdk-hash-table 0.1.0 into /workspace/builds/worker-5-tc1/source
[INFO] validating manifest of crates.io crate dpdk-hash-table 0.1.0 on toolchain 1.75.0
[INFO] running `Command { std: CARGO_HOME="/workspace/cargo-home" RUSTUP_HOME="/workspace/rustup-home" "/workspace/cargo-home/bin/cargo" "+1.75.0" "metadata" "--manifest-path" "Cargo.toml" "--no-deps", kill_on_drop: false }`
[INFO] started tweaking crates.io crate dpdk-hash-table 0.1.0
[INFO] finished tweaking crates.io crate dpdk-hash-table 0.1.0
[INFO] tweaked toml for crates.io crate dpdk-hash-table 0.1.0 written to /workspace/builds/worker-5-tc1/source/Cargo.toml
[INFO] running `Command { std: CARGO_HOME="/workspace/cargo-home" RUSTUP_HOME="/workspace/rustup-home" "/workspace/cargo-home/bin/cargo" "+1.75.0" "generate-lockfile" "--manifest-path" "Cargo.toml", kill_on_drop: false }`
[INFO] [stderr]     Updating crates.io index
[INFO] running `Command { std: CARGO_HOME="/workspace/cargo-home" RUSTUP_HOME="/workspace/rustup-home" "/workspace/cargo-home/bin/cargo" "+1.75.0" "fetch" "--manifest-path" "Cargo.toml", kill_on_drop: false }`
[INFO] [stderr]  Downloading crates ...
[INFO] [stderr]   Downloaded errno v0.1.8
[INFO] [stderr]   Downloaded const-cstr-fork v0.2.2
[INFO] [stderr]   Downloaded rust-extra v0.0.13
[INFO] [stderr]   Downloaded dpdk-core v0.1.5
[INFO] [stderr]   Downloaded libc-extra v0.3.2
[INFO] [stderr]   Downloaded dpdk-unix v0.1.1
[INFO] [stderr]   Downloaded network-packet v0.1.1
[INFO] [stderr]   Downloaded libnuma-sys v0.0.9
[INFO] [stderr]   Downloaded rdma-core-sys v0.1.10
[INFO] [stderr]   Downloaded syscall-alt v0.0.14
[INFO] [stderr]   Downloaded likely v0.1.0
[INFO] [stderr]   Downloaded dpdk-sys v0.1.5
[INFO] running `Command { std: "docker" "create" "-v" "/var/lib/crater-agent-workspace/builds/worker-5-tc1/target:/opt/rustwide/target:rw,Z" "-v" "/var/lib/crater-agent-workspace/builds/worker-5-tc1/source:/opt/rustwide/workdir:ro,Z" "-v" "/var/lib/crater-agent-workspace/cargo-home:/opt/rustwide/cargo-home:ro,Z" "-v" "/var/lib/crater-agent-workspace/rustup-home:/opt/rustwide/rustup-home:ro,Z" "-e" "SOURCE_DIR=/opt/rustwide/workdir" "-e" "CARGO_TARGET_DIR=/opt/rustwide/target" "-e" "CARGO_HOME=/opt/rustwide/cargo-home" "-e" "RUSTUP_HOME=/opt/rustwide/rustup-home" "-w" "/opt/rustwide/workdir" "-m" "1610612736" "--user" "0:0" "--network" "none" "ghcr.io/rust-lang/crates-build-env/linux@sha256:2788e3201cd34a07e3172128adcd8b3090168a8e3bcc40d7c032b9dda1df7d1c" "/opt/rustwide/cargo-home/bin/cargo" "+1.75.0" "metadata" "--no-deps" "--format-version=1", kill_on_drop: false }`
[INFO] [stdout] a0d6167600884854a031ebc4364b5b80614802dfa28fee6145bb80f8031b5fa0
[INFO] running `Command { std: "docker" "start" "-a" "a0d6167600884854a031ebc4364b5b80614802dfa28fee6145bb80f8031b5fa0", kill_on_drop: false }`
[INFO] running `Command { std: "docker" "inspect" "a0d6167600884854a031ebc4364b5b80614802dfa28fee6145bb80f8031b5fa0", kill_on_drop: false }`
[INFO] running `Command { std: "docker" "rm" "-f" "a0d6167600884854a031ebc4364b5b80614802dfa28fee6145bb80f8031b5fa0", kill_on_drop: false }`
[INFO] [stdout] a0d6167600884854a031ebc4364b5b80614802dfa28fee6145bb80f8031b5fa0
[INFO] running `Command { std: "docker" "create" "-v" "/var/lib/crater-agent-workspace/builds/worker-5-tc1/target:/opt/rustwide/target:rw,Z" "-v" "/var/lib/crater-agent-workspace/builds/worker-5-tc1/source:/opt/rustwide/workdir:ro,Z" "-v" "/var/lib/crater-agent-workspace/cargo-home:/opt/rustwide/cargo-home:ro,Z" "-v" "/var/lib/crater-agent-workspace/rustup-home:/opt/rustwide/rustup-home:ro,Z" "-e" "SOURCE_DIR=/opt/rustwide/workdir" "-e" "CARGO_TARGET_DIR=/opt/rustwide/target" "-e" "CARGO_INCREMENTAL=0" "-e" "RUST_BACKTRACE=full" "-e" "RUSTFLAGS=--cap-lints=warn" "-e" "RUSTDOCFLAGS=--cap-lints=warn" "-e" "CARGO_HOME=/opt/rustwide/cargo-home" "-e" "RUSTUP_HOME=/opt/rustwide/rustup-home" "-w" "/opt/rustwide/workdir" "-m" "1610612736" "--user" "0:0" "--network" "none" "ghcr.io/rust-lang/crates-build-env/linux@sha256:2788e3201cd34a07e3172128adcd8b3090168a8e3bcc40d7c032b9dda1df7d1c" "/opt/rustwide/cargo-home/bin/cargo" "+1.75.0" "doc" "--frozen" "--no-deps" "--document-private-items" "--message-format=json", kill_on_drop: false }`
[INFO] [stdout] f23ee693c1b83e58ade29de167c2891012cbd75b7051ae14bccf5703697a0cf0
[INFO] running `Command { std: "docker" "start" "-a" "f23ee693c1b83e58ade29de167c2891012cbd75b7051ae14bccf5703697a0cf0", kill_on_drop: false }`
[INFO] [stderr]    Compiling libnuma-sys v0.0.9
[INFO] [stderr]    Compiling arrayvec v0.4.12
[INFO] [stderr]     Checking nodrop v0.1.14
[INFO] [stderr]    Compiling proc-macro2 v1.0.76
[INFO] [stderr]    Compiling indexmap v1.9.3
[INFO] [stderr]     Checking maplit v1.0.2
[INFO] [stderr]     Checking syscall-alt v0.0.14
[INFO] [stderr]     Checking likely v0.1.0
[INFO] [stderr]     Checking const-cstr-fork v0.2.2
[INFO] [stderr]     Checking errno v0.1.8
[INFO] [stderr]     Checking rust-extra v0.0.13
[INFO] [stderr]    Compiling rdma-core-sys v0.1.10
[INFO] [stderr]    Compiling dpdk-sys v0.1.5
[INFO] [stdout] error[E0557]: feature has been removed
[INFO] [stdout]  --> /opt/rustwide/cargo-home/registry/src/index.crates.io-6f17d22bba15001f/syscall-alt-0.0.14/src/lib.rs:9:12
[INFO] [stdout]   |
[INFO] [stdout] 9 | #![feature(const_fn)]
[INFO] [stdout]   |            ^^^^^^^^ feature has been removed
[INFO] [stdout]   |
[INFO] [stdout]   = note: split into finer-grained feature gates
[INFO] [stdout] 
[INFO] [stdout] 
[INFO] [stdout] error[E0554]: `#![feature]` may not be used on the stable release channel
[INFO] [stdout]  --> /opt/rustwide/cargo-home/registry/src/index.crates.io-6f17d22bba15001f/rust-extra-0.0.13/src/lib.rs:7:1
[INFO] [stdout]   |
[INFO] [stdout] 7 | #![feature(core_intrinsics)]
[INFO] [stdout]   | ^^^^^^^^^^^^^^^^^^^^^^^^^^^^
[INFO] [stdout] 
[INFO] [stdout] 
[INFO] [stdout] error[E0554]: `#![feature]` may not be used on the stable release channel
[INFO] [stdout]  --> /opt/rustwide/cargo-home/registry/src/index.crates.io-6f17d22bba15001f/rust-extra-0.0.13/src/lib.rs:8:1
[INFO] [stdout]   |
[INFO] [stdout] 8 | #![feature(associated_consts)]
[INFO] [stdout]   | ^^^^^^^^^^^^^^^^^^^^^^^^^^^^^^ help: remove the attribute
[INFO] [stdout]   |
[INFO] [stdout]   = help: the feature `associated_consts` has been stable since `1.20.0` and no longer requires an attribute to enable
[INFO] [stdout] 
[INFO] [stdout] 
[INFO] [stdout] error[E0554]: `#![feature]` may not be used on the stable release channel
[INFO] [stdout]  --> /opt/rustwide/cargo-home/registry/src/index.crates.io-6f17d22bba15001f/rust-extra-0.0.13/src/lib.rs:7:12
[INFO] [stdout]   |
[INFO] [stdout] 7 | #![feature(core_intrinsics)]
[INFO] [stdout]   |            ^^^^^^^^^^^^^^^
[INFO] [stdout] 
[INFO] [stdout] 
[INFO] [stderr]     Checking libc-extra v0.3.2
[INFO] [stdout] error: cannot find macro `asm` in this scope
[INFO] [stdout]  --> /opt/rustwide/cargo-home/registry/src/index.crates.io-6f17d22bba15001f/syscall-alt-0.0.14/src/syscalls/linux_like/x86_64/syscall0.rs:9:2
[INFO] [stdout]   |
[INFO] [stdout] 9 |     asm!
[INFO] [stdout]   |     ^^^
[INFO] [stdout]   |
[INFO] [stdout] help: consider importing this macro
[INFO] [stdout]  --> /opt/rustwide/cargo-home/registry/src/index.crates.io-6f17d22bba15001f/syscall-alt-0.0.14/src/syscalls/linux_like/x86_64/mod.rs:5:1
[INFO] [stdout]   |
[INFO] [stdout] 5 + use core::arch::asm;
[INFO] [stdout]   |
[INFO] [stdout] 
[INFO] [stdout] 
[INFO] [stdout] error: cannot find macro `asm` in this scope
[INFO] [stdout]  --> /opt/rustwide/cargo-home/registry/src/index.crates.io-6f17d22bba15001f/syscall-alt-0.0.14/src/syscalls/linux_like/x86_64/syscall1.rs:9:2
[INFO] [stdout]   |
[INFO] [stdout] 9 |     asm!
[INFO] [stdout]   |     ^^^
[INFO] [stdout]   |
[INFO] [stdout] help: consider importing this macro
[INFO] [stdout]  --> /opt/rustwide/cargo-home/registry/src/index.crates.io-6f17d22bba15001f/syscall-alt-0.0.14/src/syscalls/linux_like/x86_64/mod.rs:5:1
[INFO] [stdout]   |
[INFO] [stdout] 5 + use core::arch::asm;
[INFO] [stdout]   |
[INFO] [stdout] 
[INFO] [stdout] 
[INFO] [stdout] error: cannot find macro `asm` in this scope
[INFO] [stdout]  --> /opt/rustwide/cargo-home/registry/src/index.crates.io-6f17d22bba15001f/syscall-alt-0.0.14/src/syscalls/linux_like/x86_64/syscall2.rs:9:2
[INFO] [stdout]   |
[INFO] [stdout] 9 |     asm!
[INFO] [stdout]   |     ^^^
[INFO] [stdout]   |
[INFO] [stdout] help: consider importing this macro
[INFO] [stdout]  --> /opt/rustwide/cargo-home/registry/src/index.crates.io-6f17d22bba15001f/syscall-alt-0.0.14/src/syscalls/linux_like/x86_64/mod.rs:5:1
[INFO] [stdout]   |
[INFO] [stdout] 5 + use core::arch::asm;
[INFO] [stdout]   |
[INFO] [stdout] 
[INFO] [stdout] 
[INFO] [stdout] error: cannot find macro `asm` in this scope
[INFO] [stdout]  --> /opt/rustwide/cargo-home/registry/src/index.crates.io-6f17d22bba15001f/syscall-alt-0.0.14/src/syscalls/linux_like/x86_64/syscall3.rs:9:2
[INFO] [stdout]   |
[INFO] [stdout] 9 |     asm!
[INFO] [stdout]   |     ^^^
[INFO] [stdout]   |
[INFO] [stdout] help: consider importing this macro
[INFO] [stdout]  --> /opt/rustwide/cargo-home/registry/src/index.crates.io-6f17d22bba15001f/syscall-alt-0.0.14/src/syscalls/linux_like/x86_64/mod.rs:5:1
[INFO] [stdout]   |
[INFO] [stdout] 5 + use core::arch::asm;
[INFO] [stdout]   |
[INFO] [stdout] 
[INFO] [stdout] 
[INFO] [stdout] error: aborting due to 3 previous errors
[INFO] [stdout] 
[INFO] [stdout] 
[INFO] [stdout] For more information about this error, try `rustc --explain E0554`.
[INFO] [stdout] 
[INFO] [stdout] error: cannot find macro `asm` in this scope
[INFO] [stdout]  --> /opt/rustwide/cargo-home/registry/src/index.crates.io-6f17d22bba15001f/syscall-alt-0.0.14/src/syscalls/linux_like/x86_64/syscall4.rs:9:2
[INFO] [stdout]   |
[INFO] [stdout] 9 |     asm!
[INFO] [stdout]   |     ^^^
[INFO] [stdout]   |
[INFO] [stdout] help: consider importing this macro
[INFO] [stdout]  --> /opt/rustwide/cargo-home/registry/src/index.crates.io-6f17d22bba15001f/syscall-alt-0.0.14/src/syscalls/linux_like/x86_64/mod.rs:5:1
[INFO] [stdout]   |
[INFO] [stdout] 5 + use core::arch::asm;
[INFO] [stdout]   |
[INFO] [stdout] 
[INFO] [stdout] 
[INFO] [stdout] error: cannot find macro `asm` in this scope
[INFO] [stdout]  --> /opt/rustwide/cargo-home/registry/src/index.crates.io-6f17d22bba15001f/syscall-alt-0.0.14/src/syscalls/linux_like/x86_64/syscall5.rs:9:2
[INFO] [stdout]   |
[INFO] [stdout] 9 |     asm!
[INFO] [stdout]   |     ^^^
[INFO] [stdout]   |
[INFO] [stdout] help: consider importing this macro
[INFO] [stdout]  --> /opt/rustwide/cargo-home/registry/src/index.crates.io-6f17d22bba15001f/syscall-alt-0.0.14/src/syscalls/linux_like/x86_64/mod.rs:5:1
[INFO] [stdout]   |
[INFO] [stdout] 5 + use core::arch::asm;
[INFO] [stdout]   |
[INFO] [stdout] 
[INFO] [stdout] 
[INFO] [stdout] error: cannot find macro `asm` in this scope
[INFO] [stdout]  --> /opt/rustwide/cargo-home/registry/src/index.crates.io-6f17d22bba15001f/syscall-alt-0.0.14/src/syscalls/linux_like/x86_64/syscall6.rs:9:2
[INFO] [stdout]   |
[INFO] [stdout] 9 |     asm!
[INFO] [stdout]   |     ^^^
[INFO] [stdout]   |
[INFO] [stdout] help: consider importing this macro
[INFO] [stdout]  --> /opt/rustwide/cargo-home/registry/src/index.crates.io-6f17d22bba15001f/syscall-alt-0.0.14/src/syscalls/linux_like/x86_64/mod.rs:5:1
[INFO] [stdout]   |
[INFO] [stdout] 5 + use core::arch::asm;
[INFO] [stdout]   |
[INFO] [stdout] 
[INFO] [stdout] 
[INFO] [stderr] error: could not compile `rust-extra` (lib) due to 4 previous errors
[INFO] [stderr] warning: build failed, waiting for other jobs to finish...
[INFO] [stdout] error[E0554]: `#![feature]` may not be used on the stable release channel
[INFO] [stdout]  --> /opt/rustwide/cargo-home/registry/src/index.crates.io-6f17d22bba15001f/syscall-alt-0.0.14/src/lib.rs:7:1
[INFO] [stdout]   |
[INFO] [stdout] 7 | #![feature(asm)]
[INFO] [stdout]   | ^^^^^^^^^^^^^^^^
[INFO] [stdout] 
[INFO] [stdout] 
[INFO] [stdout] error[E0554]: `#![feature]` may not be used on the stable release channel
[INFO] [stdout]  --> /opt/rustwide/cargo-home/registry/src/index.crates.io-6f17d22bba15001f/syscall-alt-0.0.14/src/lib.rs:8:1
[INFO] [stdout]   |
[INFO] [stdout] 8 | #![feature(associated_consts)]
[INFO] [stdout]   | ^^^^^^^^^^^^^^^^^^^^^^^^^^^^^^ help: remove the attribute
[INFO] [stdout]   |
[INFO] [stdout]   = help: the feature `associated_consts` has been stable since `1.20.0` and no longer requires an attribute to enable
[INFO] [stdout] 
[INFO] [stdout] 
[INFO] [stdout] error[E0554]: `#![feature]` may not be used on the stable release channel
[INFO] [stdout]  --> /opt/rustwide/cargo-home/registry/src/index.crates.io-6f17d22bba15001f/syscall-alt-0.0.14/src/lib.rs:9:1
[INFO] [stdout]   |
[INFO] [stdout] 9 | #![feature(const_fn)]
[INFO] [stdout]   | ^^^^^^^^^^^^^^^^^^^^^
[INFO] [stdout] 
[INFO] [stdout] 
[INFO] [stdout] error[E0554]: `#![feature]` may not be used on the stable release channel
[INFO] [stdout]  --> /opt/rustwide/cargo-home/registry/src/index.crates.io-6f17d22bba15001f/syscall-alt-0.0.14/src/lib.rs:7:12
[INFO] [stdout]   |
[INFO] [stdout] 7 | #![feature(asm)]
[INFO] [stdout]   |            ^^^
[INFO] [stdout] 
[INFO] [stdout] 
[INFO] [stdout] error: aborting due to 12 previous errors
[INFO] [stdout] 
[INFO] [stdout] 
[INFO] [stdout] Some errors have detailed explanations: E0554, E0557.
[INFO] [stdout] 
[INFO] [stdout] For more information about an error, try `rustc --explain E0554`.
[INFO] [stdout] 
[INFO] [stderr] error: could not compile `syscall-alt` (lib) due to 13 previous errors
[INFO] running `Command { std: "docker" "inspect" "f23ee693c1b83e58ade29de167c2891012cbd75b7051ae14bccf5703697a0cf0", kill_on_drop: false }`
[INFO] running `Command { std: "docker" "rm" "-f" "f23ee693c1b83e58ade29de167c2891012cbd75b7051ae14bccf5703697a0cf0", kill_on_drop: false }`
[INFO] [stdout] f23ee693c1b83e58ade29de167c2891012cbd75b7051ae14bccf5703697a0cf0
[INFO] documenting dpdk-hash-table-0.1.0 against beta-2023-12-22 for beta-1.76-rustdoc-1
[INFO] extracting crate dpdk-hash-table 0.1.0 into /workspace/builds/worker-5-tc2/source
[INFO] validating manifest of crates.io crate dpdk-hash-table 0.1.0 on toolchain beta-2023-12-22
[INFO] running `Command { std: CARGO_HOME="/workspace/cargo-home" RUSTUP_HOME="/workspace/rustup-home" "/workspace/cargo-home/bin/cargo" "+beta-2023-12-22" "metadata" "--manifest-path" "Cargo.toml" "--no-deps", kill_on_drop: false }`
[INFO] started tweaking crates.io crate dpdk-hash-table 0.1.0
[INFO] finished tweaking crates.io crate dpdk-hash-table 0.1.0
[INFO] tweaked toml for crates.io crate dpdk-hash-table 0.1.0 written to /workspace/builds/worker-5-tc2/source/Cargo.toml
[INFO] running `Command { std: CARGO_HOME="/workspace/cargo-home" RUSTUP_HOME="/workspace/rustup-home" "/workspace/cargo-home/bin/cargo" "+beta-2023-12-22" "generate-lockfile" "--manifest-path" "Cargo.toml", kill_on_drop: false }`
[INFO] [stderr]     Updating crates.io index
[INFO] running `Command { std: CARGO_HOME="/workspace/cargo-home" RUSTUP_HOME="/workspace/rustup-home" "/workspace/cargo-home/bin/cargo" "+beta-2023-12-22" "fetch" "--manifest-path" "Cargo.toml", kill_on_drop: false }`
[INFO] running `Command { std: "docker" "create" "-v" "/var/lib/crater-agent-workspace/builds/worker-5-tc2/target:/opt/rustwide/target:rw,Z" "-v" "/var/lib/crater-agent-workspace/builds/worker-5-tc2/source:/opt/rustwide/workdir:ro,Z" "-v" "/var/lib/crater-agent-workspace/cargo-home:/opt/rustwide/cargo-home:ro,Z" "-v" "/var/lib/crater-agent-workspace/rustup-home:/opt/rustwide/rustup-home:ro,Z" "-e" "SOURCE_DIR=/opt/rustwide/workdir" "-e" "CARGO_TARGET_DIR=/opt/rustwide/target" "-e" "CARGO_HOME=/opt/rustwide/cargo-home" "-e" "RUSTUP_HOME=/opt/rustwide/rustup-home" "-w" "/opt/rustwide/workdir" "-m" "1610612736" "--user" "0:0" "--network" "none" "ghcr.io/rust-lang/crates-build-env/linux@sha256:2788e3201cd34a07e3172128adcd8b3090168a8e3bcc40d7c032b9dda1df7d1c" "/opt/rustwide/cargo-home/bin/cargo" "+beta-2023-12-22" "metadata" "--no-deps" "--format-version=1", kill_on_drop: false }`
[INFO] [stdout] 03fd153d8980a6e964f94ababb654c5db781eb4b1269da1e0ee64d9cdd934830
[INFO] running `Command { std: "docker" "start" "-a" "03fd153d8980a6e964f94ababb654c5db781eb4b1269da1e0ee64d9cdd934830", kill_on_drop: false }`
[INFO] running `Command { std: "docker" "inspect" "03fd153d8980a6e964f94ababb654c5db781eb4b1269da1e0ee64d9cdd934830", kill_on_drop: false }`
[INFO] running `Command { std: "docker" "rm" "-f" "03fd153d8980a6e964f94ababb654c5db781eb4b1269da1e0ee64d9cdd934830", kill_on_drop: false }`
[INFO] [stdout] 03fd153d8980a6e964f94ababb654c5db781eb4b1269da1e0ee64d9cdd934830
[INFO] running `Command { std: "docker" "create" "-v" "/var/lib/crater-agent-workspace/builds/worker-5-tc2/target:/opt/rustwide/target:rw,Z" "-v" "/var/lib/crater-agent-workspace/builds/worker-5-tc2/source:/opt/rustwide/workdir:ro,Z" "-v" "/var/lib/crater-agent-workspace/cargo-home:/opt/rustwide/cargo-home:ro,Z" "-v" "/var/lib/crater-agent-workspace/rustup-home:/opt/rustwide/rustup-home:ro,Z" "-e" "SOURCE_DIR=/opt/rustwide/workdir" "-e" "CARGO_TARGET_DIR=/opt/rustwide/target" "-e" "CARGO_INCREMENTAL=0" "-e" "RUST_BACKTRACE=full" "-e" "RUSTFLAGS=--cap-lints=warn" "-e" "RUSTDOCFLAGS=--cap-lints=warn" "-e" "CARGO_HOME=/opt/rustwide/cargo-home" "-e" "RUSTUP_HOME=/opt/rustwide/rustup-home" "-w" "/opt/rustwide/workdir" "-m" "1610612736" "--user" "0:0" "--network" "none" "ghcr.io/rust-lang/crates-build-env/linux@sha256:2788e3201cd34a07e3172128adcd8b3090168a8e3bcc40d7c032b9dda1df7d1c" "/opt/rustwide/cargo-home/bin/cargo" "+beta-2023-12-22" "doc" "--frozen" "--no-deps" "--document-private-items" "--message-format=json", kill_on_drop: false }`
[INFO] [stdout] 3dada7cfdd6a5b4decade6446f490c8f5f98c2796031d6749776cd475c7def62
[INFO] running `Command { std: "docker" "start" "-a" "3dada7cfdd6a5b4decade6446f490c8f5f98c2796031d6749776cd475c7def62", kill_on_drop: false }`
[INFO] [stderr]    Compiling libnuma-sys v0.0.9
[INFO] [stderr]    Compiling proc-macro2 v1.0.76
[INFO] [stderr]     Checking const-cstr-fork v0.2.2
[INFO] [stderr]    Compiling arrayvec v0.4.12
[INFO] [stderr]     Checking rust-extra v0.0.13
[INFO] [stderr]     Checking errno v0.1.8
[INFO] [stderr]     Checking nodrop v0.1.14
[INFO] [stderr]     Checking maplit v1.0.2
[INFO] [stderr]     Checking likely v0.1.0
[INFO] [stderr]     Checking syscall-alt v0.0.14
[INFO] [stderr]    Compiling rdma-core-sys v0.1.10
[INFO] [stderr]    Compiling dpdk-sys v0.1.5
[INFO] [stderr]    Compiling indexmap v1.9.3
[INFO] [stdout] error[E0557]: feature has been removed
[INFO] [stdout]  --> /opt/rustwide/cargo-home/registry/src/index.crates.io-6f17d22bba15001f/syscall-alt-0.0.14/src/lib.rs:9:12
[INFO] [stdout]   |
[INFO] [stdout] 9 | #![feature(const_fn)]
[INFO] [stdout]   |            ^^^^^^^^ feature has been removed
[INFO] [stdout]   |
[INFO] [stdout]   = note: split into finer-grained feature gates
[INFO] [stdout] 
[INFO] [stdout] 
[INFO] [stdout] error[E0554]: `#![feature]` may not be used on the beta release channel
[INFO] [stdout]  --> /opt/rustwide/cargo-home/registry/src/index.crates.io-6f17d22bba15001f/rust-extra-0.0.13/src/lib.rs:7:1
[INFO] [stdout]   |
[INFO] [stdout] 7 | #![feature(core_intrinsics)]
[INFO] [stdout]   | ^^^^^^^^^^^^^^^^^^^^^^^^^^^^
[INFO] [stdout] 
[INFO] [stdout] 
[INFO] [stdout] error[E0554]: `#![feature]` may not be used on the beta release channel
[INFO] [stdout]  --> /opt/rustwide/cargo-home/registry/src/index.crates.io-6f17d22bba15001f/rust-extra-0.0.13/src/lib.rs:8:1
[INFO] [stdout]   |
[INFO] [stdout] 8 | #![feature(associated_consts)]
[INFO] [stdout]   | ^^^^^^^^^^^^^^^^^^^^^^^^^^^^^^ help: remove the attribute
[INFO] [stdout]   |
[INFO] [stdout]   = help: the feature `associated_consts` has been stable since `1.20.0` and no longer requires an attribute to enable
[INFO] [stdout] 
[INFO] [stdout] 
[INFO] [stdout] error[E0554]: `#![feature]` may not be used on the beta release channel
[INFO] [stdout]  --> /opt/rustwide/cargo-home/registry/src/index.crates.io-6f17d22bba15001f/rust-extra-0.0.13/src/lib.rs:7:12
[INFO] [stdout]   |
[INFO] [stdout] 7 | #![feature(core_intrinsics)]
[INFO] [stdout]   |            ^^^^^^^^^^^^^^^
[INFO] [stdout] 
[INFO] [stdout] 
[INFO] [stderr]     Checking libc-extra v0.3.2
[INFO] [stdout] error: aborting due to 3 previous errors
[INFO] [stdout] 
[INFO] [stdout] 
[INFO] [stdout] For more information about this error, try `rustc --explain E0554`.
[INFO] [stdout] 
[INFO] [stdout] error: cannot find macro `asm` in this scope
[INFO] [stdout]  --> /opt/rustwide/cargo-home/registry/src/index.crates.io-6f17d22bba15001f/syscall-alt-0.0.14/src/syscalls/linux_like/x86_64/syscall0.rs:9:2
[INFO] [stdout]   |
[INFO] [stdout] 9 |     asm!
[INFO] [stdout]   |     ^^^
[INFO] [stdout]   |
[INFO] [stdout] help: consider importing this macro
[INFO] [stdout]  --> /opt/rustwide/cargo-home/registry/src/index.crates.io-6f17d22bba15001f/syscall-alt-0.0.14/src/syscalls/linux_like/x86_64/mod.rs:5:1
[INFO] [stdout]   |
[INFO] [stdout] 5 + use core::arch::asm;
[INFO] [stdout]   |
[INFO] [stdout] 
[INFO] [stdout] 
[INFO] [stdout] error: cannot find macro `asm` in this scope
[INFO] [stdout]  --> /opt/rustwide/cargo-home/registry/src/index.crates.io-6f17d22bba15001f/syscall-alt-0.0.14/src/syscalls/linux_like/x86_64/syscall1.rs:9:2
[INFO] [stdout]   |
[INFO] [stdout] 9 |     asm!
[INFO] [stdout]   |     ^^^
[INFO] [stdout]   |
[INFO] [stdout] help: consider importing this macro
[INFO] [stdout]  --> /opt/rustwide/cargo-home/registry/src/index.crates.io-6f17d22bba15001f/syscall-alt-0.0.14/src/syscalls/linux_like/x86_64/mod.rs:5:1
[INFO] [stdout]   |
[INFO] [stdout] 5 + use core::arch::asm;
[INFO] [stdout]   |
[INFO] [stdout] 
[INFO] [stdout] 
[INFO] [stdout] error: cannot find macro `asm` in this scope
[INFO] [stdout]  --> /opt/rustwide/cargo-home/registry/src/index.crates.io-6f17d22bba15001f/syscall-alt-0.0.14/src/syscalls/linux_like/x86_64/syscall2.rs:9:2
[INFO] [stdout]   |
[INFO] [stdout] 9 |     asm!
[INFO] [stdout]   |     ^^^
[INFO] [stdout]   |
[INFO] [stdout] help: consider importing this macro
[INFO] [stdout]  --> /opt/rustwide/cargo-home/registry/src/index.crates.io-6f17d22bba15001f/syscall-alt-0.0.14/src/syscalls/linux_like/x86_64/mod.rs:5:1
[INFO] [stdout]   |
[INFO] [stdout] 5 + use core::arch::asm;
[INFO] [stdout]   |
[INFO] [stdout] 
[INFO] [stdout] 
[INFO] [stdout] error: cannot find macro `asm` in this scope
[INFO] [stdout]  --> /opt/rustwide/cargo-home/registry/src/index.crates.io-6f17d22bba15001f/syscall-alt-0.0.14/src/syscalls/linux_like/x86_64/syscall3.rs:9:2
[INFO] [stdout]   |
[INFO] [stdout] 9 |     asm!
[INFO] [stdout]   |     ^^^
[INFO] [stdout]   |
[INFO] [stdout] help: consider importing this macro
[INFO] [stdout]  --> /opt/rustwide/cargo-home/registry/src/index.crates.io-6f17d22bba15001f/syscall-alt-0.0.14/src/syscalls/linux_like/x86_64/mod.rs:5:1
[INFO] [stdout]   |
[INFO] [stdout] 5 + use core::arch::asm;
[INFO] [stdout]   |
[INFO] [stdout] 
[INFO] [stdout] 
[INFO] [stdout] error: cannot find macro `asm` in this scope
[INFO] [stdout]  --> /opt/rustwide/cargo-home/registry/src/index.crates.io-6f17d22bba15001f/syscall-alt-0.0.14/src/syscalls/linux_like/x86_64/syscall4.rs:9:2
[INFO] [stdout]   |
[INFO] [stdout] 9 |     asm!
[INFO] [stdout]   |     ^^^
[INFO] [stdout]   |
[INFO] [stdout] help: consider importing this macro
[INFO] [stdout]  --> /opt/rustwide/cargo-home/registry/src/index.crates.io-6f17d22bba15001f/syscall-alt-0.0.14/src/syscalls/linux_like/x86_64/mod.rs:5:1
[INFO] [stdout]   |
[INFO] [stdout] 5 + use core::arch::asm;
[INFO] [stdout]   |
[INFO] [stdout] 
[INFO] [stdout] 
[INFO] [stderr] error: could not compile `rust-extra` (lib) due to 4 previous errors
[INFO] [stderr] warning: build failed, waiting for other jobs to finish...
[INFO] [stdout] error: cannot find macro `asm` in this scope
[INFO] [stdout]  --> /opt/rustwide/cargo-home/registry/src/index.crates.io-6f17d22bba15001f/syscall-alt-0.0.14/src/syscalls/linux_like/x86_64/syscall5.rs:9:2
[INFO] [stdout]   |
[INFO] [stdout] 9 |     asm!
[INFO] [stdout]   |     ^^^
[INFO] [stdout]   |
[INFO] [stdout] help: consider importing this macro
[INFO] [stdout]  --> /opt/rustwide/cargo-home/registry/src/index.crates.io-6f17d22bba15001f/syscall-alt-0.0.14/src/syscalls/linux_like/x86_64/mod.rs:5:1
[INFO] [stdout]   |
[INFO] [stdout] 5 + use core::arch::asm;
[INFO] [stdout]   |
[INFO] [stdout] 
[INFO] [stdout] 
[INFO] [stdout] error: cannot find macro `asm` in this scope
[INFO] [stdout]  --> /opt/rustwide/cargo-home/registry/src/index.crates.io-6f17d22bba15001f/syscall-alt-0.0.14/src/syscalls/linux_like/x86_64/syscall6.rs:9:2
[INFO] [stdout]   |
[INFO] [stdout] 9 |     asm!
[INFO] [stdout]   |     ^^^
[INFO] [stdout]   |
[INFO] [stdout] help: consider importing this macro
[INFO] [stdout]  --> /opt/rustwide/cargo-home/registry/src/index.crates.io-6f17d22bba15001f/syscall-alt-0.0.14/src/syscalls/linux_like/x86_64/mod.rs:5:1
[INFO] [stdout]   |
[INFO] [stdout] 5 + use core::arch::asm;
[INFO] [stdout]   |
[INFO] [stdout] 
[INFO] [stdout] 
[INFO] [stdout] error[E0554]: `#![feature]` may not be used on the beta release channel
[INFO] [stdout]  --> /opt/rustwide/cargo-home/registry/src/index.crates.io-6f17d22bba15001f/syscall-alt-0.0.14/src/lib.rs:7:1
[INFO] [stdout]   |
[INFO] [stdout] 7 | #![feature(asm)]
[INFO] [stdout]   | ^^^^^^^^^^^^^^^^
[INFO] [stdout] 
[INFO] [stdout] 
[INFO] [stdout] error[E0554]: `#![feature]` may not be used on the beta release channel
[INFO] [stdout]  --> /opt/rustwide/cargo-home/registry/src/index.crates.io-6f17d22bba15001f/syscall-alt-0.0.14/src/lib.rs:8:1
[INFO] [stdout]   |
[INFO] [stdout] 8 | #![feature(associated_consts)]
[INFO] [stdout]   | ^^^^^^^^^^^^^^^^^^^^^^^^^^^^^^ help: remove the attribute
[INFO] [stdout]   |
[INFO] [stdout]   = help: the feature `associated_consts` has been stable since `1.20.0` and no longer requires an attribute to enable
[INFO] [stdout] 
[INFO] [stdout] 
[INFO] [stdout] error[E0554]: `#![feature]` may not be used on the beta release channel
[INFO] [stdout]  --> /opt/rustwide/cargo-home/registry/src/index.crates.io-6f17d22bba15001f/syscall-alt-0.0.14/src/lib.rs:9:1
[INFO] [stdout]   |
[INFO] [stdout] 9 | #![feature(const_fn)]
[INFO] [stdout]   | ^^^^^^^^^^^^^^^^^^^^^
[INFO] [stdout] 
[INFO] [stdout] 
[INFO] [stdout] error[E0554]: `#![feature]` may not be used on the beta release channel
[INFO] [stdout]  --> /opt/rustwide/cargo-home/registry/src/index.crates.io-6f17d22bba15001f/syscall-alt-0.0.14/src/lib.rs:7:12
[INFO] [stdout]   |
[INFO] [stdout] 7 | #![feature(asm)]
[INFO] [stdout]   |            ^^^
[INFO] [stdout] 
[INFO] [stdout] 
[INFO] [stdout] error: aborting due to 12 previous errors
[INFO] [stdout] 
[INFO] [stdout] 
[INFO] [stdout] Some errors have detailed explanations: E0554, E0557.
[INFO] [stdout] 
[INFO] [stdout] For more information about an error, try `rustc --explain E0554`.
[INFO] [stdout] 
[INFO] [stderr] error: could not compile `syscall-alt` (lib) due to 13 previous errors
[INFO] running `Command { std: "docker" "inspect" "3dada7cfdd6a5b4decade6446f490c8f5f98c2796031d6749776cd475c7def62", kill_on_drop: false }`
[INFO] running `Command { std: "docker" "rm" "-f" "3dada7cfdd6a5b4decade6446f490c8f5f98c2796031d6749776cd475c7def62", kill_on_drop: false }`
[INFO] [stdout] 3dada7cfdd6a5b4decade6446f490c8f5f98c2796031d6749776cd475c7def62
