[INFO] fetching crate did-jwk 0.1.1...
[INFO] documenting did-jwk-0.1.1 against 1.75.0 for beta-1.76-rustdoc-1
[INFO] extracting crate did-jwk 0.1.1 into /workspace/builds/worker-1-tc1/source
[INFO] validating manifest of crates.io crate did-jwk 0.1.1 on toolchain 1.75.0
[INFO] running `Command { std: CARGO_HOME="/workspace/cargo-home" RUSTUP_HOME="/workspace/rustup-home" "/workspace/cargo-home/bin/cargo" "+1.75.0" "metadata" "--manifest-path" "Cargo.toml" "--no-deps", kill_on_drop: false }`
[INFO] started tweaking crates.io crate did-jwk 0.1.1
[INFO] finished tweaking crates.io crate did-jwk 0.1.1
[INFO] tweaked toml for crates.io crate did-jwk 0.1.1 written to /workspace/builds/worker-1-tc1/source/Cargo.toml
[INFO] running `Command { std: CARGO_HOME="/workspace/cargo-home" RUSTUP_HOME="/workspace/rustup-home" "/workspace/cargo-home/bin/cargo" "+1.75.0" "generate-lockfile" "--manifest-path" "Cargo.toml", kill_on_drop: false }`
[INFO] [stderr]     Updating crates.io index
[INFO] running `Command { std: CARGO_HOME="/workspace/cargo-home" RUSTUP_HOME="/workspace/rustup-home" "/workspace/cargo-home/bin/cargo" "+1.75.0" "fetch" "--manifest-path" "Cargo.toml", kill_on_drop: false }`
[INFO] [stderr]  Downloading crates ...
[INFO] [stderr]   Downloaded utf8-decode v1.0.1
[INFO] [stderr]   Downloaded contextual v0.1.6
[INFO] [stderr]   Downloaded simple_asn1 v0.5.4
[INFO] [stderr]   Downloaded lexical-core v0.8.5
[INFO] [stderr]   Downloaded lexical v6.1.1
[INFO] [stderr]   Downloaded ssi-core v0.1.0
[INFO] [stderr]   Downloaded smallstr v0.3.0
[INFO] [stderr]   Downloaded mown v0.2.2
[INFO] [stderr]   Downloaded derive_builder v0.9.0
[INFO] [stderr]   Downloaded primitive-types v0.9.1
[INFO] [stderr]   Downloaded keccak-hash v0.7.0
[INFO] [stderr]   Downloaded ripemd160 v0.9.1
[INFO] [stderr]   Downloaded ssi-crypto v0.1.1
[INFO] [stderr]   Downloaded fixed-hash v0.7.0
[INFO] [stderr]   Downloaded lexical-parse-float v0.8.5
[INFO] [stderr]   Downloaded json-ld v0.12.1
[INFO] [stderr]   Downloaded iref v2.2.3
[INFO] [stderr]   Downloaded ssi-contexts v0.1.5
[INFO] [stderr]   Downloaded rdf-types v0.12.19
[INFO] [stderr]   Downloaded lexical-parse-integer v0.8.6
[INFO] [stderr]   Downloaded lexical-write-float v0.8.5
[INFO] [stderr]   Downloaded lexical-write-integer v0.8.5
[INFO] [stderr]   Downloaded ryu-js v0.2.2
[INFO] [stderr]   Downloaded ssi-json-ld v0.2.2
[INFO] [stderr]   Downloaded pct-str v1.2.0
[INFO] [stderr]   Downloaded permutohedron v0.2.4
[INFO] [stderr]   Downloaded decoded-char v0.1.1
[INFO] [stderr]   Downloaded json-number v0.4.6
[INFO] [stderr]   Downloaded locspan v0.7.16
[INFO] [stderr]   Downloaded locspan-derive v0.6.0
[INFO] [stderr]   Downloaded ssi-jwk v0.1.2
[INFO] [stderr]   Downloaded static-iref v2.0.0
[INFO] [stderr]   Downloaded serde_jcs v0.1.0
[INFO] [stderr]   Downloaded derive_builder_core v0.9.0
[INFO] [stderr]   Downloaded multibase v0.8.0
[INFO] [stderr]   Downloaded async-attributes v1.1.2
[INFO] [stderr]   Downloaded combination v0.1.5
[INFO] [stderr]   Downloaded json-ld-context-processing v0.12.1
[INFO] [stderr]   Downloaded pretty_dtoa v0.3.0
[INFO] [stderr]   Downloaded lexical-util v0.8.5
[INFO] [stderr]   Downloaded ryu_floating_decimal v0.1.0
[INFO] [stderr]   Downloaded langtag v0.3.4
[INFO] [stderr]   Downloaded ssi-caips v0.1.0
[INFO] [stderr]   Downloaded json-ld-expansion v0.12.1
[INFO] [stderr]   Downloaded json-ld-compaction v0.12.1
[INFO] [stderr]   Downloaded json-syntax v0.9.6
[INFO] [stderr]   Downloaded json-ld-core v0.12.1
[INFO] [stderr]   Downloaded ssi-dids v0.1.1
[INFO] [stderr]   Downloaded json-ld-syntax v0.12.1
[INFO] [stderr]   Downloaded grdf v0.16.3
[INFO] running `Command { std: "docker" "create" "-v" "/var/lib/crater-agent-workspace/builds/worker-1-tc1/target:/opt/rustwide/target:rw,Z" "-v" "/var/lib/crater-agent-workspace/builds/worker-1-tc1/source:/opt/rustwide/workdir:ro,Z" "-v" "/var/lib/crater-agent-workspace/cargo-home:/opt/rustwide/cargo-home:ro,Z" "-v" "/var/lib/crater-agent-workspace/rustup-home:/opt/rustwide/rustup-home:ro,Z" "-e" "SOURCE_DIR=/opt/rustwide/workdir" "-e" "CARGO_TARGET_DIR=/opt/rustwide/target" "-e" "CARGO_HOME=/opt/rustwide/cargo-home" "-e" "RUSTUP_HOME=/opt/rustwide/rustup-home" "-w" "/opt/rustwide/workdir" "-m" "1610612736" "--user" "0:0" "--network" "none" "ghcr.io/rust-lang/crates-build-env/linux@sha256:2788e3201cd34a07e3172128adcd8b3090168a8e3bcc40d7c032b9dda1df7d1c" "/opt/rustwide/cargo-home/bin/cargo" "+1.75.0" "metadata" "--no-deps" "--format-version=1", kill_on_drop: false }`
[INFO] [stdout] ae86fd59f72121b328f4b9b75978f05e0e469ef615571f6719ddc6aaac0ea5e8
[INFO] running `Command { std: "docker" "start" "-a" "ae86fd59f72121b328f4b9b75978f05e0e469ef615571f6719ddc6aaac0ea5e8", kill_on_drop: false }`
[INFO] running `Command { std: "docker" "inspect" "ae86fd59f72121b328f4b9b75978f05e0e469ef615571f6719ddc6aaac0ea5e8", kill_on_drop: false }`
[INFO] running `Command { std: "docker" "rm" "-f" "ae86fd59f72121b328f4b9b75978f05e0e469ef615571f6719ddc6aaac0ea5e8", kill_on_drop: false }`
[INFO] [stdout] ae86fd59f72121b328f4b9b75978f05e0e469ef615571f6719ddc6aaac0ea5e8
[INFO] running `Command { std: "docker" "create" "-v" "/var/lib/crater-agent-workspace/builds/worker-1-tc1/target:/opt/rustwide/target:rw,Z" "-v" "/var/lib/crater-agent-workspace/builds/worker-1-tc1/source:/opt/rustwide/workdir:ro,Z" "-v" "/var/lib/crater-agent-workspace/cargo-home:/opt/rustwide/cargo-home:ro,Z" "-v" "/var/lib/crater-agent-workspace/rustup-home:/opt/rustwide/rustup-home:ro,Z" "-e" "SOURCE_DIR=/opt/rustwide/workdir" "-e" "CARGO_TARGET_DIR=/opt/rustwide/target" "-e" "CARGO_INCREMENTAL=0" "-e" "RUST_BACKTRACE=full" "-e" "RUSTFLAGS=--cap-lints=warn" "-e" "RUSTDOCFLAGS=--cap-lints=warn" "-e" "CARGO_HOME=/opt/rustwide/cargo-home" "-e" "RUSTUP_HOME=/opt/rustwide/rustup-home" "-w" "/opt/rustwide/workdir" "-m" "1610612736" "--user" "0:0" "--network" "none" "ghcr.io/rust-lang/crates-build-env/linux@sha256:2788e3201cd34a07e3172128adcd8b3090168a8e3bcc40d7c032b9dda1df7d1c" "/opt/rustwide/cargo-home/bin/cargo" "+1.75.0" "doc" "--frozen" "--no-deps" "--document-private-items" "--message-format=json", kill_on_drop: false }`
[INFO] [stdout] e85c543212e7c5d588e9f037754a210d976d0c1b10f343621c89d790c119cbdc
[INFO] running `Command { std: "docker" "start" "-a" "e85c543212e7c5d588e9f037754a210d976d0c1b10f343621c89d790c119cbdc", kill_on_drop: false }`
[INFO] [stderr]    Compiling proc-macro2 v1.0.76
[INFO] [stderr]    Compiling syn v1.0.109
[INFO] [stderr]     Checking const-oid v0.9.6
[INFO] [stderr]     Checking futures-io v0.3.30
[INFO] [stderr]     Checking lexical-util v0.8.5
[INFO] [stderr]    Compiling ahash v0.8.7
[INFO] [stderr]    Compiling thiserror v1.0.56
[INFO] [stderr]     Checking zerocopy v0.7.32
[INFO] [stderr]     Checking contextual v0.1.6
[INFO] [stderr]     Checking utf8-decode v1.0.1
[INFO] [stderr]     Checking log v0.4.20
[INFO] [stderr]     Checking ff v0.13.0
[INFO] [stderr]     Checking ryu-js v0.2.2
[INFO] [stderr]     Checking futures-sink v0.3.30
[INFO] [stderr]     Checking hashbrown v0.12.3
[INFO] [stderr]     Checking langtag v0.3.4
[INFO] [stderr]    Compiling ryu_floating_decimal v0.1.0
[INFO] [stderr]     Checking smallstr v0.3.0
[INFO] [stderr]     Checking group v0.13.0
[INFO] [stderr]    Compiling num-traits v0.2.17
[INFO] [stderr]     Checking pct-str v1.2.0
[INFO] [stderr]     Checking futures-channel v0.3.30
[INFO] [stderr]     Checking decoded-char v0.1.1
[INFO] [stderr]     Checking byteorder v1.5.0
[INFO] [stderr]     Checking tracing-core v0.1.32
[INFO] [stderr]    Compiling tiny-keccak v2.0.2
[INFO] [stderr]    Compiling rustix v0.38.28
[INFO] [stderr]    Compiling iref v2.2.3
[INFO] [stderr]     Checking futures-lite v2.2.0
[INFO] [stderr]     Checking fixed-hash v0.7.0
[INFO] [stderr]     Checking mown v0.2.2
[INFO] [stderr]     Checking uint v0.9.5
[INFO] [stderr]    Compiling data-encoding v2.5.0
[INFO] [stderr]     Checking permutohedron v0.2.4
[INFO] [stderr]    Compiling quote v1.0.35
[INFO] [stderr]    Compiling num-bigint v0.4.4
[INFO] [stderr]     Checking pretty_dtoa v0.3.0
[INFO] [stderr]     Checking primitive-types v0.9.1
[INFO] [stderr]     Checking indexmap v1.9.3
[INFO] [stderr]     Checking tracing v0.1.40
[INFO] [stderr]     Checking hashbrown v0.13.2
[INFO] [stderr]     Checking piper v0.2.1
[INFO] [stderr]     Checking io-lifetimes v1.0.11
[INFO] [stderr]    Compiling syn v2.0.48
[INFO] [stderr]     Checking async-channel v2.1.1
[INFO] [stderr]     Checking base-x v0.2.11
[INFO] [stderr]     Checking rustix v0.37.27
[INFO] [stderr]    Compiling proc-macro-error-attr v1.0.4
[INFO] [stderr]    Compiling static-iref v2.0.0
[INFO] [stderr]     Checking futures-lite v1.13.0
[INFO] [stderr]     Checking polling v2.8.0
[INFO] [stderr]     Checking socket2 v0.4.10
[INFO] [stderr]     Checking lexical-parse-integer v0.8.6
[INFO] [stderr]     Checking lexical-write-integer v0.8.5
[INFO] [stderr]     Checking locspan v0.7.16
[INFO] [stderr]     Checking blocking v1.5.1
[INFO] [stdout] error[E0554]: `#![feature]` may not be used on the stable release channel
[INFO] [stdout]    --> /opt/rustwide/cargo-home/registry/src/index.crates.io-6f17d22bba15001f/rustix-0.37.27/src/lib.rs:101:26
[INFO] [stdout]     |
[INFO] [stdout] 101 | #![cfg_attr(rustc_attrs, feature(rustc_attrs))]
[INFO] [stdout]     |                          ^^^^^^^^^^^^^^^^^^^^
[INFO] [stdout] 
[INFO] [stdout] 
[INFO] [stdout] error[E0554]: `#![feature]` may not be used on the stable release channel
[INFO] [stdout]    --> /opt/rustwide/cargo-home/registry/src/index.crates.io-6f17d22bba15001f/rustix-0.37.27/src/lib.rs:117:5
[INFO] [stdout]     |
[INFO] [stdout] 117 |     feature(core_intrinsics)
[INFO] [stdout]     |     ^^^^^^^^^^^^^^^^^^^^^^^^
[INFO] [stdout] 
[INFO] [stdout] 
[INFO] [stderr]     Checking async-executor v1.8.0
[INFO] [stderr]     Checking lexical-parse-float v0.8.5
[INFO] [stderr]    Compiling async-trait v0.1.77
[INFO] [stderr]     Checking lexical-write-float v0.8.5
[INFO] [stderr]     Checking async-channel v1.9.0
[INFO] [stderr]     Checking kv-log-macro v1.0.7
[INFO] [stderr]    Compiling derive_builder v0.9.0
[INFO] [stderr]     Checking percent-encoding v2.3.1
[INFO] [stdout] error[E0554]: `#![feature]` may not be used on the stable release channel
[INFO] [stdout]    --> /opt/rustwide/cargo-home/registry/src/index.crates.io-6f17d22bba15001f/rustix-0.37.27/src/lib.rs:117:13
[INFO] [stdout]     |
[INFO] [stdout] 117 |     feature(core_intrinsics)
[INFO] [stdout]     |             ^^^^^^^^^^^^^^^
[INFO] [stdout] 
[INFO] [stdout] 
[INFO] [stderr]     Checking combination v0.1.5
[INFO] [stderr]    Compiling anyhow v1.0.79
[INFO] [stderr]     Checking ssi-contexts v0.1.5
[INFO] [stderr]     Checking keccak-hash v0.7.0
[INFO] [stderr]     Checking form_urlencoded v1.2.1
[INFO] [stderr]     Checking num-integer v0.1.45
[INFO] [stderr]     Checking lexical-core v0.8.5
[INFO] [stderr]     Checking lexical v6.1.1
[INFO] [stderr]     Checking json-number v0.4.6
[INFO] [stdout] error: aborting due to 3 previous errors
[INFO] [stdout] 
[INFO] [stdout] 
[INFO] [stdout] For more information about this error, try `rustc --explain E0554`.
[INFO] [stdout] 
[INFO] [stderr] error: could not compile `rustix` (lib) due to 4 previous errors
[INFO] [stderr] warning: build failed, waiting for other jobs to finish...
[INFO] running `Command { std: "docker" "inspect" "e85c543212e7c5d588e9f037754a210d976d0c1b10f343621c89d790c119cbdc", kill_on_drop: false }`
[INFO] running `Command { std: "docker" "rm" "-f" "e85c543212e7c5d588e9f037754a210d976d0c1b10f343621c89d790c119cbdc", kill_on_drop: false }`
[INFO] [stdout] e85c543212e7c5d588e9f037754a210d976d0c1b10f343621c89d790c119cbdc
