[INFO] fetching crate dharithri-sc-snippets 0.43.3...
[INFO] documenting dharithri-sc-snippets-0.43.3 against 1.75.0 for beta-1.76-rustdoc-1
[INFO] extracting crate dharithri-sc-snippets 0.43.3 into /workspace/builds/worker-4-tc1/source
[INFO] validating manifest of crates.io crate dharithri-sc-snippets 0.43.3 on toolchain 1.75.0
[INFO] running `Command { std: CARGO_HOME="/workspace/cargo-home" RUSTUP_HOME="/workspace/rustup-home" "/workspace/cargo-home/bin/cargo" "+1.75.0" "metadata" "--manifest-path" "Cargo.toml" "--no-deps", kill_on_drop: false }`
[INFO] started tweaking crates.io crate dharithri-sc-snippets 0.43.3
[INFO] finished tweaking crates.io crate dharithri-sc-snippets 0.43.3
[INFO] tweaked toml for crates.io crate dharithri-sc-snippets 0.43.3 written to /workspace/builds/worker-4-tc1/source/Cargo.toml
[INFO] running `Command { std: CARGO_HOME="/workspace/cargo-home" RUSTUP_HOME="/workspace/rustup-home" "/workspace/cargo-home/bin/cargo" "+1.75.0" "generate-lockfile" "--manifest-path" "Cargo.toml", kill_on_drop: false }`
[INFO] [stderr]     Updating crates.io index
[INFO] running `Command { std: CARGO_HOME="/workspace/cargo-home" RUSTUP_HOME="/workspace/rustup-home" "/workspace/cargo-home/bin/cargo" "+1.75.0" "fetch" "--manifest-path" "Cargo.toml", kill_on_drop: false }`
[INFO] [stderr]  Downloading crates ...
[INFO] [stderr]   Downloaded dharithri-sdk v0.2.0
[INFO] [stderr]   Downloaded copy_dir v0.1.3
[INFO] [stderr]   Downloaded dharithri-sc-codec v0.18.1
[INFO] [stderr]   Downloaded ruplacer v0.8.2
[INFO] [stderr]   Downloaded enumset v1.1.3
[INFO] [stderr]   Downloaded rand_seeder v0.2.3
[INFO] [stderr]   Downloaded dharithri-sc v0.43.3
[INFO] [stderr]   Downloaded dharithri-sc-scenario v0.43.3
[INFO] [stderr]   Downloaded dharithri-chain-scenario-format v0.20.0
[INFO] [stderr]   Downloaded dharithri-chain-vm v0.5.2
[INFO] [stderr]   Downloaded dharithri-sc-derive v0.43.3
[INFO] [stderr]   Downloaded dharithri-sc-meta v0.43.3
[INFO] [stderr]   Downloaded enumset_derive v0.8.1
[INFO] [stderr]   Downloaded colored v2.1.0
[INFO] [stderr]   Downloaded multiversx-chain-vm-executor v0.1.0
[INFO] [stderr]   Downloaded pbkdf2 v0.9.0
[INFO] [stderr]   Downloaded dharithri-sc-codec-derive v0.18.1
[INFO] running `Command { std: "docker" "create" "-v" "/var/lib/crater-agent-workspace/builds/worker-4-tc1/target:/opt/rustwide/target:rw,Z" "-v" "/var/lib/crater-agent-workspace/builds/worker-4-tc1/source:/opt/rustwide/workdir:ro,Z" "-v" "/var/lib/crater-agent-workspace/cargo-home:/opt/rustwide/cargo-home:ro,Z" "-v" "/var/lib/crater-agent-workspace/rustup-home:/opt/rustwide/rustup-home:ro,Z" "-e" "SOURCE_DIR=/opt/rustwide/workdir" "-e" "CARGO_TARGET_DIR=/opt/rustwide/target" "-e" "CARGO_HOME=/opt/rustwide/cargo-home" "-e" "RUSTUP_HOME=/opt/rustwide/rustup-home" "-w" "/opt/rustwide/workdir" "-m" "1610612736" "--user" "0:0" "--network" "none" "ghcr.io/rust-lang/crates-build-env/linux@sha256:2788e3201cd34a07e3172128adcd8b3090168a8e3bcc40d7c032b9dda1df7d1c" "/opt/rustwide/cargo-home/bin/cargo" "+1.75.0" "metadata" "--no-deps" "--format-version=1", kill_on_drop: false }`
[INFO] [stdout] e0c2bcd0c44e702392fa5bbcfb7cf30337bb0108fa6c3663ae3cb05f7bbb37df
[INFO] running `Command { std: "docker" "start" "-a" "e0c2bcd0c44e702392fa5bbcfb7cf30337bb0108fa6c3663ae3cb05f7bbb37df", kill_on_drop: false }`
[INFO] running `Command { std: "docker" "inspect" "e0c2bcd0c44e702392fa5bbcfb7cf30337bb0108fa6c3663ae3cb05f7bbb37df", kill_on_drop: false }`
[INFO] running `Command { std: "docker" "rm" "-f" "e0c2bcd0c44e702392fa5bbcfb7cf30337bb0108fa6c3663ae3cb05f7bbb37df", kill_on_drop: false }`
[INFO] [stdout] e0c2bcd0c44e702392fa5bbcfb7cf30337bb0108fa6c3663ae3cb05f7bbb37df
[INFO] running `Command { std: "docker" "create" "-v" "/var/lib/crater-agent-workspace/builds/worker-4-tc1/target:/opt/rustwide/target:rw,Z" "-v" "/var/lib/crater-agent-workspace/builds/worker-4-tc1/source:/opt/rustwide/workdir:ro,Z" "-v" "/var/lib/crater-agent-workspace/cargo-home:/opt/rustwide/cargo-home:ro,Z" "-v" "/var/lib/crater-agent-workspace/rustup-home:/opt/rustwide/rustup-home:ro,Z" "-e" "SOURCE_DIR=/opt/rustwide/workdir" "-e" "CARGO_TARGET_DIR=/opt/rustwide/target" "-e" "CARGO_INCREMENTAL=0" "-e" "RUST_BACKTRACE=full" "-e" "RUSTFLAGS=--cap-lints=warn" "-e" "RUSTDOCFLAGS=--cap-lints=warn" "-e" "CARGO_HOME=/opt/rustwide/cargo-home" "-e" "RUSTUP_HOME=/opt/rustwide/rustup-home" "-w" "/opt/rustwide/workdir" "-m" "1610612736" "--user" "0:0" "--network" "none" "ghcr.io/rust-lang/crates-build-env/linux@sha256:2788e3201cd34a07e3172128adcd8b3090168a8e3bcc40d7c032b9dda1df7d1c" "/opt/rustwide/cargo-home/bin/cargo" "+1.75.0" "doc" "--frozen" "--no-deps" "--document-private-items" "--message-format=json", kill_on_drop: false }`
[INFO] [stdout] 0e01d82cdf27a39601c8f1d442e5fa4646a41486bbc42f416a0b5742292d0284
[INFO] running `Command { std: "docker" "start" "-a" "0e01d82cdf27a39601c8f1d442e5fa4646a41486bbc42f416a0b5742292d0284", kill_on_drop: false }`
[INFO] [stderr]    Compiling proc-macro2 v1.0.76
[INFO] [stderr]    Compiling openssl-sys v0.9.98
[INFO] [stderr]     Checking digest v0.10.7
[INFO] [stderr]    Compiling semver v1.0.21
[INFO] [stderr]     Checking regex-automata v0.4.3
[INFO] [stderr]    Compiling zstd-sys v2.0.9+zstd.1.5.5
[INFO] [stderr]    Compiling crossbeam-utils v0.8.18
[INFO] [stderr]    Compiling anyhow v1.0.79
[INFO] [stderr]     Checking sha2 v0.10.8
[INFO] [stderr]    Compiling rustc_version v0.4.0
[INFO] [stderr]     Checking digest v0.9.0
[INFO] [stderr]    Compiling quote v1.0.35
[INFO] [stderr]    Compiling hex v0.4.3
[INFO] [stderr]    Compiling openssl v0.10.62
[INFO] [stderr]    Compiling native-tls v0.2.11
[INFO] [stderr]    Compiling syn v2.0.48
[INFO] [stderr]    Compiling syn v1.0.109
[INFO] [stderr]     Checking block-padding v0.2.1
[INFO] [stderr]     Checking keccak v0.1.4
[INFO] [stderr]    Compiling curve25519-dalek v4.1.1
[INFO] [stderr]     Checking block-buffer v0.9.0
[INFO] [stderr]    Compiling nibble_vec v0.1.0
[INFO] [stderr]     Checking idna v0.5.0
[INFO] [stderr]     Checking crossbeam-epoch v0.9.17
[INFO] [stderr]     Checking inout v0.1.3
[INFO] [stderr]     Checking bstr v1.9.0
[INFO] [stderr]     Checking zeroize v1.7.0
[INFO] [stderr]    Compiling rustix v0.38.28
[INFO] [stderr]     Checking base64ct v1.6.0
[INFO] [stderr]    Compiling endian-type v0.1.2
[INFO] [stderr]    Compiling thiserror v1.0.56
[INFO] [stderr]     Checking password-hash v0.4.2
[INFO] [stderr]    Compiling radix_trie v0.2.1
[INFO] [stderr]     Checking url v2.5.0
[INFO] [stderr]     Checking clap_builder v4.4.12
[INFO] [stderr]     Checking crossbeam-deque v0.8.4
[INFO] [stderr]     Checking cipher v0.4.4
[INFO] [stderr]     Checking regex v1.10.2
[INFO] [stderr]     Checking globset v0.4.14
[INFO] [stderr]     Checking hmac v0.12.1
[INFO] [stderr]     Checking crypto-mac v0.11.1
[INFO] [stderr]     Checking arrayvec v0.7.4
[INFO] [stderr]     Checking signature v2.2.0
[INFO] [stderr]     Checking linux-raw-sys v0.4.12
[INFO] [stderr]     Checking env_logger v0.8.4
[INFO] [stderr]     Checking ignore v0.4.22
[INFO] [stderr]     Checking ed25519 v2.2.3
[INFO] [stderr]     Checking time v0.3.31
[INFO] [stderr]     Checking Inflector v0.11.4
[INFO] [stderr]     Checking pbkdf2 v0.11.0
[INFO] [stderr]     Checking flate2 v1.0.28
[INFO] [stderr]     Checking aes v0.8.3
[INFO] [stderr]     Checking sha3 v0.9.1
[INFO] [stderr]     Checking sha1 v0.10.6
[INFO] [stderr]     Checking colored v2.1.0
[INFO] [stderr]     Checking bitcoin_hashes v0.11.0
[INFO] [stderr]     Checking signature v1.6.4
[INFO] [stderr]     Checking fastrand v2.0.1
[INFO] [stderr]     Checking ed25519 v1.5.3
[INFO] [stderr]     Checking convert_case v0.6.0
[INFO] [stderr]     Checking pem v1.1.1
[INFO] [stderr]     Checking hmac v0.11.0
[INFO] [stderr]     Checking pbkdf2 v0.9.0
[INFO] [stderr]     Checking sha2 v0.9.9
[INFO] [stderr]     Checking copy_dir v0.1.3
[INFO] [stderr]     Checking sha3 v0.10.8
[INFO] [stderr]     Checking rand_seeder v0.2.3
[INFO] [stderr]     Checking common-path v1.0.0
[INFO] [stderr]    Compiling darling_core v0.20.3
[INFO] [stderr]     Checking tempfile v3.9.0
[INFO] [stderr]    Compiling futures-macro v0.3.30
[INFO] [stderr]    Compiling serde_derive v1.0.195
[INFO] [stderr]    Compiling tokio-macros v2.2.0
[INFO] [stderr]    Compiling openssl-macros v0.1.1
[INFO] [stderr]    Compiling darling_macro v0.20.3
[INFO] [stderr]    Compiling dharithri-sc-codec-derive v0.18.1
[INFO] [stderr]     Checking tokio v1.35.1
[INFO] [stderr]    Compiling darling v0.20.3
[INFO] [stderr]     Checking futures-util v0.3.30
[INFO] [stderr]    Compiling enumset_derive v0.8.1
[INFO] [stderr]    Compiling thiserror-impl v1.0.56
[INFO] [stderr]    Compiling clap_derive v4.4.7
[INFO] [stderr]    Compiling curve25519-dalek-derive v0.1.1
[INFO] [stderr]     Checking enumset v1.1.3
[INFO] [stderr]     Checking dharithri-sc-codec v0.18.1
[INFO] [stdout] error[E0554]: `#![feature]` may not be used on the stable release channel
[INFO] [stdout]  --> /opt/rustwide/cargo-home/registry/src/index.crates.io-6f17d22bba15001f/dharithri-sc-codec-0.18.1/src/lib.rs:2:1
[INFO] [stdout]   |
[INFO] [stdout] 2 | #![feature(try_trait_v2)]
[INFO] [stdout]   | ^^^^^^^^^^^^^^^^^^^^^^^^^
[INFO] [stdout] 
[INFO] [stdout] 
[INFO] [stdout] error[E0554]: `#![feature]` may not be used on the stable release channel
[INFO] [stdout]  --> /opt/rustwide/cargo-home/registry/src/index.crates.io-6f17d22bba15001f/dharithri-sc-codec-0.18.1/src/lib.rs:3:1
[INFO] [stdout]   |
[INFO] [stdout] 3 | #![feature(never_type)]
[INFO] [stdout]   | ^^^^^^^^^^^^^^^^^^^^^^^
[INFO] [stdout] 
[INFO] [stdout] 
[INFO] [stdout] error[E0554]: `#![feature]` may not be used on the stable release channel
[INFO] [stdout]  --> /opt/rustwide/cargo-home/registry/src/index.crates.io-6f17d22bba15001f/dharithri-sc-codec-0.18.1/src/lib.rs:4:1
[INFO] [stdout]   |
[INFO] [stdout] 4 | #![feature(exhaustive_patterns)]
[INFO] [stdout]   | ^^^^^^^^^^^^^^^^^^^^^^^^^^^^^^^^
[INFO] [stdout] 
[INFO] [stdout] 
[INFO] [stdout] error[E0554]: `#![feature]` may not be used on the stable release channel
[INFO] [stdout]  --> /opt/rustwide/cargo-home/registry/src/index.crates.io-6f17d22bba15001f/dharithri-sc-codec-0.18.1/src/lib.rs:5:1
[INFO] [stdout]   |
[INFO] [stdout] 5 | #![feature(auto_traits)]
[INFO] [stdout]   | ^^^^^^^^^^^^^^^^^^^^^^^^
[INFO] [stdout] 
[INFO] [stdout] 
[INFO] [stdout] error[E0554]: `#![feature]` may not be used on the stable release channel
[INFO] [stdout]  --> /opt/rustwide/cargo-home/registry/src/index.crates.io-6f17d22bba15001f/dharithri-sc-codec-0.18.1/src/lib.rs:6:1
[INFO] [stdout]   |
[INFO] [stdout] 6 | #![feature(negative_impls)]
[INFO] [stdout]   | ^^^^^^^^^^^^^^^^^^^^^^^^^^^
[INFO] [stdout] 
[INFO] [stdout] 
[INFO] [stdout] error[E0554]: `#![feature]` may not be used on the stable release channel
[INFO] [stdout]  --> /opt/rustwide/cargo-home/registry/src/index.crates.io-6f17d22bba15001f/dharithri-sc-codec-0.18.1/src/lib.rs:2:12
[INFO] [stdout]   |
[INFO] [stdout] 2 | #![feature(try_trait_v2)]
[INFO] [stdout]   |            ^^^^^^^^^^^^
[INFO] [stdout] 
[INFO] [stdout] 
[INFO] [stdout] error: aborting due to 6 previous errors
[INFO] [stdout] 
[INFO] [stdout] 
[INFO] [stdout] For more information about this error, try `rustc --explain E0554`.
[INFO] [stdout] 
[INFO] [stderr] error: could not compile `dharithri-sc-codec` (lib) due to 7 previous errors
[INFO] [stderr] warning: build failed, waiting for other jobs to finish...
[INFO] running `Command { std: "docker" "inspect" "0e01d82cdf27a39601c8f1d442e5fa4646a41486bbc42f416a0b5742292d0284", kill_on_drop: false }`
[INFO] running `Command { std: "docker" "rm" "-f" "0e01d82cdf27a39601c8f1d442e5fa4646a41486bbc42f416a0b5742292d0284", kill_on_drop: false }`
[INFO] [stdout] 0e01d82cdf27a39601c8f1d442e5fa4646a41486bbc42f416a0b5742292d0284
[INFO] documenting dharithri-sc-snippets-0.43.3 against beta-2023-12-22 for beta-1.76-rustdoc-1
[INFO] extracting crate dharithri-sc-snippets 0.43.3 into /workspace/builds/worker-4-tc2/source
[INFO] validating manifest of crates.io crate dharithri-sc-snippets 0.43.3 on toolchain beta-2023-12-22
[INFO] running `Command { std: CARGO_HOME="/workspace/cargo-home" RUSTUP_HOME="/workspace/rustup-home" "/workspace/cargo-home/bin/cargo" "+beta-2023-12-22" "metadata" "--manifest-path" "Cargo.toml" "--no-deps", kill_on_drop: false }`
[INFO] started tweaking crates.io crate dharithri-sc-snippets 0.43.3
[INFO] finished tweaking crates.io crate dharithri-sc-snippets 0.43.3
[INFO] tweaked toml for crates.io crate dharithri-sc-snippets 0.43.3 written to /workspace/builds/worker-4-tc2/source/Cargo.toml
[INFO] running `Command { std: CARGO_HOME="/workspace/cargo-home" RUSTUP_HOME="/workspace/rustup-home" "/workspace/cargo-home/bin/cargo" "+beta-2023-12-22" "generate-lockfile" "--manifest-path" "Cargo.toml", kill_on_drop: false }`
[INFO] [stderr]     Updating crates.io index
[INFO] running `Command { std: CARGO_HOME="/workspace/cargo-home" RUSTUP_HOME="/workspace/rustup-home" "/workspace/cargo-home/bin/cargo" "+beta-2023-12-22" "fetch" "--manifest-path" "Cargo.toml", kill_on_drop: false }`
[INFO] running `Command { std: "docker" "create" "-v" "/var/lib/crater-agent-workspace/builds/worker-4-tc2/target:/opt/rustwide/target:rw,Z" "-v" "/var/lib/crater-agent-workspace/builds/worker-4-tc2/source:/opt/rustwide/workdir:ro,Z" "-v" "/var/lib/crater-agent-workspace/cargo-home:/opt/rustwide/cargo-home:ro,Z" "-v" "/var/lib/crater-agent-workspace/rustup-home:/opt/rustwide/rustup-home:ro,Z" "-e" "SOURCE_DIR=/opt/rustwide/workdir" "-e" "CARGO_TARGET_DIR=/opt/rustwide/target" "-e" "CARGO_HOME=/opt/rustwide/cargo-home" "-e" "RUSTUP_HOME=/opt/rustwide/rustup-home" "-w" "/opt/rustwide/workdir" "-m" "1610612736" "--user" "0:0" "--network" "none" "ghcr.io/rust-lang/crates-build-env/linux@sha256:2788e3201cd34a07e3172128adcd8b3090168a8e3bcc40d7c032b9dda1df7d1c" "/opt/rustwide/cargo-home/bin/cargo" "+beta-2023-12-22" "metadata" "--no-deps" "--format-version=1", kill_on_drop: false }`
[INFO] [stdout] 70a1b3fcb58a76985fc5bcdd02092699e307bc74f127381d9d4f09cc690b342b
[INFO] running `Command { std: "docker" "start" "-a" "70a1b3fcb58a76985fc5bcdd02092699e307bc74f127381d9d4f09cc690b342b", kill_on_drop: false }`
[INFO] running `Command { std: "docker" "inspect" "70a1b3fcb58a76985fc5bcdd02092699e307bc74f127381d9d4f09cc690b342b", kill_on_drop: false }`
[INFO] running `Command { std: "docker" "rm" "-f" "70a1b3fcb58a76985fc5bcdd02092699e307bc74f127381d9d4f09cc690b342b", kill_on_drop: false }`
[INFO] [stdout] 70a1b3fcb58a76985fc5bcdd02092699e307bc74f127381d9d4f09cc690b342b
[INFO] running `Command { std: "docker" "create" "-v" "/var/lib/crater-agent-workspace/builds/worker-4-tc2/target:/opt/rustwide/target:rw,Z" "-v" "/var/lib/crater-agent-workspace/builds/worker-4-tc2/source:/opt/rustwide/workdir:ro,Z" "-v" "/var/lib/crater-agent-workspace/cargo-home:/opt/rustwide/cargo-home:ro,Z" "-v" "/var/lib/crater-agent-workspace/rustup-home:/opt/rustwide/rustup-home:ro,Z" "-e" "SOURCE_DIR=/opt/rustwide/workdir" "-e" "CARGO_TARGET_DIR=/opt/rustwide/target" "-e" "CARGO_INCREMENTAL=0" "-e" "RUST_BACKTRACE=full" "-e" "RUSTFLAGS=--cap-lints=warn" "-e" "RUSTDOCFLAGS=--cap-lints=warn" "-e" "CARGO_HOME=/opt/rustwide/cargo-home" "-e" "RUSTUP_HOME=/opt/rustwide/rustup-home" "-w" "/opt/rustwide/workdir" "-m" "1610612736" "--user" "0:0" "--network" "none" "ghcr.io/rust-lang/crates-build-env/linux@sha256:2788e3201cd34a07e3172128adcd8b3090168a8e3bcc40d7c032b9dda1df7d1c" "/opt/rustwide/cargo-home/bin/cargo" "+beta-2023-12-22" "doc" "--frozen" "--no-deps" "--document-private-items" "--message-format=json", kill_on_drop: false }`
[INFO] [stdout] f3b9e6746bf87df529b6bab3b938c4cf0aa0e6527c009c54e547fdd4ab072e36
[INFO] running `Command { std: "docker" "start" "-a" "f3b9e6746bf87df529b6bab3b938c4cf0aa0e6527c009c54e547fdd4ab072e36", kill_on_drop: false }`
[INFO] [stderr]    Compiling proc-macro2 v1.0.76
[INFO] [stderr]    Compiling openssl-sys v0.9.98
[INFO] [stderr]     Checking digest v0.10.7
[INFO] [stderr]    Compiling semver v1.0.21
[INFO] [stderr]     Checking regex-automata v0.4.3
[INFO] [stderr]    Compiling zstd-sys v2.0.9+zstd.1.5.5
[INFO] [stderr]    Compiling crossbeam-utils v0.8.18
[INFO] [stderr]    Compiling anyhow v1.0.79
[INFO] [stderr]     Checking sha2 v0.10.8
[INFO] [stderr]    Compiling rustc_version v0.4.0
[INFO] [stderr]     Checking digest v0.9.0
[INFO] [stderr]    Compiling quote v1.0.35
[INFO] [stderr]     Checking keccak v0.1.4
[INFO] [stderr]    Compiling hex v0.4.3
[INFO] [stderr]     Checking block-padding v0.2.1
[INFO] [stderr]    Compiling curve25519-dalek v4.1.1
[INFO] [stderr]    Compiling syn v2.0.48
[INFO] [stderr]    Compiling syn v1.0.109
[INFO] [stderr]     Checking crossbeam-epoch v0.9.17
[INFO] [stderr]    Compiling openssl v0.10.62
[INFO] [stderr]    Compiling native-tls v0.2.11
[INFO] [stderr]     Checking block-buffer v0.9.0
[INFO] [stderr]     Checking idna v0.5.0
[INFO] [stderr]    Compiling nibble_vec v0.1.0
[INFO] [stderr]     Checking inout v0.1.3
[INFO] [stderr]     Checking bstr v1.9.0
[INFO] [stderr]    Compiling rustix v0.38.28
[INFO] [stderr]     Checking zeroize v1.7.0
[INFO] [stderr]    Compiling endian-type v0.1.2
[INFO] [stderr]     Checking base64ct v1.6.0
[INFO] [stderr]     Checking url v2.5.0
[INFO] [stderr]    Compiling thiserror v1.0.56
[INFO] [stderr]     Checking password-hash v0.4.2
[INFO] [stderr]    Compiling radix_trie v0.2.1
[INFO] [stderr]     Checking cipher v0.4.4
[INFO] [stderr]     Checking clap_builder v4.4.12
[INFO] [stderr]     Checking crossbeam-deque v0.8.4
[INFO] [stderr]     Checking hmac v0.12.1
[INFO] [stderr]     Checking crypto-mac v0.11.1
[INFO] [stderr]    Compiling hex-literal v0.3.4
[INFO] [stderr]     Checking linux-raw-sys v0.4.12
[INFO] [stderr]     Checking signature v2.2.0
[INFO] [stderr]     Checking arrayvec v0.7.4
[INFO] [stderr]     Checking regex v1.10.2
[INFO] [stderr]     Checking globset v0.4.14
[INFO] [stderr]     Checking ed25519 v2.2.3
[INFO] [stderr]     Checking time v0.3.31
[INFO] [stderr]     Checking pbkdf2 v0.11.0
[INFO] [stderr]     Checking env_logger v0.8.4
[INFO] [stderr]     Checking ignore v0.4.22
[INFO] [stderr]     Checking Inflector v0.11.4
[INFO] [stderr]     Checking flate2 v1.0.28
[INFO] [stderr]     Checking aes v0.8.3
[INFO] [stderr]     Checking sha3 v0.9.1
[INFO] [stderr]     Checking sha1 v0.10.6
[INFO] [stderr]     Checking colored v2.1.0
[INFO] [stderr]     Checking signature v1.6.4
[INFO] [stderr]     Checking bitcoin_hashes v0.11.0
[INFO] [stderr]     Checking fastrand v2.0.1
[INFO] [stderr]     Checking convert_case v0.6.0
[INFO] [stderr]     Checking ed25519 v1.5.3
[INFO] [stderr]     Checking pem v1.1.1
[INFO] [stderr]     Checking pbkdf2 v0.9.0
[INFO] [stderr]     Checking hmac v0.11.0
[INFO] [stderr]     Checking sha2 v0.9.9
[INFO] [stderr]     Checking copy_dir v0.1.3
[INFO] [stderr]     Checking sha3 v0.10.8
[INFO] [stderr]     Checking rand_seeder v0.2.3
[INFO] [stderr]     Checking common-path v1.0.0
[INFO] [stderr]    Compiling darling_core v0.20.3
[INFO] [stderr]     Checking tempfile v3.9.0
[INFO] [stderr]    Compiling futures-macro v0.3.30
[INFO] [stderr]    Compiling tokio-macros v2.2.0
[INFO] [stderr]    Compiling serde_derive v1.0.195
[INFO] [stderr]    Compiling openssl-macros v0.1.1
[INFO] [stderr]    Compiling darling_macro v0.20.3
[INFO] [stderr]    Compiling dharithri-sc-codec-derive v0.18.1
[INFO] [stderr]     Checking tokio v1.35.1
[INFO] [stderr]     Checking futures-util v0.3.30
[INFO] [stderr]    Compiling darling v0.20.3
[INFO] [stderr]    Compiling enumset_derive v0.8.1
[INFO] [stderr]    Compiling thiserror-impl v1.0.56
[INFO] [stderr]    Compiling clap_derive v4.4.7
[INFO] [stderr]    Compiling curve25519-dalek-derive v0.1.1
[INFO] [stderr]     Checking enumset v1.1.3
[INFO] [stderr]     Checking dharithri-sc-codec v0.18.1
[INFO] [stdout] error[E0554]: `#![feature]` may not be used on the beta release channel
[INFO] [stdout]  --> /opt/rustwide/cargo-home/registry/src/index.crates.io-6f17d22bba15001f/dharithri-sc-codec-0.18.1/src/lib.rs:2:1
[INFO] [stdout]   |
[INFO] [stdout] 2 | #![feature(try_trait_v2)]
[INFO] [stdout]   | ^^^^^^^^^^^^^^^^^^^^^^^^^
[INFO] [stdout] 
[INFO] [stdout] 
[INFO] [stdout] error[E0554]: `#![feature]` may not be used on the beta release channel
[INFO] [stdout]  --> /opt/rustwide/cargo-home/registry/src/index.crates.io-6f17d22bba15001f/dharithri-sc-codec-0.18.1/src/lib.rs:3:1
[INFO] [stdout]   |
[INFO] [stdout] 3 | #![feature(never_type)]
[INFO] [stdout]   | ^^^^^^^^^^^^^^^^^^^^^^^
[INFO] [stdout] 
[INFO] [stdout] 
[INFO] [stdout] error[E0554]: `#![feature]` may not be used on the beta release channel
[INFO] [stdout]  --> /opt/rustwide/cargo-home/registry/src/index.crates.io-6f17d22bba15001f/dharithri-sc-codec-0.18.1/src/lib.rs:4:1
[INFO] [stdout]   |
[INFO] [stdout] 4 | #![feature(exhaustive_patterns)]
[INFO] [stdout]   | ^^^^^^^^^^^^^^^^^^^^^^^^^^^^^^^^
[INFO] [stdout] 
[INFO] [stdout] 
[INFO] [stdout] error[E0554]: `#![feature]` may not be used on the beta release channel
[INFO] [stdout]  --> /opt/rustwide/cargo-home/registry/src/index.crates.io-6f17d22bba15001f/dharithri-sc-codec-0.18.1/src/lib.rs:5:1
[INFO] [stdout]   |
[INFO] [stdout] 5 | #![feature(auto_traits)]
[INFO] [stdout]   | ^^^^^^^^^^^^^^^^^^^^^^^^
[INFO] [stdout] 
[INFO] [stdout] 
[INFO] [stdout] error[E0554]: `#![feature]` may not be used on the beta release channel
[INFO] [stdout]  --> /opt/rustwide/cargo-home/registry/src/index.crates.io-6f17d22bba15001f/dharithri-sc-codec-0.18.1/src/lib.rs:6:1
[INFO] [stdout]   |
[INFO] [stdout] 6 | #![feature(negative_impls)]
[INFO] [stdout]   | ^^^^^^^^^^^^^^^^^^^^^^^^^^^
[INFO] [stdout] 
[INFO] [stdout] 
[INFO] [stdout] error[E0554]: `#![feature]` may not be used on the beta release channel
[INFO] [stdout]  --> /opt/rustwide/cargo-home/registry/src/index.crates.io-6f17d22bba15001f/dharithri-sc-codec-0.18.1/src/lib.rs:2:12
[INFO] [stdout]   |
[INFO] [stdout] 2 | #![feature(try_trait_v2)]
[INFO] [stdout]   |            ^^^^^^^^^^^^
[INFO] [stdout] 
[INFO] [stdout] 
[INFO] [stderr]    Compiling dharithri-sc-derive v0.43.3
[INFO] [stdout] error: aborting due to 6 previous errors
[INFO] [stdout] 
[INFO] [stdout] 
[INFO] [stdout] For more information about this error, try `rustc --explain E0554`.
[INFO] [stdout] 
[INFO] [stderr] error: could not compile `dharithri-sc-codec` (lib) due to 7 previous errors
[INFO] [stderr] warning: build failed, waiting for other jobs to finish...
[INFO] [stdout] error[E0554]: `#![feature]` may not be used on the beta release channel
[INFO] [stdout]  --> /opt/rustwide/cargo-home/registry/src/index.crates.io-6f17d22bba15001f/dharithri-sc-derive-0.43.3/src/lib.rs:4:12
[INFO] [stdout]   |
[INFO] [stdout] 4 | #![feature(proc_macro_quote)]
[INFO] [stdout]   |            ^^^^^^^^^^^^^^^^
[INFO] [stdout] 
[INFO] [stdout] 
[INFO] [stdout] error: aborting due to 1 previous error
[INFO] [stdout] 
[INFO] [stdout] 
[INFO] [stdout] For more information about this error, try `rustc --explain E0554`.
[INFO] [stdout] 
[INFO] [stderr] error: could not compile `dharithri-sc-derive` (lib) due to 2 previous errors
[INFO] running `Command { std: "docker" "inspect" "f3b9e6746bf87df529b6bab3b938c4cf0aa0e6527c009c54e547fdd4ab072e36", kill_on_drop: false }`
[INFO] running `Command { std: "docker" "rm" "-f" "f3b9e6746bf87df529b6bab3b938c4cf0aa0e6527c009c54e547fdd4ab072e36", kill_on_drop: false }`
[INFO] [stdout] f3b9e6746bf87df529b6bab3b938c4cf0aa0e6527c009c54e547fdd4ab072e36
