[INFO] fetching crate deno_runtime 0.134.0...
[INFO] documenting deno_runtime-0.134.0 against 1.75.0 for beta-1.76-rustdoc-1
[INFO] extracting crate deno_runtime 0.134.0 into /workspace/builds/worker-2-tc1/source
[INFO] validating manifest of crates.io crate deno_runtime 0.134.0 on toolchain 1.75.0
[INFO] running `Command { std: CARGO_HOME="/workspace/cargo-home" RUSTUP_HOME="/workspace/rustup-home" "/workspace/cargo-home/bin/cargo" "+1.75.0" "metadata" "--manifest-path" "Cargo.toml" "--no-deps", kill_on_drop: false }`
[INFO] started tweaking crates.io crate deno_runtime 0.134.0
[INFO] removed 0 missing examples
[INFO] finished tweaking crates.io crate deno_runtime 0.134.0
[INFO] tweaked toml for crates.io crate deno_runtime 0.134.0 written to /workspace/builds/worker-2-tc1/source/Cargo.toml
[INFO] crate crates.io crate deno_runtime 0.134.0 already has a lockfile, it will not be regenerated
[INFO] running `Command { std: CARGO_HOME="/workspace/cargo-home" RUSTUP_HOME="/workspace/rustup-home" "/workspace/cargo-home/bin/cargo" "+1.75.0" "fetch" "--manifest-path" "Cargo.toml", kill_on_drop: false }`
[INFO] [stderr]     Updating crates.io index
[INFO] [stderr]  Downloading crates ...
[INFO] [stderr]   Downloaded winres v0.1.12
[INFO] [stderr]   Downloaded proc-macro-rules-macros v0.4.0
[INFO] [stderr]   Downloaded netif v0.1.6
[INFO] [stderr]   Downloaded unicode-id v0.3.4
[INFO] [stderr]   Downloaded tokio-metrics v0.3.1
[INFO] [stderr]   Downloaded swc_config v0.1.7
[INFO] [stderr]   Downloaded stacker v0.1.15
[INFO] [stderr]   Downloaded fly-accept-encoding v0.2.0
[INFO] [stderr]   Downloaded swc_ecma_transforms_macros v0.5.3
[INFO] [stderr]   Downloaded swc_ecma_codegen_macros v0.7.3
[INFO] [stderr]   Downloaded ecdsa v0.16.8
[INFO] [stderr]   Downloaded signature v2.1.0
[INFO] [stderr]   Downloaded unic-ucd-ident v0.9.0
[INFO] [stderr]   Downloaded vte v0.11.1
[INFO] [stderr]   Downloaded phf_macros v0.11.2
[INFO] [stderr]   Downloaded deno_whoami v0.1.0
[INFO] [stderr]   Downloaded better_scoped_tls v0.1.1
[INFO] [stderr]   Downloaded aes-kw v0.2.1
[INFO] [stderr]   Downloaded swc_atoms v0.6.4
[INFO] [stderr]   Downloaded ast_node v0.9.5
[INFO] [stderr]   Downloaded hyper v1.0.0-rc.4
[INFO] [stderr]   Downloaded brotli v3.3.4
[INFO] [stderr]   Downloaded libsqlite3-sys v0.26.0
[INFO] [stderr]   Downloaded ring v0.17.2
[INFO] [stderr]   Downloaded deno_broadcast_channel v0.120.0
[INFO] [stderr]   Downloaded deno_url v0.126.0
[INFO] [stderr]   Downloaded deno_core v0.232.0
[INFO] [stderr]   Downloaded denokv_sqlite v0.2.1
[INFO] [stderr]   Downloaded deno_fetch v0.150.0
[INFO] [stderr]   Downloaded deno_ffi v0.113.0
[INFO] [stderr]   Downloaded deno_net v0.118.0
[INFO] [stderr]   Downloaded deno_web v0.157.0
[INFO] [stderr]   Downloaded deno_ops v0.108.0
[INFO] [stderr]   Downloaded fastwebsockets v0.5.0
[INFO] [stderr]   Downloaded v8 v0.81.0
[INFO] [stderr]   Downloaded deno_node v0.63.0
[INFO] [stderr]   Downloaded deno_console v0.126.0
[INFO] [stderr]   Downloaded deno_http v0.123.0
[INFO] [stderr]   Downloaded rustls-tokio-stream v0.2.16
[INFO] [stderr]   Downloaded deno_cache v0.58.0
[INFO] [stderr]   Downloaded deno_crypto v0.140.0
[INFO] [stderr]   Downloaded deno_kv v0.34.0
[INFO] [stderr]   Downloaded deno_fs v0.36.0
[INFO] [stderr]   Downloaded denokv_remote v0.2.3
[INFO] [stderr]   Downloaded deno_webidl v0.126.0
[INFO] [stderr]   Downloaded deno_tls v0.113.0
[INFO] [stderr]   Downloaded deno_webstorage v0.121.0
[INFO] [stderr]   Downloaded deno_websocket v0.131.0
[INFO] [stderr]   Downloaded deno_cron v0.6.0
[INFO] [stderr]   Downloaded denokv_proto v0.2.1
[INFO] [stderr]   Downloaded deno_napi v0.56.0
[INFO] [stderr]   Downloaded deno_io v0.36.0
[INFO] [stderr]   Downloaded swc_ecma_parser v0.141.26
[INFO] [stderr]   Downloaded sourcemap v6.4.1
[INFO] [stderr]   Downloaded libffi-sys v2.3.0
[INFO] [stderr]   Downloaded swc_common v0.33.9
[INFO] [stderr]   Downloaded deno_media_type v0.1.2
[INFO] [stderr]   Downloaded dyn-clone v1.0.14
[INFO] [stderr]   Downloaded notify v5.0.0
[INFO] [stderr]   Downloaded async-compression v0.4.3
[INFO] [stderr]   Downloaded swc_ecma_ast v0.110.10
[INFO] [stderr]   Downloaded saffron v0.1.0
[INFO] [stderr]   Downloaded ryu-js v1.0.0
[INFO] [stderr]   Downloaded swc_ecma_transforms_classes v0.123.43
[INFO] [stderr]   Downloaded platforms v3.1.2
[INFO] [stderr]   Downloaded dynasm v1.2.3
[INFO] [stderr]   Downloaded swc_ecma_codegen v0.146.32
[INFO] [stderr]   Downloaded dprint-swc-ext v0.13.0
[INFO] [stderr]   Downloaded serde_bytes v0.11.12
[INFO] [stderr]   Downloaded swc_ecma_transforms_react v0.180.52
[INFO] [stderr]   Downloaded swc_ecma_utils v0.124.32
[INFO] [stderr]   Downloaded string_enum v0.4.1
[INFO] [stderr]   Downloaded typed-arena v2.0.1
[INFO] [stderr]   Downloaded phf_shared v0.11.2
[INFO] [stderr]   Downloaded pmutil v0.6.1
[INFO] [stderr]   Downloaded swc_config_macro v0.1.2
[INFO] [stderr]   Downloaded memmem v0.1.1
[INFO] [stderr]   Downloaded is-macro v0.3.0
[INFO] [stderr]   Downloaded console_static_text v0.8.1
[INFO] [stderr]   Downloaded fiat-crypto v0.2.1
[INFO] [stderr]   Downloaded aead-gcm-stream v0.1.0
[INFO] [stderr]   Downloaded p384 v0.13.0
[INFO] [stderr]   Downloaded rusqlite v0.29.0
[INFO] [stderr]   Downloaded http-body v1.0.0-rc.2
[INFO] [stderr]   Downloaded deno_unsync v0.1.1
[INFO] [stderr]   Downloaded ordered-float v2.10.0
[INFO] [stderr]   Downloaded elliptic-curve v0.13.5
[INFO] [stderr]   Downloaded crypto-bigint v0.5.3
[INFO] [stderr]   Downloaded brotli-decompressor v2.3.4
[INFO] [stderr]   Downloaded hkdf v0.12.3
[INFO] [stderr]   Downloaded webpki-roots v0.25.2
[INFO] [stderr]   Downloaded rustls v0.21.8
[INFO] [stderr]   Downloaded k256 v0.13.1
[INFO] [stderr]   Downloaded swc_ecma_loader v0.45.10
[INFO] [stderr]   Downloaded swc_macros_common v0.3.8
[INFO] [stderr]   Downloaded phf_generator v0.11.2
[INFO] [stderr]   Downloaded swc_ecma_visit v0.96.10
[INFO] [stderr]   Downloaded path-clean v0.1.0
[INFO] [stderr]   Downloaded cache_control v0.2.0
[INFO] [stderr]   Downloaded hyper-rustls v0.24.1
[INFO] [stderr]   Downloaded pem-rfc7468 v0.7.0
[INFO] [stderr]   Downloaded tokio-socks v0.5.1
[INFO] [stderr]   Downloaded rsa v0.9.3
[INFO] [stderr]   Downloaded dsa v0.6.1
[INFO] [stderr]   Downloaded sha-1 v0.10.0
[INFO] [stderr]   Downloaded libffi v3.2.0
[INFO] [stderr]   Downloaded p256 v0.13.2
[INFO] [stderr]   Downloaded p224 v0.13.2
[INFO] [stderr]   Downloaded primeorder v0.13.2
[INFO] [stderr]   Downloaded x509-parser v0.15.1
[INFO] [stderr]   Downloaded deno_native_certs v0.2.0
[INFO] [stderr]   Downloaded const-oid v0.9.5
[INFO] [stderr]   Downloaded swc_ecma_transforms_base v0.134.42
[INFO] [stderr]   Downloaded from_variant v0.1.6
[INFO] [stderr]   Downloaded hstr v0.2.6
[INFO] [stderr]   Downloaded swc_visit v0.5.7
[INFO] [stderr]   Downloaded deno_ast v0.31.6
[INFO] [stderr]   Downloaded data-url v0.3.0
[INFO] [stderr]   Downloaded scrypt v0.11.0
[INFO] [stderr]   Downloaded urlpattern v0.2.0
[INFO] [stderr]   Downloaded dlopen2 v0.6.1
[INFO] [stderr]   Downloaded swc_ecma_transforms_typescript v0.185.52
[INFO] [stderr]   Downloaded cbc v0.1.2
[INFO] [stderr]   Downloaded pkcs1 v0.7.5
[INFO] [stderr]   Downloaded uuid v1.5.0
[INFO] [stderr]   Downloaded strum_macros v0.25.2
[INFO] [stderr]   Downloaded fs3 v0.5.0
[INFO] [stderr]   Downloaded vsimd v0.8.0
[INFO] [stderr]   Downloaded swc_ecma_transforms_proposal v0.168.52
[INFO] [stderr]   Downloaded swc_visit_macros v0.5.8
[INFO] [stderr]   Downloaded text_lines v0.6.0
[INFO] [stderr]   Downloaded dynasmrt v1.2.3
[INFO] [stderr]   Downloaded phf v0.11.2
[INFO] [stderr]   Downloaded block-padding v0.3.3
[INFO] [stderr]   Downloaded base64-simd v0.8.0
[INFO] [stderr]   Downloaded fslock v0.1.8
[INFO] [stderr]   Downloaded spki v0.7.2
[INFO] [stderr]   Downloaded if_chain v1.0.2
[INFO] [stderr]   Downloaded lazy-regex-proc_macros v3.0.1
[INFO] [stderr]   Downloaded lazy-regex v3.0.2
[INFO] [stderr]   Downloaded md4 v0.10.2
[INFO] [stderr]   Downloaded outref v0.5.1
[INFO] [stderr]   Downloaded curve25519-dalek-derive v0.1.0
[INFO] [stderr]   Downloaded time v0.3.29
[INFO] [stderr]   Downloaded ecb v0.1.2
[INFO] [stderr]   Downloaded salsa20 v0.10.2
[INFO] [stderr]   Downloaded sourcemap v7.0.0
[INFO] [stderr]   Downloaded swc_eq_ignore_macros v0.1.2
[INFO] [stderr]   Downloaded password-hash v0.5.0
[INFO] [stderr]   Downloaded semver v1.0.14
[INFO] [stderr]   Downloaded serde_v8 v0.141.0
[INFO] [stderr]   Downloaded proc-macro-rules v0.4.0
[INFO] [stderr]   Downloaded deno_unsync v0.3.0
[INFO] [stderr]   Downloaded dlopen2_derive v0.4.0
[INFO] running `Command { std: "docker" "create" "-v" "/var/lib/crater-agent-workspace/builds/worker-2-tc1/target:/opt/rustwide/target:rw,Z" "-v" "/var/lib/crater-agent-workspace/builds/worker-2-tc1/source:/opt/rustwide/workdir:ro,Z" "-v" "/var/lib/crater-agent-workspace/cargo-home:/opt/rustwide/cargo-home:ro,Z" "-v" "/var/lib/crater-agent-workspace/rustup-home:/opt/rustwide/rustup-home:ro,Z" "-e" "SOURCE_DIR=/opt/rustwide/workdir" "-e" "CARGO_TARGET_DIR=/opt/rustwide/target" "-e" "CARGO_HOME=/opt/rustwide/cargo-home" "-e" "RUSTUP_HOME=/opt/rustwide/rustup-home" "-w" "/opt/rustwide/workdir" "-m" "1610612736" "--user" "0:0" "--network" "none" "ghcr.io/rust-lang/crates-build-env/linux@sha256:2788e3201cd34a07e3172128adcd8b3090168a8e3bcc40d7c032b9dda1df7d1c" "/opt/rustwide/cargo-home/bin/cargo" "+1.75.0" "metadata" "--no-deps" "--format-version=1", kill_on_drop: false }`
[INFO] [stdout] e75fa47963971232effdb8778e6bec6bb7c181bb5b92dd73173fb5fca6752a03
[INFO] running `Command { std: "docker" "start" "-a" "e75fa47963971232effdb8778e6bec6bb7c181bb5b92dd73173fb5fca6752a03", kill_on_drop: false }`
[INFO] running `Command { std: "docker" "inspect" "e75fa47963971232effdb8778e6bec6bb7c181bb5b92dd73173fb5fca6752a03", kill_on_drop: false }`
[INFO] running `Command { std: "docker" "rm" "-f" "e75fa47963971232effdb8778e6bec6bb7c181bb5b92dd73173fb5fca6752a03", kill_on_drop: false }`
[INFO] [stdout] e75fa47963971232effdb8778e6bec6bb7c181bb5b92dd73173fb5fca6752a03
[INFO] running `Command { std: "docker" "create" "-v" "/var/lib/crater-agent-workspace/builds/worker-2-tc1/target:/opt/rustwide/target:rw,Z" "-v" "/var/lib/crater-agent-workspace/builds/worker-2-tc1/source:/opt/rustwide/workdir:ro,Z" "-v" "/var/lib/crater-agent-workspace/cargo-home:/opt/rustwide/cargo-home:ro,Z" "-v" "/var/lib/crater-agent-workspace/rustup-home:/opt/rustwide/rustup-home:ro,Z" "-e" "SOURCE_DIR=/opt/rustwide/workdir" "-e" "CARGO_TARGET_DIR=/opt/rustwide/target" "-e" "CARGO_INCREMENTAL=0" "-e" "RUST_BACKTRACE=full" "-e" "RUSTFLAGS=--cap-lints=warn" "-e" "RUSTDOCFLAGS=--cap-lints=warn" "-e" "CARGO_HOME=/opt/rustwide/cargo-home" "-e" "RUSTUP_HOME=/opt/rustwide/rustup-home" "-w" "/opt/rustwide/workdir" "-m" "1610612736" "--user" "0:0" "--network" "none" "ghcr.io/rust-lang/crates-build-env/linux@sha256:2788e3201cd34a07e3172128adcd8b3090168a8e3bcc40d7c032b9dda1df7d1c" "/opt/rustwide/cargo-home/bin/cargo" "+1.75.0" "doc" "--frozen" "--no-deps" "--document-private-items" "--message-format=json", kill_on_drop: false }`
[INFO] [stdout] fee51a286dc60d9648e1a3f4ef658c60ec61cb9f3849fa75ae242a60abec3bfd
[INFO] running `Command { std: "docker" "start" "-a" "fee51a286dc60d9648e1a3f4ef658c60ec61cb9f3849fa75ae242a60abec3bfd", kill_on_drop: false }`
[INFO] [stderr]    Compiling proc-macro2 v1.0.67
[INFO] [stderr]    Compiling unicode-ident v1.0.12
[INFO] [stderr]    Compiling libc v0.2.148
[INFO] [stderr]    Compiling version_check v0.9.4
[INFO] [stderr]    Compiling autocfg v1.1.0
[INFO] [stderr]    Compiling cfg-if v1.0.0
[INFO] [stderr]    Compiling serde v1.0.188
[INFO] [stderr]    Compiling libm v0.2.7
[INFO] [stderr]    Compiling typenum v1.17.0
[INFO] [stderr]    Compiling once_cell v1.18.0
[INFO] [stderr]    Compiling memchr v2.6.3
[INFO] [stderr]    Compiling parking_lot_core v0.9.8
[INFO] [stderr]    Compiling serde_json v1.0.107
[INFO] [stderr]    Compiling futures-core v0.3.29
[INFO] [stderr]    Compiling syn v1.0.109
[INFO] [stderr]    Compiling either v1.9.0
[INFO] [stderr]    Compiling futures-task v0.3.29
[INFO] [stderr]    Compiling futures-channel v0.3.29
[INFO] [stderr]    Compiling futures-util v0.3.29
[INFO] [stderr]    Compiling bitflags v2.4.0
[INFO] [stderr]    Compiling ppv-lite86 v0.2.17
[INFO] [stderr]    Compiling thiserror v1.0.50
[INFO] [stderr]    Compiling smallvec v1.11.1
[INFO] [stderr]    Compiling anyhow v1.0.75
[INFO] [stderr]    Compiling spin v0.5.2
[INFO] [stderr]    Compiling generic-array v0.14.7
[INFO] [stderr]    Compiling ahash v0.8.3
[INFO] [stderr]    Compiling num-traits v0.2.16
[INFO] [stderr]    Compiling num-integer v0.1.45
[INFO] [stderr]    Compiling lock_api v0.4.10
[INFO] [stderr]    Compiling num-bigint v0.4.4
[INFO] [stderr]    Compiling slab v0.4.9
[INFO] [stderr]    Compiling rustix v0.38.19
[INFO] [stderr]    Compiling lazy_static v1.4.0
[INFO] [stderr]    Compiling linux-raw-sys v0.4.10
[INFO] [stderr]    Compiling heck v0.4.1
[INFO] [stderr]    Compiling home v0.5.5
[INFO] [stderr]    Compiling pin-project-lite v0.2.13
[INFO] [stderr]    Compiling itoa v1.0.9
[INFO] [stderr]    Compiling allocator-api2 v0.2.16
[INFO] [stderr]    Compiling bytes v1.5.0
[INFO] [stderr]    Compiling regex-syntax v0.7.5
[INFO] [stderr]    Compiling quote v1.0.33
[INFO] [stderr]    Compiling aho-corasick v1.1.1
[INFO] [stderr]    Compiling equivalent v1.0.1
[INFO] [stderr]    Compiling syn v2.0.37
[INFO] [stderr]    Compiling hashbrown v0.14.2
[INFO] [stderr]    Compiling tinyvec_macros v0.1.1
[INFO] [stderr]    Compiling tinyvec v1.6.0
[INFO] [stderr]    Compiling rustversion v1.0.14
[INFO] [stderr]    Compiling convert_case v0.4.0
[INFO] [stderr]    Compiling unicode-bidi v0.3.13
[INFO] [stderr]     Checking getrandom v0.2.10
[INFO] [stderr]     Checking num_cpus v1.16.0
[INFO] [stderr]    Compiling percent-encoding v2.3.0
[INFO] [stderr]     Checking rand_core v0.6.4
[INFO] [stderr]    Compiling cc v1.0.83
[INFO] [stderr]    Compiling fslock v0.1.8
[INFO] [stderr]    Compiling unicode-normalization v0.1.22
[INFO] [stderr]     Checking rand_chacha v0.3.1
[INFO] [stderr]    Compiling form_urlencoded v1.2.0
[INFO] [stderr]     Checking rand v0.8.5
[INFO] [stderr]    Compiling scopeguard v1.2.0
[INFO] [stderr]    Compiling which v4.4.2
[INFO] [stderr]    Compiling idna v0.4.0
[INFO] [stderr]    Compiling regex-automata v0.3.8
[INFO] [stderr]    Compiling subtle v2.5.0
[INFO] [stderr]    Compiling indexmap v1.9.3
[INFO] [stderr]    Compiling ryu v1.0.15
[INFO] [stderr]    Compiling v8 v0.81.0
[INFO] [stderr]     Checking log v0.4.20
[INFO] [stderr]    Compiling data-encoding v2.4.0
[INFO] [stderr]     Checking parking_lot v0.12.1
[INFO] [stderr]     Checking mio v0.8.8
[INFO] [stderr]    Compiling socket2 v0.5.4
[INFO] [stderr]    Compiling signal-hook-registry v1.4.1
[INFO] [stderr]    Compiling siphasher v0.3.11
[INFO] [stderr]    Compiling async-trait v0.1.73
[INFO] [stderr]    Compiling futures-sink v0.3.29
[INFO] [stderr]    Compiling ring v0.17.2
[INFO] [stderr]    Compiling pin-utils v0.1.0
[INFO] [stderr]    Compiling phf_shared v0.11.2
[INFO] [stderr]    Compiling if_chain v1.0.2
[INFO] [stderr]    Compiling unicode-id v0.3.4
[INFO] [stderr]    Compiling const-oid v0.9.5
[INFO] [stderr]    Compiling phf_generator v0.11.2
[INFO] [stderr]    Compiling futures-io v0.3.29
[INFO] [stderr]    Compiling tracing-core v0.1.31
[INFO] [stderr]    Compiling bitflags v1.3.2
[INFO] [stderr]    Compiling cpufeatures v0.2.9
[INFO] [stderr]    Compiling rustls v0.21.8
[INFO] [stderr]    Compiling crc32fast v1.3.2
[INFO] [stderr]    Compiling httparse v1.8.0
[INFO] [stderr]    Compiling psm v0.1.21
[INFO] [stderr]    Compiling hashbrown v0.12.3
[INFO] [stderr]    Compiling vcpkg v0.2.15
[INFO] [stderr]    Compiling pkg-config v0.3.27
[INFO] [stderr]    Compiling base64ct v1.6.0
[INFO] [stderr]    Compiling stacker v0.1.15
[INFO] [stderr]    Compiling smartstring v1.0.1
[INFO] [stderr]    Compiling itertools v0.10.5
[INFO] [stderr]    Compiling pem-rfc7468 v0.7.0
[INFO] [stderr]    Compiling untrusted v0.9.0
[INFO] [stderr]    Compiling spin v0.9.8
[INFO] [stderr]    Compiling rustc-hash v1.1.0
[INFO] [stderr]    Compiling fnv v1.0.7
[INFO] [stderr]    Compiling new_debug_unreachable v1.0.4
[INFO] [stderr]    Compiling num-iter v0.1.43
[INFO] [stderr]    Compiling http v0.2.9
[INFO] [stderr]    Compiling time-core v0.1.2
[INFO] [stderr]    Compiling scoped-tls v1.0.1
[INFO] [stderr]    Compiling semver v1.0.14
[INFO] [stderr]    Compiling time-macros v0.2.15
[INFO] [stderr]    Compiling better_scoped_tls v0.1.1
[INFO] [stderr]    Compiling semver-parser v0.7.0
[INFO] [stderr]    Compiling base64 v0.21.4
[INFO] [stderr]    Compiling unicode-width v0.1.11
[INFO] [stderr]    Compiling unicode-xid v0.2.4
[INFO] [stderr]    Compiling semver v0.9.0
[INFO] [stderr]    Compiling libsqlite3-sys v0.26.0
[INFO] [stderr]    Compiling synstructure v0.12.6
[INFO] [stderr]    Compiling pmutil v0.6.1
[INFO] [stderr]    Compiling static_assertions v1.1.0
[INFO] [stderr]    Compiling prettyplease v0.1.25
[INFO] [stderr]    Compiling num-bigint-dig v0.8.4
[INFO] [stderr]    Compiling swc_macros_common v0.3.8
[INFO] [stderr]    Compiling regex v1.9.5
[INFO] [stderr]    Compiling windows_x86_64_gnu v0.48.5
[INFO] [stderr]    Compiling rustc_version v0.4.0
[INFO] [stderr]    Compiling rustc_version v0.2.3
[INFO] [stderr]    Compiling try-lock v0.2.4
[INFO] [stderr]    Compiling platforms v3.1.2
[INFO] [stderr]    Compiling adler v1.0.2
[INFO] [stderr]    Compiling fixedbitset v0.4.2
[INFO] [stderr]    Compiling fastrand v2.0.1
[INFO] [stderr]    Compiling miniz_oxide v0.7.1
[INFO] [stderr]    Compiling want v0.3.1
[INFO] [stderr]    Compiling Inflector v0.11.4
[INFO] [stderr]    Compiling curve25519-dalek v4.1.1
[INFO] [stderr]    Compiling tempfile v3.8.0
[INFO] [stderr]    Compiling fs3 v0.5.0
[INFO] [stderr]    Compiling rustls-pemfile v1.0.3
[INFO] [stderr]    Compiling ff v0.13.0
[INFO] [stderr]    Compiling memoffset v0.7.1
[INFO] [stderr]    Compiling multimap v0.8.3
[INFO] [stderr]    Compiling base16ct v0.2.0
[INFO] [stderr]    Compiling httpdate v1.0.3
[INFO] [stderr]    Compiling byteorder v1.4.3
[INFO] [stderr]    Compiling group v0.13.0
[INFO] [stderr]    Compiling flate2 v1.0.27
[INFO] [stderr]    Compiling http-body v0.4.5
[INFO] [stderr]    Compiling socket2 v0.4.9
[INFO] [stderr]    Compiling ipnet v2.8.0
[INFO] [stderr]    Compiling alloc-no-stdlib v2.0.4
[INFO] [stderr]    Compiling tower-service v0.3.2
[INFO] [stderr]    Compiling alloc-stdlib v0.2.2
[INFO] [stderr]    Compiling openssl-probe v0.1.5
[INFO] [stderr]    Compiling webpki-roots v0.25.2
[INFO] [stderr]    Compiling oid-registry v0.6.1
[INFO] [stderr]    Compiling rustls-native-certs v0.6.3
[INFO] [stderr]    Compiling brotli-decompressor v2.3.4
[INFO] [stderr]    Compiling libz-sys v1.1.12
[INFO] [stderr]    Compiling proc-macro-error-attr v1.0.4
[INFO] [stderr]    Compiling encoding_rs v0.8.33
[INFO] [stderr]    Compiling minimal-lexical v0.2.1
[INFO] [stderr]    Compiling derive_more v0.99.17
[INFO] [stderr]    Compiling enum-as-inner v0.5.1
[INFO] [stderr]    Compiling prost-derive v0.11.9
[INFO] [stderr]    Compiling asn1-rs-derive v0.4.0
[INFO] [stderr]    Compiling asn1-rs-impl v0.1.0
[INFO] [stderr]    Compiling match_cfg v0.1.0
[INFO] [stderr]    Compiling typed-arena v2.0.1
[INFO] [stderr]    Compiling matches v0.1.10
[INFO] [stderr]    Compiling idna v0.2.3
[INFO] [stderr]    Compiling hostname v0.3.1
[INFO] [stderr]    Compiling nom v7.1.3
[INFO] [stderr]    Compiling deno_native_certs v0.2.0
[INFO] [stderr]    Compiling libffi-sys v2.3.0
[INFO] [stderr]    Compiling nom v5.1.3
[INFO] [stderr]     Checking sct v0.7.1
[INFO] [stderr]    Compiling rustls-webpki v0.101.7
[INFO] [stderr]    Compiling serde_derive v1.0.188
[INFO] [stderr]    Compiling zeroize_derive v1.4.2
[INFO] [stderr]    Compiling tokio-macros v2.1.0
[INFO] [stderr]    Compiling futures-macro v0.3.29
[INFO] [stderr]    Compiling thiserror-impl v1.0.50
[INFO] [stderr]    Compiling tracing-attributes v0.1.26
[INFO] [stderr]    Compiling pin-project-internal v1.1.3
[INFO] [stderr]    Compiling proc-macro-rules-macros v0.4.0
[INFO] [stderr]    Compiling strum_macros v0.25.2
[INFO] [stderr]    Compiling zeroize v1.6.0
[INFO] [stderr]    Compiling tokio v1.33.0
[INFO] [stderr]    Compiling phf_macros v0.11.2
[INFO] [stderr]    Compiling proc-macro-rules v0.4.0
[INFO] [stderr]    Compiling swc_visit_macros v0.5.8
[INFO] [stderr]    Compiling ast_node v0.9.5
[INFO] [stderr]     Checking crypto-common v0.1.6
[INFO] [stderr]    Compiling block-buffer v0.10.4
[INFO] [stderr]    Compiling digest v0.10.7
[INFO] [stderr]    Compiling tracing v0.1.37
[INFO] [stderr]    Compiling from_variant v0.1.6
[INFO] [stderr]    Compiling swc_eq_ignore_macros v0.1.2
[INFO] [stderr]    Compiling string_enum v0.4.1
[INFO] [stderr]    Compiling is-macro v0.3.0
[INFO] [stderr]    Compiling strum v0.25.0
[INFO] [stderr]    Compiling deno_ops v0.108.0
[INFO] [stderr]    Compiling pin-project v1.1.3
[INFO] [stderr]    Compiling phf v0.11.2
[INFO] [stderr]    Compiling der v0.7.8
[INFO] [stderr]    Compiling hstr v0.2.6
[INFO] [stderr]    Compiling hmac v0.12.1
[INFO] [stderr]    Compiling block-padding v0.3.3
[INFO] [stderr]    Compiling inout v0.1.3
[INFO] [stderr]    Compiling cipher v0.4.4
[INFO] [stderr]     Checking futures-executor v0.3.29
[INFO] [stderr]    Compiling prost v0.11.9
[INFO] [stderr]    Compiling spki v0.7.2
[INFO] [stderr]     Checking futures v0.3.29
[INFO] [stderr]    Compiling pkcs8 v0.10.2
[INFO] [stderr]    Compiling displaydoc v0.2.4
[INFO] [stderr]    Compiling prost-types v0.11.9
[INFO] [stderr]    Compiling sec1 v0.7.3
[INFO] [stderr]    Compiling hkdf v0.12.3
[INFO] [stderr]    Compiling signature v2.1.0
[INFO] [stderr]    Compiling sha2 v0.10.8
[INFO] [stderr]    Compiling crypto-bigint v0.5.3
[INFO] [stderr]    Compiling curve25519-dalek-derive v0.1.0
[INFO] [stderr]    Compiling rfc6979 v0.4.0
[INFO] [stderr]    Compiling swc_config_macro v0.1.2
[INFO] [stderr]    Compiling swc_ecma_transforms_macros v0.5.3
[INFO] [stderr] error: could not compile `deno_ops` (lib)
[INFO] [stderr] 
[INFO] [stderr] Caused by:
[INFO] [stderr]   process didn't exit successfully: `/opt/rustwide/rustup-home/toolchains/1.75.0-x86_64-unknown-linux-gnu/bin/rustc --crate-name deno_ops --edition=2021 /opt/rustwide/cargo-home/registry/src/index.crates.io-6f17d22bba15001f/deno_ops-0.108.0/./lib.rs --error-format=json --json=diagnostic-rendered-ansi,artifacts,future-incompat --crate-type proc-macro --emit=dep-info,link -C prefer-dynamic -C embed-bitcode=no -C metadata=68f06ee8f886d945 -C extra-filename=-68f06ee8f886d945 --out-dir /opt/rustwide/target/debug/deps -L dependency=/opt/rustwide/target/debug/deps --extern proc_macro_rules=/opt/rustwide/target/debug/deps/libproc_macro_rules-95dc82089702236e.rlib --extern proc_macro2=/opt/rustwide/target/debug/deps/libproc_macro2-468cf17866b87cf2.rlib --extern quote=/opt/rustwide/target/debug/deps/libquote-fdf6e88c5486caf6.rlib --extern strum=/opt/rustwide/target/debug/deps/libstrum-06cd5097fa135fad.rlib --extern strum_macros=/opt/rustwide/target/debug/deps/libstrum_macros-5075b8a942c5ce74.so --extern syn=/opt/rustwide/target/debug/deps/libsyn-f386cac8eaf1387c.rlib --extern thiserror=/opt/rustwide/target/debug/deps/libthiserror-974c5fbf56fd6b17.rlib --extern proc_macro --cap-lints allow --cap-lints=warn` (signal: 9, SIGKILL: kill)
[INFO] [stderr] warning: build failed, waiting for other jobs to finish...
[INFO] [stderr] error: could not compile `tokio` (lib)
[INFO] [stderr] 
[INFO] [stderr] Caused by:
[INFO] [stderr]   process didn't exit successfully: `/opt/rustwide/rustup-home/toolchains/1.75.0-x86_64-unknown-linux-gnu/bin/rustc --crate-name tokio --edition=2021 /opt/rustwide/cargo-home/registry/src/index.crates.io-6f17d22bba15001f/tokio-1.33.0/src/lib.rs --error-format=json --json=diagnostic-rendered-ansi,artifacts,future-incompat --crate-type lib --emit=dep-info,metadata,link -C embed-bitcode=no --cfg 'feature="bytes"' --cfg 'feature="default"' --cfg 'feature="fs"' --cfg 'feature="full"' --cfg 'feature="io-std"' --cfg 'feature="io-util"' --cfg 'feature="libc"' --cfg 'feature="macros"' --cfg 'feature="mio"' --cfg 'feature="net"' --cfg 'feature="num_cpus"' --cfg 'feature="parking_lot"' --cfg 'feature="process"' --cfg 'feature="rt"' --cfg 'feature="rt-multi-thread"' --cfg 'feature="signal"' --cfg 'feature="signal-hook-registry"' --cfg 'feature="socket2"' --cfg 'feature="sync"' --cfg 'feature="time"' --cfg 'feature="tokio-macros"' -C metadata=d8efd1c46ab4cc13 -C extra-filename=-d8efd1c46ab4cc13 --out-dir /opt/rustwide/target/debug/deps -L dependency=/opt/rustwide/target/debug/deps --extern bytes=/opt/rustwide/target/debug/deps/libbytes-be8e6376fadfa3d6.rmeta --extern libc=/opt/rustwide/target/debug/deps/liblibc-3b8e96d15fbfcf49.rmeta --extern mio=/opt/rustwide/target/debug/deps/libmio-5fa4e8d18512227a.rmeta --extern num_cpus=/opt/rustwide/target/debug/deps/libnum_cpus-4897fe4bbe8a313b.rmeta --extern parking_lot=/opt/rustwide/target/debug/deps/libparking_lot-ffe07c482479ea66.rmeta --extern pin_project_lite=/opt/rustwide/target/debug/deps/libpin_project_lite-75cd6808f69f5a62.rmeta --extern signal_hook_registry=/opt/rustwide/target/debug/deps/libsignal_hook_registry-7ecc375eb54fa0a6.rmeta --extern socket2=/opt/rustwide/target/debug/deps/libsocket2-f7eb6de526b6b25b.rmeta --extern tokio_macros=/opt/rustwide/target/debug/deps/libtokio_macros-bebb4469354e8729.so --cap-lints allow --cap-lints=warn` (signal: 9, SIGKILL: kill)
[INFO] [stderr] error: failed to run custom build command for `v8 v0.81.0`
[INFO] [stderr] note: To improve backtraces for build dependencies, set the CARGO_PROFILE_DEV_BUILD_OVERRIDE_DEBUG=true environment variable to enable debug information generation.
[INFO] [stderr] 
[INFO] [stderr] Caused by:
[INFO] [stderr]   process didn't exit successfully: `/opt/rustwide/target/debug/build/v8-1c47fddb371a344d/build-script-build` (exit status: 101)
[INFO] [stderr]   --- stdout
[INFO] [stderr]   cargo:rerun-if-changed=.gn
[INFO] [stderr]   cargo:rerun-if-changed=BUILD.gn
[INFO] [stderr]   cargo:rerun-if-changed=src/binding.cc
[INFO] [stderr]   cargo:rerun-if-env-changed=CCACHE
[INFO] [stderr]   cargo:rerun-if-env-changed=CLANG_BASE_PATH
[INFO] [stderr]   cargo:rerun-if-env-changed=CXXSTDLIB
[INFO] [stderr]   cargo:rerun-if-env-changed=DENO_TRYBUILD
[INFO] [stderr]   cargo:rerun-if-env-changed=DOCS_RS
[INFO] [stderr]   cargo:rerun-if-env-changed=GN
[INFO] [stderr]   cargo:rerun-if-env-changed=GN_ARGS
[INFO] [stderr]   cargo:rerun-if-env-changed=HOST
[INFO] [stderr]   cargo:rerun-if-env-changed=NINJA
[INFO] [stderr]   cargo:rerun-if-env-changed=OUT_DIR
[INFO] [stderr]   cargo:rerun-if-env-changed=RUSTY_V8_ARCHIVE
[INFO] [stderr]   cargo:rerun-if-env-changed=RUSTY_V8_MIRROR
[INFO] [stderr]   cargo:rerun-if-env-changed=SCCACHE
[INFO] [stderr]   cargo:rerun-if-env-changed=V8_FORCE_DEBUG
[INFO] [stderr]   cargo:rerun-if-env-changed=V8_FROM_SOURCE
[INFO] [stderr]   cargo:rerun-if-env-changed=PYTHON
[INFO] [stderr]   cargo:rerun-if-env-changed=DISABLE_CLANG
[INFO] [stderr]   cargo:rerun-if-env-changed=EXTRA_GN_ARGS
[INFO] [stderr]   cargo:rerun-if-env-changed=NO_PRINT_GN_ARGS
[INFO] [stderr]   cargo:rustc-link-lib=static=rusty_v8
[INFO] [stderr]   download lockfile: "/opt/rustwide/target/debug/build/lib_download.fslock"
[INFO] [stderr]   static lib URL: https://github.com/denoland/rusty_v8/releases/download/v0.81.0/librusty_v8_release_x86_64-unknown-linux-gnu.a
[INFO] [stderr]   cargo:rustc-link-search=/opt/rustwide/target/debug/gn_out/obj
[INFO] [stderr]   Downloading https://github.com/denoland/rusty_v8/releases/download/v0.81.0/librusty_v8_release_x86_64-unknown-linux-gnu.a
[INFO] [stderr]   Downloading https://github.com/denoland/rusty_v8/releases/download/v0.81.0/librusty_v8_release_x86_64-unknown-linux-gnu.a...
[INFO] [stderr]   <urlopen error [Errno -3] Temporary failure in name resolution>
[INFO] [stderr]   Retrying in 5 s ...
[INFO] [stderr]   Downloading https://github.com/denoland/rusty_v8/releases/download/v0.81.0/librusty_v8_release_x86_64-unknown-linux-gnu.a...
[INFO] [stderr]   <urlopen error [Errno -3] Temporary failure in name resolution>
[INFO] [stderr]   Retrying in 10 s ...
[INFO] [stderr]   Downloading https://github.com/denoland/rusty_v8/releases/download/v0.81.0/librusty_v8_release_x86_64-unknown-linux-gnu.a...
[INFO] [stderr]   <urlopen error [Errno -3] Temporary failure in name resolution>
[INFO] [stderr]   Retrying in 20 s ...
[INFO] [stderr]   Downloading https://github.com/denoland/rusty_v8/releases/download/v0.81.0/librusty_v8_release_x86_64-unknown-linux-gnu.a...
[INFO] [stderr]   <urlopen error [Errno -3] Temporary failure in name resolution>
[INFO] [stderr]   Python downloader failed, trying with curl.
[INFO] [stderr] 
[INFO] [stderr]   --- stderr
[INFO] [stderr]   Traceback (most recent call last):
[INFO] [stderr]     File "/usr/lib/python3.10/urllib/request.py", line 1348, in do_open
[INFO] [stderr]       h.request(req.get_method(), req.selector, req.data, headers,
[INFO] [stderr]     File "/usr/lib/python3.10/http/client.py", line 1283, in request
[INFO] [stderr]       self._send_request(method, url, body, headers, encode_chunked)
[INFO] [stderr]     File "/usr/lib/python3.10/http/client.py", line 1329, in _send_request
[INFO] [stderr]       self.endheaders(body, encode_chunked=encode_chunked)
[INFO] [stderr]     File "/usr/lib/python3.10/http/client.py", line 1278, in endheaders
[INFO] [stderr]       self._send_output(message_body, encode_chunked=encode_chunked)
[INFO] [stderr]     File "/usr/lib/python3.10/http/client.py", line 1038, in _send_output
[INFO] [stderr]       self.send(msg)
[INFO] [stderr]     File "/usr/lib/python3.10/http/client.py", line 976, in send
[INFO] [stderr]       self.connect()
[INFO] [stderr]     File "/usr/lib/python3.10/http/client.py", line 1448, in connect
[INFO] [stderr]       super().connect()
[INFO] [stderr]     File "/usr/lib/python3.10/http/client.py", line 942, in connect
[INFO] [stderr]       self.sock = self._create_connection(
[INFO] [stderr]     File "/usr/lib/python3.10/socket.py", line 824, in create_connection
[INFO] [stderr]       for res in getaddrinfo(host, port, 0, SOCK_STREAM):
[INFO] [stderr]     File "/usr/lib/python3.10/socket.py", line 955, in getaddrinfo
[INFO] [stderr]       for res in _socket.getaddrinfo(host, port, family, type, proto, flags):
[INFO] [stderr]   socket.gaierror: [Errno -3] Temporary failure in name resolution
[INFO] [stderr] 
[INFO] [stderr]   During handling of the above exception, another exception occurred:
[INFO] [stderr] 
[INFO] [stderr]   Traceback (most recent call last):
[INFO] [stderr]     File "/opt/rustwide/cargo-home/registry/src/index.crates.io-6f17d22bba15001f/v8-0.81.0/./tools/download_file.py", line 64, in <module>
[INFO] [stderr]       sys.exit(main())
[INFO] [stderr]     File "/opt/rustwide/cargo-home/registry/src/index.crates.io-6f17d22bba15001f/v8-0.81.0/./tools/download_file.py", line 59, in main
[INFO] [stderr]       DownloadUrl(args.url, f)
[INFO] [stderr]     File "/opt/rustwide/cargo-home/registry/src/index.crates.io-6f17d22bba15001f/v8-0.81.0/./tools/download_file.py", line 45, in DownloadUrl
[INFO] [stderr]       raise e
[INFO] [stderr]     File "/opt/rustwide/cargo-home/registry/src/index.crates.io-6f17d22bba15001f/v8-0.81.0/./tools/download_file.py", line 29, in DownloadUrl
[INFO] [stderr]       response = urlopen(url)
[INFO] [stderr]     File "/usr/lib/python3.10/urllib/request.py", line 216, in urlopen
[INFO] [stderr]       return opener.open(url, data, timeout)
[INFO] [stderr]     File "/usr/lib/python3.10/urllib/request.py", line 519, in open
[INFO] [stderr]       response = self._open(req, data)
[INFO] [stderr]     File "/usr/lib/python3.10/urllib/request.py", line 536, in _open
[INFO] [stderr]       result = self._call_chain(self.handle_open, protocol, protocol +
[INFO] [stderr]     File "/usr/lib/python3.10/urllib/request.py", line 496, in _call_chain
[INFO] [stderr]       result = func(*args)
[INFO] [stderr]     File "/usr/lib/python3.10/urllib/request.py", line 1391, in https_open
[INFO] [stderr]       return self.do_open(http.client.HTTPSConnection, req,
[INFO] [stderr]     File "/usr/lib/python3.10/urllib/request.py", line 1351, in do_open
[INFO] [stderr]       raise URLError(err)
[INFO] [stderr]   urllib.error.URLError: <urlopen error [Errno -3] Temporary failure in name resolution>
[INFO] [stderr]   thread 'main' panicked at /opt/rustwide/cargo-home/registry/src/index.crates.io-6f17d22bba15001f/v8-0.81.0/build.rs:431:3:
[INFO] [stderr]   assertion failed: status.success()
[INFO] [stderr]   stack backtrace:
[INFO] [stderr]      0:     0x55ac3bacf78c - std::backtrace_rs::backtrace::libunwind::trace::ha637c64ce894333a
[INFO] [stderr]                                  at /rustc/82e1608dfa6e0b5569232559e3d385fea5a93112/library/std/src/../../backtrace/src/backtrace/libunwind.rs:104:5
[INFO] [stderr]      1:     0x55ac3bacf78c - std::backtrace_rs::backtrace::trace_unsynchronized::h47f62dea28e0c88d
[INFO] [stderr]                                  at /rustc/82e1608dfa6e0b5569232559e3d385fea5a93112/library/std/src/../../backtrace/src/backtrace/mod.rs:66:5
[INFO] [stderr]      2:     0x55ac3bacf78c - std::sys_common::backtrace::_print_fmt::h9eef0abe20ede486
[INFO] [stderr]                                  at /rustc/82e1608dfa6e0b5569232559e3d385fea5a93112/library/std/src/sys_common/backtrace.rs:67:5
[INFO] [stderr]      3:     0x55ac3bacf78c - <std::sys_common::backtrace::_print::DisplayBacktrace as core::fmt::Display>::fmt::hed7f999df88cc644
[INFO] [stderr]                                  at /rustc/82e1608dfa6e0b5569232559e3d385fea5a93112/library/std/src/sys_common/backtrace.rs:44:22
[INFO] [stderr]      4:     0x55ac3baf3dc0 - core::fmt::rt::Argument::fmt::h1539a9308b8d058d
[INFO] [stderr]                                  at /rustc/82e1608dfa6e0b5569232559e3d385fea5a93112/library/core/src/fmt/rt.rs:142:9
[INFO] [stderr]      5:     0x55ac3baf3dc0 - core::fmt::write::h3a39390d8560d9c9
[INFO] [stderr]                                  at /rustc/82e1608dfa6e0b5569232559e3d385fea5a93112/library/core/src/fmt/mod.rs:1120:17
[INFO] [stderr]      6:     0x55ac3bacd10f - std::io::Write::write_fmt::h5fc9997dfe05f882
[INFO] [stderr]                                  at /rustc/82e1608dfa6e0b5569232559e3d385fea5a93112/library/std/src/io/mod.rs:1762:15
[INFO] [stderr]      7:     0x55ac3bacf574 - std::sys_common::backtrace::_print::h894006fb5c6f3d45
[INFO] [stderr]                                  at /rustc/82e1608dfa6e0b5569232559e3d385fea5a93112/library/std/src/sys_common/backtrace.rs:47:5
[INFO] [stderr]      8:     0x55ac3bacf574 - std::sys_common::backtrace::print::h23a2d212c6fff936
[INFO] [stderr]                                  at /rustc/82e1608dfa6e0b5569232559e3d385fea5a93112/library/std/src/sys_common/backtrace.rs:34:9
[INFO] [stderr]      9:     0x55ac3bad0c17 - std::panicking::default_hook::{{closure}}::h8a1d2ee00185001a
[INFO] [stderr]     10:     0x55ac3bad097f - std::panicking::default_hook::h6038f2eba384e475
[INFO] [stderr]                                  at /rustc/82e1608dfa6e0b5569232559e3d385fea5a93112/library/std/src/panicking.rs:292:9
[INFO] [stderr]     11:     0x55ac3bad1098 - std::panicking::rust_panic_with_hook::h2b5517d590cab22e
[INFO] [stderr]                                  at /rustc/82e1608dfa6e0b5569232559e3d385fea5a93112/library/std/src/panicking.rs:779:13
[INFO] [stderr]     12:     0x55ac3bad0f49 - std::panicking::begin_panic_handler::{{closure}}::h233112c06e0ef43e
[INFO] [stderr]                                  at /rustc/82e1608dfa6e0b5569232559e3d385fea5a93112/library/std/src/panicking.rs:649:13
[INFO] [stderr]     13:     0x55ac3bacfc56 - std::sys_common::backtrace::__rust_end_short_backtrace::h6e893f24d7ebbff8
[INFO] [stderr]                                  at /rustc/82e1608dfa6e0b5569232559e3d385fea5a93112/library/std/src/sys_common/backtrace.rs:170:18
[INFO] [stderr]     14:     0x55ac3bad0ce2 - rust_begin_unwind
[INFO] [stderr]                                  at /rustc/82e1608dfa6e0b5569232559e3d385fea5a93112/library/std/src/panicking.rs:645:5
[INFO] [stderr]     15:     0x55ac3ba7f8f5 - core::panicking::panic_fmt::hbf0e066aabfa482c
[INFO] [stderr]                                  at /rustc/82e1608dfa6e0b5569232559e3d385fea5a93112/library/core/src/panicking.rs:72:14
[INFO] [stderr]     16:     0x55ac3ba7f993 - core::panicking::panic::h195fc2a96298d4c3
[INFO] [stderr]                                  at /rustc/82e1608dfa6e0b5569232559e3d385fea5a93112/library/core/src/panicking.rs:127:5
[INFO] [stderr]     17:     0x55ac3ba8a8b4 - build_script_build::download_file::hde360ac4142486a6
[INFO] [stderr]     18:     0x55ac3ba8b027 - build_script_build::download_static_lib_binaries::h5ce3f99451087e37
[INFO] [stderr]     19:     0x55ac3ba8661d - build_script_build::main::h63fb73785b217d97
[INFO] [stderr]     20:     0x55ac3ba84543 - core::ops::function::FnOnce::call_once::h765d1a278ccb90ce
[INFO] [stderr]     21:     0x55ac3ba9cee6 - std::sys_common::backtrace::__rust_begin_short_backtrace::h9045b52f5c4b1677
[INFO] [stderr]     22:     0x55ac3ba9cf39 - std::rt::lang_start::{{closure}}::h9d5a83106f681285
[INFO] [stderr]     23:     0x55ac3bac8507 - core::ops::function::impls::<impl core::ops::function::FnOnce<A> for &F>::call_once::hd95060ecd5e1ca24
[INFO] [stderr]                                  at /rustc/82e1608dfa6e0b5569232559e3d385fea5a93112/library/core/src/ops/function.rs:284:13
[INFO] [stderr]     24:     0x55ac3bac8507 - std::panicking::try::do_call::h6e8cf51db32a6e4b
[INFO] [stderr]                                  at /rustc/82e1608dfa6e0b5569232559e3d385fea5a93112/library/std/src/panicking.rs:552:40
[INFO] [stderr]     25:     0x55ac3bac8507 - std::panicking::try::h3a52eefe24fe3c29
[INFO] [stderr]                                  at /rustc/82e1608dfa6e0b5569232559e3d385fea5a93112/library/std/src/panicking.rs:516:19
[INFO] [stderr]     26:     0x55ac3bac8507 - std::panic::catch_unwind::h24c28c23c02c3841
[INFO] [stderr]                                  at /rustc/82e1608dfa6e0b5569232559e3d385fea5a93112/library/std/src/panic.rs:142:14
[INFO] [stderr]     27:     0x55ac3bac8507 - std::rt::lang_start_internal::{{closure}}::h705d3c9cbc06ef47
[INFO] [stderr]                                  at /rustc/82e1608dfa6e0b5569232559e3d385fea5a93112/library/std/src/rt.rs:148:48
[INFO] [stderr]     28:     0x55ac3bac8507 - std::panicking::try::do_call::ha21f52ba13158470
[INFO] [stderr]                                  at /rustc/82e1608dfa6e0b5569232559e3d385fea5a93112/library/std/src/panicking.rs:552:40
[INFO] [stderr]     29:     0x55ac3bac8507 - std::panicking::try::h5581346bf6aeb1f8
[INFO] [stderr]                                  at /rustc/82e1608dfa6e0b5569232559e3d385fea5a93112/library/std/src/panicking.rs:516:19
[INFO] [stderr]     30:     0x55ac3bac8507 - std::panic::catch_unwind::h7919645a6b72e25b
[INFO] [stderr]                                  at /rustc/82e1608dfa6e0b5569232559e3d385fea5a93112/library/std/src/panic.rs:142:14
[INFO] [stderr]     31:     0x55ac3bac8507 - std::rt::lang_start_internal::h12de51168669836e
[INFO] [stderr]                                  at /rustc/82e1608dfa6e0b5569232559e3d385fea5a93112/library/std/src/rt.rs:148:20
[INFO] [stderr]     32:     0x55ac3ba9cf17 - std::rt::lang_start::hbc55ff4dd3700215
[INFO] [stderr]     33:     0x55ac3ba8f145 - main
[INFO] [stderr]     34:     0x7fc7ba62cd90 - <unknown>
[INFO] [stderr]     35:     0x7fc7ba62ce40 - __libc_start_main
[INFO] [stderr]     36:     0x55ac3ba80105 - _start
[INFO] [stderr]     37:                0x0 - <unknown>
[INFO] running `Command { std: "docker" "inspect" "fee51a286dc60d9648e1a3f4ef658c60ec61cb9f3849fa75ae242a60abec3bfd", kill_on_drop: false }`
[INFO] running `Command { std: "docker" "rm" "-f" "fee51a286dc60d9648e1a3f4ef658c60ec61cb9f3849fa75ae242a60abec3bfd", kill_on_drop: false }`
[INFO] [stdout] fee51a286dc60d9648e1a3f4ef658c60ec61cb9f3849fa75ae242a60abec3bfd
