[INFO] fetching crate del-gl 0.1.2...
[INFO] documenting del-gl-0.1.2 against 1.75.0 for beta-1.76-rustdoc-1
[INFO] extracting crate del-gl 0.1.2 into /workspace/builds/worker-3-tc1/source
[INFO] validating manifest of crates.io crate del-gl 0.1.2 on toolchain 1.75.0
[INFO] running `Command { std: CARGO_HOME="/workspace/cargo-home" RUSTUP_HOME="/workspace/rustup-home" "/workspace/cargo-home/bin/cargo" "+1.75.0" "metadata" "--manifest-path" "Cargo.toml" "--no-deps", kill_on_drop: false }`
[INFO] started tweaking crates.io crate del-gl 0.1.2
[INFO] finished tweaking crates.io crate del-gl 0.1.2
[INFO] tweaked toml for crates.io crate del-gl 0.1.2 written to /workspace/builds/worker-3-tc1/source/Cargo.toml
[INFO] running `Command { std: CARGO_HOME="/workspace/cargo-home" RUSTUP_HOME="/workspace/rustup-home" "/workspace/cargo-home/bin/cargo" "+1.75.0" "generate-lockfile" "--manifest-path" "Cargo.toml", kill_on_drop: false }`
[INFO] [stderr]     Updating crates.io index
[INFO] running `Command { std: CARGO_HOME="/workspace/cargo-home" RUSTUP_HOME="/workspace/rustup-home" "/workspace/cargo-home/bin/cargo" "+1.75.0" "fetch" "--manifest-path" "Cargo.toml", kill_on_drop: false }`
[INFO] [stderr]  Downloading crates ...
[INFO] [stderr]   Downloaded calloop v0.10.6
[INFO] [stderr]   Downloaded nalgebra-macros v0.2.1
[INFO] [stderr]   Downloaded wayland-egl v0.29.5
[INFO] [stderr]   Downloaded glutin_egl_sys v0.1.6
[INFO] [stderr]   Downloaded glutin_glx_sys v0.1.8
[INFO] [stderr]   Downloaded core-text v20.1.0
[INFO] [stderr]   Downloaded sctk-adwaita v0.4.3
[INFO] [stderr]   Downloaded del-geo v0.1.14
[INFO] [stderr]   Downloaded array-init v2.1.0
[INFO] [stderr]   Downloaded del-ls v0.1.3
[INFO] [stderr]   Downloaded del-msh v0.1.22
[INFO] [stderr]   Downloaded glutin v0.29.1
[INFO] [stderr]   Downloaded nalgebra v0.32.3
[INFO] [stderr]   Downloaded smithay-client-toolkit v0.16.1
[INFO] [stderr]   Downloaded nix v0.25.1
[INFO] [stderr]   Downloaded winit v0.27.5
[INFO] [stderr]   Downloaded cocoa v0.25.0
[INFO] [stderr]   Downloaded core-graphics v0.23.1
[INFO] [stderr]   Downloaded crossfont v0.5.2
[INFO] [stderr]   Downloaded simba v0.8.1
[INFO] [stderr]   Downloaded del-misc v0.1.4
[INFO] running `Command { std: "docker" "create" "-v" "/var/lib/crater-agent-workspace/builds/worker-3-tc1/target:/opt/rustwide/target:rw,Z" "-v" "/var/lib/crater-agent-workspace/builds/worker-3-tc1/source:/opt/rustwide/workdir:ro,Z" "-v" "/var/lib/crater-agent-workspace/cargo-home:/opt/rustwide/cargo-home:ro,Z" "-v" "/var/lib/crater-agent-workspace/rustup-home:/opt/rustwide/rustup-home:ro,Z" "-e" "SOURCE_DIR=/opt/rustwide/workdir" "-e" "CARGO_TARGET_DIR=/opt/rustwide/target" "-e" "CARGO_HOME=/opt/rustwide/cargo-home" "-e" "RUSTUP_HOME=/opt/rustwide/rustup-home" "-w" "/opt/rustwide/workdir" "-m" "1610612736" "--user" "0:0" "--network" "none" "ghcr.io/rust-lang/crates-build-env/linux@sha256:2788e3201cd34a07e3172128adcd8b3090168a8e3bcc40d7c032b9dda1df7d1c" "/opt/rustwide/cargo-home/bin/cargo" "+1.75.0" "metadata" "--no-deps" "--format-version=1", kill_on_drop: false }`
[INFO] [stdout] 8556946246b746fd2f824b75ec7dc6f786486e1ad67fdf09f931df1548a4d5af
[INFO] running `Command { std: "docker" "start" "-a" "8556946246b746fd2f824b75ec7dc6f786486e1ad67fdf09f931df1548a4d5af", kill_on_drop: false }`
[INFO] running `Command { std: "docker" "inspect" "8556946246b746fd2f824b75ec7dc6f786486e1ad67fdf09f931df1548a4d5af", kill_on_drop: false }`
[INFO] running `Command { std: "docker" "rm" "-f" "8556946246b746fd2f824b75ec7dc6f786486e1ad67fdf09f931df1548a4d5af", kill_on_drop: false }`
[INFO] [stdout] 8556946246b746fd2f824b75ec7dc6f786486e1ad67fdf09f931df1548a4d5af
[INFO] running `Command { std: "docker" "create" "-v" "/var/lib/crater-agent-workspace/builds/worker-3-tc1/target:/opt/rustwide/target:rw,Z" "-v" "/var/lib/crater-agent-workspace/builds/worker-3-tc1/source:/opt/rustwide/workdir:ro,Z" "-v" "/var/lib/crater-agent-workspace/cargo-home:/opt/rustwide/cargo-home:ro,Z" "-v" "/var/lib/crater-agent-workspace/rustup-home:/opt/rustwide/rustup-home:ro,Z" "-e" "SOURCE_DIR=/opt/rustwide/workdir" "-e" "CARGO_TARGET_DIR=/opt/rustwide/target" "-e" "CARGO_INCREMENTAL=0" "-e" "RUST_BACKTRACE=full" "-e" "RUSTFLAGS=--cap-lints=warn" "-e" "RUSTDOCFLAGS=--cap-lints=warn" "-e" "CARGO_HOME=/opt/rustwide/cargo-home" "-e" "RUSTUP_HOME=/opt/rustwide/rustup-home" "-w" "/opt/rustwide/workdir" "-m" "1610612736" "--user" "0:0" "--network" "none" "ghcr.io/rust-lang/crates-build-env/linux@sha256:2788e3201cd34a07e3172128adcd8b3090168a8e3bcc40d7c032b9dda1df7d1c" "/opt/rustwide/cargo-home/bin/cargo" "+1.75.0" "doc" "--frozen" "--no-deps" "--document-private-items" "--message-format=json", kill_on_drop: false }`
[INFO] [stdout] 1b8e104b827628b475b28ca20af899e00e6638bb575193a0bec037529f3c9ab8
[INFO] running `Command { std: "docker" "start" "-a" "1b8e104b827628b475b28ca20af899e00e6638bb575193a0bec037529f3c9ab8", kill_on_drop: false }`
[INFO] [stderr]    Compiling proc-macro2 v1.0.76
[INFO] [stderr]    Compiling num-traits v0.2.17
[INFO] [stderr]    Compiling wayland-sys v0.29.5
[INFO] [stderr]    Compiling cmake v0.1.50
[INFO] [stderr]    Compiling num-integer v0.1.45
[INFO] [stderr]    Compiling gl_generator v0.14.0
[INFO] [stderr]     Checking simd-adler32 v0.3.7
[INFO] [stderr]    Compiling slotmap v1.0.7
[INFO] [stderr]     Checking safe_arch v0.7.1
[INFO] [stderr]    Compiling servo-fontconfig-sys v5.1.0
[INFO] [stderr]    Compiling matrixmultiply v0.3.8
[INFO] [stderr]     Checking wayland-commons v0.29.5
[INFO] [stderr]    Compiling quote v1.0.35
[INFO] [stderr]     Checking miniz_oxide v0.7.1
[INFO] [stderr]    Compiling freetype-sys v0.13.1
[INFO] [stderr]    Compiling expat-sys v2.1.6
[INFO] [stderr]    Compiling wayland-scanner v0.29.5
[INFO] [stderr]    Compiling syn v2.0.48
[INFO] [stderr]    Compiling syn v1.0.109
[INFO] [stderr]    Compiling thiserror v1.0.56
[INFO] [stderr]     Checking wide v0.7.13
[INFO] [stderr]     Checking getrandom v0.2.11
[INFO] [stderr]     Checking rand_core v0.6.4
[INFO] [stderr]     Checking num-complex v0.4.4
[INFO] [stderr]     Checking approx v0.5.1
[INFO] [stderr]     Checking flate2 v1.0.28
[INFO] [stderr]     Checking num-rational v0.4.1
[INFO] [stderr]     Checking fdeflate v0.3.3
[INFO] [stderr]     Checking nix v0.25.1
[INFO] [stderr]    Compiling wayland-client v0.29.5
[INFO] [stderr]    Compiling wayland-protocols v0.29.5
[INFO] [stderr]    Compiling crossfont v0.5.2
[INFO] [stderr]    Compiling smithay-client-toolkit v0.16.1
[INFO] [stderr]     Checking simba v0.8.1
[INFO] [stderr]     Checking arrayref v0.3.7
[INFO] [stderr]     Checking tiny-skia-path v0.7.0
[INFO] [stderr]     Checking rand_chacha v0.3.1
[INFO] [stderr]     Checking png v0.17.10
[INFO] [stderr]     Checking servo-fontconfig v0.5.1
[INFO] [stderr]     Checking freetype-rs v0.26.0
[INFO] [stderr]     Checking memmap2 v0.5.10
[INFO] [stderr]     Checking rand v0.8.5
[INFO] [stderr]    Compiling glutin_egl_sys v0.1.6
[INFO] [stderr]     Checking tiny-skia v0.7.0
[INFO] [stderr]    Compiling glutin_glx_sys v0.1.8
[INFO] [stderr]     Checking ordered-float v4.2.0
[INFO] [stderr]     Checking shared_library v0.1.9
[INFO] [stderr]     Checking raw-window-handle v0.5.2
[INFO] [stderr]     Checking osmesa-sys v0.1.2
[INFO] [stderr]    Compiling del-gl v0.1.2 (/opt/rustwide/workdir)
[INFO] [stderr]     Checking array-init v2.1.0
[INFO] [stderr]    Compiling thiserror-impl v1.0.56
[INFO] [stderr]    Compiling foreign-types-macros v0.2.3
[INFO] [stderr]    Compiling nalgebra-macros v0.2.1
[INFO] [stderr]     Checking wayland-cursor v0.29.5
[INFO] [stderr]     Checking wayland-egl v0.29.5
[INFO] [stderr]     Checking foreign-types v0.5.0
[INFO] [stderr]     Checking calloop v0.10.6
[INFO] [stderr]     Checking nalgebra v0.32.3
[INFO] [stderr]     Checking del-geo v0.1.14
[INFO] [stderr]     Checking del-ls v0.1.3
[INFO] [stderr]     Checking del-msh v0.1.22
[INFO] [stderr]     Checking del-misc v0.1.4
[INFO] [stdout] error[E0425]: cannot find function `nearest_to_point3_` in module `tri3`
[INFO] [stdout]    --> /opt/rustwide/cargo-home/registry/src/index.crates.io-6f17d22bba15001f/del-misc-0.1.4/src/srch_bruteforce.rs:55:40
[INFO] [stdout]     |
[INFO] [stdout] 55  |               let (pn, _r0, _r1) = tri3::nearest_to_point3_(
[INFO] [stdout]     |                                          ^^^^^^^^^^^^^^^^^^ help: a function with a similar name exists: `nearest_to_point3`
[INFO] [stdout]     |
[INFO] [stdout]    ::: /opt/rustwide/cargo-home/registry/src/index.crates.io-6f17d22bba15001f/del-geo-0.1.14/src/tri3.rs:197:1
[INFO] [stdout]     |
[INFO] [stdout] 197 | / pub fn nearest_to_point3<T>(
[INFO] [stdout] 198 | |     q0: &nalgebra::Vector3<T>,
[INFO] [stdout] 199 | |     q1: &nalgebra::Vector3<T>,
[INFO] [stdout] 200 | |     q2: &nalgebra::Vector3<T>,
[INFO] [stdout] ...   |
[INFO] [stdout] 203 | |     where T: nalgebra::RealField + Copy + 'static,
[INFO] [stdout] 204 | |           f64: AsPrimitive<T>
[INFO] [stdout]     | |_____________________________- similarly named function `nearest_to_point3` defined here
[INFO] [stdout] 
[INFO] [stdout] 
[INFO] [stdout] error[E0425]: cannot find function `position_on_mesh_tri3` in module `sampling`
[INFO] [stdout]   --> /opt/rustwide/cargo-home/registry/src/index.crates.io-6f17d22bba15001f/del-misc-0.1.4/src/srch_bruteforce.rs:84:27
[INFO] [stdout]    |
[INFO] [stdout] 84 |       let pos_i = sampling::position_on_mesh_tri3(
[INFO] [stdout]    |                             ^^^^^^^^^^^^^^^^^^^^^ help: a function with a similar name exists: `position_on_trimesh3`
[INFO] [stdout]    |
[INFO] [stdout]   ::: /opt/rustwide/cargo-home/registry/src/index.crates.io-6f17d22bba15001f/del-msh-0.1.22/src/sampling.rs:79:1
[INFO] [stdout]    |
[INFO] [stdout] 79 | / pub fn position_on_trimesh3<T>(
[INFO] [stdout] 80 | |     itri: usize,
[INFO] [stdout] 81 | |     r0: T,
[INFO] [stdout] 82 | |     r1: T,
[INFO] [stdout] 83 | |     tri2vtx: &[usize],
[INFO] [stdout] 84 | |     vtx2xyz: &[T]) -> [T; 3]
[INFO] [stdout] 85 | | where T: num_traits::Float
[INFO] [stdout]    | |__________________________- similarly named function `position_on_trimesh3` defined here
[INFO] [stdout] 
[INFO] [stdout] 
[INFO] [stdout] error[E0425]: cannot find function `position_on_mesh_tri3` in module `sampling`
[INFO] [stdout]   --> /opt/rustwide/cargo-home/registry/src/index.crates.io-6f17d22bba15001f/del-misc-0.1.4/src/srch_bruteforce.rs:96:35
[INFO] [stdout]    |
[INFO] [stdout] 96 |               let pos_j = sampling::position_on_mesh_tri3(
[INFO] [stdout]    |                                     ^^^^^^^^^^^^^^^^^^^^^ help: a function with a similar name exists: `position_on_trimesh3`
[INFO] [stdout]    |
[INFO] [stdout]   ::: /opt/rustwide/cargo-home/registry/src/index.crates.io-6f17d22bba15001f/del-msh-0.1.22/src/sampling.rs:79:1
[INFO] [stdout]    |
[INFO] [stdout] 79 | / pub fn position_on_trimesh3<T>(
[INFO] [stdout] 80 | |     itri: usize,
[INFO] [stdout] 81 | |     r0: T,
[INFO] [stdout] 82 | |     r1: T,
[INFO] [stdout] 83 | |     tri2vtx: &[usize],
[INFO] [stdout] 84 | |     vtx2xyz: &[T]) -> [T; 3]
[INFO] [stdout] 85 | | where T: num_traits::Float
[INFO] [stdout]    | |__________________________- similarly named function `position_on_trimesh3` defined here
[INFO] [stdout] 
[INFO] [stdout] 
[INFO] [stdout] error[E0277]: the size for values of type `[_]` cannot be known at compilation time
[INFO] [stdout]   --> /opt/rustwide/cargo-home/registry/src/index.crates.io-6f17d22bba15001f/del-misc-0.1.4/src/srch_bruteforce.rs:55:18
[INFO] [stdout]    |
[INFO] [stdout] 55 |             let (pn, _r0, _r1) = tri3::nearest_to_point3_(
[INFO] [stdout]    |                  ^^ doesn't have a size known at compile-time
[INFO] [stdout]    |
[INFO] [stdout]    = help: the trait `Sized` is not implemented for `[_]`
[INFO] [stdout]    = note: all local variables must have a statically known size
[INFO] [stdout]    = help: unsized locals are gated as an unstable feature
[INFO] [stdout] 
[INFO] [stdout] 
[INFO] [stdout] error: aborting due to 4 previous errors
[INFO] [stdout] 
[INFO] [stdout] 
[INFO] [stdout] Some errors have detailed explanations: E0277, E0425.
[INFO] [stdout] 
[INFO] [stdout] For more information about an error, try `rustc --explain E0277`.
[INFO] [stdout] 
[INFO] [stderr] error: could not compile `del-misc` (lib) due to 5 previous errors
[INFO] [stderr] warning: build failed, waiting for other jobs to finish...
[INFO] running `Command { std: "docker" "inspect" "1b8e104b827628b475b28ca20af899e00e6638bb575193a0bec037529f3c9ab8", kill_on_drop: false }`
[INFO] running `Command { std: "docker" "rm" "-f" "1b8e104b827628b475b28ca20af899e00e6638bb575193a0bec037529f3c9ab8", kill_on_drop: false }`
[INFO] [stdout] 1b8e104b827628b475b28ca20af899e00e6638bb575193a0bec037529f3c9ab8
