[INFO] fetching crate deadpool-tiberius 0.1.6...
[INFO] documenting deadpool-tiberius-0.1.6 against 1.75.0 for beta-1.76-rustdoc-1
[INFO] extracting crate deadpool-tiberius 0.1.6 into /workspace/builds/worker-1-tc1/source
[INFO] validating manifest of crates.io crate deadpool-tiberius 0.1.6 on toolchain 1.75.0
[INFO] running `Command { std: CARGO_HOME="/workspace/cargo-home" RUSTUP_HOME="/workspace/rustup-home" "/workspace/cargo-home/bin/cargo" "+1.75.0" "metadata" "--manifest-path" "Cargo.toml" "--no-deps", kill_on_drop: false }`
[INFO] started tweaking crates.io crate deadpool-tiberius 0.1.6
[INFO] finished tweaking crates.io crate deadpool-tiberius 0.1.6
[INFO] tweaked toml for crates.io crate deadpool-tiberius 0.1.6 written to /workspace/builds/worker-1-tc1/source/Cargo.toml
[INFO] running `Command { std: CARGO_HOME="/workspace/cargo-home" RUSTUP_HOME="/workspace/rustup-home" "/workspace/cargo-home/bin/cargo" "+1.75.0" "generate-lockfile" "--manifest-path" "Cargo.toml", kill_on_drop: false }`
[INFO] [stderr]     Updating crates.io index
[INFO] running `Command { std: CARGO_HOME="/workspace/cargo-home" RUSTUP_HOME="/workspace/rustup-home" "/workspace/cargo-home/bin/cargo" "+1.75.0" "fetch" "--manifest-path" "Cargo.toml", kill_on_drop: false }`
[INFO] [stderr]  Downloading crates ...
[INFO] [stderr]   Downloaded enumflags2_derive v0.7.8
[INFO] [stderr]   Downloaded syn_derive v0.1.8
[INFO] [stderr]   Downloaded bytecheck_derive v0.6.11
[INFO] [stderr]   Downloaded deadpool v0.10.0
[INFO] [stderr]   Downloaded rend v0.4.1
[INFO] [stderr]   Downloaded libgssapi-sys v0.2.4
[INFO] [stderr]   Downloaded md5 v0.6.1
[INFO] [stderr]   Downloaded ptr_meta v0.1.4
[INFO] [stderr]   Downloaded enumflags2 v0.7.8
[INFO] [stderr]   Downloaded async-net v1.8.0
[INFO] [stderr]   Downloaded connection-string v0.2.0
[INFO] [stderr]   Downloaded seahash v4.1.0
[INFO] [stderr]   Downloaded rkyv_derive v0.7.43
[INFO] [stderr]   Downloaded rkyv v0.7.43
[INFO] [stderr]   Downloaded opentls v0.2.1
[INFO] [stderr]   Downloaded tiberius v0.12.2
[INFO] [stderr]   Downloaded rust_decimal v1.33.1
[INFO] [stderr]   Downloaded winauth v0.0.4
[INFO] [stderr]   Downloaded openssl-src v300.2.1+3.2.0
[INFO] [stderr]   Downloaded borsh-derive v1.3.0
[INFO] [stderr]   Downloaded async-native-tls v0.4.0
[INFO] [stderr]   Downloaded bytecheck v0.6.11
[INFO] [stderr]   Downloaded bigdecimal v0.3.1
[INFO] [stderr]   Downloaded libgssapi v0.4.6
[INFO] [stderr]   Downloaded borsh v1.3.0
[INFO] [stderr]   Downloaded pretty-hex v0.3.0
[INFO] [stderr]   Downloaded ptr_meta_derive v0.1.4
[INFO] running `Command { std: "docker" "create" "-v" "/var/lib/crater-agent-workspace/builds/worker-1-tc1/target:/opt/rustwide/target:rw,Z" "-v" "/var/lib/crater-agent-workspace/builds/worker-1-tc1/source:/opt/rustwide/workdir:ro,Z" "-v" "/var/lib/crater-agent-workspace/cargo-home:/opt/rustwide/cargo-home:ro,Z" "-v" "/var/lib/crater-agent-workspace/rustup-home:/opt/rustwide/rustup-home:ro,Z" "-e" "SOURCE_DIR=/opt/rustwide/workdir" "-e" "CARGO_TARGET_DIR=/opt/rustwide/target" "-e" "CARGO_HOME=/opt/rustwide/cargo-home" "-e" "RUSTUP_HOME=/opt/rustwide/rustup-home" "-w" "/opt/rustwide/workdir" "-m" "1610612736" "--user" "0:0" "--network" "none" "ghcr.io/rust-lang/crates-build-env/linux@sha256:2788e3201cd34a07e3172128adcd8b3090168a8e3bcc40d7c032b9dda1df7d1c" "/opt/rustwide/cargo-home/bin/cargo" "+1.75.0" "metadata" "--no-deps" "--format-version=1", kill_on_drop: false }`
[INFO] [stdout] 177628739f979415887527b0a23716a057615ef77b935a2236ba1d8d3539dd58
[INFO] running `Command { std: "docker" "start" "-a" "177628739f979415887527b0a23716a057615ef77b935a2236ba1d8d3539dd58", kill_on_drop: false }`
[INFO] running `Command { std: "docker" "inspect" "177628739f979415887527b0a23716a057615ef77b935a2236ba1d8d3539dd58", kill_on_drop: false }`
[INFO] running `Command { std: "docker" "rm" "-f" "177628739f979415887527b0a23716a057615ef77b935a2236ba1d8d3539dd58", kill_on_drop: false }`
[INFO] [stdout] 177628739f979415887527b0a23716a057615ef77b935a2236ba1d8d3539dd58
[INFO] running `Command { std: "docker" "create" "-v" "/var/lib/crater-agent-workspace/builds/worker-1-tc1/target:/opt/rustwide/target:rw,Z" "-v" "/var/lib/crater-agent-workspace/builds/worker-1-tc1/source:/opt/rustwide/workdir:ro,Z" "-v" "/var/lib/crater-agent-workspace/cargo-home:/opt/rustwide/cargo-home:ro,Z" "-v" "/var/lib/crater-agent-workspace/rustup-home:/opt/rustwide/rustup-home:ro,Z" "-e" "SOURCE_DIR=/opt/rustwide/workdir" "-e" "CARGO_TARGET_DIR=/opt/rustwide/target" "-e" "CARGO_INCREMENTAL=0" "-e" "RUST_BACKTRACE=full" "-e" "RUSTFLAGS=--cap-lints=warn" "-e" "RUSTDOCFLAGS=--cap-lints=warn" "-e" "CARGO_HOME=/opt/rustwide/cargo-home" "-e" "RUSTUP_HOME=/opt/rustwide/rustup-home" "-w" "/opt/rustwide/workdir" "-m" "1610612736" "--user" "0:0" "--network" "none" "ghcr.io/rust-lang/crates-build-env/linux@sha256:2788e3201cd34a07e3172128adcd8b3090168a8e3bcc40d7c032b9dda1df7d1c" "/opt/rustwide/cargo-home/bin/cargo" "+1.75.0" "doc" "--frozen" "--no-deps" "--document-private-items" "--message-format=json", kill_on_drop: false }`
[INFO] [stdout] 4fd4e45c0131aaf87382166c64727b044b4fae9d85893edb1731aec15c42581c
[INFO] running `Command { std: "docker" "start" "-a" "4fd4e45c0131aaf87382166c64727b044b4fae9d85893edb1731aec15c42581c", kill_on_drop: false }`
[INFO] [stderr]    Compiling proc-macro2 v1.0.76
[INFO] [stderr]    Compiling libc v0.2.151
[INFO] [stderr]     Checking encoding_index_tests v0.1.4
[INFO] [stderr]    Compiling openssl v0.10.62
[INFO] [stderr]     Checking foreign-types-shared v0.1.1
[INFO] [stderr]     Checking futures-io v0.3.30
[INFO] [stderr]     Checking bitflags v2.4.1
[INFO] [stderr]    Compiling native-tls v0.2.11
[INFO] [stderr]     Checking foreign-types v0.3.2
[INFO] [stderr]     Checking unicode-bidi v0.3.14
[INFO] [stderr]    Compiling thiserror v1.0.56
[INFO] [stderr]     Checking tokio v1.35.1
[INFO] [stderr]    Compiling num-traits v0.2.17
[INFO] [stderr]     Checking encoding-index-japanese v1.20141219.5
[INFO] [stderr]     Checking encoding-index-korean v1.20141219.5
[INFO] [stderr]     Checking encoding-index-tradchinese v1.20141219.5
[INFO] [stderr]     Checking encoding-index-simpchinese v1.20141219.5
[INFO] [stderr]     Checking encoding-index-singlebyte v1.20141219.5
[INFO] [stderr]     Checking idna v0.5.0
[INFO] [stderr]     Checking connection-string v0.2.0
[INFO] [stderr]    Compiling quote v1.0.35
[INFO] [stderr]     Checking pretty-hex v0.3.0
[INFO] [stderr]     Checking encoding v0.2.33
[INFO] [stderr]    Compiling syn v2.0.48
[INFO] [stderr]    Compiling cc v1.0.83
[INFO] [stderr]     Checking uuid v1.6.1
[INFO] [stderr]     Checking url v2.5.0
[INFO] [stderr]    Compiling openssl-sys v0.9.98
[INFO] [stderr]     Checking deadpool-runtime v0.1.3
[INFO] [stderr]     Checking tokio-util v0.7.10
[INFO] [stderr]    Compiling futures-macro v0.3.30
[INFO] [stderr]    Compiling openssl-macros v0.1.1
[INFO] [stderr]    Compiling thiserror-impl v1.0.56
[INFO] [stderr]    Compiling async-trait v0.1.77
[INFO] [stderr]    Compiling enumflags2_derive v0.7.8
[INFO] [stderr]    Compiling tracing-attributes v0.1.27
[INFO] [stderr]     Checking enumflags2 v0.7.8
[INFO] [stderr]     Checking deadpool v0.10.0
[INFO] [stderr]     Checking futures-util v0.3.30
[INFO] [stderr]     Checking tracing v0.1.40
[INFO] [stderr]     Checking asynchronous-codec v0.6.2
[INFO] [stderr]     Checking async-native-tls v0.4.0
[INFO] [stderr]     Checking tiberius v0.12.2
[INFO] [stderr]  Documenting deadpool-tiberius v0.1.6 (/opt/rustwide/workdir)
[INFO] [stderr]     Finished dev [unoptimized + debuginfo] target(s) in 10.66s
[INFO] [stderr]    Generated /opt/rustwide/target/doc/deadpool_tiberius/index.html
[INFO] running `Command { std: "docker" "inspect" "4fd4e45c0131aaf87382166c64727b044b4fae9d85893edb1731aec15c42581c", kill_on_drop: false }`
[INFO] running `Command { std: "docker" "rm" "-f" "4fd4e45c0131aaf87382166c64727b044b4fae9d85893edb1731aec15c42581c", kill_on_drop: false }`
[INFO] [stdout] 4fd4e45c0131aaf87382166c64727b044b4fae9d85893edb1731aec15c42581c
[INFO] running `Command { std: "docker" "create" "-v" "/var/lib/crater-agent-workspace/builds/worker-1-tc1/target:/opt/rustwide/target:rw,Z" "-v" "/var/lib/crater-agent-workspace/builds/worker-1-tc1/source:/opt/rustwide/workdir:ro,Z" "-v" "/var/lib/crater-agent-workspace/cargo-home:/opt/rustwide/cargo-home:ro,Z" "-v" "/var/lib/crater-agent-workspace/rustup-home:/opt/rustwide/rustup-home:ro,Z" "-e" "SOURCE_DIR=/opt/rustwide/workdir" "-e" "CARGO_TARGET_DIR=/opt/rustwide/target" "-e" "CARGO_INCREMENTAL=0" "-e" "RUST_BACKTRACE=full" "-e" "RUSTFLAGS=--cap-lints=warn" "-e" "RUSTDOCFLAGS=--cap-lints=warn" "-e" "RUSTC_BOOTSTRAP=1" "-e" "DOCS_RS=1" "-e" "CARGO_HOME=/opt/rustwide/cargo-home" "-e" "RUSTUP_HOME=/opt/rustwide/rustup-home" "-w" "/opt/rustwide/workdir" "-m" "1610612736" "--user" "0:0" "--network" "none" "ghcr.io/rust-lang/crates-build-env/linux@sha256:2788e3201cd34a07e3172128adcd8b3090168a8e3bcc40d7c032b9dda1df7d1c" "/opt/rustwide/cargo-home/bin/cargo" "+1.75.0" "rustdoc" "--lib" "-Zrustdoc-map" "--all-features" "-Z" "unstable-options" "--config" "build.rustdocflags=[\"--cfg\", \"docsrs\", \"-Z\", \"unstable-options\", \"--document-private-items\"]" "--frozen" "--message-format=json", kill_on_drop: false }`
[INFO] [stdout] ea63689e3ac68d0c691e5e0889c4ca50cf8648407cb08349fd04dfa7362c47d7
[INFO] running `Command { std: "docker" "start" "-a" "ea63689e3ac68d0c691e5e0889c4ca50cf8648407cb08349fd04dfa7362c47d7", kill_on_drop: false }`
[INFO] [stderr]     Checking value-bag v1.4.3
[INFO] [stderr]    Compiling proc-macro2 v1.0.76
[INFO] [stderr]     Checking parking v2.2.0
[INFO] [stderr]     Checking bitflags v2.4.1
[INFO] [stderr]     Checking concurrent-queue v2.4.0
[INFO] [stderr]    Compiling openssl-src v300.2.1+3.2.0
[INFO] [stderr]    Compiling regex-syntax v0.8.2
[INFO] [stderr]    Compiling rustix v0.38.28
[INFO] [stderr]    Compiling atty v0.2.14
[INFO] [stderr]    Compiling num-traits v0.2.17
[INFO] [stderr]     Checking event-listener v4.0.3
[INFO] [stderr]     Checking log v0.4.20
[INFO] [stderr]    Compiling openssl-sys v0.9.98
[INFO] [stderr]     Checking event-listener-strategy v0.4.0
[INFO] [stderr]    Compiling linux-raw-sys v0.4.12
[INFO] [stderr]    Compiling unicode-width v0.1.11
[INFO] [stderr]    Compiling nom v7.1.3
[INFO] [stderr]    Compiling textwrap v0.11.0
[INFO] [stderr]     Checking async-lock v3.2.0
[INFO] [stderr]    Compiling quote v1.0.35
[INFO] [stderr]    Compiling syn v2.0.48
[INFO] [stderr]     Checking futures-lite v2.2.0
[INFO] [stderr]    Compiling ring v0.17.7
[INFO] [stderr]    Compiling humantime v2.1.0
[INFO] [stderr]    Compiling bindgen v0.59.2
[INFO] [stderr]    Compiling termcolor v1.4.0
[INFO] [stderr]    Compiling either v1.9.0
[INFO] [stderr]    Compiling regex-automata v0.4.3
[INFO] [stderr]    Compiling strsim v0.8.0
[INFO] [stderr]    Compiling ansi_term v0.12.1
[INFO] [stderr]    Compiling home v0.5.9
[INFO] [stderr]    Compiling vec_map v0.8.2
[INFO] [stderr]    Compiling bitflags v1.3.2
[INFO] [stderr]    Compiling io-lifetimes v1.0.11
[INFO] [stderr]    Compiling which v4.4.2
[INFO] [stderr]    Compiling clap v2.34.0
[INFO] [stderr]    Compiling cexpr v0.6.0
[INFO] [stderr]    Compiling clang-sys v1.7.0
[INFO] [stderr]    Compiling ring v0.16.20
[INFO] [stderr]    Compiling regex v1.10.2
[INFO] [stderr]    Compiling polling v2.8.0
[INFO] [stderr]    Compiling env_logger v0.9.3
[INFO] [stderr]     Checking atomic-waker v1.1.2
[INFO] [stderr]    Compiling openssl v0.10.62
[INFO] [stderr]     Checking event-listener v2.5.3
[INFO] [stderr]    Compiling peeking_take_while v0.1.2
[INFO] [stderr]     Checking async-task v4.7.0
[INFO] [stderr]    Compiling rustc-hash v1.1.0
[INFO] [stderr]    Compiling rustix v0.37.27
[INFO] [stderr]    Compiling lazy_static v1.4.0
[INFO] [stderr]    Compiling lazycell v1.3.0
[INFO] [stderr]     Checking piper v0.2.1
[INFO] [stderr]     Checking async-channel v2.1.1
[INFO] [stderr]    Compiling tracing-attributes v0.1.27
[INFO] [stderr]    Compiling openssl-macros v0.1.1
[INFO] [stderr]    Compiling futures-macro v0.3.30
[INFO] [stderr]    Compiling num-integer v0.1.45
[INFO] [stderr]    Compiling async-io v1.13.0
[INFO] [stderr]    Compiling parking_lot_core v0.8.6
[INFO] [stderr]     Checking linux-raw-sys v0.3.8
[INFO] [stderr]    Compiling syn v1.0.109
[INFO] [stderr]     Checking tracing v0.1.40
[INFO] [stderr]     Checking waker-fn v1.1.1
[INFO] [stderr]     Checking futures-lite v1.13.0
[INFO] [stderr]     Checking blocking v1.5.1
[INFO] [stderr]     Checking polling v3.3.1
[INFO] [stderr]     Checking async-lock v2.8.0
[INFO] [stderr]     Checking futures-util v0.3.30
[INFO] [stderr]     Checking socket2 v0.4.10
[INFO] [stderr]     Checking instant v0.1.12
[INFO] [stderr]    Compiling num-bigint v0.4.4
[INFO] [stderr]    Compiling rustls v0.20.9
[INFO] [stderr]    Compiling serde v1.0.195
[INFO] [stderr]    Compiling thiserror v1.0.56
[INFO] [stderr]    Compiling async-trait v0.1.77
[INFO] [stderr]     Checking async-io v2.2.2
[INFO] [stderr]     Checking sct v0.7.1
[INFO] [stderr]     Checking webpki v0.22.4
[INFO] [stderr]    Compiling thiserror-impl v1.0.56
[INFO] [stderr]     Checking async-executor v1.8.0
[INFO] [stderr]    Compiling rust_decimal v1.33.1
[INFO] [stderr]     Checking async-global-executor v2.4.1
[INFO] [stderr]     Checking parking_lot v0.11.2
[INFO] [stderr]    Compiling libgssapi-sys v0.2.4
[INFO] [stderr]    Compiling enumflags2_derive v0.7.8
[INFO] [stderr]     Checking async-channel v1.9.0
[INFO] [stderr]     Checking kv-log-macro v1.0.7
[INFO] [stderr]     Checking arrayvec v0.7.4
[INFO] [stderr]     Checking time v0.3.31
[INFO] [stderr]     Checking chrono v0.4.31
[INFO] [stderr]     Checking enumflags2 v0.7.8
[INFO] [stderr]     Checking tokio-rustls v0.23.4
[INFO] [stderr]     Checking bigdecimal v0.3.1
[INFO] [stderr]     Checking asynchronous-codec v0.6.2
[INFO] [stderr]     Checking async-net v1.8.0
[INFO] [stderr]     Checking deadpool v0.10.0
[INFO] [stderr]    Compiling async-attributes v1.1.2
[INFO] [stderr]     Checking async-std v1.12.0
[INFO] [stderr]     Checking libgssapi v0.4.6
[INFO] [stderr]    Compiling native-tls v0.2.11
[INFO] [stderr]     Checking opentls v0.2.1
[INFO] [stderr]     Checking async-native-tls v0.4.0
[INFO] [stderr]     Checking tiberius v0.12.2
[INFO] [stdout] error[E0428]: the name `create_tls_stream` is defined multiple times
[INFO] [stdout]   --> /opt/rustwide/cargo-home/registry/src/index.crates.io-6f17d22bba15001f/tiberius-0.12.2/src/client/tls_stream.rs:31:1
[INFO] [stdout]    |
[INFO] [stdout] 23 | / pub(crate) async fn create_tls_stream<S: AsyncRead + AsyncWrite + Unpin + Send>(
[INFO] [stdout] 24 | |     config: &Config,
[INFO] [stdout] 25 | |     stream: S,
[INFO] [stdout] 26 | | ) -> crate::Result<TlsStream<S>> {
[INFO] [stdout] 27 | |     TlsStream::new(config, stream).await
[INFO] [stdout] 28 | | }
[INFO] [stdout]    | |_- previous definition of the value `create_tls_stream` here
[INFO] [stdout] ...
[INFO] [stdout] 31 | / pub(crate) async fn create_tls_stream<S: AsyncRead + AsyncWrite + Unpin + Send>(
[INFO] [stdout] 32 | |     config: &Config,
[INFO] [stdout] 33 | |     stream: S,
[INFO] [stdout] 34 | | ) -> crate::Result<TlsStream<S>> {
[INFO] [stdout] 35 | |     native_tls_stream::create_tls_stream(config, stream).await
[INFO] [stdout] 36 | | }
[INFO] [stdout]    | |_^ `create_tls_stream` redefined here
[INFO] [stdout]    |
[INFO] [stdout]    = note: `create_tls_stream` must be defined only once in the value namespace of this module
[INFO] [stdout] 
[INFO] [stdout] 
[INFO] [stdout] error[E0252]: the name `TlsStream` is defined multiple times
[INFO] [stdout]   --> /opt/rustwide/cargo-home/registry/src/index.crates.io-6f17d22bba15001f/tiberius-0.12.2/src/client/tls_stream.rs:17:16
[INFO] [stdout]    |
[INFO] [stdout] 14 | pub(crate) use native_tls_stream::TlsStream;
[INFO] [stdout]    |                ---------------------------- previous import of the type `TlsStream` here
[INFO] [stdout] ...
[INFO] [stdout] 17 | pub(crate) use rustls_tls_stream::TlsStream;
[INFO] [stdout]    |                ^^^^^^^^^^^^^^^^^^^^^^^^^^^^ `TlsStream` reimported here
[INFO] [stdout]    |
[INFO] [stdout]    = note: `TlsStream` must be defined only once in the type namespace of this module
[INFO] [stdout] help: you can use `as` to change the binding name of the import
[INFO] [stdout]    |
[INFO] [stdout] 17 | pub(crate) use rustls_tls_stream::TlsStream as OtherTlsStream;
[INFO] [stdout]    |                ~~~~~~~~~~~~~~~~~~~~~~~~~~~~~~~~~~~~~~~~~~~~~~
[INFO] [stdout] 
[INFO] [stdout] 
[INFO] [stdout] error[E0624]: associated function `new` is private
[INFO] [stdout]   --> /opt/rustwide/cargo-home/registry/src/index.crates.io-6f17d22bba15001f/tiberius-0.12.2/src/client/tls_stream.rs:27:16
[INFO] [stdout]    |
[INFO] [stdout] 27 |     TlsStream::new(config, stream).await
[INFO] [stdout]    |                ^^^ private associated function
[INFO] [stdout]    |
[INFO] [stdout]   ::: /opt/rustwide/cargo-home/registry/src/index.crates.io-6f17d22bba15001f/async-native-tls-0.4.0/src/tls_stream.rs:23:5
[INFO] [stdout]    |
[INFO] [stdout] 23 |     pub(crate) fn new(stream: native_tls::TlsStream<StdAdapter<S>>) -> Self {
[INFO] [stdout]    |     ----------------------------------------------------------------------- private associated function defined here
[INFO] [stdout] 
[INFO] [stdout] 
[INFO] [stdout] error[E0061]: this function takes 1 argument but 2 arguments were supplied
[INFO] [stdout]   --> /opt/rustwide/cargo-home/registry/src/index.crates.io-6f17d22bba15001f/tiberius-0.12.2/src/client/tls_stream.rs:27:5
[INFO] [stdout]    |
[INFO] [stdout] 27 |     TlsStream::new(config, stream).await
[INFO] [stdout]    |     ^^^^^^^^^^^^^^         ------ unexpected argument of type `S`
[INFO] [stdout]    |
[INFO] [stdout] note: expected `TlsStream<StdAdapter<_>>`, found `&Config`
[INFO] [stdout]   --> /opt/rustwide/cargo-home/registry/src/index.crates.io-6f17d22bba15001f/tiberius-0.12.2/src/client/tls_stream.rs:27:20
[INFO] [stdout]    |
[INFO] [stdout] 27 |     TlsStream::new(config, stream).await
[INFO] [stdout]    |                    ^^^^^^
[INFO] [stdout]    = note: expected struct `native_tls::TlsStream<async_native_tls::std_adapter::StdAdapter<_>>`
[INFO] [stdout]            found reference `&config::Config`
[INFO] [stdout] note: associated function defined here
[INFO] [stdout]   --> /opt/rustwide/cargo-home/registry/src/index.crates.io-6f17d22bba15001f/async-native-tls-0.4.0/src/tls_stream.rs:23:19
[INFO] [stdout]    |
[INFO] [stdout] 23 |     pub(crate) fn new(stream: native_tls::TlsStream<StdAdapter<S>>) -> Self {
[INFO] [stdout]    |                   ^^^
[INFO] [stdout] help: remove the extra argument
[INFO] [stdout]    |
[INFO] [stdout] 27 -     TlsStream::new(config, stream).await
[INFO] [stdout] 27 +     TlsStream::new(/* stream */).await
[INFO] [stdout]    |
[INFO] [stdout] 
[INFO] [stdout] 
[INFO] [stdout] error[E0277]: `async_native_tls::TlsStream<_>` is not a future
[INFO] [stdout]   --> /opt/rustwide/cargo-home/registry/src/index.crates.io-6f17d22bba15001f/tiberius-0.12.2/src/client/tls_stream.rs:27:36
[INFO] [stdout]    |
[INFO] [stdout] 27 |     TlsStream::new(config, stream).await
[INFO] [stdout]    |     -------------------------------^^^^^
[INFO] [stdout]    |     |                             ||
[INFO] [stdout]    |     |                             |`async_native_tls::TlsStream<_>` is not a future
[INFO] [stdout]    |     |                             help: remove the `.await`
[INFO] [stdout]    |     this call returns `async_native_tls::TlsStream<_>`
[INFO] [stdout]    |
[INFO] [stdout]    = help: the trait `futures_util::Future` is not implemented for `async_native_tls::TlsStream<_>`
[INFO] [stdout]    = note: async_native_tls::TlsStream<_> must be a future or must implement `IntoFuture` to be awaited
[INFO] [stdout]    = note: required for `async_native_tls::TlsStream<_>` to implement `std::future::IntoFuture`
[INFO] [stdout] 
[INFO] [stdout] 
[INFO] [stdout] error: aborting due to 5 previous errors
[INFO] [stdout] 
[INFO] [stdout] 
[INFO] [stdout] Some errors have detailed explanations: E0061, E0252, E0277, E0428, E0624.
[INFO] [stdout] 
[INFO] [stdout] For more information about an error, try `rustc --explain E0061`.
[INFO] [stdout] 
[INFO] [stderr] error: could not compile `tiberius` (lib) due to 6 previous errors
[INFO] running `Command { std: "docker" "inspect" "ea63689e3ac68d0c691e5e0889c4ca50cf8648407cb08349fd04dfa7362c47d7", kill_on_drop: false }`
[INFO] running `Command { std: "docker" "rm" "-f" "ea63689e3ac68d0c691e5e0889c4ca50cf8648407cb08349fd04dfa7362c47d7", kill_on_drop: false }`
[INFO] [stdout] ea63689e3ac68d0c691e5e0889c4ca50cf8648407cb08349fd04dfa7362c47d7
