[INFO] fetching crate dataclot 0.0.1...
[INFO] documenting dataclot-0.0.1 against 1.75.0 for beta-1.76-rustdoc-1
[INFO] extracting crate dataclot 0.0.1 into /workspace/builds/worker-6-tc1/source
[INFO] validating manifest of crates.io crate dataclot 0.0.1 on toolchain 1.75.0
[INFO] running `Command { std: CARGO_HOME="/workspace/cargo-home" RUSTUP_HOME="/workspace/rustup-home" "/workspace/cargo-home/bin/cargo" "+1.75.0" "metadata" "--manifest-path" "Cargo.toml" "--no-deps", kill_on_drop: false }`
[INFO] started tweaking crates.io crate dataclot 0.0.1
[INFO] finished tweaking crates.io crate dataclot 0.0.1
[INFO] tweaked toml for crates.io crate dataclot 0.0.1 written to /workspace/builds/worker-6-tc1/source/Cargo.toml
[INFO] crate crates.io crate dataclot 0.0.1 already has a lockfile, it will not be regenerated
[INFO] running `Command { std: CARGO_HOME="/workspace/cargo-home" RUSTUP_HOME="/workspace/rustup-home" "/workspace/cargo-home/bin/cargo" "+1.75.0" "fetch" "--manifest-path" "Cargo.toml", kill_on_drop: false }`
[INFO] [stderr]     Updating crates.io index
[INFO] [stderr]  Downloading crates ...
[INFO] [stderr]   Downloaded errno v0.3.6
[INFO] [stderr]   Downloaded futures-sink v0.3.29
[INFO] [stderr]   Downloaded arrow-arith v48.0.1
[INFO] [stderr]   Downloaded pem v2.0.1
[INFO] [stderr]   Downloaded sqlparser_derive v0.1.1
[INFO] [stderr]   Downloaded pgwire v0.16.1
[INFO] [stderr]   Downloaded flatbuffers v23.5.26
[INFO] [stderr]   Downloaded snap v1.1.0
[INFO] [stderr]   Downloaded futures v0.3.29
[INFO] [stderr]   Downloaded postgres-types v0.2.6
[INFO] [stderr]   Downloaded futures-io v0.3.29
[INFO] [stderr]   Downloaded datafusion-physical-expr v33.0.0
[INFO] [stderr]   Downloaded web-sys v0.3.65
[INFO] [stderr]   Downloaded zerocopy-derive v0.7.26
[INFO] [stderr]   Downloaded parquet v48.0.1
[INFO] [stderr]   Downloaded datafusion v33.0.0
[INFO] [stderr]   Downloaded brotli v3.4.0
[INFO] [stderr]   Downloaded datafusion-optimizer v33.0.0
[INFO] [stderr]   Downloaded sqlparser v0.39.0
[INFO] [stderr]   Downloaded lexical-parse-float v0.8.5
[INFO] [stderr]   Downloaded datafusion-physical-plan v33.0.0
[INFO] [stderr]   Downloaded datafusion-expr v33.0.0
[INFO] [stderr]   Downloaded zerocopy v0.7.26
[INFO] [stderr]   Downloaded futures-core v0.3.29
[INFO] [stderr]   Downloaded futures-task v0.3.29
[INFO] [stderr]   Downloaded datafusion-sql v33.0.0
[INFO] [stderr]   Downloaded comfy-table v7.1.0
[INFO] [stderr]   Downloaded async-compression v0.4.5
[INFO] [stderr]   Downloaded lexical-write-float v0.8.5
[INFO] [stderr]   Downloaded arrow-cast v48.0.1
[INFO] [stderr]   Downloaded packed_simd v0.3.9
[INFO] [stderr]   Downloaded arrow-json v48.0.1
[INFO] [stderr]   Downloaded arrow-data v48.0.1
[INFO] [stderr]   Downloaded arrow-csv v48.0.1
[INFO] [stderr]   Downloaded lexical-parse-integer v0.8.6
[INFO] [stderr]   Downloaded arrow-select v48.0.1
[INFO] [stderr]   Downloaded alloc-no-stdlib v2.0.4
[INFO] [stderr]   Downloaded lexical-util v0.8.5
[INFO] [stderr]   Downloaded datafusion-common v33.0.0
[INFO] [stderr]   Downloaded arrow v48.0.1
[INFO] [stderr]   Downloaded ahash v0.8.6
[INFO] [stderr]   Downloaded object_store v0.7.1
[INFO] [stderr]   Downloaded seq-macro v0.3.5
[INFO] [stderr]   Downloaded lexical-write-integer v0.8.5
[INFO] [stderr]   Downloaded arrow-array v48.0.1
[INFO] [stderr]   Downloaded arrow-buffer v48.0.1
[INFO] [stderr]   Downloaded integer-encoding v3.0.4
[INFO] [stderr]   Downloaded zstd v0.13.0
[INFO] [stderr]   Downloaded futures-executor v0.3.29
[INFO] [stderr]   Downloaded futures-channel v0.3.29
[INFO] [stderr]   Downloaded futures-util v0.3.29
[INFO] [stderr]   Downloaded bcder v0.7.3
[INFO] [stderr]   Downloaded x509-certificate v0.21.0
[INFO] [stderr]   Downloaded rustix v0.38.24
[INFO] [stderr]   Downloaded dataclot-query v0.0.1
[INFO] [stderr]   Downloaded dataclot-server v0.0.1
[INFO] [stderr]   Downloaded arrow-row v48.0.1
[INFO] [stderr]   Downloaded arrow-string v48.0.1
[INFO] [stderr]   Downloaded arrow-ipc v48.0.1
[INFO] [stderr]   Downloaded datafusion-execution v33.0.0
[INFO] [stderr]   Downloaded lexical-core v0.8.5
[INFO] [stderr]   Downloaded arrow-ord v48.0.1
[INFO] [stderr]   Downloaded arrow-schema v48.0.1
[INFO] [stderr]   Downloaded alloc-stdlib v0.2.2
[INFO] [stderr]   Downloaded thrift v0.17.0
[INFO] [stderr]   Downloaded zstd-safe v7.0.0
[INFO] [stderr]   Downloaded futures-macro v0.3.29
[INFO] [stderr]   Downloaded getset v0.1.2
[INFO] [stderr]   Downloaded postgres-protocol v0.6.6
[INFO] [stderr]   Downloaded brotli-decompressor v2.5.1
[INFO] running `Command { std: "docker" "create" "-v" "/var/lib/crater-agent-workspace/builds/worker-6-tc1/target:/opt/rustwide/target:rw,Z" "-v" "/var/lib/crater-agent-workspace/builds/worker-6-tc1/source:/opt/rustwide/workdir:ro,Z" "-v" "/var/lib/crater-agent-workspace/cargo-home:/opt/rustwide/cargo-home:ro,Z" "-v" "/var/lib/crater-agent-workspace/rustup-home:/opt/rustwide/rustup-home:ro,Z" "-e" "SOURCE_DIR=/opt/rustwide/workdir" "-e" "CARGO_TARGET_DIR=/opt/rustwide/target" "-e" "CARGO_HOME=/opt/rustwide/cargo-home" "-e" "RUSTUP_HOME=/opt/rustwide/rustup-home" "-w" "/opt/rustwide/workdir" "-m" "1610612736" "--user" "0:0" "--network" "none" "ghcr.io/rust-lang/crates-build-env/linux@sha256:2788e3201cd34a07e3172128adcd8b3090168a8e3bcc40d7c032b9dda1df7d1c" "/opt/rustwide/cargo-home/bin/cargo" "+1.75.0" "metadata" "--no-deps" "--format-version=1", kill_on_drop: false }`
[INFO] [stdout] 6d9fb9ee7b073a9fa807e18e6f53df0e37c7c8c232b44c8849aed4364cd12cb0
[INFO] running `Command { std: "docker" "start" "-a" "6d9fb9ee7b073a9fa807e18e6f53df0e37c7c8c232b44c8849aed4364cd12cb0", kill_on_drop: false }`
[INFO] running `Command { std: "docker" "inspect" "6d9fb9ee7b073a9fa807e18e6f53df0e37c7c8c232b44c8849aed4364cd12cb0", kill_on_drop: false }`
[INFO] running `Command { std: "docker" "rm" "-f" "6d9fb9ee7b073a9fa807e18e6f53df0e37c7c8c232b44c8849aed4364cd12cb0", kill_on_drop: false }`
[INFO] [stdout] 6d9fb9ee7b073a9fa807e18e6f53df0e37c7c8c232b44c8849aed4364cd12cb0
[INFO] running `Command { std: "docker" "create" "-v" "/var/lib/crater-agent-workspace/builds/worker-6-tc1/target:/opt/rustwide/target:rw,Z" "-v" "/var/lib/crater-agent-workspace/builds/worker-6-tc1/source:/opt/rustwide/workdir:ro,Z" "-v" "/var/lib/crater-agent-workspace/cargo-home:/opt/rustwide/cargo-home:ro,Z" "-v" "/var/lib/crater-agent-workspace/rustup-home:/opt/rustwide/rustup-home:ro,Z" "-e" "SOURCE_DIR=/opt/rustwide/workdir" "-e" "CARGO_TARGET_DIR=/opt/rustwide/target" "-e" "CARGO_INCREMENTAL=0" "-e" "RUST_BACKTRACE=full" "-e" "RUSTFLAGS=--cap-lints=warn" "-e" "RUSTDOCFLAGS=--cap-lints=warn" "-e" "CARGO_HOME=/opt/rustwide/cargo-home" "-e" "RUSTUP_HOME=/opt/rustwide/rustup-home" "-w" "/opt/rustwide/workdir" "-m" "1610612736" "--user" "0:0" "--network" "none" "ghcr.io/rust-lang/crates-build-env/linux@sha256:2788e3201cd34a07e3172128adcd8b3090168a8e3bcc40d7c032b9dda1df7d1c" "/opt/rustwide/cargo-home/bin/cargo" "+1.75.0" "doc" "--frozen" "--no-deps" "--document-private-items" "--message-format=json", kill_on_drop: false }`
[INFO] [stdout] 1f3c49ef1c6f8eff3bf10d0138cf66cfd5555ba23c183a374faa50f60ec2d9f2
[INFO] running `Command { std: "docker" "start" "-a" "1f3c49ef1c6f8eff3bf10d0138cf66cfd5555ba23c183a374faa50f60ec2d9f2", kill_on_drop: false }`
[INFO] [stderr]    Compiling libc v0.2.150
[INFO] [stderr]    Compiling proc-macro2 v1.0.69
[INFO] [stderr]     Checking once_cell v1.18.0
[INFO] [stderr]    Compiling regex-syntax v0.8.2
[INFO] [stderr]     Checking iana-time-zone v0.1.58
[INFO] [stderr]     Checking zerocopy v0.7.26
[INFO] [stderr]     Checking memchr v2.6.4
[INFO] [stderr]     Checking allocator-api2 v0.2.16
[INFO] [stderr]    Compiling num-traits v0.2.17
[INFO] [stderr]    Compiling phf_shared v0.11.2
[INFO] [stderr]    Compiling ahash v0.8.6
[INFO] [stderr]    Compiling pkg-config v0.3.27
[INFO] [stderr]    Compiling packed_simd v0.3.9
[INFO] [stderr]     Checking arrow-schema v48.0.1
[INFO] [stderr]    Compiling syn v1.0.109
[INFO] [stderr]     Checking lexical-util v0.8.5
[INFO] [stderr]     Checking phf v0.11.2
[INFO] [stderr]    Compiling futures-core v0.3.29
[INFO] [stderr]    Compiling phf_generator v0.11.2
[INFO] [stderr]    Compiling semver v1.0.20
[INFO] [stderr]    Compiling phf_codegen v0.11.2
[INFO] [stderr]    Compiling futures-channel v0.3.29
[INFO] [stderr]     Checking futures-sink v0.3.29
[INFO] [stderr]    Compiling futures-task v0.3.29
[INFO] [stderr]     Checking futures-io v0.3.29
[INFO] [stderr]    Compiling futures-util v0.3.29
[INFO] [stderr]    Compiling serde v1.0.192
[INFO] [stderr]     Checking base64 v0.21.5
[INFO] [stderr]     Checking tracing-core v0.1.32
[INFO] [stderr]     Checking aho-corasick v1.1.2
[INFO] [stderr]     Checking itoa v1.0.9
[INFO] [stderr]     Checking lexical-write-integer v0.8.5
[INFO] [stderr]     Checking lexical-parse-integer v0.8.6
[INFO] [stderr]    Compiling zstd-safe v7.0.0
[INFO] [stderr]     Checking ryu v1.0.15
[INFO] [stderr]    Compiling async-trait v0.1.74
[INFO] [stderr]    Compiling serde_json v1.0.108
[INFO] [stderr]     Checking lexical-write-float v0.8.5
[INFO] [stderr]     Checking subtle v2.5.0
[INFO] [stderr]     Checking percent-encoding v2.3.0
[INFO] [stderr]     Checking equivalent v1.0.1
[INFO] [stderr]     Checking lexical-parse-float v0.8.5
[INFO] [stderr]    Compiling rustc_version v0.4.0
[INFO] [stderr]    Compiling quote v1.0.33
[INFO] [stderr]     Checking alloc-no-stdlib v2.0.4
[INFO] [stderr]     Checking form_urlencoded v1.2.0
[INFO] [stderr]     Checking digest v0.10.7
[INFO] [stderr]     Checking alloc-stdlib v0.2.2
[INFO] [stderr]     Checking csv-core v0.1.11
[INFO] [stderr]     Checking idna v0.4.0
[INFO] [stderr]    Compiling syn v2.0.39
[INFO] [stderr]     Checking getrandom v0.2.11
[INFO] [stderr]     Checking parking_lot_core v0.9.9
[INFO] [stderr]    Compiling jobserver v0.1.27
[INFO] [stderr]     Checking num_cpus v1.16.0
[INFO] [stderr]     Checking signal-hook-registry v1.4.1
[INFO] [stderr]     Checking mio v0.8.9
[INFO] [stderr]     Checking socket2 v0.5.5
[INFO] [stderr]    Compiling flatbuffers v23.5.26
[INFO] [stderr]     Checking lexical-core v0.8.5
[INFO] [stderr]    Compiling regex-automata v0.4.3
[INFO] [stderr]     Checking parking_lot v0.12.1
[INFO] [stderr]    Compiling cc v1.0.83
[INFO] [stderr]    Compiling snap v1.1.0
[INFO] [stderr]     Checking hashbrown v0.14.2
[INFO] [stderr]     Checking walkdir v2.4.0
[INFO] [stderr]     Checking url v2.4.1
[INFO] [stderr]     Checking itertools v0.11.0
[INFO] [stderr]     Checking rand_core v0.6.4
[INFO] [stderr]     Checking brotli-decompressor v2.5.1
[INFO] [stderr]     Checking num-integer v0.1.45
[INFO] [stderr]     Checking chrono v0.4.31
[INFO] [stderr]     Checking num-complex v0.4.4
[INFO] [stderr]     Checking num-bigint v0.4.4
[INFO] [stderr]     Checking num-iter v0.1.43
[INFO] [stderr]     Checking half v2.3.1
[INFO] [stderr]     Checking ordered-float v2.10.1
[INFO] [stderr]     Checking indexmap v2.1.0
[INFO] [stderr]     Checking twox-hash v1.6.3
[INFO] [stderr]     Checking integer-encoding v3.0.4
[INFO] [stderr]     Checking rand_chacha v0.3.1
[INFO] [stderr]     Checking lz4_flex v0.11.1
[INFO] [stderr]     Checking thrift v0.17.0
[INFO] [stderr]    Compiling seq-macro v0.3.5
[INFO] [stderr]     Checking brotli v3.4.0
[INFO] [stderr]     Checking rand v0.8.5
[INFO] [stderr]     Checking cpufeatures v0.2.11
[INFO] [stderr]     Checking sha2 v0.10.8
[INFO] [stderr]     Checking md-5 v0.10.6
[INFO] [stderr]    Compiling rustix v0.38.24
[INFO] [stderr]     Checking fixedbitset v0.4.2
[INFO] [stderr]     Checking untrusted v0.9.0
[INFO] [stderr]     Checking spin v0.9.8
[INFO] [stderr]     Checking linux-raw-sys v0.4.11
[INFO] [stderr]    Compiling regex v1.10.2
[INFO] [stderr]     Checking constant_time_eq v0.3.0
[INFO] [stderr]     Checking petgraph v0.6.4
[INFO] [stderr]     Checking num-rational v0.4.1
[INFO] [stderr]     Checking uuid v1.5.0
[INFO] [stderr]    Compiling zstd-sys v2.0.9+zstd.1.5.5
[INFO] [stderr]    Compiling ring v0.17.5
[INFO] [stdout] error[E0554]: `#![feature]` may not be used on the stable release channel
[INFO] [stdout]    --> /opt/rustwide/cargo-home/registry/src/index.crates.io-6f17d22bba15001f/packed_simd-0.3.9/src/lib.rs:214:1
[INFO] [stdout]     |
[INFO] [stdout] 214 | / #![feature(
[INFO] [stdout] 215 | |     adt_const_params,
[INFO] [stdout] 216 | |     repr_simd,
[INFO] [stdout] 217 | |     rustc_attrs,
[INFO] [stdout] ...   |
[INFO] [stdout] 224 | |     custom_inner_attributes,
[INFO] [stdout] 225 | | )]
[INFO] [stdout]     | |__^
[INFO] [stdout] 
[INFO] [stdout] 
[INFO] [stderr]    Compiling blake3 v1.5.0
[INFO] [stderr]    Compiling bzip2-sys v0.1.11+1.0.8
[INFO] [stderr]    Compiling parse-zoneinfo v0.3.0
[INFO] [stderr]     Checking num v0.4.1
[INFO] [stderr]     Checking arrow-buffer v48.0.1
[INFO] [stderr]    Compiling lzma-sys v0.1.20
[INFO] [stderr]     Checking csv v1.3.0
[INFO] [stderr]    Compiling chrono-tz-build v0.2.1
[INFO] [stderr]     Checking arrow-data v48.0.1
[INFO] [stdout] error[E0554]: `#![feature]` may not be used on the stable release channel
[INFO] [stdout]    --> /opt/rustwide/cargo-home/registry/src/index.crates.io-6f17d22bba15001f/packed_simd-0.3.9/src/lib.rs:219:5
[INFO] [stdout]     |
[INFO] [stdout] 219 |     stdsimd,
[INFO] [stdout]     |     ^^^^^^^
[INFO] [stdout] 
[INFO] [stdout] 
[INFO] [stdout] error[E0554]: `#![feature]` may not be used on the stable release channel
[INFO] [stdout]    --> /opt/rustwide/cargo-home/registry/src/index.crates.io-6f17d22bba15001f/packed_simd-0.3.9/src/lib.rs:222:5
[INFO] [stdout]     |
[INFO] [stdout] 222 |     core_intrinsics,
[INFO] [stdout]     |     ^^^^^^^^^^^^^^^
[INFO] [stdout] 
[INFO] [stdout] 
[INFO] [stderr]     Checking blake2 v0.10.6
[INFO] [stderr]     Checking unicode-segmentation v1.10.1
[INFO] [stderr]    Compiling ring v0.16.20
[INFO] [stderr]     Checking dashmap v5.5.3
[INFO] [stderr]    Compiling rustls v0.21.8
[INFO] [stderr]    Compiling thiserror v1.0.50
[INFO] [stderr]    Compiling chrono-tz v0.8.4
[INFO] [stderr]     Checking const-oid v0.9.5
[INFO] [stderr]     Checking finl_unicode v1.2.0
[INFO] [stderr]     Checking xz2 v0.1.7
[INFO] [stderr]    Compiling proc-macro-error-attr v1.0.4
[INFO] [stderr]     Checking hmac v0.12.1
[INFO] [stderr]     Checking deranged v0.3.9
[INFO] [stderr]     Checking der v0.7.8
[INFO] [stderr]     Checking pem v2.0.1
[INFO] [stderr]     Checking bcder v0.7.3
[INFO] [stderr]     Checking stringprep v0.1.4
[INFO] [stderr]     Checking glob v0.3.1
[INFO] [stderr]     Checking signature v2.2.0
[INFO] [stderr]     Checking md5 v0.7.0
[INFO] [stderr]     Checking postgres-protocol v0.6.6
[INFO] [stderr]    Compiling proc-macro-error v1.0.4
[INFO] [stderr]     Checking tempfile v3.8.1
[INFO] [stderr]     Checking postgres-types v0.2.6
[INFO] [stderr]     Checking time v0.3.30
[INFO] [stderr]     Checking spki v0.7.2
[INFO] [stderr]    Compiling snafu-derive v0.7.5
[INFO] [stderr]    Compiling sqlparser_derive v0.1.1
[INFO] [stderr]    Compiling derive-new v0.5.9
[INFO] [stderr]    Compiling getset v0.1.2
[INFO] [stderr]     Checking bzip2 v0.4.4
[INFO] [stderr]    Compiling strum_macros v0.25.3
[INFO] [stderr]    Compiling tokio-macros v2.2.0
[INFO] [stderr]    Compiling futures-macro v0.3.29
[INFO] [stderr]    Compiling tracing-attributes v0.1.27
[INFO] [stderr]     Checking sqlparser v0.39.0
[INFO] [stderr]    Compiling thiserror-impl v1.0.50
[INFO] [stderr]     Checking tokio v1.34.0
[INFO] [stdout] error: aborting due to 3 previous errors
[INFO] [stdout] 
[INFO] [stdout] 
[INFO] [stdout] For more information about this error, try `rustc --explain E0554`.
[INFO] [stdout] 
[INFO] [stderr] error: could not compile `packed_simd` (lib) due to 4 previous errors
[INFO] [stderr] warning: build failed, waiting for other jobs to finish...
[INFO] running `Command { std: "docker" "inspect" "1f3c49ef1c6f8eff3bf10d0138cf66cfd5555ba23c183a374faa50f60ec2d9f2", kill_on_drop: false }`
[INFO] running `Command { std: "docker" "rm" "-f" "1f3c49ef1c6f8eff3bf10d0138cf66cfd5555ba23c183a374faa50f60ec2d9f2", kill_on_drop: false }`
[INFO] [stdout] 1f3c49ef1c6f8eff3bf10d0138cf66cfd5555ba23c183a374faa50f60ec2d9f2
