[INFO] fetching crate cuddle-please-commands 0.1.0...
[INFO] documenting cuddle-please-commands-0.1.0 against 1.75.0 for beta-1.76-rustdoc-1
[INFO] extracting crate cuddle-please-commands 0.1.0 into /workspace/builds/worker-5-tc1/source
[INFO] validating manifest of crates.io crate cuddle-please-commands 0.1.0 on toolchain 1.75.0
[INFO] running `Command { std: CARGO_HOME="/workspace/cargo-home" RUSTUP_HOME="/workspace/rustup-home" "/workspace/cargo-home/bin/cargo" "+1.75.0" "metadata" "--manifest-path" "Cargo.toml" "--no-deps", kill_on_drop: false }`
[INFO] started tweaking crates.io crate cuddle-please-commands 0.1.0
[INFO] finished tweaking crates.io crate cuddle-please-commands 0.1.0
[INFO] tweaked toml for crates.io crate cuddle-please-commands 0.1.0 written to /workspace/builds/worker-5-tc1/source/Cargo.toml
[INFO] running `Command { std: CARGO_HOME="/workspace/cargo-home" RUSTUP_HOME="/workspace/rustup-home" "/workspace/cargo-home/bin/cargo" "+1.75.0" "generate-lockfile" "--manifest-path" "Cargo.toml", kill_on_drop: false }`
[INFO] [stderr]     Updating crates.io index
[INFO] running `Command { std: CARGO_HOME="/workspace/cargo-home" RUSTUP_HOME="/workspace/rustup-home" "/workspace/cargo-home/bin/cargo" "+1.75.0" "fetch" "--manifest-path" "Cargo.toml", kill_on_drop: false }`
[INFO] [stderr]  Downloading crates ...
[INFO] [stderr]   Downloaded lazy-regex v3.1.0
[INFO] [stderr]   Downloaded globwalk v0.8.1
[INFO] [stderr]   Downloaded humansize v2.1.3
[INFO] [stderr]   Downloaded serde_regex v1.1.0
[INFO] [stderr]   Downloaded unic-segment v0.9.0
[INFO] [stderr]   Downloaded lazy-regex-proc_macros v3.1.0
[INFO] [stderr]   Downloaded rust-embed-impl v8.2.0
[INFO] [stderr]   Downloaded slug v0.1.5
[INFO] [stderr]   Downloaded lexopt v0.3.0
[INFO] [stderr]   Downloaded cuddle-please-frontend v0.1.0
[INFO] [stderr]   Downloaded unic-ucd-segment v0.9.0
[INFO] [stderr]   Downloaded cuddle-please-misc v0.1.0
[INFO] [stderr]   Downloaded tera v1.19.1
[INFO] [stderr]   Downloaded conventional_commit_parser v0.9.4
[INFO] [stderr]   Downloaded tracing-test-macro v0.2.4
[INFO] [stderr]   Downloaded rust-embed v8.2.0
[INFO] [stderr]   Downloaded deunicode v1.4.2
[INFO] [stderr]   Downloaded parse-changelog v0.6.4
[INFO] [stderr]   Downloaded git-conventional v0.12.4
[INFO] [stderr]   Downloaded git-cliff-core v1.4.0
[INFO] [stderr]   Downloaded next_version v0.2.12
[INFO] [stderr]   Downloaded rust-embed-utils v8.2.0
[INFO] [stderr]   Downloaded tracing-test v0.2.4
[INFO] running `Command { std: "docker" "create" "-v" "/var/lib/crater-agent-workspace/builds/worker-5-tc1/target:/opt/rustwide/target:rw,Z" "-v" "/var/lib/crater-agent-workspace/builds/worker-5-tc1/source:/opt/rustwide/workdir:ro,Z" "-v" "/var/lib/crater-agent-workspace/cargo-home:/opt/rustwide/cargo-home:ro,Z" "-v" "/var/lib/crater-agent-workspace/rustup-home:/opt/rustwide/rustup-home:ro,Z" "-e" "SOURCE_DIR=/opt/rustwide/workdir" "-e" "CARGO_TARGET_DIR=/opt/rustwide/target" "-e" "CARGO_HOME=/opt/rustwide/cargo-home" "-e" "RUSTUP_HOME=/opt/rustwide/rustup-home" "-w" "/opt/rustwide/workdir" "-m" "1610612736" "--user" "0:0" "--network" "none" "ghcr.io/rust-lang/crates-build-env/linux@sha256:2788e3201cd34a07e3172128adcd8b3090168a8e3bcc40d7c032b9dda1df7d1c" "/opt/rustwide/cargo-home/bin/cargo" "+1.75.0" "metadata" "--no-deps" "--format-version=1", kill_on_drop: false }`
[INFO] [stdout] d39c22b206ed1adb3e06b2a56e4fd8033a06479d9f1c97d70921cb477b0fbcc0
[INFO] running `Command { std: "docker" "start" "-a" "d39c22b206ed1adb3e06b2a56e4fd8033a06479d9f1c97d70921cb477b0fbcc0", kill_on_drop: false }`
[INFO] running `Command { std: "docker" "inspect" "d39c22b206ed1adb3e06b2a56e4fd8033a06479d9f1c97d70921cb477b0fbcc0", kill_on_drop: false }`
[INFO] running `Command { std: "docker" "rm" "-f" "d39c22b206ed1adb3e06b2a56e4fd8033a06479d9f1c97d70921cb477b0fbcc0", kill_on_drop: false }`
[INFO] [stdout] d39c22b206ed1adb3e06b2a56e4fd8033a06479d9f1c97d70921cb477b0fbcc0
[INFO] running `Command { std: "docker" "create" "-v" "/var/lib/crater-agent-workspace/builds/worker-5-tc1/target:/opt/rustwide/target:rw,Z" "-v" "/var/lib/crater-agent-workspace/builds/worker-5-tc1/source:/opt/rustwide/workdir:ro,Z" "-v" "/var/lib/crater-agent-workspace/cargo-home:/opt/rustwide/cargo-home:ro,Z" "-v" "/var/lib/crater-agent-workspace/rustup-home:/opt/rustwide/rustup-home:ro,Z" "-e" "SOURCE_DIR=/opt/rustwide/workdir" "-e" "CARGO_TARGET_DIR=/opt/rustwide/target" "-e" "CARGO_INCREMENTAL=0" "-e" "RUST_BACKTRACE=full" "-e" "RUSTFLAGS=--cap-lints=warn" "-e" "RUSTDOCFLAGS=--cap-lints=warn" "-e" "CARGO_HOME=/opt/rustwide/cargo-home" "-e" "RUSTUP_HOME=/opt/rustwide/rustup-home" "-w" "/opt/rustwide/workdir" "-m" "1610612736" "--user" "0:0" "--network" "none" "ghcr.io/rust-lang/crates-build-env/linux@sha256:2788e3201cd34a07e3172128adcd8b3090168a8e3bcc40d7c032b9dda1df7d1c" "/opt/rustwide/cargo-home/bin/cargo" "+1.75.0" "doc" "--frozen" "--no-deps" "--document-private-items" "--message-format=json", kill_on_drop: false }`
[INFO] [stdout] 0585383ba862c5c8486703f01017e5b95efde05bfcf85a26971fbc2310414ee5
[INFO] running `Command { std: "docker" "start" "-a" "0585383ba862c5c8486703f01017e5b95efde05bfcf85a26971fbc2310414ee5", kill_on_drop: false }`
[INFO] [stderr]    Compiling proc-macro2 v1.0.76
[INFO] [stderr]    Compiling generic-array v0.14.7
[INFO] [stderr]    Compiling thiserror v1.0.56
[INFO] [stderr]     Checking regex-automata v0.4.3
[INFO] [stderr]    Compiling siphasher v0.3.11
[INFO] [stderr]    Compiling openssl-sys v0.9.98
[INFO] [stderr]    Compiling typenum v1.17.0
[INFO] [stderr]    Compiling rand_core v0.6.4
[INFO] [stderr]    Compiling ucd-trie v0.1.6
[INFO] [stderr]    Compiling phf_shared v0.11.2
[INFO] [stderr]    Compiling num-traits v0.2.17
[INFO] [stderr]    Compiling rand v0.8.5
[INFO] [stderr]     Checking tokio v1.35.1
[INFO] [stderr]    Compiling quote v1.0.35
[INFO] [stderr]    Compiling syn v2.0.48
[INFO] [stderr]    Compiling phf_generator v0.11.2
[INFO] [stderr]    Compiling phf v0.11.2
[INFO] [stderr]    Compiling parse-zoneinfo v0.3.0
[INFO] [stderr]    Compiling libz-sys v1.1.12
[INFO] [stderr]    Compiling phf_codegen v0.11.2
[INFO] [stderr]    Compiling openssl v0.10.62
[INFO] [stderr]    Compiling crypto-common v0.1.6
[INFO] [stderr]    Compiling block-buffer v0.10.4
[INFO] [stderr]    Compiling digest v0.10.7
[INFO] [stderr]    Compiling chrono-tz-build v0.2.1
[INFO] [stderr]     Checking regex v1.10.2
[INFO] [stderr]     Checking bstr v1.9.0
[INFO] [stderr]     Checking unic-common v0.9.0
[INFO] [stderr]     Checking unicode-bidi v0.3.14
[INFO] [stderr]     Checking unic-char-range v0.9.0
[INFO] [stderr]    Compiling cpufeatures v0.2.12
[INFO] [stderr]    Compiling chrono-tz v0.8.5
[INFO] [stderr]    Compiling sha2 v0.10.8
[INFO] [stderr]     Checking unic-char-property v0.9.0
[INFO] [stderr]     Checking futures-util v0.3.30
[INFO] [stderr]     Checking idna v0.5.0
[INFO] [stderr]     Checking globset v0.4.14
[INFO] [stderr]     Checking unic-ucd-version v0.9.0
[INFO] [stderr]     Checking chrono v0.4.31
[INFO] [stderr]    Compiling native-tls v0.2.11
[INFO] [stderr]     Checking anstyle-parse v0.2.3
[INFO] [stderr]     Checking crossbeam-deque v0.8.4
[INFO] [stderr]    Compiling libgit2-sys v0.16.1+1.7.1
[INFO] [stderr]     Checking anstyle-query v1.0.2
[INFO] [stderr]    Compiling doc-comment v0.3.3
[INFO] [stderr]     Checking winnow v0.5.33
[INFO] [stderr]     Checking anstyle v1.0.4
[INFO] [stderr]     Checking anstream v0.6.5
[INFO] [stderr]    Compiling semver v1.0.21
[INFO] [stderr]    Compiling anyhow v1.0.79
[INFO] [stderr]    Compiling async-trait v0.1.77
[INFO] [stderr]    Compiling unicase v2.7.0
[INFO] [stderr]     Checking url v2.5.0
[INFO] [stderr]     Checking ignore v0.4.22
[INFO] [stderr]    Compiling rust-embed-utils v8.2.0
[INFO] [stderr]     Checking unic-ucd-segment v0.9.0
[INFO] [stderr]     Checking futures-channel v0.3.30
[INFO] [stderr]     Checking minimal-lexical v0.2.1
[INFO] [stderr]     Checking deunicode v1.4.2
[INFO] [stderr]     Checking clap_lex v0.6.0
[INFO] [stderr]     Checking globwalk v0.8.1
[INFO] [stderr]     Checking clap_builder v4.4.12
[INFO] [stderr]     Checking slug v0.1.5
[INFO] [stderr]     Checking nom v7.1.3
[INFO] [stderr]     Checking unic-segment v0.9.0
[INFO] [stderr]     Checking humansize v2.1.3
[INFO] [stderr]     Checking remove_dir_all v0.5.3
[INFO] [stderr]     Checking pathdiff v0.2.1
[INFO] [stderr]     Checking unsafe-libyaml v0.2.10
[INFO] [stderr]     Checking tempdir v0.3.7
[INFO] [stderr]     Checking glob v0.3.1
[INFO] [stderr]     Checking dotenv v0.15.0
[INFO] [stderr]     Checking lexopt v0.3.0
[INFO] [stderr]    Compiling serde_derive v1.0.195
[INFO] [stderr]    Compiling thiserror-impl v1.0.56
[INFO] [stderr]    Compiling tracing-attributes v0.1.27
[INFO] [stderr]    Compiling openssl-macros v0.1.1
[INFO] [stderr]    Compiling clap_derive v4.4.7
[INFO] [stderr]    Compiling lazy-regex-proc_macros v3.1.0
[INFO] [stderr]    Compiling rust-embed-impl v8.2.0
[INFO] [stderr]    Compiling pest v2.7.6
[INFO] [stderr]     Checking lazy-regex v3.1.0
[INFO] [stderr]     Checking tracing v0.1.40
[INFO] [stderr]     Checking tokio-util v0.7.10
[INFO] [stderr]     Checking rust-embed v8.2.0
[INFO] [stderr]     Checking tracing-subscriber v0.3.18
[INFO] [stderr]    Compiling pest_meta v2.7.6
[INFO] [stderr]     Checking clap v4.4.13
[INFO] [stderr]     Checking tokio-native-tls v0.3.1
[INFO] [stderr]    Compiling pest_generator v2.7.6
[INFO] [stderr]     Checking serde v1.0.195
[INFO] [stderr]    Compiling pest_derive v2.7.6
[INFO] [stderr]     Checking conventional_commit_parser v0.9.4
[INFO] [stderr]     Checking next_version v0.2.12
[INFO] [stderr]     Checking indexmap v2.1.0
[INFO] [stderr]     Checking serde_json v1.0.111
[INFO] [stderr]     Checking serde_spanned v0.6.5
[INFO] [stderr]     Checking toml_datetime v0.6.5
[INFO] [stderr]     Checking toml v0.5.11
[INFO] [stderr]     Checking serde_regex v1.1.0
[INFO] [stderr]     Checking serde_urlencoded v0.7.1
[INFO] [stderr]     Checking git-conventional v0.12.4
[INFO] [stderr]     Checking h2 v0.3.22
[INFO] [stderr]     Checking toml_edit v0.21.0
[INFO] [stderr]     Checking serde_yaml v0.9.30
[INFO] [stderr]     Checking tera v1.19.1
[INFO] [stderr]     Checking parse-changelog v0.6.4
[INFO] [stderr]     Checking config v0.13.4
[INFO] [stderr]     Checking toml v0.8.8
[INFO] [stderr]     Checking cuddle-please-frontend v0.1.0
[INFO] [stderr]     Checking git2 v0.18.1
[INFO] [stderr]     Checking hyper v0.14.28
[INFO] [stderr]     Checking git-cliff-core v1.4.0
[INFO] [stderr]     Checking hyper-tls v0.5.0
[INFO] [stderr]     Checking reqwest v0.11.23
[INFO] [stderr]     Checking cuddle-please-misc v0.1.0
[INFO] [stdout] error[E0063]: missing fields `field` and `pattern` in initializer of `CommitParser`
[INFO] [stdout]    --> /opt/rustwide/cargo-home/registry/src/index.crates.io-6f17d22bba15001f/cuddle-please-misc-0.1.0/src/cliff/mod.rs:187:9
[INFO] [stdout]     |
[INFO] [stdout] 187 |         CommitParser {
[INFO] [stdout]     |         ^^^^^^^^^^^^ missing `field` and `pattern`
[INFO] [stdout] 
[INFO] [stdout] 
[INFO] [stdout] error[E0063]: missing fields `field` and `pattern` in initializer of `CommitParser`
[INFO] [stdout]    --> /opt/rustwide/cargo-home/registry/src/index.crates.io-6f17d22bba15001f/cuddle-please-misc-0.1.0/src/cliff/mod.rs:169:9
[INFO] [stdout]     |
[INFO] [stdout] 169 |         CommitParser {
[INFO] [stdout]     |         ^^^^^^^^^^^^ missing `field` and `pattern`
[INFO] [stdout] 
[INFO] [stdout] 
[INFO] [stdout] error[E0063]: missing field `postprocessors` in initializer of `ChangelogConfig`
[INFO] [stdout]    --> /opt/rustwide/cargo-home/registry/src/index.crates.io-6f17d22bba15001f/cuddle-please-misc-0.1.0/src/cliff/mod.rs:208:5
[INFO] [stdout]     |
[INFO] [stdout] 208 |     ChangelogConfig {
[INFO] [stdout]     |     ^^^^^^^^^^^^^^^ missing `postprocessors`
[INFO] [stdout] 
[INFO] [stdout] 
[INFO] [stdout] error: aborting due to 3 previous errors
[INFO] [stdout] 
[INFO] [stdout] 
[INFO] [stdout] For more information about this error, try `rustc --explain E0063`.
[INFO] [stdout] 
[INFO] [stderr] error: could not compile `cuddle-please-misc` (lib) due to 4 previous errors
[INFO] running `Command { std: "docker" "inspect" "0585383ba862c5c8486703f01017e5b95efde05bfcf85a26971fbc2310414ee5", kill_on_drop: false }`
[INFO] running `Command { std: "docker" "rm" "-f" "0585383ba862c5c8486703f01017e5b95efde05bfcf85a26971fbc2310414ee5", kill_on_drop: false }`
[INFO] [stdout] 0585383ba862c5c8486703f01017e5b95efde05bfcf85a26971fbc2310414ee5
[INFO] documenting cuddle-please-commands-0.1.0 against beta-2023-12-22 for beta-1.76-rustdoc-1
[INFO] extracting crate cuddle-please-commands 0.1.0 into /workspace/builds/worker-5-tc2/source
[INFO] validating manifest of crates.io crate cuddle-please-commands 0.1.0 on toolchain beta-2023-12-22
[INFO] running `Command { std: CARGO_HOME="/workspace/cargo-home" RUSTUP_HOME="/workspace/rustup-home" "/workspace/cargo-home/bin/cargo" "+beta-2023-12-22" "metadata" "--manifest-path" "Cargo.toml" "--no-deps", kill_on_drop: false }`
[INFO] started tweaking crates.io crate cuddle-please-commands 0.1.0
[INFO] finished tweaking crates.io crate cuddle-please-commands 0.1.0
[INFO] tweaked toml for crates.io crate cuddle-please-commands 0.1.0 written to /workspace/builds/worker-5-tc2/source/Cargo.toml
[INFO] running `Command { std: CARGO_HOME="/workspace/cargo-home" RUSTUP_HOME="/workspace/rustup-home" "/workspace/cargo-home/bin/cargo" "+beta-2023-12-22" "generate-lockfile" "--manifest-path" "Cargo.toml", kill_on_drop: false }`
[INFO] [stderr]     Updating crates.io index
[INFO] running `Command { std: CARGO_HOME="/workspace/cargo-home" RUSTUP_HOME="/workspace/rustup-home" "/workspace/cargo-home/bin/cargo" "+beta-2023-12-22" "fetch" "--manifest-path" "Cargo.toml", kill_on_drop: false }`
[INFO] running `Command { std: "docker" "create" "-v" "/var/lib/crater-agent-workspace/builds/worker-5-tc2/target:/opt/rustwide/target:rw,Z" "-v" "/var/lib/crater-agent-workspace/builds/worker-5-tc2/source:/opt/rustwide/workdir:ro,Z" "-v" "/var/lib/crater-agent-workspace/cargo-home:/opt/rustwide/cargo-home:ro,Z" "-v" "/var/lib/crater-agent-workspace/rustup-home:/opt/rustwide/rustup-home:ro,Z" "-e" "SOURCE_DIR=/opt/rustwide/workdir" "-e" "CARGO_TARGET_DIR=/opt/rustwide/target" "-e" "CARGO_HOME=/opt/rustwide/cargo-home" "-e" "RUSTUP_HOME=/opt/rustwide/rustup-home" "-w" "/opt/rustwide/workdir" "-m" "1610612736" "--user" "0:0" "--network" "none" "ghcr.io/rust-lang/crates-build-env/linux@sha256:2788e3201cd34a07e3172128adcd8b3090168a8e3bcc40d7c032b9dda1df7d1c" "/opt/rustwide/cargo-home/bin/cargo" "+beta-2023-12-22" "metadata" "--no-deps" "--format-version=1", kill_on_drop: false }`
[INFO] [stdout] d380c48d378f50ff65de1e7939c45adf33c3963af967a361c9be0b4e32e7a57e
[INFO] running `Command { std: "docker" "start" "-a" "d380c48d378f50ff65de1e7939c45adf33c3963af967a361c9be0b4e32e7a57e", kill_on_drop: false }`
[INFO] running `Command { std: "docker" "inspect" "d380c48d378f50ff65de1e7939c45adf33c3963af967a361c9be0b4e32e7a57e", kill_on_drop: false }`
[INFO] running `Command { std: "docker" "rm" "-f" "d380c48d378f50ff65de1e7939c45adf33c3963af967a361c9be0b4e32e7a57e", kill_on_drop: false }`
[INFO] [stdout] d380c48d378f50ff65de1e7939c45adf33c3963af967a361c9be0b4e32e7a57e
[INFO] running `Command { std: "docker" "create" "-v" "/var/lib/crater-agent-workspace/builds/worker-5-tc2/target:/opt/rustwide/target:rw,Z" "-v" "/var/lib/crater-agent-workspace/builds/worker-5-tc2/source:/opt/rustwide/workdir:ro,Z" "-v" "/var/lib/crater-agent-workspace/cargo-home:/opt/rustwide/cargo-home:ro,Z" "-v" "/var/lib/crater-agent-workspace/rustup-home:/opt/rustwide/rustup-home:ro,Z" "-e" "SOURCE_DIR=/opt/rustwide/workdir" "-e" "CARGO_TARGET_DIR=/opt/rustwide/target" "-e" "CARGO_INCREMENTAL=0" "-e" "RUST_BACKTRACE=full" "-e" "RUSTFLAGS=--cap-lints=warn" "-e" "RUSTDOCFLAGS=--cap-lints=warn" "-e" "CARGO_HOME=/opt/rustwide/cargo-home" "-e" "RUSTUP_HOME=/opt/rustwide/rustup-home" "-w" "/opt/rustwide/workdir" "-m" "1610612736" "--user" "0:0" "--network" "none" "ghcr.io/rust-lang/crates-build-env/linux@sha256:2788e3201cd34a07e3172128adcd8b3090168a8e3bcc40d7c032b9dda1df7d1c" "/opt/rustwide/cargo-home/bin/cargo" "+beta-2023-12-22" "doc" "--frozen" "--no-deps" "--document-private-items" "--message-format=json", kill_on_drop: false }`
[INFO] [stdout] a39f05c9562cf00b6981d56b68e202b1e6e86b034cd7b13d5a1d5c6e5a6c0fbd
[INFO] running `Command { std: "docker" "start" "-a" "a39f05c9562cf00b6981d56b68e202b1e6e86b034cd7b13d5a1d5c6e5a6c0fbd", kill_on_drop: false }`
[INFO] [stderr]    Compiling proc-macro2 v1.0.76
[INFO] [stderr]    Compiling generic-array v0.14.7
[INFO] [stderr]    Compiling thiserror v1.0.56
[INFO] [stderr]     Checking regex-automata v0.4.3
[INFO] [stderr]    Compiling siphasher v0.3.11
[INFO] [stderr]    Compiling openssl-sys v0.9.98
[INFO] [stderr]    Compiling typenum v1.17.0
[INFO] [stderr]    Compiling rand_core v0.6.4
[INFO] [stderr]    Compiling ucd-trie v0.1.6
[INFO] [stderr]    Compiling phf_shared v0.11.2
[INFO] [stderr]    Compiling rand v0.8.5
[INFO] [stderr]    Compiling num-traits v0.2.17
[INFO] [stderr]     Checking tokio v1.35.1
[INFO] [stderr]    Compiling quote v1.0.35
[INFO] [stderr]    Compiling phf_generator v0.11.2
[INFO] [stderr]    Compiling phf_codegen v0.11.2
[INFO] [stderr]    Compiling syn v2.0.48
[INFO] [stderr]    Compiling phf v0.11.2
[INFO] [stderr]    Compiling parse-zoneinfo v0.3.0
[INFO] [stderr]    Compiling libz-sys v1.1.12
[INFO] [stderr]    Compiling openssl v0.10.62
[INFO] [stderr]     Checking block-buffer v0.10.4
[INFO] [stderr]     Checking crypto-common v0.1.6
[INFO] [stderr]    Compiling digest v0.10.7
[INFO] [stderr]    Compiling chrono-tz-build v0.2.1
[INFO] [stderr]     Checking bstr v1.9.0
[INFO] [stderr]     Checking regex v1.10.2
[INFO] [stderr]     Checking unic-char-range v0.9.0
[INFO] [stderr]     Checking unic-common v0.9.0
[INFO] [stderr]    Compiling cpufeatures v0.2.12
[INFO] [stderr]     Checking unicode-bidi v0.3.14
[INFO] [stderr]    Compiling sha2 v0.10.8
[INFO] [stderr]     Checking globset v0.4.14
[INFO] [stderr]     Checking futures-util v0.3.30
[INFO] [stderr]     Checking anstyle-parse v0.2.3
[INFO] [stderr]    Compiling chrono-tz v0.8.5
[INFO] [stderr]     Checking idna v0.5.0
[INFO] [stderr]     Checking unic-ucd-version v0.9.0
[INFO] [stderr]     Checking chrono v0.4.31
[INFO] [stderr]     Checking unic-char-property v0.9.0
[INFO] [stderr]    Compiling native-tls v0.2.11
[INFO] [stderr]     Checking crossbeam-deque v0.8.4
[INFO] [stderr]    Compiling libgit2-sys v0.16.1+1.7.1
[INFO] [stderr]    Compiling doc-comment v0.3.3
[INFO] [stderr]     Checking winnow v0.5.33
[INFO] [stderr]     Checking anstyle-query v1.0.2
[INFO] [stderr]     Checking anstyle v1.0.4
[INFO] [stderr]     Checking anstream v0.6.5
[INFO] [stderr]    Compiling anyhow v1.0.79
[INFO] [stderr]    Compiling async-trait v0.1.77
[INFO] [stderr]    Compiling semver v1.0.21
[INFO] [stderr]     Checking ignore v0.4.22
[INFO] [stderr]    Compiling unicase v2.7.0
[INFO] [stderr]     Checking url v2.5.0
[INFO] [stderr]     Checking unic-ucd-segment v0.9.0
[INFO] [stderr]    Compiling rust-embed-utils v8.2.0
[INFO] [stderr]     Checking futures-channel v0.3.30
[INFO] [stderr]     Checking minimal-lexical v0.2.1
[INFO] [stderr]     Checking clap_lex v0.6.0
[INFO] [stderr]     Checking deunicode v1.4.2
[INFO] [stderr]     Checking globwalk v0.8.1
[INFO] [stderr]     Checking clap_builder v4.4.12
[INFO] [stderr]     Checking nom v7.1.3
[INFO] [stderr]     Checking unic-segment v0.9.0
[INFO] [stderr]     Checking humansize v2.1.3
[INFO] [stderr]     Checking slug v0.1.5
[INFO] [stderr]     Checking unsafe-libyaml v0.2.10
[INFO] [stderr]     Checking pathdiff v0.2.1
[INFO] [stderr]     Checking remove_dir_all v0.5.3
[INFO] [stderr]     Checking dotenv v0.15.0
[INFO] [stderr]     Checking glob v0.3.1
[INFO] [stderr]     Checking tempdir v0.3.7
[INFO] [stderr]     Checking lexopt v0.3.0
[INFO] [stderr]    Compiling serde_derive v1.0.195
[INFO] [stderr]    Compiling thiserror-impl v1.0.56
[INFO] [stderr]    Compiling tracing-attributes v0.1.27
[INFO] [stderr]    Compiling openssl-macros v0.1.1
[INFO] [stderr]    Compiling rust-embed-impl v8.2.0
[INFO] [stderr]    Compiling clap_derive v4.4.7
[INFO] [stderr]    Compiling lazy-regex-proc_macros v3.1.0
[INFO] [stderr]     Checking rust-embed v8.2.0
[INFO] [stderr]    Compiling pest v2.7.6
[INFO] [stderr]     Checking lazy-regex v3.1.0
[INFO] [stderr]     Checking tracing v0.1.40
[INFO] [stderr]     Checking tokio-util v0.7.10
[INFO] [stderr]     Checking tracing-subscriber v0.3.18
[INFO] [stderr]     Checking clap v4.4.13
[INFO] [stderr]    Compiling pest_meta v2.7.6
[INFO] [stderr]     Checking tokio-native-tls v0.3.1
[INFO] [stderr]     Checking serde v1.0.195
[INFO] [stderr]    Compiling pest_generator v2.7.6
[INFO] [stderr]    Compiling pest_derive v2.7.6
[INFO] [stderr]     Checking conventional_commit_parser v0.9.4
[INFO] [stderr]     Checking next_version v0.2.12
[INFO] [stderr]     Checking indexmap v2.1.0
[INFO] [stderr]     Checking serde_json v1.0.111
[INFO] [stderr]     Checking serde_spanned v0.6.5
[INFO] [stderr]     Checking toml_datetime v0.6.5
[INFO] [stderr]     Checking toml v0.5.11
[INFO] [stderr]     Checking serde_urlencoded v0.7.1
[INFO] [stderr]     Checking serde_regex v1.1.0
[INFO] [stderr]     Checking git-conventional v0.12.4
[INFO] [stderr]     Checking h2 v0.3.22
[INFO] [stderr]     Checking toml_edit v0.21.0
[INFO] [stderr]     Checking serde_yaml v0.9.30
[INFO] [stderr]     Checking tera v1.19.1
[INFO] [stderr]     Checking parse-changelog v0.6.4
[INFO] [stderr]     Checking config v0.13.4
[INFO] [stderr]     Checking cuddle-please-frontend v0.1.0
[INFO] [stderr]     Checking toml v0.8.8
[INFO] [stderr]     Checking hyper v0.14.28
[INFO] [stderr]     Checking git2 v0.18.1
[INFO] [stderr]     Checking hyper-tls v0.5.0
[INFO] [stderr]     Checking git-cliff-core v1.4.0
[INFO] [stderr]     Checking reqwest v0.11.23
[INFO] [stderr]     Checking cuddle-please-misc v0.1.0
[INFO] [stdout] error[E0063]: missing fields `field` and `pattern` in initializer of `CommitParser`
[INFO] [stdout]    --> /opt/rustwide/cargo-home/registry/src/index.crates.io-6f17d22bba15001f/cuddle-please-misc-0.1.0/src/cliff/mod.rs:187:9
[INFO] [stdout]     |
[INFO] [stdout] 187 |         CommitParser {
[INFO] [stdout]     |         ^^^^^^^^^^^^ missing `field` and `pattern`
[INFO] [stdout] 
[INFO] [stdout] 
[INFO] [stdout] error[E0063]: missing fields `field` and `pattern` in initializer of `CommitParser`
[INFO] [stdout]    --> /opt/rustwide/cargo-home/registry/src/index.crates.io-6f17d22bba15001f/cuddle-please-misc-0.1.0/src/cliff/mod.rs:169:9
[INFO] [stdout]     |
[INFO] [stdout] 169 |         CommitParser {
[INFO] [stdout]     |         ^^^^^^^^^^^^ missing `field` and `pattern`
[INFO] [stdout] 
[INFO] [stdout] 
[INFO] [stdout] error[E0063]: missing field `postprocessors` in initializer of `ChangelogConfig`
[INFO] [stdout]    --> /opt/rustwide/cargo-home/registry/src/index.crates.io-6f17d22bba15001f/cuddle-please-misc-0.1.0/src/cliff/mod.rs:208:5
[INFO] [stdout]     |
[INFO] [stdout] 208 |     ChangelogConfig {
[INFO] [stdout]     |     ^^^^^^^^^^^^^^^ missing `postprocessors`
[INFO] [stdout] 
[INFO] [stdout] 
[INFO] [stdout] error: aborting due to 3 previous errors
[INFO] [stdout] 
[INFO] [stdout] 
[INFO] [stdout] For more information about this error, try `rustc --explain E0063`.
[INFO] [stdout] 
[INFO] [stderr] error: could not compile `cuddle-please-misc` (lib) due to 4 previous errors
[INFO] running `Command { std: "docker" "inspect" "a39f05c9562cf00b6981d56b68e202b1e6e86b034cd7b13d5a1d5c6e5a6c0fbd", kill_on_drop: false }`
[INFO] running `Command { std: "docker" "rm" "-f" "a39f05c9562cf00b6981d56b68e202b1e6e86b034cd7b13d5a1d5c6e5a6c0fbd", kill_on_drop: false }`
[INFO] [stdout] a39f05c9562cf00b6981d56b68e202b1e6e86b034cd7b13d5a1d5c6e5a6c0fbd
