[INFO] fetching crate cu-core 0.1.0...
[INFO] documenting cu-core-0.1.0 against 1.75.0 for beta-1.76-rustdoc-1
[INFO] extracting crate cu-core 0.1.0 into /workspace/builds/worker-4-tc1/source
[INFO] validating manifest of crates.io crate cu-core 0.1.0 on toolchain 1.75.0
[INFO] running `Command { std: CARGO_HOME="/workspace/cargo-home" RUSTUP_HOME="/workspace/rustup-home" "/workspace/cargo-home/bin/cargo" "+1.75.0" "metadata" "--manifest-path" "Cargo.toml" "--no-deps", kill_on_drop: false }`
[INFO] started tweaking crates.io crate cu-core 0.1.0
[INFO] finished tweaking crates.io crate cu-core 0.1.0
[INFO] tweaked toml for crates.io crate cu-core 0.1.0 written to /workspace/builds/worker-4-tc1/source/Cargo.toml
[INFO] running `Command { std: CARGO_HOME="/workspace/cargo-home" RUSTUP_HOME="/workspace/rustup-home" "/workspace/cargo-home/bin/cargo" "+1.75.0" "generate-lockfile" "--manifest-path" "Cargo.toml", kill_on_drop: false }`
[INFO] [stderr]     Updating crates.io index
[INFO] running `Command { std: CARGO_HOME="/workspace/cargo-home" RUSTUP_HOME="/workspace/rustup-home" "/workspace/cargo-home/bin/cargo" "+1.75.0" "fetch" "--manifest-path" "Cargo.toml", kill_on_drop: false }`
[INFO] [stderr]  Downloading crates ...
[INFO] [stderr]   Downloaded cu-sys v0.1.0
[INFO] running `Command { std: "docker" "create" "-v" "/var/lib/crater-agent-workspace/builds/worker-4-tc1/target:/opt/rustwide/target:rw,Z" "-v" "/var/lib/crater-agent-workspace/builds/worker-4-tc1/source:/opt/rustwide/workdir:ro,Z" "-v" "/var/lib/crater-agent-workspace/cargo-home:/opt/rustwide/cargo-home:ro,Z" "-v" "/var/lib/crater-agent-workspace/rustup-home:/opt/rustwide/rustup-home:ro,Z" "-e" "SOURCE_DIR=/opt/rustwide/workdir" "-e" "CARGO_TARGET_DIR=/opt/rustwide/target" "-e" "CARGO_HOME=/opt/rustwide/cargo-home" "-e" "RUSTUP_HOME=/opt/rustwide/rustup-home" "-w" "/opt/rustwide/workdir" "-m" "1610612736" "--user" "0:0" "--network" "none" "ghcr.io/rust-lang/crates-build-env/linux@sha256:2788e3201cd34a07e3172128adcd8b3090168a8e3bcc40d7c032b9dda1df7d1c" "/opt/rustwide/cargo-home/bin/cargo" "+1.75.0" "metadata" "--no-deps" "--format-version=1", kill_on_drop: false }`
[INFO] [stdout] 8fb17e745fd140102460b33c5c8b29c1f0049f6d483d2d6d3d80f1558f360135
[INFO] running `Command { std: "docker" "start" "-a" "8fb17e745fd140102460b33c5c8b29c1f0049f6d483d2d6d3d80f1558f360135", kill_on_drop: false }`
[INFO] running `Command { std: "docker" "inspect" "8fb17e745fd140102460b33c5c8b29c1f0049f6d483d2d6d3d80f1558f360135", kill_on_drop: false }`
[INFO] running `Command { std: "docker" "rm" "-f" "8fb17e745fd140102460b33c5c8b29c1f0049f6d483d2d6d3d80f1558f360135", kill_on_drop: false }`
[INFO] [stdout] 8fb17e745fd140102460b33c5c8b29c1f0049f6d483d2d6d3d80f1558f360135
[INFO] running `Command { std: "docker" "create" "-v" "/var/lib/crater-agent-workspace/builds/worker-4-tc1/target:/opt/rustwide/target:rw,Z" "-v" "/var/lib/crater-agent-workspace/builds/worker-4-tc1/source:/opt/rustwide/workdir:ro,Z" "-v" "/var/lib/crater-agent-workspace/cargo-home:/opt/rustwide/cargo-home:ro,Z" "-v" "/var/lib/crater-agent-workspace/rustup-home:/opt/rustwide/rustup-home:ro,Z" "-e" "SOURCE_DIR=/opt/rustwide/workdir" "-e" "CARGO_TARGET_DIR=/opt/rustwide/target" "-e" "CARGO_INCREMENTAL=0" "-e" "RUST_BACKTRACE=full" "-e" "RUSTFLAGS=--cap-lints=warn" "-e" "RUSTDOCFLAGS=--cap-lints=warn" "-e" "CARGO_HOME=/opt/rustwide/cargo-home" "-e" "RUSTUP_HOME=/opt/rustwide/rustup-home" "-w" "/opt/rustwide/workdir" "-m" "1610612736" "--user" "0:0" "--network" "none" "ghcr.io/rust-lang/crates-build-env/linux@sha256:2788e3201cd34a07e3172128adcd8b3090168a8e3bcc40d7c032b9dda1df7d1c" "/opt/rustwide/cargo-home/bin/cargo" "+1.75.0" "doc" "--frozen" "--no-deps" "--document-private-items" "--message-format=json", kill_on_drop: false }`
[INFO] [stdout] 922c038af3b39fd83c6e49defa5c29904d7cffdb2b29707c45eb65073a4f0d7f
[INFO] running `Command { std: "docker" "start" "-a" "922c038af3b39fd83c6e49defa5c29904d7cffdb2b29707c45eb65073a4f0d7f", kill_on_drop: false }`
[INFO] [stderr]     Checking memchr v2.7.1
[INFO] [stderr]     Checking gimli v0.28.1
[INFO] [stderr]    Compiling gcc v0.3.55
[INFO] [stderr]     Checking rustc-demangle v0.1.23
[INFO] [stderr]     Checking miniz_oxide v0.7.1
[INFO] [stderr]    Compiling error-chain v0.12.4
[INFO] [stderr]    Compiling cc v1.0.83
[INFO] [stderr]     Checking object v0.32.2
[INFO] [stderr]    Compiling cu-sys v0.1.0
[INFO] [stderr] The following warnings were emitted during compilation:
[INFO] [stderr] 
[INFO] [stderr] warning: cu-sys@0.1.0: In file included from native/wrap.cpp:1:
[INFO] [stderr] warning: cu-sys@0.1.0: native/wrap.hpp:6:10: fatal error: cuda.h: No such file or directory
[INFO] [stderr] warning: cu-sys@0.1.0:     6 | #include <cuda.h>
[INFO] [stderr] warning: cu-sys@0.1.0:       |          ^~~~~~~~
[INFO] [stderr] warning: cu-sys@0.1.0: compilation terminated.
[INFO] [stderr] 
[INFO] [stderr] error: failed to run custom build command for `cu-sys v0.1.0`
[INFO] [stderr] note: To improve backtraces for build dependencies, set the CARGO_PROFILE_DEV_BUILD_OVERRIDE_DEBUG=true environment variable to enable debug information generation.
[INFO] [stderr] 
[INFO] [stderr] Caused by:
[INFO] [stderr]   process didn't exit successfully: `/opt/rustwide/target/debug/build/cu-sys-c68609fe8cacac32/build-script-build` (exit status: 101)
[INFO] [stderr]   --- stdout
[INFO] [stderr]   cargo:rerun-if-changed=build.rs
[INFO] [stderr]   cargo:rerun-if-changed=native/wrap.cpp
[INFO] [stderr]   cargo:rerun-if-changed=native/wrap.hpp
[INFO] [stderr]   cargo:rustc-link-search=/opt/cuda/lib64/
[INFO] [stderr]   cargo:rustc-link-search=/usr/local/cuda/lib64
[INFO] [stderr]   TARGET = Some("x86_64-unknown-linux-gnu")
[INFO] [stderr]   OPT_LEVEL = Some("0")
[INFO] [stderr]   TARGET = Some("x86_64-unknown-linux-gnu")
[INFO] [stderr]   HOST = Some("x86_64-unknown-linux-gnu")
[INFO] [stderr]   TARGET = Some("x86_64-unknown-linux-gnu")
[INFO] [stderr]   TARGET = Some("x86_64-unknown-linux-gnu")
[INFO] [stderr]   HOST = Some("x86_64-unknown-linux-gnu")
[INFO] [stderr]   CXX_x86_64-unknown-linux-gnu = None
[INFO] [stderr]   CXX_x86_64_unknown_linux_gnu = None
[INFO] [stderr]   HOST_CXX = None
[INFO] [stderr]   CXX = None
[INFO] [stderr]   HOST = Some("x86_64-unknown-linux-gnu")
[INFO] [stderr]   TARGET = Some("x86_64-unknown-linux-gnu")
[INFO] [stderr]   HOST = Some("x86_64-unknown-linux-gnu")
[INFO] [stderr]   CXXFLAGS_x86_64-unknown-linux-gnu = None
[INFO] [stderr]   CXXFLAGS_x86_64_unknown_linux_gnu = None
[INFO] [stderr]   HOST_CXXFLAGS = None
[INFO] [stderr]   CXXFLAGS = None
[INFO] [stderr]   DEBUG = Some("true")
[INFO] [stderr]   running: "c++" "-O0" "-ffunction-sections" "-fdata-sections" "-fPIC" "-g" "-m64" "-static" "-I" "native/" "-I" "C:\\Program Files\\NVIDIA GPU Computing Toolkit\\CUDA\\v8.0\\include" "-I" "C:\\Program Files\\NVIDIA GPU Computing Toolkit\\CUDA\\v9.0\\include" "-I" "C:\\Program Files\\NVIDIA GPU Computing Toolkit\\CUDA\\v9.1\\include" "-I" "/opt/cuda/include/" "-fpermissive" "-Wall" "-Wextra" "-o" "/opt/rustwide/target/debug/build/cu-sys-ee4ff7a18bbb23b6/out/native/wrap.o" "-c" "native/wrap.cpp"
[INFO] [stderr]   cargo:warning=In file included from native/wrap.cpp:1:
[INFO] [stderr]   cargo:warning=native/wrap.hpp:6:10: fatal error: cuda.h: No such file or directory
[INFO] [stderr]   cargo:warning=    6 | #include <cuda.h>
[INFO] [stderr]   cargo:warning=      |          ^~~~~~~~
[INFO] [stderr]   cargo:warning=compilation terminated.
[INFO] [stderr]   exit status: 1
[INFO] [stderr] 
[INFO] [stderr]   --- stderr
[INFO] [stderr]   thread 'main' panicked at /opt/rustwide/cargo-home/registry/src/index.crates.io-6f17d22bba15001f/gcc-0.3.55/src/lib.rs:1672:5:
[INFO] [stderr] 
[INFO] [stderr] 
[INFO] [stderr]   Internal error occurred: Command "c++" "-O0" "-ffunction-sections" "-fdata-sections" "-fPIC" "-g" "-m64" "-static" "-I" "native/" "-I" "C:\\Program Files\\NVIDIA GPU Computing Toolkit\\CUDA\\v8.0\\include" "-I" "C:\\Program Files\\NVIDIA GPU Computing Toolkit\\CUDA\\v9.0\\include" "-I" "C:\\Program Files\\NVIDIA GPU Computing Toolkit\\CUDA\\v9.1\\include" "-I" "/opt/cuda/include/" "-fpermissive" "-Wall" "-Wextra" "-o" "/opt/rustwide/target/debug/build/cu-sys-ee4ff7a18bbb23b6/out/native/wrap.o" "-c" "native/wrap.cpp" with args "c++" did not execute successfully (status code exit status: 1).
[INFO] [stderr] 
[INFO] [stderr] 
[INFO] [stderr]   stack backtrace:
[INFO] [stderr]      0:     0x561cb5bb593c - std::backtrace_rs::backtrace::libunwind::trace::ha637c64ce894333a
[INFO] [stderr]                                  at /rustc/82e1608dfa6e0b5569232559e3d385fea5a93112/library/std/src/../../backtrace/src/backtrace/libunwind.rs:104:5
[INFO] [stderr]      1:     0x561cb5bb593c - std::backtrace_rs::backtrace::trace_unsynchronized::h47f62dea28e0c88d
[INFO] [stderr]                                  at /rustc/82e1608dfa6e0b5569232559e3d385fea5a93112/library/std/src/../../backtrace/src/backtrace/mod.rs:66:5
[INFO] [stderr]      2:     0x561cb5bb593c - std::sys_common::backtrace::_print_fmt::h9eef0abe20ede486
[INFO] [stderr]                                  at /rustc/82e1608dfa6e0b5569232559e3d385fea5a93112/library/std/src/sys_common/backtrace.rs:67:5
[INFO] [stderr]      3:     0x561cb5bb593c - <std::sys_common::backtrace::_print::DisplayBacktrace as core::fmt::Display>::fmt::hed7f999df88cc644
[INFO] [stderr]                                  at /rustc/82e1608dfa6e0b5569232559e3d385fea5a93112/library/std/src/sys_common/backtrace.rs:44:22
[INFO] [stderr]      4:     0x561cb5bdb480 - core::fmt::rt::Argument::fmt::h1539a9308b8d058d
[INFO] [stderr]                                  at /rustc/82e1608dfa6e0b5569232559e3d385fea5a93112/library/core/src/fmt/rt.rs:142:9
[INFO] [stderr]      5:     0x561cb5bdb480 - core::fmt::write::h3a39390d8560d9c9
[INFO] [stderr]                                  at /rustc/82e1608dfa6e0b5569232559e3d385fea5a93112/library/core/src/fmt/mod.rs:1120:17
[INFO] [stderr]      6:     0x561cb5bb2d5f - std::io::Write::write_fmt::h5fc9997dfe05f882
[INFO] [stderr]                                  at /rustc/82e1608dfa6e0b5569232559e3d385fea5a93112/library/std/src/io/mod.rs:1762:15
[INFO] [stderr]      7:     0x561cb5bb5724 - std::sys_common::backtrace::_print::h894006fb5c6f3d45
[INFO] [stderr]                                  at /rustc/82e1608dfa6e0b5569232559e3d385fea5a93112/library/std/src/sys_common/backtrace.rs:47:5
[INFO] [stderr]      8:     0x561cb5bb5724 - std::sys_common::backtrace::print::h23a2d212c6fff936
[INFO] [stderr]                                  at /rustc/82e1608dfa6e0b5569232559e3d385fea5a93112/library/std/src/sys_common/backtrace.rs:34:9
[INFO] [stderr]      9:     0x561cb5bb6f37 - std::panicking::default_hook::{{closure}}::h8a1d2ee00185001a
[INFO] [stderr]     10:     0x561cb5bb6c9f - std::panicking::default_hook::h6038f2eba384e475
[INFO] [stderr]                                  at /rustc/82e1608dfa6e0b5569232559e3d385fea5a93112/library/std/src/panicking.rs:292:9
[INFO] [stderr]     11:     0x561cb5bb73b8 - std::panicking::rust_panic_with_hook::h2b5517d590cab22e
[INFO] [stderr]                                  at /rustc/82e1608dfa6e0b5569232559e3d385fea5a93112/library/std/src/panicking.rs:779:13
[INFO] [stderr]     12:     0x561cb5bb729e - std::panicking::begin_panic_handler::{{closure}}::h233112c06e0ef43e
[INFO] [stderr]                                  at /rustc/82e1608dfa6e0b5569232559e3d385fea5a93112/library/std/src/panicking.rs:657:13
[INFO] [stderr]     13:     0x561cb5bb5e06 - std::sys_common::backtrace::__rust_end_short_backtrace::h6e893f24d7ebbff8
[INFO] [stderr]                                  at /rustc/82e1608dfa6e0b5569232559e3d385fea5a93112/library/std/src/sys_common/backtrace.rs:170:18
[INFO] [stderr]     14:     0x561cb5bb7002 - rust_begin_unwind
[INFO] [stderr]                                  at /rustc/82e1608dfa6e0b5569232559e3d385fea5a93112/library/std/src/panicking.rs:645:5
[INFO] [stderr]     15:     0x561cb5b685d5 - core::panicking::panic_fmt::hbf0e066aabfa482c
[INFO] [stderr]                                  at /rustc/82e1608dfa6e0b5569232559e3d385fea5a93112/library/core/src/panicking.rs:72:14
[INFO] [stderr]     16:     0x561cb5b7d0c1 - gcc::fail::h82a910aad3d59ab4
[INFO] [stderr]     17:     0x561cb5b70715 - gcc::Build::compile::he2f907f618755b29
[INFO] [stderr]     18:     0x561cb5b6931c - build_script_build::main::h9ef03791f2e964c0
[INFO] [stderr]     19:     0x561cb5b69063 - core::ops::function::FnOnce::call_once::h622061ea8ecbcce7
[INFO] [stderr]     20:     0x561cb5b68f46 - std::sys_common::backtrace::__rust_begin_short_backtrace::h6d51fe18aa2d5ed6
[INFO] [stderr]     21:     0x561cb5b68f99 - std::rt::lang_start::{{closure}}::h8a74d44d3e4b12c0
[INFO] [stderr]     22:     0x561cb5baf007 - core::ops::function::impls::<impl core::ops::function::FnOnce<A> for &F>::call_once::hd95060ecd5e1ca24
[INFO] [stderr]                                  at /rustc/82e1608dfa6e0b5569232559e3d385fea5a93112/library/core/src/ops/function.rs:284:13
[INFO] [stderr]     23:     0x561cb5baf007 - std::panicking::try::do_call::h6e8cf51db32a6e4b
[INFO] [stderr]                                  at /rustc/82e1608dfa6e0b5569232559e3d385fea5a93112/library/std/src/panicking.rs:552:40
[INFO] [stderr]     24:     0x561cb5baf007 - std::panicking::try::h3a52eefe24fe3c29
[INFO] [stderr]                                  at /rustc/82e1608dfa6e0b5569232559e3d385fea5a93112/library/std/src/panicking.rs:516:19
[INFO] [stderr]     25:     0x561cb5baf007 - std::panic::catch_unwind::h24c28c23c02c3841
[INFO] [stderr]                                  at /rustc/82e1608dfa6e0b5569232559e3d385fea5a93112/library/std/src/panic.rs:142:14
[INFO] [stderr]     26:     0x561cb5baf007 - std::rt::lang_start_internal::{{closure}}::h705d3c9cbc06ef47
[INFO] [stderr]                                  at /rustc/82e1608dfa6e0b5569232559e3d385fea5a93112/library/std/src/rt.rs:148:48
[INFO] [stderr]     27:     0x561cb5baf007 - std::panicking::try::do_call::ha21f52ba13158470
[INFO] [stderr]                                  at /rustc/82e1608dfa6e0b5569232559e3d385fea5a93112/library/std/src/panicking.rs:552:40
[INFO] [stderr]     28:     0x561cb5baf007 - std::panicking::try::h5581346bf6aeb1f8
[INFO] [stderr]                                  at /rustc/82e1608dfa6e0b5569232559e3d385fea5a93112/library/std/src/panicking.rs:516:19
[INFO] [stderr]     29:     0x561cb5baf007 - std::panic::catch_unwind::h7919645a6b72e25b
[INFO] [stderr]                                  at /rustc/82e1608dfa6e0b5569232559e3d385fea5a93112/library/std/src/panic.rs:142:14
[INFO] [stderr]     30:     0x561cb5baf007 - std::rt::lang_start_internal::h12de51168669836e
[INFO] [stderr]                                  at /rustc/82e1608dfa6e0b5569232559e3d385fea5a93112/library/std/src/rt.rs:148:20
[INFO] [stderr]     31:     0x561cb5b68f77 - std::rt::lang_start::hfc1521d51e36c080
[INFO] [stderr]     32:     0x561cb5b69365 - main
[INFO] [stderr]     33:     0x7faba429bd90 - <unknown>
[INFO] [stderr]     34:     0x7faba429be40 - __libc_start_main
[INFO] [stderr]     35:     0x561cb5b68de5 - _start
[INFO] [stderr]     36:                0x0 - <unknown>
[INFO] [stderr] warning: build failed, waiting for other jobs to finish...
[INFO] running `Command { std: "docker" "inspect" "922c038af3b39fd83c6e49defa5c29904d7cffdb2b29707c45eb65073a4f0d7f", kill_on_drop: false }`
[INFO] running `Command { std: "docker" "rm" "-f" "922c038af3b39fd83c6e49defa5c29904d7cffdb2b29707c45eb65073a4f0d7f", kill_on_drop: false }`
[INFO] [stdout] 922c038af3b39fd83c6e49defa5c29904d7cffdb2b29707c45eb65073a4f0d7f
