[INFO] fetching crate csv2xlsx 0.3.0...
[INFO] documenting csv2xlsx-0.3.0 against 1.75.0 for beta-1.76-rustdoc-1
[INFO] extracting crate csv2xlsx 0.3.0 into /workspace/builds/worker-2-tc1/source
[INFO] validating manifest of crates.io crate csv2xlsx 0.3.0 on toolchain 1.75.0
[INFO] running `Command { std: CARGO_HOME="/workspace/cargo-home" RUSTUP_HOME="/workspace/rustup-home" "/workspace/cargo-home/bin/cargo" "+1.75.0" "metadata" "--manifest-path" "Cargo.toml" "--no-deps", kill_on_drop: false }`
[INFO] started tweaking crates.io crate csv2xlsx 0.3.0
[INFO] finished tweaking crates.io crate csv2xlsx 0.3.0
[INFO] tweaked toml for crates.io crate csv2xlsx 0.3.0 written to /workspace/builds/worker-2-tc1/source/Cargo.toml
[INFO] crate crates.io crate csv2xlsx 0.3.0 already has a lockfile, it will not be regenerated
[INFO] running `Command { std: CARGO_HOME="/workspace/cargo-home" RUSTUP_HOME="/workspace/rustup-home" "/workspace/cargo-home/bin/cargo" "+1.75.0" "fetch" "--manifest-path" "Cargo.toml", kill_on_drop: false }`
[INFO] [stderr]     Updating crates.io index
[INFO] [stderr]  Downloading crates ...
[INFO] [stderr]   Downloaded vte v0.10.1
[INFO] [stderr]   Downloaded vte_generate_state_changes v0.1.1
[INFO] [stderr]   Downloaded serde v1.0.139
[INFO] [stderr]   Downloaded simple_excel_writer v0.2.0
[INFO] [stderr]   Downloaded once_cell v1.13.0
[INFO] [stderr]   Downloaded zip v0.5.13
[INFO] [stderr]   Downloaded hashbrown v0.12.2
[INFO] [stderr]   Downloaded clap v3.2.10
[INFO] [stderr]   Downloaded strip-ansi-escapes v0.1.1
[INFO] running `Command { std: "docker" "create" "-v" "/var/lib/crater-agent-workspace/builds/worker-2-tc1/target:/opt/rustwide/target:rw,Z" "-v" "/var/lib/crater-agent-workspace/builds/worker-2-tc1/source:/opt/rustwide/workdir:ro,Z" "-v" "/var/lib/crater-agent-workspace/cargo-home:/opt/rustwide/cargo-home:ro,Z" "-v" "/var/lib/crater-agent-workspace/rustup-home:/opt/rustwide/rustup-home:ro,Z" "-e" "SOURCE_DIR=/opt/rustwide/workdir" "-e" "CARGO_TARGET_DIR=/opt/rustwide/target" "-e" "CARGO_HOME=/opt/rustwide/cargo-home" "-e" "RUSTUP_HOME=/opt/rustwide/rustup-home" "-w" "/opt/rustwide/workdir" "-m" "1610612736" "--user" "0:0" "--network" "none" "ghcr.io/rust-lang/crates-build-env/linux@sha256:2788e3201cd34a07e3172128adcd8b3090168a8e3bcc40d7c032b9dda1df7d1c" "/opt/rustwide/cargo-home/bin/cargo" "+1.75.0" "metadata" "--no-deps" "--format-version=1", kill_on_drop: false }`
[INFO] [stdout] 4ee8f4b8cbc235f1b7a3cf4494ec0a72dbe92db69df000330db1293ef140300f
[INFO] running `Command { std: "docker" "start" "-a" "4ee8f4b8cbc235f1b7a3cf4494ec0a72dbe92db69df000330db1293ef140300f", kill_on_drop: false }`
[INFO] running `Command { std: "docker" "inspect" "4ee8f4b8cbc235f1b7a3cf4494ec0a72dbe92db69df000330db1293ef140300f", kill_on_drop: false }`
[INFO] running `Command { std: "docker" "rm" "-f" "4ee8f4b8cbc235f1b7a3cf4494ec0a72dbe92db69df000330db1293ef140300f", kill_on_drop: false }`
[INFO] [stdout] 4ee8f4b8cbc235f1b7a3cf4494ec0a72dbe92db69df000330db1293ef140300f
[INFO] running `Command { std: "docker" "create" "-v" "/var/lib/crater-agent-workspace/builds/worker-2-tc1/target:/opt/rustwide/target:rw,Z" "-v" "/var/lib/crater-agent-workspace/builds/worker-2-tc1/source:/opt/rustwide/workdir:ro,Z" "-v" "/var/lib/crater-agent-workspace/cargo-home:/opt/rustwide/cargo-home:ro,Z" "-v" "/var/lib/crater-agent-workspace/rustup-home:/opt/rustwide/rustup-home:ro,Z" "-e" "SOURCE_DIR=/opt/rustwide/workdir" "-e" "CARGO_TARGET_DIR=/opt/rustwide/target" "-e" "CARGO_INCREMENTAL=0" "-e" "RUST_BACKTRACE=full" "-e" "RUSTFLAGS=--cap-lints=warn" "-e" "RUSTDOCFLAGS=--cap-lints=warn" "-e" "CARGO_HOME=/opt/rustwide/cargo-home" "-e" "RUSTUP_HOME=/opt/rustwide/rustup-home" "-w" "/opt/rustwide/workdir" "-m" "1610612736" "--user" "0:0" "--network" "none" "ghcr.io/rust-lang/crates-build-env/linux@sha256:2788e3201cd34a07e3172128adcd8b3090168a8e3bcc40d7c032b9dda1df7d1c" "/opt/rustwide/cargo-home/bin/cargo" "+1.75.0" "doc" "--frozen" "--no-deps" "--document-private-items" "--message-format=json", kill_on_drop: false }`
[INFO] [stdout] e5860ff1710d9dde2af55039b9e3c2f9eee065cb53e8355e16bf51610393e6fb
[INFO] running `Command { std: "docker" "start" "-a" "e5860ff1710d9dde2af55039b9e3c2f9eee065cb53e8355e16bf51610393e6fb", kill_on_drop: false }`
[INFO] [stderr]    Compiling syn v1.0.98
[INFO] [stderr]    Compiling memchr v2.5.0
[INFO] [stderr]    Compiling crc32fast v1.3.2
[INFO] [stderr]    Compiling serde v1.0.139
[INFO] [stderr]    Compiling libc v0.2.126
[INFO] [stderr]     Checking utf8parse v0.2.0
[INFO] [stderr]    Compiling indexmap v1.9.1
[INFO] [stderr]     Checking miniz_oxide v0.5.3
[INFO] [stderr]     Checking regex-automata v0.1.10
[INFO] [stderr]     Checking arrayvec v0.5.2
[INFO] [stderr]     Checking hashbrown v0.12.2
[INFO] [stderr]     Checking clap_lex v0.2.4
[INFO] [stderr]    Compiling proc-macro-error-attr v1.0.4
[INFO] [stderr]    Compiling vte_generate_state_changes v0.1.1
[INFO] [stderr]     Checking itoa v0.4.8
[INFO] [stderr]     Checking once_cell v1.13.0
[INFO] [stderr]     Checking ryu v1.0.10
[INFO] [stderr]     Checking unescape v0.1.0
[INFO] [stderr]     Checking flate2 v1.0.24
[INFO] [stderr]     Checking vte v0.10.1
[INFO] [stderr]     Checking csv-core v0.1.10
[INFO] [stderr]     Checking atty v0.2.14
[INFO] [stderr]     Checking strip-ansi-escapes v0.1.1
[INFO] [stderr]    Compiling proc-macro-error v1.0.4
[INFO] [stdout] error[E0277]: the trait bound `proc_macro2::Span: From<proc_macro::Span>` is not satisfied
[INFO] [stdout]    --> /opt/rustwide/cargo-home/registry/src/index.crates.io-6f17d22bba15001f/proc-macro-error-1.0.4/src/lib.rs:549:37
[INFO] [stdout]     |
[INFO] [stdout] 549 |                 first: self.clone().into(),
[INFO] [stdout]     |                                     ^^^^ the trait `From<proc_macro::Span>` is not implemented for `proc_macro2::Span`
[INFO] [stdout]     |
[INFO] [stdout]     = note: required for `proc_macro::Span` to implement `Into<proc_macro2::Span>`
[INFO] [stdout] 
[INFO] [stdout] 
[INFO] [stdout] error[E0277]: the trait bound `proc_macro2::Span: From<proc_macro::Span>` is not satisfied
[INFO] [stdout]    --> /opt/rustwide/cargo-home/registry/src/index.crates.io-6f17d22bba15001f/proc-macro-error-1.0.4/src/lib.rs:550:36
[INFO] [stdout]     |
[INFO] [stdout] 550 |                 last: self.clone().into(),
[INFO] [stdout]     |                                    ^^^^ the trait `From<proc_macro::Span>` is not implemented for `proc_macro2::Span`
[INFO] [stdout]     |
[INFO] [stdout]     = note: required for `proc_macro::Span` to implement `Into<proc_macro2::Span>`
[INFO] [stdout] 
[INFO] [stdout] 
[INFO] [stdout] error: aborting due to 2 previous errors
[INFO] [stdout] 
[INFO] [stdout] 
[INFO] [stdout] For more information about this error, try `rustc --explain E0277`.
[INFO] [stdout] 
[INFO] [stderr] error: could not compile `proc-macro-error` (lib) due to 3 previous errors
[INFO] [stderr] warning: build failed, waiting for other jobs to finish...
[INFO] running `Command { std: "docker" "inspect" "e5860ff1710d9dde2af55039b9e3c2f9eee065cb53e8355e16bf51610393e6fb", kill_on_drop: false }`
[INFO] running `Command { std: "docker" "rm" "-f" "e5860ff1710d9dde2af55039b9e3c2f9eee065cb53e8355e16bf51610393e6fb", kill_on_drop: false }`
[INFO] [stdout] e5860ff1710d9dde2af55039b9e3c2f9eee065cb53e8355e16bf51610393e6fb
[INFO] documenting csv2xlsx-0.3.0 against beta-2023-12-22 for beta-1.76-rustdoc-1
[INFO] extracting crate csv2xlsx 0.3.0 into /workspace/builds/worker-2-tc2/source
[INFO] validating manifest of crates.io crate csv2xlsx 0.3.0 on toolchain beta-2023-12-22
[INFO] running `Command { std: CARGO_HOME="/workspace/cargo-home" RUSTUP_HOME="/workspace/rustup-home" "/workspace/cargo-home/bin/cargo" "+beta-2023-12-22" "metadata" "--manifest-path" "Cargo.toml" "--no-deps", kill_on_drop: false }`
[INFO] started tweaking crates.io crate csv2xlsx 0.3.0
[INFO] finished tweaking crates.io crate csv2xlsx 0.3.0
[INFO] tweaked toml for crates.io crate csv2xlsx 0.3.0 written to /workspace/builds/worker-2-tc2/source/Cargo.toml
[INFO] crate crates.io crate csv2xlsx 0.3.0 already has a lockfile, it will not be regenerated
[INFO] running `Command { std: CARGO_HOME="/workspace/cargo-home" RUSTUP_HOME="/workspace/rustup-home" "/workspace/cargo-home/bin/cargo" "+beta-2023-12-22" "fetch" "--manifest-path" "Cargo.toml", kill_on_drop: false }`
[INFO] running `Command { std: "docker" "create" "-v" "/var/lib/crater-agent-workspace/builds/worker-2-tc2/target:/opt/rustwide/target:rw,Z" "-v" "/var/lib/crater-agent-workspace/builds/worker-2-tc2/source:/opt/rustwide/workdir:ro,Z" "-v" "/var/lib/crater-agent-workspace/cargo-home:/opt/rustwide/cargo-home:ro,Z" "-v" "/var/lib/crater-agent-workspace/rustup-home:/opt/rustwide/rustup-home:ro,Z" "-e" "SOURCE_DIR=/opt/rustwide/workdir" "-e" "CARGO_TARGET_DIR=/opt/rustwide/target" "-e" "CARGO_HOME=/opt/rustwide/cargo-home" "-e" "RUSTUP_HOME=/opt/rustwide/rustup-home" "-w" "/opt/rustwide/workdir" "-m" "1610612736" "--user" "0:0" "--network" "none" "ghcr.io/rust-lang/crates-build-env/linux@sha256:2788e3201cd34a07e3172128adcd8b3090168a8e3bcc40d7c032b9dda1df7d1c" "/opt/rustwide/cargo-home/bin/cargo" "+beta-2023-12-22" "metadata" "--no-deps" "--format-version=1", kill_on_drop: false }`
[INFO] [stdout] c10a8e648c2c76bc1b4e32c47ee2b64ce7c911d387de7e79011aa414d6c7dc38
[INFO] running `Command { std: "docker" "start" "-a" "c10a8e648c2c76bc1b4e32c47ee2b64ce7c911d387de7e79011aa414d6c7dc38", kill_on_drop: false }`
[INFO] running `Command { std: "docker" "inspect" "c10a8e648c2c76bc1b4e32c47ee2b64ce7c911d387de7e79011aa414d6c7dc38", kill_on_drop: false }`
[INFO] running `Command { std: "docker" "rm" "-f" "c10a8e648c2c76bc1b4e32c47ee2b64ce7c911d387de7e79011aa414d6c7dc38", kill_on_drop: false }`
[INFO] [stdout] c10a8e648c2c76bc1b4e32c47ee2b64ce7c911d387de7e79011aa414d6c7dc38
[INFO] running `Command { std: "docker" "create" "-v" "/var/lib/crater-agent-workspace/builds/worker-2-tc2/target:/opt/rustwide/target:rw,Z" "-v" "/var/lib/crater-agent-workspace/builds/worker-2-tc2/source:/opt/rustwide/workdir:ro,Z" "-v" "/var/lib/crater-agent-workspace/cargo-home:/opt/rustwide/cargo-home:ro,Z" "-v" "/var/lib/crater-agent-workspace/rustup-home:/opt/rustwide/rustup-home:ro,Z" "-e" "SOURCE_DIR=/opt/rustwide/workdir" "-e" "CARGO_TARGET_DIR=/opt/rustwide/target" "-e" "CARGO_INCREMENTAL=0" "-e" "RUST_BACKTRACE=full" "-e" "RUSTFLAGS=--cap-lints=warn" "-e" "RUSTDOCFLAGS=--cap-lints=warn" "-e" "CARGO_HOME=/opt/rustwide/cargo-home" "-e" "RUSTUP_HOME=/opt/rustwide/rustup-home" "-w" "/opt/rustwide/workdir" "-m" "1610612736" "--user" "0:0" "--network" "none" "ghcr.io/rust-lang/crates-build-env/linux@sha256:2788e3201cd34a07e3172128adcd8b3090168a8e3bcc40d7c032b9dda1df7d1c" "/opt/rustwide/cargo-home/bin/cargo" "+beta-2023-12-22" "doc" "--frozen" "--no-deps" "--document-private-items" "--message-format=json", kill_on_drop: false }`
[INFO] [stdout] 763fd059e5870318fe690e739c02260770bd0257955d498622709ea0b634c9d9
[INFO] running `Command { std: "docker" "start" "-a" "763fd059e5870318fe690e739c02260770bd0257955d498622709ea0b634c9d9", kill_on_drop: false }`
[INFO] [stderr]    Compiling syn v1.0.98
[INFO] [stderr]    Compiling memchr v2.5.0
[INFO] [stderr]    Compiling crc32fast v1.3.2
[INFO] [stderr]    Compiling libc v0.2.126
[INFO] [stderr]    Compiling serde v1.0.139
[INFO] [stderr]    Compiling vte_generate_state_changes v0.1.1
[INFO] [stderr]     Checking arrayvec v0.5.2
[INFO] [stderr]     Checking hashbrown v0.12.2
[INFO] [stderr]     Checking utf8parse v0.2.0
[INFO] [stderr]     Checking miniz_oxide v0.5.3
[INFO] [stderr]    Compiling indexmap v1.9.1
[INFO] [stderr]     Checking regex-automata v0.1.10
[INFO] [stderr]    Compiling proc-macro-error-attr v1.0.4
[INFO] [stderr]     Checking clap_lex v0.2.4
[INFO] [stderr]     Checking itoa v0.4.8
[INFO] [stderr]     Checking once_cell v1.13.0
[INFO] [stderr]     Checking ryu v1.0.10
[INFO] [stderr]     Checking unescape v0.1.0
[INFO] [stderr]     Checking flate2 v1.0.24
[INFO] [stderr]     Checking vte v0.10.1
[INFO] [stderr]     Checking csv-core v0.1.10
[INFO] [stderr]     Checking atty v0.2.14
[INFO] [stderr]     Checking strip-ansi-escapes v0.1.1
[INFO] [stderr]    Compiling proc-macro-error v1.0.4
[INFO] [stderr]     Checking bstr v0.2.17
[INFO] [stdout] error[E0277]: the trait bound `proc_macro2::Span: From<proc_macro::Span>` is not satisfied
[INFO] [stdout]    --> /opt/rustwide/cargo-home/registry/src/index.crates.io-6f17d22bba15001f/proc-macro-error-1.0.4/src/lib.rs:549:37
[INFO] [stdout]     |
[INFO] [stdout] 549 |                 first: self.clone().into(),
[INFO] [stdout]     |                                     ^^^^ the trait `From<proc_macro::Span>` is not implemented for `proc_macro2::Span`
[INFO] [stdout]     |
[INFO] [stdout]     = note: required for `proc_macro::Span` to implement `Into<proc_macro2::Span>`
[INFO] [stdout] 
[INFO] [stdout] 
[INFO] [stdout] error[E0277]: the trait bound `proc_macro2::Span: From<proc_macro::Span>` is not satisfied
[INFO] [stdout]    --> /opt/rustwide/cargo-home/registry/src/index.crates.io-6f17d22bba15001f/proc-macro-error-1.0.4/src/lib.rs:550:36
[INFO] [stdout]     |
[INFO] [stdout] 550 |                 last: self.clone().into(),
[INFO] [stdout]     |                                    ^^^^ the trait `From<proc_macro::Span>` is not implemented for `proc_macro2::Span`
[INFO] [stdout]     |
[INFO] [stdout]     = note: required for `proc_macro::Span` to implement `Into<proc_macro2::Span>`
[INFO] [stdout] 
[INFO] [stdout] 
[INFO] [stdout] error: aborting due to 2 previous errors
[INFO] [stdout] 
[INFO] [stdout] 
[INFO] [stdout] For more information about this error, try `rustc --explain E0277`.
[INFO] [stdout] 
[INFO] [stderr] error: could not compile `proc-macro-error` (lib) due to 3 previous errors
[INFO] [stderr] warning: build failed, waiting for other jobs to finish...
[INFO] running `Command { std: "docker" "inspect" "763fd059e5870318fe690e739c02260770bd0257955d498622709ea0b634c9d9", kill_on_drop: false }`
[INFO] running `Command { std: "docker" "rm" "-f" "763fd059e5870318fe690e739c02260770bd0257955d498622709ea0b634c9d9", kill_on_drop: false }`
[INFO] [stdout] 763fd059e5870318fe690e739c02260770bd0257955d498622709ea0b634c9d9
