[INFO] fetching crate css-in-rust 0.5.0...
[INFO] documenting css-in-rust-0.5.0 against 1.75.0 for beta-1.76-rustdoc-1
[INFO] extracting crate css-in-rust 0.5.0 into /workspace/builds/worker-3-tc1/source
[INFO] validating manifest of crates.io crate css-in-rust 0.5.0 on toolchain 1.75.0
[INFO] running `Command { std: CARGO_HOME="/workspace/cargo-home" RUSTUP_HOME="/workspace/rustup-home" "/workspace/cargo-home/bin/cargo" "+1.75.0" "metadata" "--manifest-path" "Cargo.toml" "--no-deps", kill_on_drop: false }`
[INFO] started tweaking crates.io crate css-in-rust 0.5.0
[INFO] finished tweaking crates.io crate css-in-rust 0.5.0
[INFO] tweaked toml for crates.io crate css-in-rust 0.5.0 written to /workspace/builds/worker-3-tc1/source/Cargo.toml
[INFO] running `Command { std: CARGO_HOME="/workspace/cargo-home" RUSTUP_HOME="/workspace/rustup-home" "/workspace/cargo-home/bin/cargo" "+1.75.0" "generate-lockfile" "--manifest-path" "Cargo.toml", kill_on_drop: false }`
[INFO] [stderr]     Updating crates.io index
[INFO] running `Command { std: CARGO_HOME="/workspace/cargo-home" RUSTUP_HOME="/workspace/rustup-home" "/workspace/cargo-home/bin/cargo" "+1.75.0" "fetch" "--manifest-path" "Cargo.toml", kill_on_drop: false }`
[INFO] [stderr]  Downloading crates ...
[INFO] [stderr]   Downloaded gloo-events v0.1.2
[INFO] [stderr]   Downloaded anymap v0.12.1
[INFO] [stderr]   Downloaded boolinator v2.4.0
[INFO] [stderr]   Downloaded dbg v1.0.4
[INFO] [stderr]   Downloaded cfg-match v0.2.1
[INFO] [stderr]   Downloaded gloo-console-timer v0.1.0
[INFO] [stderr]   Downloaded enclose v1.1.8
[INFO] [stderr]   Downloaded yew v0.17.4
[INFO] [stderr]   Downloaded pulldown-cmark v0.6.1
[INFO] [stderr]   Downloaded seed v0.6.0
[INFO] [stderr]   Downloaded gloo-file v0.1.0
[INFO] [stderr]   Downloaded yew-macro v0.17.0
[INFO] [stderr]   Downloaded gloo v0.2.1
[INFO] running `Command { std: "docker" "create" "-v" "/var/lib/crater-agent-workspace/builds/worker-3-tc1/target:/opt/rustwide/target:rw,Z" "-v" "/var/lib/crater-agent-workspace/builds/worker-3-tc1/source:/opt/rustwide/workdir:ro,Z" "-v" "/var/lib/crater-agent-workspace/cargo-home:/opt/rustwide/cargo-home:ro,Z" "-v" "/var/lib/crater-agent-workspace/rustup-home:/opt/rustwide/rustup-home:ro,Z" "-e" "SOURCE_DIR=/opt/rustwide/workdir" "-e" "CARGO_TARGET_DIR=/opt/rustwide/target" "-e" "CARGO_HOME=/opt/rustwide/cargo-home" "-e" "RUSTUP_HOME=/opt/rustwide/rustup-home" "-w" "/opt/rustwide/workdir" "-m" "1610612736" "--user" "0:0" "--network" "none" "ghcr.io/rust-lang/crates-build-env/linux@sha256:2788e3201cd34a07e3172128adcd8b3090168a8e3bcc40d7c032b9dda1df7d1c" "/opt/rustwide/cargo-home/bin/cargo" "+1.75.0" "metadata" "--no-deps" "--format-version=1", kill_on_drop: false }`
[INFO] [stdout] e4f49eba97cdd72fb893905cba7b43d1931544f95bf42310ca620123e1254e93
[INFO] running `Command { std: "docker" "start" "-a" "e4f49eba97cdd72fb893905cba7b43d1931544f95bf42310ca620123e1254e93", kill_on_drop: false }`
[INFO] running `Command { std: "docker" "inspect" "e4f49eba97cdd72fb893905cba7b43d1931544f95bf42310ca620123e1254e93", kill_on_drop: false }`
[INFO] running `Command { std: "docker" "rm" "-f" "e4f49eba97cdd72fb893905cba7b43d1931544f95bf42310ca620123e1254e93", kill_on_drop: false }`
[INFO] [stdout] e4f49eba97cdd72fb893905cba7b43d1931544f95bf42310ca620123e1254e93
[INFO] running `Command { std: "docker" "create" "-v" "/var/lib/crater-agent-workspace/builds/worker-3-tc1/target:/opt/rustwide/target:rw,Z" "-v" "/var/lib/crater-agent-workspace/builds/worker-3-tc1/source:/opt/rustwide/workdir:ro,Z" "-v" "/var/lib/crater-agent-workspace/cargo-home:/opt/rustwide/cargo-home:ro,Z" "-v" "/var/lib/crater-agent-workspace/rustup-home:/opt/rustwide/rustup-home:ro,Z" "-e" "SOURCE_DIR=/opt/rustwide/workdir" "-e" "CARGO_TARGET_DIR=/opt/rustwide/target" "-e" "CARGO_INCREMENTAL=0" "-e" "RUST_BACKTRACE=full" "-e" "RUSTFLAGS=--cap-lints=warn" "-e" "RUSTDOCFLAGS=--cap-lints=warn" "-e" "CARGO_HOME=/opt/rustwide/cargo-home" "-e" "RUSTUP_HOME=/opt/rustwide/rustup-home" "-w" "/opt/rustwide/workdir" "-m" "1610612736" "--user" "0:0" "--network" "none" "ghcr.io/rust-lang/crates-build-env/linux@sha256:2788e3201cd34a07e3172128adcd8b3090168a8e3bcc40d7c032b9dda1df7d1c" "/opt/rustwide/cargo-home/bin/cargo" "+1.75.0" "doc" "--frozen" "--no-deps" "--document-private-items" "--message-format=json", kill_on_drop: false }`
[INFO] [stdout] e6575ee5aad899684a50fff9c8044833e9ea7b44b31aa0ed1030d2dbcac6645f
[INFO] running `Command { std: "docker" "start" "-a" "e6575ee5aad899684a50fff9c8044833e9ea7b44b31aa0ed1030d2dbcac6645f", kill_on_drop: false }`
[INFO] [stderr]    Compiling lexical-core v0.7.6
[INFO] [stderr]     Checking arrayvec v0.5.2
[INFO] [stderr]    Compiling nom v5.1.3
[INFO] [stderr]    Compiling css-in-rust v0.5.0 (/opt/rustwide/workdir)
[INFO] [stderr]     Checking memchr v2.7.1
[INFO] [stderr]     Checking rand_pcg v0.2.1
[INFO] [stderr]     Checking rand v0.7.3
[INFO] [stderr]  Documenting css-in-rust v0.5.0 (/opt/rustwide/workdir)
[INFO] [stderr]     Finished dev [unoptimized + debuginfo] target(s) in 2.08s
[INFO] [stderr]    Generated /opt/rustwide/target/doc/css_in_rust/index.html
[INFO] running `Command { std: "docker" "inspect" "e6575ee5aad899684a50fff9c8044833e9ea7b44b31aa0ed1030d2dbcac6645f", kill_on_drop: false }`
[INFO] running `Command { std: "docker" "rm" "-f" "e6575ee5aad899684a50fff9c8044833e9ea7b44b31aa0ed1030d2dbcac6645f", kill_on_drop: false }`
[INFO] [stdout] e6575ee5aad899684a50fff9c8044833e9ea7b44b31aa0ed1030d2dbcac6645f
[INFO] running `Command { std: "docker" "create" "-v" "/var/lib/crater-agent-workspace/builds/worker-3-tc1/target:/opt/rustwide/target:rw,Z" "-v" "/var/lib/crater-agent-workspace/builds/worker-3-tc1/source:/opt/rustwide/workdir:ro,Z" "-v" "/var/lib/crater-agent-workspace/cargo-home:/opt/rustwide/cargo-home:ro,Z" "-v" "/var/lib/crater-agent-workspace/rustup-home:/opt/rustwide/rustup-home:ro,Z" "-e" "SOURCE_DIR=/opt/rustwide/workdir" "-e" "CARGO_TARGET_DIR=/opt/rustwide/target" "-e" "CARGO_INCREMENTAL=0" "-e" "RUST_BACKTRACE=full" "-e" "RUSTFLAGS=--cap-lints=warn" "-e" "RUSTDOCFLAGS=--cap-lints=warn" "-e" "RUSTC_BOOTSTRAP=1" "-e" "DOCS_RS=1" "-e" "CARGO_HOME=/opt/rustwide/cargo-home" "-e" "RUSTUP_HOME=/opt/rustwide/rustup-home" "-w" "/opt/rustwide/workdir" "-m" "1610612736" "--user" "0:0" "--network" "none" "ghcr.io/rust-lang/crates-build-env/linux@sha256:2788e3201cd34a07e3172128adcd8b3090168a8e3bcc40d7c032b9dda1df7d1c" "/opt/rustwide/cargo-home/bin/cargo" "+1.75.0" "rustdoc" "--lib" "-Zrustdoc-map" "--features" "yew_integration seed_integration" "-Z" "unstable-options" "--config" "build.rustdocflags=[\"-Z\", \"unstable-options\", \"--document-private-items\"]" "--frozen" "--message-format=json", kill_on_drop: false }`
[INFO] [stdout] 7b0e758f69d73ba4ff42dc191422e0a7a762c3273a16106880994f3aa7ef72f0
[INFO] running `Command { std: "docker" "start" "-a" "7b0e758f69d73ba4ff42dc191422e0a7a762c3273a16106880994f3aa7ef72f0", kill_on_drop: false }`
[INFO] [stderr]    Compiling wasm-bindgen-shared v0.2.89
[INFO] [stderr]    Compiling bumpalo v3.14.0
[INFO] [stderr]    Compiling wasm-bindgen v0.2.89
[INFO] [stderr]    Compiling syn v2.0.48
[INFO] [stderr]     Checking memchr v2.7.1
[INFO] [stderr]     Checking getrandom v0.1.16
[INFO] [stderr]    Compiling proc-macro-hack v0.5.20+deprecated
[INFO] [stderr]    Compiling version_check v0.1.5
[INFO] [stderr]     Checking rand_core v0.5.1
[INFO] [stderr]    Compiling proc-macro-nested v0.1.7
[INFO] [stderr]    Compiling pulldown-cmark v0.6.1
[INFO] [stderr]    Compiling dbg v1.0.4
[INFO] [stderr]     Checking getopts v0.2.21
[INFO] [stderr]    Compiling syn v1.0.109
[INFO] [stderr]     Checking time v0.1.45
[INFO] [stderr]    Compiling seed v0.6.0
[INFO] [stderr]    Compiling yew v0.17.4
[INFO] [stderr]    Compiling boolinator v2.4.0
[INFO] [stderr]     Checking rand_chacha v0.2.2
[INFO] [stderr]     Checking cookie v0.12.0
[INFO] [stderr]     Checking rand_pcg v0.2.1
[INFO] [stderr]    Compiling css-in-rust v0.5.0 (/opt/rustwide/workdir)
[INFO] [stderr]     Checking enclose v1.1.8
[INFO] [stderr]     Checking cfg-match v0.2.1
[INFO] [stderr]     Checking anymap v0.12.1
[INFO] [stderr]     Checking rand v0.7.3
[INFO] [stderr]     Checking nom v5.1.3
[INFO] [stderr]    Compiling wasm-bindgen-backend v0.2.89
[INFO] [stderr]    Compiling serde_derive v1.0.195
[INFO] [stderr]    Compiling futures-macro v0.3.30
[INFO] [stderr]    Compiling thiserror-impl v1.0.56
[INFO] [stderr]    Compiling wasm-bindgen-macro-support v0.2.89
[INFO] [stderr]     Checking futures-util v0.3.30
[INFO] [stderr]    Compiling yew-macro v0.17.0
[INFO] [stderr]    Compiling wasm-bindgen-macro v0.2.89
[INFO] [stderr]     Checking thiserror v1.0.56
[INFO] [stderr]     Checking serde v1.0.195
[INFO] [stderr]     Checking futures-executor v0.3.30
[INFO] [stderr]     Checking futures v0.3.30
[INFO] [stderr]     Checking serde_json v1.0.111
[INFO] [stderr]     Checking bincode v1.3.3
[INFO] [stderr]     Checking js-sys v0.3.66
[INFO] [stderr]     Checking console_error_panic_hook v0.1.7
[INFO] [stderr]     Checking web-sys v0.3.66
[INFO] [stderr]     Checking gloo-timers v0.2.6
[INFO] [stderr]     Checking wasm-bindgen-futures v0.4.39
[INFO] [stderr]     Checking gloo-events v0.1.2
[INFO] [stderr]     Checking gloo-console-timer v0.1.0
[INFO] [stderr]     Checking gloo-file v0.1.0
[INFO] [stderr]     Checking gloo v0.2.1
[INFO] [stdout] error[E0283]: type annotations needed for `Closure<T>`
[INFO] [stdout]    --> /opt/rustwide/cargo-home/registry/src/index.crates.io-6f17d22bba15001f/seed-0.6.0/src/browser/service/routing.rs:113:9
[INFO] [stdout]     |
[INFO] [stdout] 113 |     let closure = Closure::new(move |event: web_sys::Event| {
[INFO] [stdout]     |         ^^^^^^^   ------------ type must be known at this point
[INFO] [stdout]     |
[INFO] [stdout]     = note: cannot satisfy `_: WasmClosure`
[INFO] [stdout]     = help: the following types implement trait `WasmClosure`:
[INFO] [stdout]               (dyn Fn() -> R + 'static)
[INFO] [stdout]               (dyn for<'a> Fn(&'a A) -> R + 'static)
[INFO] [stdout]               (dyn Fn(A) -> R + 'static)
[INFO] [stdout]               (dyn Fn(A, B) -> R + 'static)
[INFO] [stdout]               (dyn Fn(A, B, C) -> R + 'static)
[INFO] [stdout]               (dyn Fn(A, B, C, D) -> R + 'static)
[INFO] [stdout]               (dyn Fn(A, B, C, D, E) -> R + 'static)
[INFO] [stdout]               (dyn Fn(A, B, C, D, E, F) -> R + 'static)
[INFO] [stdout]             and 12 others
[INFO] [stdout] note: required by a bound in `Closure::<T>::new`
[INFO] [stdout]    --> /opt/rustwide/cargo-home/registry/src/index.crates.io-6f17d22bba15001f/wasm-bindgen-0.2.89/src/closure.rs:253:17
[INFO] [stdout]     |
[INFO] [stdout] 253 |     T: ?Sized + WasmClosure,
[INFO] [stdout]     |                 ^^^^^^^^^^^ required by this bound in `Closure::<T>::new`
[INFO] [stdout] ...
[INFO] [stdout] 271 |     pub fn new<F>(t: F) -> Closure<T>
[INFO] [stdout]     |            --- required by a bound in this associated function
[INFO] [stdout] help: consider giving `closure` an explicit type, where the type for type parameter `T` is specified
[INFO] [stdout]     |
[INFO] [stdout] 113 |     let closure: Closure<T> = Closure::new(move |event: web_sys::Event| {
[INFO] [stdout]     |                ++++++++++++
[INFO] [stdout] 
[INFO] [stdout] 
[INFO] [stdout] error[E0283]: type annotations needed for `Closure<T>`
[INFO] [stdout]    --> /opt/rustwide/cargo-home/registry/src/index.crates.io-6f17d22bba15001f/seed-0.6.0/src/browser/service/routing.rs:113:9
[INFO] [stdout]     |
[INFO] [stdout] 113 |     let closure = Closure::new(move |event: web_sys::Event| {
[INFO] [stdout]     |         ^^^^^^^   ------------ type must be known at this point
[INFO] [stdout]     |
[INFO] [stdout]     = note: multiple `impl`s satisfying `{closure@/opt/rustwide/cargo-home/registry/src/index.crates.io-6f17d22bba15001f/seed-0.6.0/src/browser/service/routing.rs:113:32: 113:60}: IntoWasmClosure<_>` found in the `wasm_bindgen` crate:
[INFO] [stdout]             - impl<T, A, R> IntoWasmClosure<(dyn Fn(A) -> R + 'static)> for T
[INFO] [stdout]               where <T as FnOnce<(A,)>>::Output == R, T: 'static, T: Fn<(A,)>, A: FromWasmAbi, A: 'static, R: ReturnWasmAbi, R: 'static;
[INFO] [stdout]             - impl<T, A, R> IntoWasmClosure<(dyn FnMut(A) -> R + 'static)> for T
[INFO] [stdout]               where <T as FnOnce<(A,)>>::Output == R, T: 'static, T: FnMut<(A,)>, A: FromWasmAbi, A: 'static, R: ReturnWasmAbi, R: 'static;
[INFO] [stdout] note: required by a bound in `Closure::<T>::new`
[INFO] [stdout]    --> /opt/rustwide/cargo-home/registry/src/index.crates.io-6f17d22bba15001f/wasm-bindgen-0.2.89/src/closure.rs:273:12
[INFO] [stdout]     |
[INFO] [stdout] 271 |     pub fn new<F>(t: F) -> Closure<T>
[INFO] [stdout]     |            --- required by a bound in this associated function
[INFO] [stdout] 272 |     where
[INFO] [stdout] 273 |         F: IntoWasmClosure<T> + 'static,
[INFO] [stdout]     |            ^^^^^^^^^^^^^^^^^^ required by this bound in `Closure::<T>::new`
[INFO] [stdout] help: consider giving `closure` an explicit type, where the type for type parameter `T` is specified
[INFO] [stdout]     |
[INFO] [stdout] 113 |     let closure: Closure<T> = Closure::new(move |event: web_sys::Event| {
[INFO] [stdout]     |                ++++++++++++
[INFO] [stdout] 
[INFO] [stdout] 
[INFO] [stdout] error: aborting due to 2 previous errors
[INFO] [stdout] 
[INFO] [stdout] 
[INFO] [stdout] For more information about this error, try `rustc --explain E0283`.
[INFO] [stdout] 
[INFO] [stderr] error: could not compile `seed` (lib) due to 3 previous errors
[INFO] [stderr] warning: build failed, waiting for other jobs to finish...
[INFO] running `Command { std: "docker" "inspect" "7b0e758f69d73ba4ff42dc191422e0a7a762c3273a16106880994f3aa7ef72f0", kill_on_drop: false }`
[INFO] running `Command { std: "docker" "rm" "-f" "7b0e758f69d73ba4ff42dc191422e0a7a762c3273a16106880994f3aa7ef72f0", kill_on_drop: false }`
[INFO] [stdout] 7b0e758f69d73ba4ff42dc191422e0a7a762c3273a16106880994f3aa7ef72f0
[INFO] documenting css-in-rust-0.5.0 against beta-2023-12-22 for beta-1.76-rustdoc-1
[INFO] extracting crate css-in-rust 0.5.0 into /workspace/builds/worker-3-tc2/source
[INFO] validating manifest of crates.io crate css-in-rust 0.5.0 on toolchain beta-2023-12-22
[INFO] running `Command { std: CARGO_HOME="/workspace/cargo-home" RUSTUP_HOME="/workspace/rustup-home" "/workspace/cargo-home/bin/cargo" "+beta-2023-12-22" "metadata" "--manifest-path" "Cargo.toml" "--no-deps", kill_on_drop: false }`
[INFO] started tweaking crates.io crate css-in-rust 0.5.0
[INFO] finished tweaking crates.io crate css-in-rust 0.5.0
[INFO] tweaked toml for crates.io crate css-in-rust 0.5.0 written to /workspace/builds/worker-3-tc2/source/Cargo.toml
[INFO] running `Command { std: CARGO_HOME="/workspace/cargo-home" RUSTUP_HOME="/workspace/rustup-home" "/workspace/cargo-home/bin/cargo" "+beta-2023-12-22" "generate-lockfile" "--manifest-path" "Cargo.toml", kill_on_drop: false }`
[INFO] [stderr]     Updating crates.io index
[INFO] running `Command { std: CARGO_HOME="/workspace/cargo-home" RUSTUP_HOME="/workspace/rustup-home" "/workspace/cargo-home/bin/cargo" "+beta-2023-12-22" "fetch" "--manifest-path" "Cargo.toml", kill_on_drop: false }`
[INFO] running `Command { std: "docker" "create" "-v" "/var/lib/crater-agent-workspace/builds/worker-3-tc2/target:/opt/rustwide/target:rw,Z" "-v" "/var/lib/crater-agent-workspace/builds/worker-3-tc2/source:/opt/rustwide/workdir:ro,Z" "-v" "/var/lib/crater-agent-workspace/cargo-home:/opt/rustwide/cargo-home:ro,Z" "-v" "/var/lib/crater-agent-workspace/rustup-home:/opt/rustwide/rustup-home:ro,Z" "-e" "SOURCE_DIR=/opt/rustwide/workdir" "-e" "CARGO_TARGET_DIR=/opt/rustwide/target" "-e" "CARGO_HOME=/opt/rustwide/cargo-home" "-e" "RUSTUP_HOME=/opt/rustwide/rustup-home" "-w" "/opt/rustwide/workdir" "-m" "1610612736" "--user" "0:0" "--network" "none" "ghcr.io/rust-lang/crates-build-env/linux@sha256:2788e3201cd34a07e3172128adcd8b3090168a8e3bcc40d7c032b9dda1df7d1c" "/opt/rustwide/cargo-home/bin/cargo" "+beta-2023-12-22" "metadata" "--no-deps" "--format-version=1", kill_on_drop: false }`
[INFO] [stdout] 70f79203f66ab1fb87c457ee7fb4b3a6e7e38e4a744cca66c9564cab6d969906
[INFO] running `Command { std: "docker" "start" "-a" "70f79203f66ab1fb87c457ee7fb4b3a6e7e38e4a744cca66c9564cab6d969906", kill_on_drop: false }`
[INFO] running `Command { std: "docker" "inspect" "70f79203f66ab1fb87c457ee7fb4b3a6e7e38e4a744cca66c9564cab6d969906", kill_on_drop: false }`
[INFO] running `Command { std: "docker" "rm" "-f" "70f79203f66ab1fb87c457ee7fb4b3a6e7e38e4a744cca66c9564cab6d969906", kill_on_drop: false }`
[INFO] [stdout] 70f79203f66ab1fb87c457ee7fb4b3a6e7e38e4a744cca66c9564cab6d969906
[INFO] running `Command { std: "docker" "create" "-v" "/var/lib/crater-agent-workspace/builds/worker-3-tc2/target:/opt/rustwide/target:rw,Z" "-v" "/var/lib/crater-agent-workspace/builds/worker-3-tc2/source:/opt/rustwide/workdir:ro,Z" "-v" "/var/lib/crater-agent-workspace/cargo-home:/opt/rustwide/cargo-home:ro,Z" "-v" "/var/lib/crater-agent-workspace/rustup-home:/opt/rustwide/rustup-home:ro,Z" "-e" "SOURCE_DIR=/opt/rustwide/workdir" "-e" "CARGO_TARGET_DIR=/opt/rustwide/target" "-e" "CARGO_INCREMENTAL=0" "-e" "RUST_BACKTRACE=full" "-e" "RUSTFLAGS=--cap-lints=warn" "-e" "RUSTDOCFLAGS=--cap-lints=warn" "-e" "CARGO_HOME=/opt/rustwide/cargo-home" "-e" "RUSTUP_HOME=/opt/rustwide/rustup-home" "-w" "/opt/rustwide/workdir" "-m" "1610612736" "--user" "0:0" "--network" "none" "ghcr.io/rust-lang/crates-build-env/linux@sha256:2788e3201cd34a07e3172128adcd8b3090168a8e3bcc40d7c032b9dda1df7d1c" "/opt/rustwide/cargo-home/bin/cargo" "+beta-2023-12-22" "doc" "--frozen" "--no-deps" "--document-private-items" "--message-format=json", kill_on_drop: false }`
[INFO] [stdout] 33e445e99ac438ef1acce971695fbacd3402a36912a560b5eadd14a4773328bc
[INFO] running `Command { std: "docker" "start" "-a" "33e445e99ac438ef1acce971695fbacd3402a36912a560b5eadd14a4773328bc", kill_on_drop: false }`
[INFO] [stderr]    Compiling lexical-core v0.7.6
[INFO] [stderr]    Compiling nom v5.1.3
[INFO] [stderr]     Checking arrayvec v0.5.2
[INFO] [stderr]     Checking memchr v2.7.1
[INFO] [stderr]    Compiling css-in-rust v0.5.0 (/opt/rustwide/workdir)
[INFO] [stderr]     Checking rand_pcg v0.2.1
[INFO] [stderr]     Checking rand v0.7.3
[INFO] [stderr]  Documenting css-in-rust v0.5.0 (/opt/rustwide/workdir)
[INFO] [stderr]     Finished dev [unoptimized + debuginfo] target(s) in 2.04s
[INFO] [stderr]    Generated /opt/rustwide/target/doc/css_in_rust/index.html
[INFO] running `Command { std: "docker" "inspect" "33e445e99ac438ef1acce971695fbacd3402a36912a560b5eadd14a4773328bc", kill_on_drop: false }`
[INFO] running `Command { std: "docker" "rm" "-f" "33e445e99ac438ef1acce971695fbacd3402a36912a560b5eadd14a4773328bc", kill_on_drop: false }`
[INFO] [stdout] 33e445e99ac438ef1acce971695fbacd3402a36912a560b5eadd14a4773328bc
[INFO] running `Command { std: "docker" "create" "-v" "/var/lib/crater-agent-workspace/builds/worker-3-tc2/target:/opt/rustwide/target:rw,Z" "-v" "/var/lib/crater-agent-workspace/builds/worker-3-tc2/source:/opt/rustwide/workdir:ro,Z" "-v" "/var/lib/crater-agent-workspace/cargo-home:/opt/rustwide/cargo-home:ro,Z" "-v" "/var/lib/crater-agent-workspace/rustup-home:/opt/rustwide/rustup-home:ro,Z" "-e" "SOURCE_DIR=/opt/rustwide/workdir" "-e" "CARGO_TARGET_DIR=/opt/rustwide/target" "-e" "CARGO_INCREMENTAL=0" "-e" "RUST_BACKTRACE=full" "-e" "RUSTFLAGS=--cap-lints=warn" "-e" "RUSTDOCFLAGS=--cap-lints=warn" "-e" "RUSTC_BOOTSTRAP=1" "-e" "DOCS_RS=1" "-e" "CARGO_HOME=/opt/rustwide/cargo-home" "-e" "RUSTUP_HOME=/opt/rustwide/rustup-home" "-w" "/opt/rustwide/workdir" "-m" "1610612736" "--user" "0:0" "--network" "none" "ghcr.io/rust-lang/crates-build-env/linux@sha256:2788e3201cd34a07e3172128adcd8b3090168a8e3bcc40d7c032b9dda1df7d1c" "/opt/rustwide/cargo-home/bin/cargo" "+beta-2023-12-22" "rustdoc" "--lib" "-Zrustdoc-map" "--features" "yew_integration seed_integration" "-Z" "unstable-options" "--config" "build.rustdocflags=[\"-Z\", \"unstable-options\", \"--document-private-items\"]" "--frozen" "--message-format=json", kill_on_drop: false }`
[INFO] [stdout] 3fea5af0832c07d69cc0f5555b8fccba758a84f247b0f70c3d6d551ad2e6b0e9
[INFO] running `Command { std: "docker" "start" "-a" "3fea5af0832c07d69cc0f5555b8fccba758a84f247b0f70c3d6d551ad2e6b0e9", kill_on_drop: false }`
[INFO] [stderr]    Compiling wasm-bindgen-shared v0.2.89
[INFO] [stderr]    Compiling bumpalo v3.14.0
[INFO] [stderr]    Compiling wasm-bindgen v0.2.89
[INFO] [stderr]    Compiling syn v2.0.48
[INFO] [stderr]     Checking memchr v2.7.1
[INFO] [stderr]     Checking getrandom v0.1.16
[INFO] [stderr]    Compiling version_check v0.1.5
[INFO] [stderr]    Compiling proc-macro-hack v0.5.20+deprecated
[INFO] [stderr]     Checking rand_core v0.5.1
[INFO] [stderr]    Compiling proc-macro-nested v0.1.7
[INFO] [stderr]    Compiling pulldown-cmark v0.6.1
[INFO] [stderr]    Compiling dbg v1.0.4
[INFO] [stderr]     Checking getopts v0.2.21
[INFO] [stderr]    Compiling syn v1.0.109
[INFO] [stderr]     Checking time v0.1.45
[INFO] [stderr]    Compiling seed v0.6.0
[INFO] [stderr]    Compiling yew v0.17.4
[INFO] [stderr]    Compiling boolinator v2.4.0
[INFO] [stderr]     Checking rand_chacha v0.2.2
[INFO] [stderr]     Checking cookie v0.12.0
[INFO] [stderr]     Checking rand_pcg v0.2.1
[INFO] [stderr]     Checking cfg-match v0.2.1
[INFO] [stderr]    Compiling css-in-rust v0.5.0 (/opt/rustwide/workdir)
[INFO] [stderr]     Checking anymap v0.12.1
[INFO] [stderr]     Checking enclose v1.1.8
[INFO] [stderr]     Checking rand v0.7.3
[INFO] [stderr]     Checking nom v5.1.3
[INFO] [stderr]    Compiling wasm-bindgen-backend v0.2.89
[INFO] [stderr]    Compiling serde_derive v1.0.195
[INFO] [stderr]    Compiling futures-macro v0.3.30
[INFO] [stderr]    Compiling thiserror-impl v1.0.56
[INFO] [stderr]    Compiling wasm-bindgen-macro-support v0.2.89
[INFO] [stderr]    Compiling wasm-bindgen-macro v0.2.89
[INFO] [stderr]     Checking futures-util v0.3.30
[INFO] [stderr]    Compiling yew-macro v0.17.0
[INFO] [stderr]     Checking thiserror v1.0.56
[INFO] [stderr]     Checking serde v1.0.195
[INFO] [stderr]     Checking futures-executor v0.3.30
[INFO] [stderr]     Checking futures v0.3.30
[INFO] [stderr]     Checking serde_json v1.0.111
[INFO] [stderr]     Checking bincode v1.3.3
[INFO] [stderr]     Checking js-sys v0.3.66
[INFO] [stderr]     Checking console_error_panic_hook v0.1.7
[INFO] [stderr]     Checking web-sys v0.3.66
[INFO] [stderr]     Checking gloo-timers v0.2.6
[INFO] [stderr]     Checking wasm-bindgen-futures v0.4.39
[INFO] [stderr]     Checking gloo-events v0.1.2
[INFO] [stderr]     Checking gloo-console-timer v0.1.0
[INFO] [stderr]     Checking gloo-file v0.1.0
[INFO] [stderr]     Checking gloo v0.2.1
[INFO] [stdout] error[E0283]: type annotations needed for `Closure<T>`
[INFO] [stdout]    --> /opt/rustwide/cargo-home/registry/src/index.crates.io-6f17d22bba15001f/seed-0.6.0/src/browser/service/routing.rs:113:9
[INFO] [stdout]     |
[INFO] [stdout] 113 |     let closure = Closure::new(move |event: web_sys::Event| {
[INFO] [stdout]     |         ^^^^^^^   ------------ type must be known at this point
[INFO] [stdout]     |
[INFO] [stdout]     = note: cannot satisfy `_: WasmClosure`
[INFO] [stdout]     = help: the following types implement trait `WasmClosure`:
[INFO] [stdout]               (dyn Fn() -> R + 'static)
[INFO] [stdout]               (dyn for<'a> Fn(&'a A) -> R + 'static)
[INFO] [stdout]               (dyn Fn(A) -> R + 'static)
[INFO] [stdout]               (dyn Fn(A, B) -> R + 'static)
[INFO] [stdout]               (dyn Fn(A, B, C) -> R + 'static)
[INFO] [stdout]               (dyn Fn(A, B, C, D) -> R + 'static)
[INFO] [stdout]               (dyn Fn(A, B, C, D, E) -> R + 'static)
[INFO] [stdout]               (dyn Fn(A, B, C, D, E, F) -> R + 'static)
[INFO] [stdout]             and 12 others
[INFO] [stdout] note: required by a bound in `Closure::<T>::new`
[INFO] [stdout]    --> /opt/rustwide/cargo-home/registry/src/index.crates.io-6f17d22bba15001f/wasm-bindgen-0.2.89/src/closure.rs:253:17
[INFO] [stdout]     |
[INFO] [stdout] 253 |     T: ?Sized + WasmClosure,
[INFO] [stdout]     |                 ^^^^^^^^^^^ required by this bound in `Closure::<T>::new`
[INFO] [stdout] ...
[INFO] [stdout] 271 |     pub fn new<F>(t: F) -> Closure<T>
[INFO] [stdout]     |            --- required by a bound in this associated function
[INFO] [stdout] help: consider giving `closure` an explicit type, where the type for type parameter `T` is specified
[INFO] [stdout]     |
[INFO] [stdout] 113 |     let closure: Closure<T> = Closure::new(move |event: web_sys::Event| {
[INFO] [stdout]     |                ++++++++++++
[INFO] [stdout] 
[INFO] [stdout] 
[INFO] [stdout] error[E0283]: type annotations needed for `Closure<T>`
[INFO] [stdout]    --> /opt/rustwide/cargo-home/registry/src/index.crates.io-6f17d22bba15001f/seed-0.6.0/src/browser/service/routing.rs:113:9
[INFO] [stdout]     |
[INFO] [stdout] 113 |     let closure = Closure::new(move |event: web_sys::Event| {
[INFO] [stdout]     |         ^^^^^^^   ------------ type must be known at this point
[INFO] [stdout]     |
[INFO] [stdout]     = note: multiple `impl`s satisfying `{closure@/opt/rustwide/cargo-home/registry/src/index.crates.io-6f17d22bba15001f/seed-0.6.0/src/browser/service/routing.rs:113:32: 113:60}: IntoWasmClosure<_>` found in the `wasm_bindgen` crate:
[INFO] [stdout]             - impl<T, A, R> IntoWasmClosure<(dyn Fn(A) -> R + 'static)> for T
[INFO] [stdout]               where <T as FnOnce<(A,)>>::Output == R, T: 'static, T: Fn(A), A: FromWasmAbi, A: 'static, R: ReturnWasmAbi, R: 'static;
[INFO] [stdout]             - impl<T, A, R> IntoWasmClosure<(dyn FnMut(A) -> R + 'static)> for T
[INFO] [stdout]               where <T as FnOnce<(A,)>>::Output == R, T: 'static, T: FnMut(A), A: FromWasmAbi, A: 'static, R: ReturnWasmAbi, R: 'static;
[INFO] [stdout] note: required by a bound in `Closure::<T>::new`
[INFO] [stdout]    --> /opt/rustwide/cargo-home/registry/src/index.crates.io-6f17d22bba15001f/wasm-bindgen-0.2.89/src/closure.rs:273:12
[INFO] [stdout]     |
[INFO] [stdout] 271 |     pub fn new<F>(t: F) -> Closure<T>
[INFO] [stdout]     |            --- required by a bound in this associated function
[INFO] [stdout] 272 |     where
[INFO] [stdout] 273 |         F: IntoWasmClosure<T> + 'static,
[INFO] [stdout]     |            ^^^^^^^^^^^^^^^^^^ required by this bound in `Closure::<T>::new`
[INFO] [stdout] help: consider giving `closure` an explicit type, where the type for type parameter `T` is specified
[INFO] [stdout]     |
[INFO] [stdout] 113 |     let closure: Closure<T> = Closure::new(move |event: web_sys::Event| {
[INFO] [stdout]     |                ++++++++++++
[INFO] [stdout] 
[INFO] [stdout] 
[INFO] [stdout] error: aborting due to 2 previous errors
[INFO] [stdout] 
[INFO] [stdout] 
[INFO] [stdout] For more information about this error, try `rustc --explain E0283`.
[INFO] [stdout] 
[INFO] [stderr] error: could not compile `seed` (lib) due to 3 previous errors
[INFO] [stderr] warning: build failed, waiting for other jobs to finish...
[INFO] running `Command { std: "docker" "inspect" "3fea5af0832c07d69cc0f5555b8fccba758a84f247b0f70c3d6d551ad2e6b0e9", kill_on_drop: false }`
[INFO] running `Command { std: "docker" "rm" "-f" "3fea5af0832c07d69cc0f5555b8fccba758a84f247b0f70c3d6d551ad2e6b0e9", kill_on_drop: false }`
[INFO] [stdout] 3fea5af0832c07d69cc0f5555b8fccba758a84f247b0f70c3d6d551ad2e6b0e9
