[INFO] fetching crate cpclib 0.7.0...
[INFO] documenting cpclib-0.7.0 against 1.75.0 for beta-1.76-rustdoc-1
[INFO] extracting crate cpclib 0.7.0 into /workspace/builds/worker-2-tc1/source
[INFO] validating manifest of crates.io crate cpclib 0.7.0 on toolchain 1.75.0
[INFO] running `Command { std: CARGO_HOME="/workspace/cargo-home" RUSTUP_HOME="/workspace/rustup-home" "/workspace/cargo-home/bin/cargo" "+1.75.0" "metadata" "--manifest-path" "Cargo.toml" "--no-deps", kill_on_drop: false }`
[INFO] started tweaking crates.io crate cpclib 0.7.0
[INFO] finished tweaking crates.io crate cpclib 0.7.0
[INFO] tweaked toml for crates.io crate cpclib 0.7.0 written to /workspace/builds/worker-2-tc1/source/Cargo.toml
[INFO] running `Command { std: CARGO_HOME="/workspace/cargo-home" RUSTUP_HOME="/workspace/rustup-home" "/workspace/cargo-home/bin/cargo" "+1.75.0" "generate-lockfile" "--manifest-path" "Cargo.toml", kill_on_drop: false }`
[INFO] [stderr]     Updating crates.io index
[INFO] running `Command { std: CARGO_HOME="/workspace/cargo-home" RUSTUP_HOME="/workspace/rustup-home" "/workspace/cargo-home/bin/cargo" "+1.75.0" "fetch" "--manifest-path" "Cargo.toml", kill_on_drop: false }`
[INFO] [stderr]  Downloading crates ...
[INFO] [stderr]   Downloaded custom_error v1.9.2
[INFO] [stderr]   Downloaded bitsets v0.1.1
[INFO] [stderr]   Downloaded cpclib-sna v0.7.0
[INFO] [stderr]   Downloaded libflate_lz77 v1.2.0
[INFO] [stderr]   Downloaded path-dedot v3.1.1
[INFO] [stderr]   Downloaded smartstring v1.0.1
[INFO] [stderr]   Downloaded evalexpr v11.3.0
[INFO] [stderr]   Downloaded substring v1.4.5
[INFO] [stderr]   Downloaded velcro_core v0.5.4
[INFO] [stderr]   Downloaded smol_str v0.2.0
[INFO] [stderr]   Downloaded libflate v1.4.0
[INFO] [stderr]   Downloaded simd-adler32 v0.3.7
[INFO] [stderr]   Downloaded resolve-path v0.1.0
[INFO] [stderr]   Downloaded include-flate-codegen v0.1.4
[INFO] [stderr]   Downloaded rle-decode-fast v1.0.3
[INFO] [stderr]   Downloaded bitfield v0.14.0
[INFO] [stderr]   Downloaded cpclib-disc v0.7.0
[INFO] [stderr]   Downloaded imgref v1.10.0
[INFO] [stderr]   Downloaded exr v1.71.0
[INFO] [stderr]   Downloaded include-flate v0.2.0
[INFO] [stderr]   Downloaded libz-sys v1.1.12
[INFO] [stderr]   Downloaded curl-sys v0.4.70+curl-8.5.0
[INFO] [stderr]   Downloaded cpclib-macros v0.7.0
[INFO] [stderr]   Downloaded cpclib-xfer v0.7.0
[INFO] [stderr]   Downloaded cpclib-crunchers v0.7.0
[INFO] [stderr]   Downloaded gif-dispose v4.0.1
[INFO] [stderr]   Downloaded cpclib-image v0.7.0
[INFO] [stderr]   Downloaded cpclib-asm v0.7.0
[INFO] [stderr]   Downloaded cpclib-z80emu v0.7.0
[INFO] [stderr]   Downloaded tiff v0.9.0
[INFO] [stderr]   Downloaded gif v0.12.0
[INFO] [stderr]   Downloaded jpeg-decoder v0.3.0
[INFO] [stderr]   Downloaded image v0.24.7
[INFO] [stderr]   Downloaded chardetng v0.1.17
[INFO] [stderr]   Downloaded flume v0.11.0
[INFO] [stderr]   Downloaded half v2.2.1
[INFO] [stderr]   Downloaded lebe v0.5.2
[INFO] [stderr]   Downloaded fdeflate v0.3.3
[INFO] [stderr]   Downloaded png v0.17.10
[INFO] [stderr]   Downloaded ouroboros_macro v0.17.2
[INFO] [stderr]   Downloaded rgb v0.8.37
[INFO] [stderr]   Downloaded weezl v0.1.7
[INFO] [stderr]   Downloaded remain v0.2.12
[INFO] [stderr]   Downloaded cpclib-tokens v0.7.0
[INFO] [stderr]   Downloaded crc-catalog v2.4.0
[INFO] [stderr]   Downloaded ouroboros v0.17.2
[INFO] [stderr]   Downloaded toml v0.7.8
[INFO] [stderr]   Downloaded cargo-lock v9.0.0
[INFO] [stderr]   Downloaded hashbag v0.1.11
[INFO] [stderr]   Downloaded zune-inflate v0.2.54
[INFO] [stderr]   Downloaded color_quant v1.1.0
[INFO] [stderr]   Downloaded aliasable v0.1.3
[INFO] [stderr]   Downloaded include-flate-codegen-exports v0.1.4
[INFO] [stderr]   Downloaded velcro_macros v0.5.4
[INFO] [stderr]   Downloaded built v0.6.1
[INFO] [stderr]   Downloaded cpclib-common v0.7.0
[INFO] [stderr]   Downloaded dbg v1.0.4
[INFO] [stderr]   Downloaded path-absolutize v3.1.1
[INFO] [stderr]   Downloaded getset v0.1.2
[INFO] [stderr]   Downloaded bit_field v0.10.2
[INFO] [stderr]   Downloaded qoi v0.4.1
[INFO] [stderr]   Downloaded adler32 v1.2.0
[INFO] [stderr]   Downloaded delegate v0.10.0
[INFO] [stderr]   Downloaded build-deps v0.1.4
[INFO] [stderr]   Downloaded cpclib-basic v0.7.0
[INFO] [stderr]   Downloaded contracts v0.6.3
[INFO] [stderr]   Downloaded velcro v0.5.4
[INFO] [stderr]   Downloaded bytecount v0.6.7
[INFO] [stderr]   Downloaded nom_locate v4.2.0
[INFO] running `Command { std: "docker" "create" "-v" "/var/lib/crater-agent-workspace/builds/worker-2-tc1/target:/opt/rustwide/target:rw,Z" "-v" "/var/lib/crater-agent-workspace/builds/worker-2-tc1/source:/opt/rustwide/workdir:ro,Z" "-v" "/var/lib/crater-agent-workspace/cargo-home:/opt/rustwide/cargo-home:ro,Z" "-v" "/var/lib/crater-agent-workspace/rustup-home:/opt/rustwide/rustup-home:ro,Z" "-e" "SOURCE_DIR=/opt/rustwide/workdir" "-e" "CARGO_TARGET_DIR=/opt/rustwide/target" "-e" "CARGO_HOME=/opt/rustwide/cargo-home" "-e" "RUSTUP_HOME=/opt/rustwide/rustup-home" "-w" "/opt/rustwide/workdir" "-m" "1610612736" "--user" "0:0" "--network" "none" "ghcr.io/rust-lang/crates-build-env/linux@sha256:2788e3201cd34a07e3172128adcd8b3090168a8e3bcc40d7c032b9dda1df7d1c" "/opt/rustwide/cargo-home/bin/cargo" "+1.75.0" "metadata" "--no-deps" "--format-version=1", kill_on_drop: false }`
[INFO] [stdout] 04dc8fe9491327b39e6cb1924da9dc5cacd0b85ac96d4915d747ba632939ca47
[INFO] running `Command { std: "docker" "start" "-a" "04dc8fe9491327b39e6cb1924da9dc5cacd0b85ac96d4915d747ba632939ca47", kill_on_drop: false }`
[INFO] running `Command { std: "docker" "inspect" "04dc8fe9491327b39e6cb1924da9dc5cacd0b85ac96d4915d747ba632939ca47", kill_on_drop: false }`
[INFO] running `Command { std: "docker" "rm" "-f" "04dc8fe9491327b39e6cb1924da9dc5cacd0b85ac96d4915d747ba632939ca47", kill_on_drop: false }`
[INFO] [stdout] 04dc8fe9491327b39e6cb1924da9dc5cacd0b85ac96d4915d747ba632939ca47
[INFO] running `Command { std: "docker" "create" "-v" "/var/lib/crater-agent-workspace/builds/worker-2-tc1/target:/opt/rustwide/target:rw,Z" "-v" "/var/lib/crater-agent-workspace/builds/worker-2-tc1/source:/opt/rustwide/workdir:ro,Z" "-v" "/var/lib/crater-agent-workspace/cargo-home:/opt/rustwide/cargo-home:ro,Z" "-v" "/var/lib/crater-agent-workspace/rustup-home:/opt/rustwide/rustup-home:ro,Z" "-e" "SOURCE_DIR=/opt/rustwide/workdir" "-e" "CARGO_TARGET_DIR=/opt/rustwide/target" "-e" "CARGO_INCREMENTAL=0" "-e" "RUST_BACKTRACE=full" "-e" "RUSTFLAGS=--cap-lints=warn" "-e" "RUSTDOCFLAGS=--cap-lints=warn" "-e" "CARGO_HOME=/opt/rustwide/cargo-home" "-e" "RUSTUP_HOME=/opt/rustwide/rustup-home" "-w" "/opt/rustwide/workdir" "-m" "1610612736" "--user" "0:0" "--network" "none" "ghcr.io/rust-lang/crates-build-env/linux@sha256:2788e3201cd34a07e3172128adcd8b3090168a8e3bcc40d7c032b9dda1df7d1c" "/opt/rustwide/cargo-home/bin/cargo" "+1.75.0" "doc" "--frozen" "--no-deps" "--document-private-items" "--message-format=json", kill_on_drop: false }`
[INFO] [stdout] 2d1d1fe6844971d76e9b73c208ba71c5f1d7b19a64316b0141dc1f597901fab6
[INFO] running `Command { std: "docker" "start" "-a" "2d1d1fe6844971d76e9b73c208ba71c5f1d7b19a64316b0141dc1f597901fab6", kill_on_drop: false }`
[INFO] [stderr]    Compiling syn v1.0.109
[INFO] [stderr]    Compiling semver v1.0.21
[INFO] [stderr]    Compiling proc-macro2 v1.0.76
[INFO] [stderr]    Compiling unicode-bidi v0.3.14
[INFO] [stderr]    Compiling form_urlencoded v1.2.1
[INFO] [stderr]    Compiling iana-time-zone v0.1.59
[INFO] [stderr]    Compiling num-bigint v0.4.4
[INFO] [stderr]    Compiling num-traits v0.2.17
[INFO] [stderr]     Checking memchr v2.7.1
[INFO] [stderr]    Compiling cc v1.0.83
[INFO] [stderr]    Compiling radium v0.7.0
[INFO] [stderr]     Checking bitflags v2.4.1
[INFO] [stderr]     Checking simd-adler32 v0.3.7
[INFO] [stderr]     Checking either v1.9.0
[INFO] [stderr]     Checking miniz_oxide v0.7.1
[INFO] [stderr]    Compiling typenum v1.17.0
[INFO] [stderr]    Compiling proc-macro-hack v0.5.20+deprecated
[INFO] [stderr]     Checking rayon v1.8.0
[INFO] [stderr]    Compiling rle-decode-fast v1.0.3
[INFO] [stderr]    Compiling unicode-xid v0.2.4
[INFO] [stderr]    Compiling failure_derive v0.1.8
[INFO] [stderr]     Checking anstyle-parse v0.2.3
[INFO] [stderr]    Compiling libflate_lz77 v1.2.0
[INFO] [stderr]    Compiling idna v0.5.0
[INFO] [stderr]    Compiling adler32 v1.2.0
[INFO] [stderr]    Compiling quote v1.0.35
[INFO] [stderr]     Checking anstyle v1.0.4
[INFO] [stderr]     Checking anstyle-query v1.0.2
[INFO] [stderr]    Compiling libflate v1.4.0
[INFO] [stderr]    Compiling syn v2.0.48
[INFO] [stderr]     Checking anstream v0.6.5
[INFO] [stderr]     Checking dirs-sys v0.3.7
[INFO] [stderr]    Compiling proc-macro-error-attr v1.0.4
[INFO] [stderr]    Compiling generic-array v0.14.7
[INFO] [stderr]    Compiling url v2.5.0
[INFO] [stderr]    Compiling chrono v0.4.31
[INFO] [stderr]    Compiling num-integer v0.1.45
[INFO] [stderr]     Checking tap v1.0.1
[INFO] [stderr]     Checking powerfmt v0.2.0
[INFO] [stderr]     Checking clap_lex v0.6.0
[INFO] [stderr]     Checking deranged v0.3.11
[INFO] [stderr]     Checking wyz v0.5.1
[INFO] [stderr]     Checking clap_builder v4.4.12
[INFO] [stderr]    Compiling openssl-sys v0.9.98
[INFO] [stderr]    Compiling backtrace v0.3.69
[INFO] [stderr]    Compiling block-buffer v0.10.4
[INFO] [stderr]    Compiling crypto-common v0.1.6
[INFO] [stderr]     Checking nom v7.1.3
[INFO] [stderr]     Checking dirs v4.0.0
[INFO] [stderr]     Checking num-iter v0.1.43
[INFO] [stderr]     Checking num-complex v0.4.4
[INFO] [stderr]     Checking num-rational v0.4.1
[INFO] [stderr]     Checking bytes v1.5.0
[INFO] [stderr]     Checking funty v2.0.0
[INFO] [stderr]    Compiling rustix v0.38.28
[INFO] [stderr]     Checking time-core v0.1.2
[INFO] [stderr]     Checking bytecount v0.6.7
[INFO] [stderr]     Checking num v0.4.1
[INFO] [stderr]     Checking resolve-path v0.1.0
[INFO] [stderr]     Checking time v0.3.31
[INFO] [stderr]    Compiling digest v0.10.7
[INFO] [stderr]     Checking bitvec v1.0.1
[INFO] [stderr]     Checking aho-corasick v1.1.2
[INFO] [stderr]     Checking itertools v0.11.0
[INFO] [stderr]    Compiling anyhow v1.0.79
[INFO] [stderr]     Checking bitfield v0.14.0
[INFO] [stderr]    Compiling cpufeatures v0.2.12
[INFO] [stderr]     Checking smol_str v0.2.0
[INFO] [stderr]     Checking bitsets v0.1.1
[INFO] [stderr]     Checking nom_locate v4.2.0
[INFO] [stderr]     Checking regex-syntax v0.8.2
[INFO] [stderr]    Compiling sha2 v0.10.8
[INFO] [stderr]     Checking clap v4.4.13
[INFO] [stderr]     Checking mio v0.8.10
[INFO] [stderr]     Checking socket2 v0.5.5
[INFO] [stderr]     Checking futures-core v0.3.30
[INFO] [stderr]     Checking log v0.4.20
[INFO] [stderr]     Checking gimli v0.28.1
[INFO] [stderr]    Compiling scopeguard v1.2.0
[INFO] [stderr]    Compiling lock_api v0.4.11
[INFO] [stderr]     Checking tokio v1.35.1
[INFO] [stderr]    Compiling rust-embed-utils v7.8.1
[INFO] [stderr]    Compiling libz-sys v1.1.12
[INFO] [stderr]     Checking object v0.32.2
[INFO] [stderr]     Checking tracing-core v0.1.32
[INFO] [stderr]    Compiling smartstring v1.0.1
[INFO] [stderr]    Compiling regex-automata v0.4.3
[INFO] [stderr]    Compiling substring v1.4.5
[INFO] [stderr]     Checking bytemuck v1.14.0
[INFO] [stderr]    Compiling openssl v0.10.62
[INFO] [stderr]     Checking matches v0.1.10
[INFO] [stderr]     Checking weezl v0.1.7
[INFO] [stderr]     Checking rustc-demangle v0.1.23
[INFO] [stderr]    Compiling proc-macro-error v1.0.4
[INFO] [stderr]    Compiling synstructure v0.12.6
[INFO] [stderr]    Compiling velcro_core v0.5.4
[INFO] [stderr]     Checking cpclib-common v0.7.0
[INFO] [stderr]    Compiling build-deps v0.1.4
[INFO] [stderr]     Checking tracing v0.1.40
[INFO] [stderr]     Checking http v0.2.11
[INFO] [stderr]    Compiling spin v0.9.8
[INFO] [stderr]     Checking flate2 v1.0.28
[INFO] [stderr]     Checking ordered-float v3.9.2
[INFO] [stderr] error: could not compile `syn` (lib)
[INFO] [stderr] 
[INFO] [stderr] Caused by:
[INFO] [stderr]   process didn't exit successfully: `/opt/rustwide/rustup-home/toolchains/1.75.0-x86_64-unknown-linux-gnu/bin/rustc --crate-name syn --edition=2018 /opt/rustwide/cargo-home/registry/src/index.crates.io-6f17d22bba15001f/syn-1.0.109/src/lib.rs --error-format=json --json=diagnostic-rendered-ansi,artifacts,future-incompat --crate-type lib --emit=dep-info,metadata,link -C embed-bitcode=no --cfg 'feature="clone-impls"' --cfg 'feature="default"' --cfg 'feature="derive"' --cfg 'feature="extra-traits"' --cfg 'feature="full"' --cfg 'feature="parsing"' --cfg 'feature="printing"' --cfg 'feature="proc-macro"' --cfg 'feature="quote"' --cfg 'feature="visit"' --cfg 'feature="visit-mut"' -C metadata=26adb3fae9aa86f6 -C extra-filename=-26adb3fae9aa86f6 --out-dir /opt/rustwide/target/debug/deps -L dependency=/opt/rustwide/target/debug/deps --extern proc_macro2=/opt/rustwide/target/debug/deps/libproc_macro2-5ed4f7c766dad0ce.rmeta --extern quote=/opt/rustwide/target/debug/deps/libquote-66f33318e1c9f723.rmeta --extern unicode_ident=/opt/rustwide/target/debug/deps/libunicode_ident-e03ce37406b474da.rmeta --cap-lints allow --cap-lints=warn --cfg syn_disable_nightly_tests` (signal: 9, SIGKILL: kill)
[INFO] [stderr] warning: build failed, waiting for other jobs to finish...
[INFO] running `Command { std: "docker" "inspect" "2d1d1fe6844971d76e9b73c208ba71c5f1d7b19a64316b0141dc1f597901fab6", kill_on_drop: false }`
[INFO] running `Command { std: "docker" "rm" "-f" "2d1d1fe6844971d76e9b73c208ba71c5f1d7b19a64316b0141dc1f597901fab6", kill_on_drop: false }`
[INFO] [stdout] 2d1d1fe6844971d76e9b73c208ba71c5f1d7b19a64316b0141dc1f597901fab6
[INFO] documenting cpclib-0.7.0 against beta-2023-12-22 for beta-1.76-rustdoc-1
[INFO] extracting crate cpclib 0.7.0 into /workspace/builds/worker-2-tc2/source
[INFO] validating manifest of crates.io crate cpclib 0.7.0 on toolchain beta-2023-12-22
[INFO] running `Command { std: CARGO_HOME="/workspace/cargo-home" RUSTUP_HOME="/workspace/rustup-home" "/workspace/cargo-home/bin/cargo" "+beta-2023-12-22" "metadata" "--manifest-path" "Cargo.toml" "--no-deps", kill_on_drop: false }`
[INFO] started tweaking crates.io crate cpclib 0.7.0
[INFO] finished tweaking crates.io crate cpclib 0.7.0
[INFO] tweaked toml for crates.io crate cpclib 0.7.0 written to /workspace/builds/worker-2-tc2/source/Cargo.toml
[INFO] running `Command { std: CARGO_HOME="/workspace/cargo-home" RUSTUP_HOME="/workspace/rustup-home" "/workspace/cargo-home/bin/cargo" "+beta-2023-12-22" "generate-lockfile" "--manifest-path" "Cargo.toml", kill_on_drop: false }`
[INFO] [stderr]     Updating crates.io index
[INFO] running `Command { std: CARGO_HOME="/workspace/cargo-home" RUSTUP_HOME="/workspace/rustup-home" "/workspace/cargo-home/bin/cargo" "+beta-2023-12-22" "fetch" "--manifest-path" "Cargo.toml", kill_on_drop: false }`
[INFO] [stderr]     Blocking waiting for file lock on package cache
[INFO] running `Command { std: "docker" "create" "-v" "/var/lib/crater-agent-workspace/builds/worker-2-tc2/target:/opt/rustwide/target:rw,Z" "-v" "/var/lib/crater-agent-workspace/builds/worker-2-tc2/source:/opt/rustwide/workdir:ro,Z" "-v" "/var/lib/crater-agent-workspace/cargo-home:/opt/rustwide/cargo-home:ro,Z" "-v" "/var/lib/crater-agent-workspace/rustup-home:/opt/rustwide/rustup-home:ro,Z" "-e" "SOURCE_DIR=/opt/rustwide/workdir" "-e" "CARGO_TARGET_DIR=/opt/rustwide/target" "-e" "CARGO_HOME=/opt/rustwide/cargo-home" "-e" "RUSTUP_HOME=/opt/rustwide/rustup-home" "-w" "/opt/rustwide/workdir" "-m" "1610612736" "--user" "0:0" "--network" "none" "ghcr.io/rust-lang/crates-build-env/linux@sha256:2788e3201cd34a07e3172128adcd8b3090168a8e3bcc40d7c032b9dda1df7d1c" "/opt/rustwide/cargo-home/bin/cargo" "+beta-2023-12-22" "metadata" "--no-deps" "--format-version=1", kill_on_drop: false }`
[INFO] [stdout] 083c2c1772a5045c077413ead5f7a2e48f37298e9f81a41534326c9467e721e3
[INFO] running `Command { std: "docker" "start" "-a" "083c2c1772a5045c077413ead5f7a2e48f37298e9f81a41534326c9467e721e3", kill_on_drop: false }`
[INFO] running `Command { std: "docker" "inspect" "083c2c1772a5045c077413ead5f7a2e48f37298e9f81a41534326c9467e721e3", kill_on_drop: false }`
[INFO] running `Command { std: "docker" "rm" "-f" "083c2c1772a5045c077413ead5f7a2e48f37298e9f81a41534326c9467e721e3", kill_on_drop: false }`
[INFO] [stdout] 083c2c1772a5045c077413ead5f7a2e48f37298e9f81a41534326c9467e721e3
[INFO] running `Command { std: "docker" "create" "-v" "/var/lib/crater-agent-workspace/builds/worker-2-tc2/target:/opt/rustwide/target:rw,Z" "-v" "/var/lib/crater-agent-workspace/builds/worker-2-tc2/source:/opt/rustwide/workdir:ro,Z" "-v" "/var/lib/crater-agent-workspace/cargo-home:/opt/rustwide/cargo-home:ro,Z" "-v" "/var/lib/crater-agent-workspace/rustup-home:/opt/rustwide/rustup-home:ro,Z" "-e" "SOURCE_DIR=/opt/rustwide/workdir" "-e" "CARGO_TARGET_DIR=/opt/rustwide/target" "-e" "CARGO_INCREMENTAL=0" "-e" "RUST_BACKTRACE=full" "-e" "RUSTFLAGS=--cap-lints=warn" "-e" "RUSTDOCFLAGS=--cap-lints=warn" "-e" "CARGO_HOME=/opt/rustwide/cargo-home" "-e" "RUSTUP_HOME=/opt/rustwide/rustup-home" "-w" "/opt/rustwide/workdir" "-m" "1610612736" "--user" "0:0" "--network" "none" "ghcr.io/rust-lang/crates-build-env/linux@sha256:2788e3201cd34a07e3172128adcd8b3090168a8e3bcc40d7c032b9dda1df7d1c" "/opt/rustwide/cargo-home/bin/cargo" "+beta-2023-12-22" "doc" "--frozen" "--no-deps" "--document-private-items" "--message-format=json", kill_on_drop: false }`
[INFO] [stdout] b8de8142b3afb6ad7348b71411e3a9707dd5ff17aada541bde9e817e79bc0b74
[INFO] running `Command { std: "docker" "start" "-a" "b8de8142b3afb6ad7348b71411e3a9707dd5ff17aada541bde9e817e79bc0b74", kill_on_drop: false }`
[INFO] [stderr]    Compiling syn v1.0.109
[INFO] [stderr]    Compiling semver v1.0.21
[INFO] [stderr]    Compiling unicode-bidi v0.3.14
[INFO] [stderr]    Compiling proc-macro2 v1.0.76
[INFO] [stderr]    Compiling iana-time-zone v0.1.59
[INFO] [stderr]    Compiling num-bigint v0.4.4
[INFO] [stderr]    Compiling num-traits v0.2.17
[INFO] [stderr]    Compiling form_urlencoded v1.2.1
[INFO] [stderr]     Checking memchr v2.7.1
[INFO] [stderr]    Compiling cc v1.0.83
[INFO] [stderr]    Compiling radium v0.7.0
[INFO] [stderr]     Checking bitflags v2.4.1
[INFO] [stderr]     Checking simd-adler32 v0.3.7
[INFO] [stderr]     Checking either v1.9.0
[INFO] [stderr]    Compiling typenum v1.17.0
[INFO] [stderr]    Compiling unicode-xid v0.2.4
[INFO] [stderr]     Checking miniz_oxide v0.7.1
[INFO] [stderr]     Checking rayon v1.8.0
[INFO] [stderr]    Compiling proc-macro-hack v0.5.20+deprecated
[INFO] [stderr]    Compiling failure_derive v0.1.8
[INFO] [stderr]    Compiling rle-decode-fast v1.0.3
[INFO] [stderr]     Checking anstyle-parse v0.2.3
[INFO] [stderr]    Compiling libflate_lz77 v1.2.0
[INFO] [stderr]    Compiling idna v0.5.0
[INFO] [stderr]     Checking anstyle v1.0.4
[INFO] [stderr]    Compiling quote v1.0.35
[INFO] [stderr]     Checking anstyle-query v1.0.2
[INFO] [stderr]    Compiling adler32 v1.2.0
[INFO] [stderr]    Compiling libflate v1.4.0
[INFO] [stderr]    Compiling syn v2.0.48
[INFO] [stderr]     Checking anstream v0.6.5
[INFO] [stderr]    Compiling generic-array v0.14.7
[INFO] [stderr]    Compiling chrono v0.4.31
[INFO] [stderr]    Compiling num-integer v0.1.45
[INFO] [stderr]    Compiling proc-macro-error-attr v1.0.4
[INFO] [stderr]     Checking dirs-sys v0.3.7
[INFO] [stderr]    Compiling url v2.5.0
[INFO] [stderr]     Checking powerfmt v0.2.0
[INFO] [stderr]     Checking tap v1.0.1
[INFO] [stderr]     Checking clap_lex v0.6.0
[INFO] [stderr]    Compiling crypto-common v0.1.6
[INFO] [stderr]     Checking wyz v0.5.1
[INFO] [stderr]    Compiling block-buffer v0.10.4
[INFO] [stderr]    Compiling openssl-sys v0.9.98
[INFO] [stderr]    Compiling backtrace v0.3.69
[INFO] [stderr]     Checking deranged v0.3.11
[INFO] [stderr]     Checking clap_builder v4.4.12
[INFO] [stderr]     Checking nom v7.1.3
[INFO] [stderr]     Checking dirs v4.0.0
[INFO] [stderr]     Checking num-iter v0.1.43
[INFO] [stderr]     Checking num-rational v0.4.1
[INFO] [stderr]     Checking num-complex v0.4.4
[INFO] [stderr]     Checking bytecount v0.6.7
[INFO] [stderr]     Checking bytes v1.5.0
[INFO] [stderr]     Checking time-core v0.1.2
[INFO] [stderr]    Compiling rustix v0.38.28
[INFO] [stderr]     Checking funty v2.0.0
[INFO] [stderr]     Checking num v0.4.1
[INFO] [stderr]     Checking time v0.3.31
[INFO] [stderr]     Checking resolve-path v0.1.0
[INFO] [stderr]    Compiling digest v0.10.7
[INFO] [stderr]     Checking aho-corasick v1.1.2
[INFO] [stderr]     Checking bitvec v1.0.1
[INFO] [stderr]     Checking itertools v0.11.0
[INFO] [stderr]     Checking bitfield v0.14.0
[INFO] [stderr]     Checking bitsets v0.1.1
[INFO] [stderr]     Checking regex-syntax v0.8.2
[INFO] [stderr]    Compiling anyhow v1.0.79
[INFO] [stderr]    Compiling cpufeatures v0.2.12
[INFO] [stderr]     Checking nom_locate v4.2.0
[INFO] [stderr]     Checking smol_str v0.2.0
[INFO] [stderr]    Compiling sha2 v0.10.8
[INFO] [stderr]     Checking clap v4.4.13
[INFO] [stderr]     Checking socket2 v0.5.5
[INFO] [stderr]     Checking mio v0.8.10
[INFO] [stderr]     Checking gimli v0.28.1
[INFO] [stderr]     Checking log v0.4.20
[INFO] [stderr]     Checking futures-core v0.3.30
[INFO] [stderr]    Compiling scopeguard v1.2.0
[INFO] [stderr]     Checking tokio v1.35.1
[INFO] [stderr]    Compiling lock_api v0.4.11
[INFO] [stderr]    Compiling rust-embed-utils v7.8.1
[INFO] [stderr]    Compiling libz-sys v1.1.12
[INFO] [stderr]     Checking object v0.32.2
[INFO] [stderr]     Checking tracing-core v0.1.32
[INFO] [stderr]    Compiling smartstring v1.0.1
[INFO] [stderr]    Compiling regex-automata v0.4.3
[INFO] [stderr]    Compiling substring v1.4.5
[INFO] [stderr]     Checking bytemuck v1.14.0
[INFO] [stderr]     Checking matches v0.1.10
[INFO] [stderr]     Checking rustc-demangle v0.1.23
[INFO] [stderr]    Compiling proc-macro-error v1.0.4
[INFO] [stderr]    Compiling synstructure v0.12.6
[INFO] [stderr]    Compiling velcro_core v0.5.4
[INFO] [stderr]     Checking cpclib-common v0.7.0
[INFO] [stderr]    Compiling weezl v0.1.7
[INFO] [stderr]    Compiling openssl v0.10.62
[INFO] [stderr]     Checking http v0.2.11
[INFO] [stderr]    Compiling build-deps v0.1.4
[INFO] [stderr]     Checking tracing v0.1.40
[INFO] [stderr]    Compiling spin v0.9.8
[INFO] [stderr]     Checking flate2 v1.0.28
[INFO] [stderr]     Checking ordered-float v3.9.2
[INFO] [stderr]     Checking addr2line v0.21.0
[INFO] [stderr]     Checking color_quant v1.1.0
[INFO] [stderr]    Compiling native-tls v0.2.11
[INFO] [stderr]    Compiling serde_derive v1.0.195
[INFO] [stderr]    Compiling remain v0.2.12
[INFO] [stderr]    Compiling openssl-macros v0.1.1
[INFO] [stderr]    Compiling rust-embed-impl v6.8.1
[INFO] [stderr]     Checking futures-sink v0.3.30
[INFO] [stderr]     Checking evalexpr v11.3.0
[INFO] [stderr]     Checking futures-util v0.3.30
[INFO] [stderr]    Compiling gif v0.12.0
[INFO] [stderr]     Checking indexmap v2.1.0
[INFO] [stderr]     Checking regex v1.10.2
[INFO] [stderr]     Checking flume v0.11.0
[INFO] [stderr]    Compiling jpeg-decoder v0.3.0
[INFO] [stderr]    Compiling curl-sys v0.4.70+curl-8.5.0
[INFO] [stderr]     Checking fdeflate v0.3.3
[INFO] [stderr]     Checking zune-inflate v0.2.54
[INFO] [stderr]     Checking tokio-util v0.7.10
[INFO] [stderr]     Checking encoding_rs v0.8.33
[INFO] [stderr]    Compiling bit_field v0.10.2
[INFO] [stderr]     Checking try-lock v0.2.5
[INFO] [stderr]     Checking linux-raw-sys v0.4.12
[INFO] [stderr]     Checking custom_error v1.9.2
[INFO] [stderr]    Compiling half v2.2.1
[INFO] [stderr]     Checking percent-encoding v2.3.1
[INFO] [stderr]    Compiling delegate v0.10.0
[INFO] [stderr]    Compiling include-flate-codegen v0.1.4
[INFO] [stderr]    Compiling getset v0.1.2
[INFO] [stderr]    Compiling contracts v0.6.3
[INFO] [stderr]    Compiling velcro_macros v0.5.4
[INFO] [stderr]    Compiling ouroboros_macro v0.17.2
[INFO] [stderr]    Compiling lebe v0.5.2
[INFO] [stderr]     Checking arrayref v0.3.7
[INFO] [stderr]     Checking png v0.17.10
[INFO] [stderr]     Checking h2 v0.3.22
[INFO] [stderr]     Checking exr v1.71.0
[INFO] [stderr]    Compiling include-flate-codegen-exports v0.1.4
[INFO] [stderr]     Checking failure v0.1.8
[INFO] [stderr]    Compiling tiff v0.9.0
[INFO] [stderr]     Checking walkdir v2.4.0
[INFO] [stderr]     Checking want v0.3.1
[INFO] [stderr]     Checking http-body v0.4.6
[INFO] [stderr]    Compiling rgb v0.8.37
[INFO] [stderr]    Compiling qoi v0.4.1
[INFO] [stderr]     Checking futures-channel v0.3.30
[INFO] [stderr]     Checking byteorder v1.5.0
[INFO] [stderr]     Checking imgref v1.10.0
[INFO] [stderr]     Checking httpdate v1.0.3
[INFO] [stderr]    Compiling stable_deref_trait v1.2.0
[INFO] [stderr]     Checking fastrand v2.0.1
[INFO] [stderr]     Checking gif-dispose v4.0.1
[INFO] [stderr]    Compiling as-slice v0.2.1
[INFO] [stderr]     Checking tokio-native-tls v0.3.1
[INFO] [stderr]     Checking include-flate v0.2.0
[INFO] [stderr]    Compiling bstr v1.9.0
[INFO] [stderr]    Compiling arrayvec v0.5.2
[INFO] [stderr]     Checking tempfile v3.9.0
[INFO] [stderr]    Compiling curl v0.4.44
[INFO] [stderr]    Compiling termcolor v1.4.0
[INFO] [stderr]    Compiling version_check v0.1.5
[INFO] [stderr]    Compiling aliasable v0.1.3
[INFO] [stderr]    Compiling crc-catalog v2.4.0
[INFO] [stderr]    Compiling unicode-width v0.1.11
[INFO] [stderr]     Checking crc v3.0.1
[INFO] [stderr]    Compiling serde v1.0.195
[INFO] [stderr]    Compiling codespan-reporting v0.11.1
[INFO] [stderr]     Checking globset v0.4.14
[INFO] [stderr]     Checking ouroboros v0.17.2
[INFO] [stderr]    Compiling dbg v1.0.4
[INFO] [stderr]     Checking image v0.24.7
[INFO] [stderr]     Checking chardetng v0.1.17
[INFO] [stderr]    Compiling rust-embed v6.8.1
[INFO] [stderr]     Checking hyper v0.14.28
[INFO] [stderr]    Compiling velcro v0.5.4
[INFO] [stderr]     Checking path-dedot v3.1.1
[INFO] [stderr]     Checking socket2 v0.4.10
[INFO] [stderr]     Checking mime v0.3.17
[INFO] [stderr]     Checking hashbag v0.1.11
[INFO] [stderr]     Checking base64 v0.21.5
[INFO] [stderr]    Compiling assert_matches v1.5.0
[INFO] [stderr]     Checking ipnet v2.9.0
[INFO] [stderr]     Checking path-absolutize v3.1.1
[INFO] [stderr]     Checking hyper-tls v0.5.0
[INFO] [stderr]     Checking serde_urlencoded v0.7.1
[INFO] [stderr]     Checking reqwest v0.11.23
[INFO] [stderr]     Checking cpclib-image v0.7.0
[INFO] [stderr]    Compiling serde_spanned v0.6.5
[INFO] [stderr]    Compiling toml_datetime v0.6.5
[INFO] [stderr]    Compiling toml_edit v0.19.15
[INFO] [stderr]    Compiling toml v0.7.8
[INFO] [stderr]    Compiling proc-macro-crate v1.3.1
[INFO] [stderr]    Compiling cargo-lock v9.0.0
[INFO] [stderr]    Compiling num_enum_derive v0.6.1
[INFO] [stderr]    Compiling built v0.6.1
[INFO] [stderr]    Compiling cpclib-sna v0.7.0
[INFO] [stderr]    Compiling cpclib-tokens v0.7.0
[INFO] [stderr]    Compiling cpclib-disc v0.7.0
[INFO] [stderr]    Compiling cpclib-basic v0.7.0
[INFO] [stderr]    Compiling cpclib-crunchers v0.7.0
[INFO] [stderr]    Compiling cpclib-asm v0.7.0
[INFO] [stderr]    Compiling cpclib-xfer v0.7.0
[INFO] [stderr]    Compiling cpclib v0.7.0 (/opt/rustwide/workdir)
[INFO] [stderr]     Checking num_enum v0.6.1
[INFO] [stdout] error[E0554]: `#![feature]` may not be used on the beta release channel
[INFO] [stdout]  --> /opt/rustwide/cargo-home/registry/src/index.crates.io-6f17d22bba15001f/cpclib-tokens-0.7.0/src/lib.rs:1:1
[INFO] [stdout]   |
[INFO] [stdout] 1 | #![feature(stmt_expr_attributes)]
[INFO] [stdout]   | ^^^^^^^^^^^^^^^^^^^^^^^^^^^^^^^^^
[INFO] [stdout] 
[INFO] [stdout] 
[INFO] [stdout] error[E0554]: `#![feature]` may not be used on the beta release channel
[INFO] [stdout]  --> /opt/rustwide/cargo-home/registry/src/index.crates.io-6f17d22bba15001f/cpclib-tokens-0.7.0/src/lib.rs:2:1
[INFO] [stdout]   |
[INFO] [stdout] 2 | #![feature(proc_macro_hygiene)]
[INFO] [stdout]   | ^^^^^^^^^^^^^^^^^^^^^^^^^^^^^^^
[INFO] [stdout] 
[INFO] [stdout] 
[INFO] [stdout] error[E0554]: `#![feature]` may not be used on the beta release channel
[INFO] [stdout]  --> /opt/rustwide/cargo-home/registry/src/index.crates.io-6f17d22bba15001f/cpclib-tokens-0.7.0/src/lib.rs:3:1
[INFO] [stdout]   |
[INFO] [stdout] 3 | #![feature(exclusive_range_pattern)]
[INFO] [stdout]   | ^^^^^^^^^^^^^^^^^^^^^^^^^^^^^^^^^^^^
[INFO] [stdout] 
[INFO] [stdout] 
[INFO] [stdout] error[E0554]: `#![feature]` may not be used on the beta release channel
[INFO] [stdout]  --> /opt/rustwide/cargo-home/registry/src/index.crates.io-6f17d22bba15001f/cpclib-tokens-0.7.0/src/lib.rs:4:1
[INFO] [stdout]   |
[INFO] [stdout] 4 | #![feature(box_patterns)]
[INFO] [stdout]   | ^^^^^^^^^^^^^^^^^^^^^^^^^
[INFO] [stdout] 
[INFO] [stdout] 
[INFO] [stdout] error[E0554]: `#![feature]` may not be used on the beta release channel
[INFO] [stdout]  --> /opt/rustwide/cargo-home/registry/src/index.crates.io-6f17d22bba15001f/cpclib-tokens-0.7.0/src/lib.rs:1:1
[INFO] [stdout]   |
[INFO] [stdout] 1 | #![feature(stmt_expr_attributes)]
[INFO] [stdout]   | ^^^^^^^^^^^^^^^^^^^^^^^^^^^^^^^^^
[INFO] [stdout] 
[INFO] [stdout] 
[INFO] [stdout] error[E0554]: `#![feature]` may not be used on the beta release channel
[INFO] [stdout]  --> /opt/rustwide/cargo-home/registry/src/index.crates.io-6f17d22bba15001f/cpclib-tokens-0.7.0/src/lib.rs:2:1
[INFO] [stdout]   |
[INFO] [stdout] 2 | #![feature(proc_macro_hygiene)]
[INFO] [stdout]   | ^^^^^^^^^^^^^^^^^^^^^^^^^^^^^^^
[INFO] [stdout] 
[INFO] [stdout] 
[INFO] [stdout] error[E0554]: `#![feature]` may not be used on the beta release channel
[INFO] [stdout]  --> /opt/rustwide/cargo-home/registry/src/index.crates.io-6f17d22bba15001f/cpclib-tokens-0.7.0/src/lib.rs:3:1
[INFO] [stdout]   |
[INFO] [stdout] 3 | #![feature(exclusive_range_pattern)]
[INFO] [stdout]   | ^^^^^^^^^^^^^^^^^^^^^^^^^^^^^^^^^^^^
[INFO] [stdout] 
[INFO] [stdout] 
[INFO] [stdout] error[E0554]: `#![feature]` may not be used on the beta release channel
[INFO] [stdout]  --> /opt/rustwide/cargo-home/registry/src/index.crates.io-6f17d22bba15001f/cpclib-tokens-0.7.0/src/lib.rs:4:1
[INFO] [stdout]   |
[INFO] [stdout] 4 | #![feature(box_patterns)]
[INFO] [stdout]   | ^^^^^^^^^^^^^^^^^^^^^^^^^
[INFO] [stdout] 
[INFO] [stdout] 
[INFO] [stdout] error: aborting due to 4 previous errors
[INFO] [stdout] 
[INFO] [stdout] 
[INFO] [stdout] For more information about this error, try `rustc --explain E0554`.
[INFO] [stdout] 
[INFO] [stderr] error: could not compile `cpclib-tokens` (lib) due to 5 previous errors
[INFO] [stderr] warning: build failed, waiting for other jobs to finish...
[INFO] [stdout] error: aborting due to 4 previous errors
[INFO] [stdout] 
[INFO] [stdout] 
[INFO] [stdout] For more information about this error, try `rustc --explain E0554`.
[INFO] [stdout] 
[INFO] [stderr] error: could not compile `cpclib-tokens` (lib) due to 5 previous errors
[INFO] running `Command { std: "docker" "inspect" "b8de8142b3afb6ad7348b71411e3a9707dd5ff17aada541bde9e817e79bc0b74", kill_on_drop: false }`
[INFO] running `Command { std: "docker" "rm" "-f" "b8de8142b3afb6ad7348b71411e3a9707dd5ff17aada541bde9e817e79bc0b74", kill_on_drop: false }`
[INFO] [stdout] b8de8142b3afb6ad7348b71411e3a9707dd5ff17aada541bde9e817e79bc0b74
