[INFO] fetching crate cpclib-xfer 0.7.0...
[INFO] documenting cpclib-xfer-0.7.0 against 1.75.0 for beta-1.76-rustdoc-1
[INFO] extracting crate cpclib-xfer 0.7.0 into /workspace/builds/worker-5-tc1/source
[INFO] validating manifest of crates.io crate cpclib-xfer 0.7.0 on toolchain 1.75.0
[INFO] running `Command { std: CARGO_HOME="/workspace/cargo-home" RUSTUP_HOME="/workspace/rustup-home" "/workspace/cargo-home/bin/cargo" "+1.75.0" "metadata" "--manifest-path" "Cargo.toml" "--no-deps", kill_on_drop: false }`
[INFO] started tweaking crates.io crate cpclib-xfer 0.7.0
[INFO] finished tweaking crates.io crate cpclib-xfer 0.7.0
[INFO] tweaked toml for crates.io crate cpclib-xfer 0.7.0 written to /workspace/builds/worker-5-tc1/source/Cargo.toml
[INFO] running `Command { std: CARGO_HOME="/workspace/cargo-home" RUSTUP_HOME="/workspace/rustup-home" "/workspace/cargo-home/bin/cargo" "+1.75.0" "generate-lockfile" "--manifest-path" "Cargo.toml", kill_on_drop: false }`
[INFO] [stderr]     Blocking waiting for file lock on package cache
[INFO] [stderr]     Updating crates.io index
[INFO] running `Command { std: CARGO_HOME="/workspace/cargo-home" RUSTUP_HOME="/workspace/rustup-home" "/workspace/cargo-home/bin/cargo" "+1.75.0" "fetch" "--manifest-path" "Cargo.toml", kill_on_drop: false }`
[INFO] [stderr]  Downloading crates ...
[INFO] [stderr]   Downloaded ordered-float v3.9.2
[INFO] [stderr]   Downloaded evalexpr v11.3.0
[INFO] [stderr]   Downloaded remain v0.2.12
[INFO] running `Command { std: "docker" "create" "-v" "/var/lib/crater-agent-workspace/builds/worker-5-tc1/target:/opt/rustwide/target:rw,Z" "-v" "/var/lib/crater-agent-workspace/builds/worker-5-tc1/source:/opt/rustwide/workdir:ro,Z" "-v" "/var/lib/crater-agent-workspace/cargo-home:/opt/rustwide/cargo-home:ro,Z" "-v" "/var/lib/crater-agent-workspace/rustup-home:/opt/rustwide/rustup-home:ro,Z" "-e" "SOURCE_DIR=/opt/rustwide/workdir" "-e" "CARGO_TARGET_DIR=/opt/rustwide/target" "-e" "CARGO_HOME=/opt/rustwide/cargo-home" "-e" "RUSTUP_HOME=/opt/rustwide/rustup-home" "-w" "/opt/rustwide/workdir" "-m" "1610612736" "--user" "0:0" "--network" "none" "ghcr.io/rust-lang/crates-build-env/linux@sha256:2788e3201cd34a07e3172128adcd8b3090168a8e3bcc40d7c032b9dda1df7d1c" "/opt/rustwide/cargo-home/bin/cargo" "+1.75.0" "metadata" "--no-deps" "--format-version=1", kill_on_drop: false }`
[INFO] [stdout] e98908a4e9186ac4012d16c731be142c6b453b83a2d405c0004d63997b2771ed
[INFO] running `Command { std: "docker" "start" "-a" "e98908a4e9186ac4012d16c731be142c6b453b83a2d405c0004d63997b2771ed", kill_on_drop: false }`
[INFO] running `Command { std: "docker" "inspect" "e98908a4e9186ac4012d16c731be142c6b453b83a2d405c0004d63997b2771ed", kill_on_drop: false }`
[INFO] running `Command { std: "docker" "rm" "-f" "e98908a4e9186ac4012d16c731be142c6b453b83a2d405c0004d63997b2771ed", kill_on_drop: false }`
[INFO] [stdout] e98908a4e9186ac4012d16c731be142c6b453b83a2d405c0004d63997b2771ed
[INFO] running `Command { std: "docker" "create" "-v" "/var/lib/crater-agent-workspace/builds/worker-5-tc1/target:/opt/rustwide/target:rw,Z" "-v" "/var/lib/crater-agent-workspace/builds/worker-5-tc1/source:/opt/rustwide/workdir:ro,Z" "-v" "/var/lib/crater-agent-workspace/cargo-home:/opt/rustwide/cargo-home:ro,Z" "-v" "/var/lib/crater-agent-workspace/rustup-home:/opt/rustwide/rustup-home:ro,Z" "-e" "SOURCE_DIR=/opt/rustwide/workdir" "-e" "CARGO_TARGET_DIR=/opt/rustwide/target" "-e" "CARGO_INCREMENTAL=0" "-e" "RUST_BACKTRACE=full" "-e" "RUSTFLAGS=--cap-lints=warn" "-e" "RUSTDOCFLAGS=--cap-lints=warn" "-e" "CARGO_HOME=/opt/rustwide/cargo-home" "-e" "RUSTUP_HOME=/opt/rustwide/rustup-home" "-w" "/opt/rustwide/workdir" "-m" "1610612736" "--user" "0:0" "--network" "none" "ghcr.io/rust-lang/crates-build-env/linux@sha256:2788e3201cd34a07e3172128adcd8b3090168a8e3bcc40d7c032b9dda1df7d1c" "/opt/rustwide/cargo-home/bin/cargo" "+1.75.0" "doc" "--frozen" "--no-deps" "--document-private-items" "--message-format=json", kill_on_drop: false }`
[INFO] [stdout] 0d971ecac2f7328685a1aeaf940c82c47bae15578170cb48f51535b4542dc789
[INFO] running `Command { std: "docker" "start" "-a" "0d971ecac2f7328685a1aeaf940c82c47bae15578170cb48f51535b4542dc789", kill_on_drop: false }`
[INFO] [stderr]    Compiling proc-macro2 v1.0.76
[INFO] [stderr]    Compiling libc v0.2.151
[INFO] [stderr]    Compiling serde v1.0.195
[INFO] [stderr]    Compiling tinyvec_macros v0.1.1
[INFO] [stderr]     Checking memchr v2.7.1
[INFO] [stderr]    Compiling percent-encoding v2.3.1
[INFO] [stderr]    Compiling unicode-bidi v0.3.14
[INFO] [stderr]    Compiling semver v1.0.21
[INFO] [stderr]    Compiling tinyvec v1.6.0
[INFO] [stderr]    Compiling form_urlencoded v1.2.1
[INFO] [stderr]    Compiling num-traits v0.2.17
[INFO] [stderr]    Compiling iana-time-zone v0.1.59
[INFO] [stderr]    Compiling quote v1.0.35
[INFO] [stderr]    Compiling syn v1.0.109
[INFO] [stderr]    Compiling syn v2.0.48
[INFO] [stderr]    Compiling unicode-normalization v0.1.22
[INFO] [stderr]    Compiling num-integer v0.1.45
[INFO] [stderr]    Compiling crossbeam-utils v0.8.18
[INFO] [stderr]    Compiling cc v1.0.83
[INFO] [stderr]     Checking mio v0.8.10
[INFO] [stderr]    Compiling idna v0.5.0
[INFO] [stderr]    Compiling chrono v0.4.31
[INFO] [stderr]     Checking num_cpus v1.16.0
[INFO] [stderr]     Checking crossbeam-epoch v0.9.17
[INFO] [stderr]     Checking socket2 v0.5.5
[INFO] [stderr]    Compiling radium v0.7.0
[INFO] [stderr]     Checking tokio v1.35.1
[INFO] [stderr]    Compiling url v2.5.0
[INFO] [stderr]     Checking crossbeam-deque v0.8.4
[INFO] [stderr]     Checking num-bigint v0.4.4
[INFO] [stderr]    Compiling openssl-sys v0.9.98
[INFO] [stderr]    Compiling libz-sys v1.1.12
[INFO] [stderr]     Checking dirs-sys v0.3.7
[INFO] [stderr]    Compiling openssl v0.10.62
[INFO] [stderr]     Checking tap v1.0.1
[INFO] [stderr]     Checking foreign-types-shared v0.1.1
[INFO] [stderr]     Checking wyz v0.5.1
[INFO] [stderr]     Checking foreign-types v0.3.2
[INFO] [stderr]     Checking nom v7.1.3
[INFO] [stderr]     Checking dirs v4.0.0
[INFO] [stderr]     Checking tracing v0.1.40
[INFO] [stderr]     Checking rayon-core v1.12.0
[INFO] [stderr]     Checking num-iter v0.1.43
[INFO] [stderr]     Checking num-rational v0.4.1
[INFO] [stderr]     Checking num-complex v0.4.4
[INFO] [stderr]    Compiling proc-macro-error-attr v1.0.4
[INFO] [stderr]     Checking bytecount v0.6.7
[INFO] [stderr]     Checking funty v2.0.0
[INFO] [stderr]    Compiling native-tls v0.2.11
[INFO] [stderr]     Checking futures-io v0.3.30
[INFO] [stderr]     Checking futures-util v0.3.30
[INFO] [stderr]     Checking num v0.4.1
[INFO] [stderr]     Checking rayon v1.8.0
[INFO] [stderr]     Checking resolve-path v0.1.0
[INFO] [stderr]     Checking itertools v0.11.0
[INFO] [stderr]     Checking bitvec v1.0.1
[INFO] [stderr]     Checking nom_locate v4.2.0
[INFO] [stderr]    Compiling backtrace v0.3.69
[INFO] [stderr]    Compiling curl-sys v0.4.70+curl-8.5.0
[INFO] [stderr]     Checking tokio-util v0.7.10
[INFO] [stderr]    Compiling proc-macro-error v1.0.4
[INFO] [stderr]     Checking aho-corasick v1.1.2
[INFO] [stderr]    Compiling unicode-xid v0.2.4
[INFO] [stderr]     Checking gimli v0.28.1
[INFO] [stderr]     Checking bitfield v0.14.0
[INFO] [stderr]     Checking bitsets v0.1.1
[INFO] [stderr]    Compiling failure_derive v0.1.8
[INFO] [stderr]     Checking smol_str v0.2.0
[INFO] [stderr]    Compiling serde_derive v1.0.195
[INFO] [stderr]    Compiling openssl-macros v0.1.1
[INFO] [stderr]     Checking miniz_oxide v0.7.1
[INFO] [stderr]    Compiling synstructure v0.12.6
[INFO] [stderr]     Checking regex-automata v0.4.3
[INFO] [stderr]     Checking h2 v0.3.22
[INFO] [stderr]     Checking cpclib-common v0.7.0
[INFO] [stderr]     Checking futures-channel v0.3.30
[INFO] [stderr]     Checking object v0.32.2
[INFO] [stderr]     Checking rustc-demangle v0.1.23
[INFO] [stderr]     Checking addr2line v0.21.0
[INFO] [stderr]    Compiling rustix v0.38.28
[INFO] [stderr]    Compiling delegate v0.10.0
[INFO] [stderr]    Compiling remain v0.2.12
[INFO] [stderr]     Checking regex v1.10.2
[INFO] [stderr]     Checking ordered-float v3.9.2
[INFO] [stderr]    Compiling curl v0.4.44
[INFO] [stderr]     Checking hyper v0.14.28
[INFO] [stderr]     Checking linux-raw-sys v0.4.12
[INFO] [stderr]     Checking evalexpr v11.3.0
[INFO] [stderr]    Compiling getset v0.1.2
[INFO] [stderr]     Checking path-dedot v3.1.1
[INFO] [stderr]     Checking socket2 v0.4.10
[INFO] [stderr]     Checking custom_error v1.9.2
[INFO] [stderr]     Checking arrayref v0.3.7
[INFO] [stderr]     Checking path-absolutize v3.1.1
[INFO] [stderr]     Checking tokio-native-tls v0.3.1
[INFO] [stderr]     Checking failure v0.1.8
[INFO] [stderr]     Checking tempfile v3.9.0
[INFO] [stderr]     Checking hyper-tls v0.5.0
[INFO] [stderr]     Checking serde_urlencoded v0.7.1
[INFO] [stderr]     Checking reqwest v0.11.23
[INFO] [stderr]    Compiling toml_datetime v0.6.5
[INFO] [stderr]    Compiling serde_spanned v0.6.5
[INFO] [stderr]    Compiling toml_edit v0.19.15
[INFO] [stderr]    Compiling toml v0.7.8
[INFO] [stderr]    Compiling proc-macro-crate v1.3.1
[INFO] [stderr]    Compiling cargo-lock v9.0.0
[INFO] [stderr]    Compiling num_enum_derive v0.6.1
[INFO] [stderr]    Compiling built v0.6.1
[INFO] [stderr]    Compiling cpclib-sna v0.7.0
[INFO] [stderr]    Compiling cpclib-tokens v0.7.0
[INFO] [stderr]    Compiling cpclib-disc v0.7.0
[INFO] [stderr]    Compiling cpclib-xfer v0.7.0 (/opt/rustwide/workdir)
[INFO] [stderr]     Checking num_enum v0.6.1
[INFO] [stdout] error[E0554]: `#![feature]` may not be used on the stable release channel
[INFO] [stdout]  --> /opt/rustwide/cargo-home/registry/src/index.crates.io-6f17d22bba15001f/cpclib-tokens-0.7.0/src/lib.rs:1:1
[INFO] [stdout]   |
[INFO] [stdout] 1 | #![feature(stmt_expr_attributes)]
[INFO] [stdout]   | ^^^^^^^^^^^^^^^^^^^^^^^^^^^^^^^^^
[INFO] [stdout] 
[INFO] [stdout] 
[INFO] [stdout] error[E0554]: `#![feature]` may not be used on the stable release channel
[INFO] [stdout]  --> /opt/rustwide/cargo-home/registry/src/index.crates.io-6f17d22bba15001f/cpclib-tokens-0.7.0/src/lib.rs:2:1
[INFO] [stdout]   |
[INFO] [stdout] 2 | #![feature(proc_macro_hygiene)]
[INFO] [stdout]   | ^^^^^^^^^^^^^^^^^^^^^^^^^^^^^^^
[INFO] [stdout] 
[INFO] [stdout] 
[INFO] [stdout] error[E0554]: `#![feature]` may not be used on the stable release channel
[INFO] [stdout]  --> /opt/rustwide/cargo-home/registry/src/index.crates.io-6f17d22bba15001f/cpclib-tokens-0.7.0/src/lib.rs:3:1
[INFO] [stdout]   |
[INFO] [stdout] 3 | #![feature(exclusive_range_pattern)]
[INFO] [stdout]   | ^^^^^^^^^^^^^^^^^^^^^^^^^^^^^^^^^^^^
[INFO] [stdout] 
[INFO] [stdout] 
[INFO] [stdout] error[E0554]: `#![feature]` may not be used on the stable release channel
[INFO] [stdout]  --> /opt/rustwide/cargo-home/registry/src/index.crates.io-6f17d22bba15001f/cpclib-tokens-0.7.0/src/lib.rs:4:1
[INFO] [stdout]   |
[INFO] [stdout] 4 | #![feature(box_patterns)]
[INFO] [stdout]   | ^^^^^^^^^^^^^^^^^^^^^^^^^
[INFO] [stdout] 
[INFO] [stdout] 
[INFO] [stdout] error: aborting due to 4 previous errors
[INFO] [stdout] 
[INFO] [stdout] 
[INFO] [stdout] For more information about this error, try `rustc --explain E0554`.
[INFO] [stdout] 
[INFO] [stderr] error: could not compile `cpclib-tokens` (lib) due to 5 previous errors
[INFO] running `Command { std: "docker" "inspect" "0d971ecac2f7328685a1aeaf940c82c47bae15578170cb48f51535b4542dc789", kill_on_drop: false }`
[INFO] running `Command { std: "docker" "rm" "-f" "0d971ecac2f7328685a1aeaf940c82c47bae15578170cb48f51535b4542dc789", kill_on_drop: false }`
[INFO] [stdout] 0d971ecac2f7328685a1aeaf940c82c47bae15578170cb48f51535b4542dc789
[INFO] documenting cpclib-xfer-0.7.0 against beta-2023-12-22 for beta-1.76-rustdoc-1
[INFO] extracting crate cpclib-xfer 0.7.0 into /workspace/builds/worker-5-tc2/source
[INFO] validating manifest of crates.io crate cpclib-xfer 0.7.0 on toolchain beta-2023-12-22
[INFO] running `Command { std: CARGO_HOME="/workspace/cargo-home" RUSTUP_HOME="/workspace/rustup-home" "/workspace/cargo-home/bin/cargo" "+beta-2023-12-22" "metadata" "--manifest-path" "Cargo.toml" "--no-deps", kill_on_drop: false }`
[INFO] started tweaking crates.io crate cpclib-xfer 0.7.0
[INFO] finished tweaking crates.io crate cpclib-xfer 0.7.0
[INFO] tweaked toml for crates.io crate cpclib-xfer 0.7.0 written to /workspace/builds/worker-5-tc2/source/Cargo.toml
[INFO] running `Command { std: CARGO_HOME="/workspace/cargo-home" RUSTUP_HOME="/workspace/rustup-home" "/workspace/cargo-home/bin/cargo" "+beta-2023-12-22" "generate-lockfile" "--manifest-path" "Cargo.toml", kill_on_drop: false }`
[INFO] [stderr]     Updating crates.io index
[INFO] running `Command { std: CARGO_HOME="/workspace/cargo-home" RUSTUP_HOME="/workspace/rustup-home" "/workspace/cargo-home/bin/cargo" "+beta-2023-12-22" "fetch" "--manifest-path" "Cargo.toml", kill_on_drop: false }`
[INFO] running `Command { std: "docker" "create" "-v" "/var/lib/crater-agent-workspace/builds/worker-5-tc2/target:/opt/rustwide/target:rw,Z" "-v" "/var/lib/crater-agent-workspace/builds/worker-5-tc2/source:/opt/rustwide/workdir:ro,Z" "-v" "/var/lib/crater-agent-workspace/cargo-home:/opt/rustwide/cargo-home:ro,Z" "-v" "/var/lib/crater-agent-workspace/rustup-home:/opt/rustwide/rustup-home:ro,Z" "-e" "SOURCE_DIR=/opt/rustwide/workdir" "-e" "CARGO_TARGET_DIR=/opt/rustwide/target" "-e" "CARGO_HOME=/opt/rustwide/cargo-home" "-e" "RUSTUP_HOME=/opt/rustwide/rustup-home" "-w" "/opt/rustwide/workdir" "-m" "1610612736" "--user" "0:0" "--network" "none" "ghcr.io/rust-lang/crates-build-env/linux@sha256:2788e3201cd34a07e3172128adcd8b3090168a8e3bcc40d7c032b9dda1df7d1c" "/opt/rustwide/cargo-home/bin/cargo" "+beta-2023-12-22" "metadata" "--no-deps" "--format-version=1", kill_on_drop: false }`
[INFO] [stdout] bf97583a4d2d11227752d1dcad536e5d3731b4c9d7d230d6bdee7a4eb995f6af
[INFO] running `Command { std: "docker" "start" "-a" "bf97583a4d2d11227752d1dcad536e5d3731b4c9d7d230d6bdee7a4eb995f6af", kill_on_drop: false }`
[INFO] running `Command { std: "docker" "inspect" "bf97583a4d2d11227752d1dcad536e5d3731b4c9d7d230d6bdee7a4eb995f6af", kill_on_drop: false }`
[INFO] running `Command { std: "docker" "rm" "-f" "bf97583a4d2d11227752d1dcad536e5d3731b4c9d7d230d6bdee7a4eb995f6af", kill_on_drop: false }`
[INFO] [stdout] bf97583a4d2d11227752d1dcad536e5d3731b4c9d7d230d6bdee7a4eb995f6af
[INFO] running `Command { std: "docker" "create" "-v" "/var/lib/crater-agent-workspace/builds/worker-5-tc2/target:/opt/rustwide/target:rw,Z" "-v" "/var/lib/crater-agent-workspace/builds/worker-5-tc2/source:/opt/rustwide/workdir:ro,Z" "-v" "/var/lib/crater-agent-workspace/cargo-home:/opt/rustwide/cargo-home:ro,Z" "-v" "/var/lib/crater-agent-workspace/rustup-home:/opt/rustwide/rustup-home:ro,Z" "-e" "SOURCE_DIR=/opt/rustwide/workdir" "-e" "CARGO_TARGET_DIR=/opt/rustwide/target" "-e" "CARGO_INCREMENTAL=0" "-e" "RUST_BACKTRACE=full" "-e" "RUSTFLAGS=--cap-lints=warn" "-e" "RUSTDOCFLAGS=--cap-lints=warn" "-e" "CARGO_HOME=/opt/rustwide/cargo-home" "-e" "RUSTUP_HOME=/opt/rustwide/rustup-home" "-w" "/opt/rustwide/workdir" "-m" "1610612736" "--user" "0:0" "--network" "none" "ghcr.io/rust-lang/crates-build-env/linux@sha256:2788e3201cd34a07e3172128adcd8b3090168a8e3bcc40d7c032b9dda1df7d1c" "/opt/rustwide/cargo-home/bin/cargo" "+beta-2023-12-22" "doc" "--frozen" "--no-deps" "--document-private-items" "--message-format=json", kill_on_drop: false }`
[INFO] [stdout] f54afa68c4f991a7ba532dfd374a4fd67de9edc7accd795dd6c23ef8b8ecd53d
[INFO] running `Command { std: "docker" "start" "-a" "f54afa68c4f991a7ba532dfd374a4fd67de9edc7accd795dd6c23ef8b8ecd53d", kill_on_drop: false }`
[INFO] [stderr]    Compiling proc-macro2 v1.0.76
[INFO] [stderr]    Compiling libc v0.2.151
[INFO] [stderr]    Compiling serde v1.0.195
[INFO] [stderr]     Checking memchr v2.7.1
[INFO] [stderr]    Compiling tinyvec_macros v0.1.1
[INFO] [stderr]    Compiling semver v1.0.21
[INFO] [stderr]    Compiling percent-encoding v2.3.1
[INFO] [stderr]    Compiling unicode-bidi v0.3.14
[INFO] [stderr]    Compiling tinyvec v1.6.0
[INFO] [stderr]    Compiling form_urlencoded v1.2.1
[INFO] [stderr]    Compiling num-traits v0.2.17
[INFO] [stderr]    Compiling iana-time-zone v0.1.59
[INFO] [stderr]    Compiling quote v1.0.35
[INFO] [stderr]    Compiling syn v1.0.109
[INFO] [stderr]    Compiling num-integer v0.1.45
[INFO] [stderr]    Compiling crossbeam-utils v0.8.18
[INFO] [stderr]    Compiling syn v2.0.48
[INFO] [stderr]     Checking num_cpus v1.16.0
[INFO] [stderr]     Checking mio v0.8.10
[INFO] [stderr]    Compiling cc v1.0.83
[INFO] [stderr]    Compiling unicode-normalization v0.1.22
[INFO] [stderr]     Checking socket2 v0.5.5
[INFO] [stderr]     Checking crossbeam-epoch v0.9.17
[INFO] [stderr]    Compiling radium v0.7.0
[INFO] [stderr]    Compiling chrono v0.4.31
[INFO] [stderr]    Compiling idna v0.5.0
[INFO] [stderr]     Checking tokio v1.35.1
[INFO] [stderr]     Checking crossbeam-deque v0.8.4
[INFO] [stderr]     Checking num-bigint v0.4.4
[INFO] [stderr]     Checking dirs-sys v0.3.7
[INFO] [stderr]     Checking foreign-types-shared v0.1.1
[INFO] [stderr]     Checking tap v1.0.1
[INFO] [stderr]    Compiling url v2.5.0
[INFO] [stderr]    Compiling openssl v0.10.62
[INFO] [stderr]    Compiling openssl-sys v0.9.98
[INFO] [stderr]    Compiling libz-sys v1.1.12
[INFO] [stderr]     Checking num-rational v0.4.1
[INFO] [stderr]     Checking wyz v0.5.1
[INFO] [stderr]     Checking foreign-types v0.3.2
[INFO] [stderr]     Checking nom v7.1.3
[INFO] [stderr]     Checking dirs v4.0.0
[INFO] [stderr]     Checking tracing v0.1.40
[INFO] [stderr]     Checking num-iter v0.1.43
[INFO] [stderr]     Checking rayon-core v1.12.0
[INFO] [stderr]     Checking num-complex v0.4.4
[INFO] [stderr]    Compiling proc-macro-error-attr v1.0.4
[INFO] [stderr]     Checking futures-io v0.3.30
[INFO] [stderr]    Compiling native-tls v0.2.11
[INFO] [stderr]     Checking funty v2.0.0
[INFO] [stderr]     Checking bytecount v0.6.7
[INFO] [stderr]     Checking rayon v1.8.0
[INFO] [stderr]     Checking futures-util v0.3.30
[INFO] [stderr]     Checking bitvec v1.0.1
[INFO] [stderr]     Checking num v0.4.1
[INFO] [stderr]     Checking nom_locate v4.2.0
[INFO] [stderr]     Checking resolve-path v0.1.0
[INFO] [stderr]     Checking itertools v0.11.0
[INFO] [stderr]    Compiling curl-sys v0.4.70+curl-8.5.0
[INFO] [stderr]     Checking tokio-util v0.7.10
[INFO] [stderr]    Compiling serde_derive v1.0.195
[INFO] [stderr]    Compiling openssl-macros v0.1.1
[INFO] [stderr]    Compiling backtrace v0.3.69
[INFO] [stderr]    Compiling proc-macro-error v1.0.4
[INFO] [stderr]     Checking aho-corasick v1.1.2
[INFO] [stderr]    Compiling unicode-xid v0.2.4
[INFO] [stderr]     Checking bitsets v0.1.1
[INFO] [stderr]     Checking smol_str v0.2.0
[INFO] [stderr]    Compiling failure_derive v0.1.8
[INFO] [stderr]     Checking gimli v0.28.1
[INFO] [stderr]     Checking bitfield v0.14.0
[INFO] [stderr]     Checking miniz_oxide v0.7.1
[INFO] [stderr]     Checking cpclib-common v0.7.0
[INFO] [stderr]     Checking h2 v0.3.22
[INFO] [stderr]    Compiling synstructure v0.12.6
[INFO] [stderr]     Checking regex-automata v0.4.3
[INFO] [stderr]     Checking futures-channel v0.3.30
[INFO] [stderr]     Checking object v0.32.2
[INFO] [stderr]    Compiling rustix v0.38.28
[INFO] [stderr]     Checking rustc-demangle v0.1.23
[INFO] [stderr]     Checking addr2line v0.21.0
[INFO] [stderr]    Compiling remain v0.2.12
[INFO] [stderr]     Checking ordered-float v3.9.2
[INFO] [stderr]     Checking hyper v0.14.28
[INFO] [stderr]     Checking linux-raw-sys v0.4.12
[INFO] [stderr]    Compiling delegate v0.10.0
[INFO] [stderr]     Checking regex v1.10.2
[INFO] [stderr]    Compiling curl v0.4.44
[INFO] [stderr]     Checking evalexpr v11.3.0
[INFO] [stderr]    Compiling getset v0.1.2
[INFO] [stderr]     Checking tokio-native-tls v0.3.1
[INFO] [stderr]     Checking path-dedot v3.1.1
[INFO] [stderr]     Checking socket2 v0.4.10
[INFO] [stderr]     Checking arrayref v0.3.7
[INFO] [stderr]     Checking custom_error v1.9.2
[INFO] [stderr]     Checking path-absolutize v3.1.1
[INFO] [stderr]     Checking hyper-tls v0.5.0
[INFO] [stderr]     Checking failure v0.1.8
[INFO] [stderr]     Checking tempfile v3.9.0
[INFO] [stderr]     Checking serde_urlencoded v0.7.1
[INFO] [stderr]     Checking reqwest v0.11.23
[INFO] [stderr]    Compiling serde_spanned v0.6.5
[INFO] [stderr]    Compiling toml_datetime v0.6.5
[INFO] [stderr]    Compiling toml_edit v0.19.15
[INFO] [stderr]    Compiling toml v0.7.8
[INFO] [stderr]    Compiling proc-macro-crate v1.3.1
[INFO] [stderr]    Compiling cargo-lock v9.0.0
[INFO] [stderr]    Compiling num_enum_derive v0.6.1
[INFO] [stderr]    Compiling built v0.6.1
[INFO] [stderr]    Compiling cpclib-sna v0.7.0
[INFO] [stderr]    Compiling cpclib-tokens v0.7.0
[INFO] [stderr]    Compiling cpclib-disc v0.7.0
[INFO] [stderr]    Compiling cpclib-xfer v0.7.0 (/opt/rustwide/workdir)
[INFO] [stderr]     Checking num_enum v0.6.1
[INFO] [stdout] error[E0554]: `#![feature]` may not be used on the beta release channel
[INFO] [stdout]  --> /opt/rustwide/cargo-home/registry/src/index.crates.io-6f17d22bba15001f/cpclib-tokens-0.7.0/src/lib.rs:1:1
[INFO] [stdout]   |
[INFO] [stdout] 1 | #![feature(stmt_expr_attributes)]
[INFO] [stdout]   | ^^^^^^^^^^^^^^^^^^^^^^^^^^^^^^^^^
[INFO] [stdout] 
[INFO] [stdout] 
[INFO] [stdout] error[E0554]: `#![feature]` may not be used on the beta release channel
[INFO] [stdout]  --> /opt/rustwide/cargo-home/registry/src/index.crates.io-6f17d22bba15001f/cpclib-tokens-0.7.0/src/lib.rs:2:1
[INFO] [stdout]   |
[INFO] [stdout] 2 | #![feature(proc_macro_hygiene)]
[INFO] [stdout]   | ^^^^^^^^^^^^^^^^^^^^^^^^^^^^^^^
[INFO] [stdout] 
[INFO] [stdout] 
[INFO] [stdout] error[E0554]: `#![feature]` may not be used on the beta release channel
[INFO] [stdout]  --> /opt/rustwide/cargo-home/registry/src/index.crates.io-6f17d22bba15001f/cpclib-tokens-0.7.0/src/lib.rs:3:1
[INFO] [stdout]   |
[INFO] [stdout] 3 | #![feature(exclusive_range_pattern)]
[INFO] [stdout]   | ^^^^^^^^^^^^^^^^^^^^^^^^^^^^^^^^^^^^
[INFO] [stdout] 
[INFO] [stdout] 
[INFO] [stdout] error[E0554]: `#![feature]` may not be used on the beta release channel
[INFO] [stdout]  --> /opt/rustwide/cargo-home/registry/src/index.crates.io-6f17d22bba15001f/cpclib-tokens-0.7.0/src/lib.rs:4:1
[INFO] [stdout]   |
[INFO] [stdout] 4 | #![feature(box_patterns)]
[INFO] [stdout]   | ^^^^^^^^^^^^^^^^^^^^^^^^^
[INFO] [stdout] 
[INFO] [stdout] 
[INFO] [stdout] error: aborting due to 4 previous errors
[INFO] [stdout] 
[INFO] [stdout] 
[INFO] [stdout] For more information about this error, try `rustc --explain E0554`.
[INFO] [stdout] 
[INFO] [stderr] error: could not compile `cpclib-tokens` (lib) due to 5 previous errors
[INFO] running `Command { std: "docker" "inspect" "f54afa68c4f991a7ba532dfd374a4fd67de9edc7accd795dd6c23ef8b8ecd53d", kill_on_drop: false }`
[INFO] running `Command { std: "docker" "rm" "-f" "f54afa68c4f991a7ba532dfd374a4fd67de9edc7accd795dd6c23ef8b8ecd53d", kill_on_drop: false }`
[INFO] [stdout] f54afa68c4f991a7ba532dfd374a4fd67de9edc7accd795dd6c23ef8b8ecd53d
