[INFO] fetching crate cosmic-hyperspace 0.3.6...
[INFO] documenting cosmic-hyperspace-0.3.6 against 1.75.0 for beta-1.76-rustdoc-1
[INFO] extracting crate cosmic-hyperspace 0.3.6 into /workspace/builds/worker-1-tc1/source
[INFO] validating manifest of crates.io crate cosmic-hyperspace 0.3.6 on toolchain 1.75.0
[INFO] running `Command { std: CARGO_HOME="/workspace/cargo-home" RUSTUP_HOME="/workspace/rustup-home" "/workspace/cargo-home/bin/cargo" "+1.75.0" "metadata" "--manifest-path" "Cargo.toml" "--no-deps", kill_on_drop: false }`
[INFO] started tweaking crates.io crate cosmic-hyperspace 0.3.6
[INFO] finished tweaking crates.io crate cosmic-hyperspace 0.3.6
[INFO] tweaked toml for crates.io crate cosmic-hyperspace 0.3.6 written to /workspace/builds/worker-1-tc1/source/Cargo.toml
[INFO] running `Command { std: CARGO_HOME="/workspace/cargo-home" RUSTUP_HOME="/workspace/rustup-home" "/workspace/cargo-home/bin/cargo" "+1.75.0" "generate-lockfile" "--manifest-path" "Cargo.toml", kill_on_drop: false }`
[INFO] [stderr]     Updating crates.io index
[INFO] running `Command { std: CARGO_HOME="/workspace/cargo-home" RUSTUP_HOME="/workspace/rustup-home" "/workspace/cargo-home/bin/cargo" "+1.75.0" "fetch" "--manifest-path" "Cargo.toml", kill_on_drop: false }`
[INFO] [stderr]  Downloading crates ...
[INFO] [stderr]   Downloaded tiny_http v0.12.0
[INFO] [stderr]   Downloaded brownstone v1.1.0
[INFO] [stderr]   Downloaded wasmer-compiler v2.3.0
[INFO] [stderr]   Downloaded wasm-encoder v0.38.1
[INFO] [stderr]   Downloaded dynasmrt v1.2.3
[INFO] [stderr]   Downloaded loupe v0.1.3
[INFO] [stderr]   Downloaded loupe-derive v0.1.3
[INFO] [stderr]   Downloaded wasmer v2.3.0
[INFO] [stderr]   Downloaded wasmer-derive v2.3.0
[INFO] [stderr]   Downloaded wasmer-engine v2.3.0
[INFO] [stderr]   Downloaded bytecount v0.6.7
[INFO] [stderr]   Downloaded wasmer-engine-dylib v2.3.0
[INFO] [stderr]   Downloaded enumset v1.1.3
[INFO] [stderr]   Downloaded wasmer-types v2.3.0
[INFO] [stderr]   Downloaded cranelift-codegen-meta v0.82.3
[INFO] [stderr]   Downloaded cranelift-codegen v0.82.3
[INFO] [stderr]   Downloaded cosmic-hyperlane v0.3.6
[INFO] [stderr]   Downloaded cosmic-macros v0.3.6
[INFO] [stderr]   Downloaded mechtron-host v0.3.6
[INFO] [stderr]   Downloaded cosmic-space v0.3.6
[INFO] [stderr]   Downloaded regalloc v0.0.34
[INFO] [stderr]   Downloaded nix v0.27.1
[INFO] [stderr]   Downloaded wasmer-compiler-singlepass v2.3.0
[INFO] [stderr]   Downloaded wast v69.0.1
[INFO] [stderr]   Downloaded wasmparser v0.83.0
[INFO] [stderr]   Downloaded dynasm v1.2.3
[INFO] [stderr]   Downloaded cosmic-macros-primitive v0.3.6
[INFO] [stderr]   Downloaded strum_macros v0.21.1
[INFO] [stderr]   Downloaded loom v0.5.6
[INFO] [stderr]   Downloaded wasmer-compiler-cranelift v2.3.0
[INFO] [stderr]   Downloaded wasmer-vm v2.3.0
[INFO] [stderr]   Downloaded cranelift-entity v0.82.3
[INFO] [stderr]   Downloaded cranelift-bforest v0.82.3
[INFO] [stderr]   Downloaded nom_locate v4.2.0
[INFO] [stderr]   Downloaded wasmer-artifact v2.3.0
[INFO] [stderr]   Downloaded oneshot v0.1.6
[INFO] [stderr]   Downloaded nom-supreme v0.6.0
[INFO] [stderr]   Downloaded wasmer-engine-universal-artifact v2.3.0
[INFO] [stderr]   Downloaded wasmer-engine-universal v2.3.0
[INFO] [stderr]   Downloaded cranelift-frontend v0.82.3
[INFO] [stderr]   Downloaded rmp-serde v0.14.4
[INFO] [stderr]   Downloaded ctrlc v3.4.2
[INFO] [stderr]   Downloaded ariadne v0.1.5
[INFO] [stderr]   Downloaded joinery v2.1.0
[INFO] [stderr]   Downloaded chunked_transfer v1.5.0
[INFO] [stderr]   Downloaded weak-table v0.2.4
[INFO] [stderr]   Downloaded wat v1.0.82
[INFO] [stderr]   Downloaded wasmer-object v2.3.0
[INFO] [stderr]   Downloaded cdchunking v1.0.1
[INFO] [stderr]   Downloaded strum v0.21.0
[INFO] [stderr]   Downloaded convert_case v0.5.0
[INFO] [stderr]   Downloaded cosmic-nom v0.3.6
[INFO] [stderr]   Downloaded enum-ordinalize v3.1.15
[INFO] [stderr]   Downloaded cranelift-codegen-shared v0.82.3
[INFO] [stderr]   Downloaded validator v0.15.0
[INFO] [stderr]   Downloaded acid-store v0.12.1
[INFO] running `Command { std: "docker" "create" "-v" "/var/lib/crater-agent-workspace/builds/worker-1-tc1/target:/opt/rustwide/target:rw,Z" "-v" "/var/lib/crater-agent-workspace/builds/worker-1-tc1/source:/opt/rustwide/workdir:ro,Z" "-v" "/var/lib/crater-agent-workspace/cargo-home:/opt/rustwide/cargo-home:ro,Z" "-v" "/var/lib/crater-agent-workspace/rustup-home:/opt/rustwide/rustup-home:ro,Z" "-e" "SOURCE_DIR=/opt/rustwide/workdir" "-e" "CARGO_TARGET_DIR=/opt/rustwide/target" "-e" "CARGO_HOME=/opt/rustwide/cargo-home" "-e" "RUSTUP_HOME=/opt/rustwide/rustup-home" "-w" "/opt/rustwide/workdir" "-m" "1610612736" "--user" "0:0" "--network" "none" "ghcr.io/rust-lang/crates-build-env/linux@sha256:2788e3201cd34a07e3172128adcd8b3090168a8e3bcc40d7c032b9dda1df7d1c" "/opt/rustwide/cargo-home/bin/cargo" "+1.75.0" "metadata" "--no-deps" "--format-version=1", kill_on_drop: false }`
[INFO] [stdout] 13b2de615cd29b51eb115e89f8807e53f92538fc9b230a2b61af39afc9869711
[INFO] running `Command { std: "docker" "start" "-a" "13b2de615cd29b51eb115e89f8807e53f92538fc9b230a2b61af39afc9869711", kill_on_drop: false }`
[INFO] running `Command { std: "docker" "inspect" "13b2de615cd29b51eb115e89f8807e53f92538fc9b230a2b61af39afc9869711", kill_on_drop: false }`
[INFO] running `Command { std: "docker" "rm" "-f" "13b2de615cd29b51eb115e89f8807e53f92538fc9b230a2b61af39afc9869711", kill_on_drop: false }`
[INFO] [stdout] 13b2de615cd29b51eb115e89f8807e53f92538fc9b230a2b61af39afc9869711
[INFO] running `Command { std: "docker" "create" "-v" "/var/lib/crater-agent-workspace/builds/worker-1-tc1/target:/opt/rustwide/target:rw,Z" "-v" "/var/lib/crater-agent-workspace/builds/worker-1-tc1/source:/opt/rustwide/workdir:ro,Z" "-v" "/var/lib/crater-agent-workspace/cargo-home:/opt/rustwide/cargo-home:ro,Z" "-v" "/var/lib/crater-agent-workspace/rustup-home:/opt/rustwide/rustup-home:ro,Z" "-e" "SOURCE_DIR=/opt/rustwide/workdir" "-e" "CARGO_TARGET_DIR=/opt/rustwide/target" "-e" "CARGO_INCREMENTAL=0" "-e" "RUST_BACKTRACE=full" "-e" "RUSTFLAGS=--cap-lints=warn" "-e" "RUSTDOCFLAGS=--cap-lints=warn" "-e" "CARGO_HOME=/opt/rustwide/cargo-home" "-e" "RUSTUP_HOME=/opt/rustwide/rustup-home" "-w" "/opt/rustwide/workdir" "-m" "1610612736" "--user" "0:0" "--network" "none" "ghcr.io/rust-lang/crates-build-env/linux@sha256:2788e3201cd34a07e3172128adcd8b3090168a8e3bcc40d7c032b9dda1df7d1c" "/opt/rustwide/cargo-home/bin/cargo" "+1.75.0" "doc" "--frozen" "--no-deps" "--document-private-items" "--message-format=json", kill_on_drop: false }`
[INFO] [stdout] 5327b541a0ef7fee95e6c266e414646db889a1f2c6f97127c92aa347be860bc6
[INFO] running `Command { std: "docker" "start" "-a" "5327b541a0ef7fee95e6c266e414646db889a1f2c6f97127c92aa347be860bc6", kill_on_drop: false }`
[INFO] [stderr]    Compiling proc-macro2 v1.0.76
[INFO] [stderr]    Compiling serde v1.0.195
[INFO] [stderr]    Compiling syn v1.0.109
[INFO] [stderr]     Checking memchr v2.7.1
[INFO] [stderr]     Checking smallvec v1.11.2
[INFO] [stderr]    Compiling ident_case v1.0.1
[INFO] [stderr]    Compiling fnv v1.0.7
[INFO] [stderr]     Checking miniz_oxide v0.7.1
[INFO] [stderr]    Compiling num-traits v0.2.17
[INFO] [stderr]    Compiling target-lexicon v0.12.13
[INFO] [stderr]    Compiling libc v0.2.151
[INFO] [stderr]    Compiling thiserror v1.0.56
[INFO] [stderr]     Checking getrandom v0.2.11
[INFO] [stderr]    Compiling rkyv v0.7.43
[INFO] [stderr]    Compiling generic-array v0.14.7
[INFO] [stderr]     Checking seahash v4.1.0
[INFO] [stderr]     Checking scopeguard v1.2.0
[INFO] [stderr]     Checking more-asserts v0.2.2
[INFO] [stderr]     Checking wasmparser v0.83.0
[INFO] [stderr]    Compiling num-integer v0.1.45
[INFO] [stderr]     Checking subtle v2.5.0
[INFO] [stderr]    Compiling num-bigint v0.4.4
[INFO] [stderr]     Checking ahash v0.7.7
[INFO] [stderr]    Compiling corosensei v0.1.4
[INFO] [stderr]    Compiling cranelift-codegen-shared v0.82.3
[INFO] [stderr]    Compiling tinyvec_macros v0.1.1
[INFO] [stderr]    Compiling cranelift-codegen-meta v0.82.3
[INFO] [stderr]     Checking hashbrown v0.12.3
[INFO] [stderr]    Compiling semver v1.0.21
[INFO] [stderr]    Compiling tinyvec v1.6.0
[INFO] [stderr]     Checking memmap2 v0.5.10
[INFO] [stderr]     Checking leb128 v0.2.5
[INFO] [stderr]    Compiling rustix v0.38.28
[INFO] [stderr]    Compiling quote v1.0.35
[INFO] [stderr]     Checking region v3.0.0
[INFO] [stderr]     Checking object v0.32.2
[INFO] [stderr]     Checking aho-corasick v1.1.2
[INFO] [stderr]    Compiling syn v2.0.48
[INFO] [stderr]     Checking crypto-common v0.1.6
[INFO] [stderr]     Checking block-buffer v0.10.4
[INFO] [stderr]     Checking nom v7.1.3
[INFO] [stderr]     Checking parking_lot_core v0.9.9
[INFO] [stderr]     Checking lock_api v0.4.11
[INFO] [stderr]     Checking digest v0.10.7
[INFO] [stderr]    Compiling proc-macro-error-attr v1.0.4
[INFO] [stderr]    Compiling percent-encoding v2.3.1
[INFO] [stderr]     Checking rustc-hash v1.1.0
[INFO] [stderr]     Checking cranelift-entity v0.82.3
[INFO] [stderr]    Compiling unicode-bidi v0.3.14
[INFO] [stderr]    Compiling minimal-lexical v0.2.1
[INFO] [stderr]     Checking cranelift-bforest v0.82.3
[INFO] [stderr]    Compiling unicode-normalization v0.1.22
[INFO] [stderr]     Checking regalloc v0.0.34
[INFO] [stderr]    Compiling form_urlencoded v1.2.1
[INFO] [stderr]    Compiling jobserver v0.1.27
[INFO] [stderr]     Checking regex-automata v0.4.3
[INFO] [stderr]    Compiling cc v1.0.83
[INFO] [stderr]     Checking hashbrown v0.11.2
[INFO] [stderr]     Checking brownstone v1.1.0
[INFO] [stderr]     Checking tracing-core v0.1.32
[INFO] [stderr]     Checking bytecount v0.6.7
[INFO] [stderr]     Checking indent_write v2.2.0
[INFO] [stderr]     Checking joinery v2.1.0
[INFO] [stderr]     Checking futures-core v0.3.30
[INFO] [stderr]     Checking futures-sink v0.3.30
[INFO] [stderr]    Compiling idna v0.5.0
[INFO] [stderr]     Checking futures-channel v0.3.30
[INFO] [stderr]     Checking parking_lot v0.12.1
[INFO] [stderr]     Checking nom-supreme v0.6.0
[INFO] [stderr]     Checking nom_locate v4.2.0
[INFO] [stderr]     Checking wasm-encoder v0.38.1
[INFO] [stderr]     Checking fastrand v2.0.1
[INFO] [stderr]    Compiling wasmer-compiler-cranelift v2.3.0
[INFO] [stderr]     Checking unicode-width v0.1.11
[INFO] [stderr]     Checking futures-io v0.3.30
[INFO] [stderr]     Checking futures-task v0.3.30
[INFO] [stderr]    Compiling matches v0.1.10
[INFO] [stderr]    Compiling byteorder v1.5.0
[INFO] [stderr]     Checking hashbrown v0.14.3
[INFO] [stderr]     Checking home v0.5.9
[INFO] [stderr]    Compiling zstd-safe v5.0.2+zstd.1.5.2
[INFO] [stderr]     Checking ariadne v0.1.5
[INFO] [stderr]     Checking which v4.4.2
[INFO] [stderr]    Compiling idna v0.2.3
[INFO] [stderr]     Checking tempfile v3.9.0
[INFO] [stderr]     Checking wast v69.0.1
[INFO] [stderr]    Compiling backtrace v0.3.69
[INFO] [stderr]    Compiling zstd-sys v2.0.9+zstd.1.5.5
[INFO] [stderr]    Compiling bzip2-sys v0.1.11+1.0.8
[INFO] [stderr]    Compiling blake3 v1.5.0
[INFO] [stderr]    Compiling cranelift-codegen v0.82.3
[INFO] [stderr]     Checking dashmap v5.5.3
[INFO] [stderr]    Compiling mio v0.8.10
[INFO] [stderr]    Compiling signal-hook-registry v1.4.1
[INFO] [stderr]     Checking regex v1.10.2
[INFO] [stderr]    Compiling socket2 v0.5.5
[INFO] [stderr]    Compiling num_cpus v1.16.0
[INFO] [stderr]     Checking inout v0.1.3
[INFO] [stderr]    Compiling proc-macro-error v1.0.4
[INFO] [stderr]     Checking rand_core v0.6.4
[INFO] [stderr]     Checking base64ct v1.6.0
[INFO] [stderr]    Compiling pin-project-lite v0.2.13
[INFO] [stderr]     Checking powerfmt v0.2.0
[INFO] [stderr]     Checking convert_case v0.5.0
[INFO] [stderr]    Compiling bytes v1.5.0
[INFO] [stderr]     Checking strum v0.24.1
[INFO] [stderr]     Checking cipher v0.4.4
[INFO] [stderr]     Checking deranged v0.3.11
[INFO] [stderr]     Checking rmp v0.8.12
[INFO] [stderr]     Checking password-hash v0.4.2
[INFO] [stderr]     Checking sha2 v0.10.8
[INFO] [stderr]     Checking hmac v0.12.1
[INFO] [stderr]     Checking time-core v0.1.2
[INFO] [stderr]     Checking zeroize v1.7.0
[INFO] [stderr]    Compiling iana-time-zone v0.1.59
[INFO] [stderr]     Checking aes v0.8.3
[INFO] [stderr]     Checking sha1 v0.10.6
[INFO] [stderr]     Checking threadpool v1.8.1
[INFO] [stderr]     Checking secrecy v0.8.0
[INFO] [stderr]     Checking pbkdf2 v0.11.0
[INFO] [stderr]     Checking flate2 v1.0.28
[INFO] [stderr]     Checking nix v0.27.1
[INFO] [stderr]     Checking rand v0.4.6
[INFO] [stderr]     Checking ascii v1.1.0
[INFO] [stderr]     Checking cdchunking v1.0.1
[INFO] [stderr]     Checking constant_time_eq v0.1.5
[INFO] [stderr]     Checking weak-table v0.2.4
[INFO] [stderr]    Compiling darling_core v0.20.3
[INFO] [stderr]     Checking oneshot v0.1.6
[INFO] [stderr]    Compiling strum v0.21.0
[INFO] [stderr]     Checking chunked_transfer v1.5.0
[INFO] [stderr]     Checking Inflector v0.11.4
[INFO] [stderr]     Checking tiny_http v0.12.0
[INFO] [stderr]     Checking time v0.3.31
[INFO] [stderr]     Checking tempdir v0.3.7
[INFO] [stderr]     Checking ctrlc v3.4.2
[INFO] [stderr]     Checking bzip2 v0.4.4
[INFO] [stderr]    Compiling serde_derive v1.0.195
[INFO] [stderr]    Compiling ptr_meta_derive v0.1.4
[INFO] [stderr]    Compiling thiserror-impl v1.0.56
[INFO] [stderr]    Compiling enum-iterator-derive v0.7.0
[INFO] [stderr]    Compiling loupe-derive v0.1.3
[INFO] [stderr]    Compiling rkyv_derive v0.7.43
[INFO] [stderr]    Compiling tokio-macros v2.2.0
[INFO] [stderr]    Compiling cosmic-macros-primitive v0.3.6
[INFO] [stderr]    Compiling strum_macros v0.24.3
[INFO] [stderr]    Compiling tracing-attributes v0.1.27
[INFO] [stderr]    Compiling async-trait v0.1.77
[INFO] [stderr]     Checking ptr_meta v0.1.4
[INFO] [stderr]    Compiling enum-ordinalize v3.1.15
[INFO] [stderr]     Checking enum-iterator v0.7.0
[INFO] [stderr]    Compiling futures-macro v0.3.30
[INFO] [stderr]    Compiling dynasm v1.2.3
[INFO] [stderr]    Compiling wasmer-derive v2.3.0
[INFO] [stderr]    Compiling darling_macro v0.20.3
[INFO] [stderr]     Checking tokio v1.35.1
[INFO] [stderr]    Compiling strum_macros v0.21.1
[INFO] [stderr]     Checking wat v1.0.82
[INFO] [stderr]    Compiling async-recursion v1.0.5
[INFO] [stderr]    Compiling darling v0.20.3
[INFO] [stderr]    Compiling enumset_derive v0.8.1
[INFO] [stderr]     Checking futures-util v0.3.30
[INFO] [stderr]     Checking tracing v0.1.40
[INFO] [stderr]     Checking enumset v1.1.3
[INFO] [stderr]     Checking zstd v0.11.2+zstd.1.5.2
[INFO] [stderr]     Checking zip v0.6.6
[INFO] [stderr]     Checking futures-executor v0.3.30
[INFO] [stderr]     Checking futures v0.3.30
[INFO] [stderr]     Checking indexmap v1.9.3
[INFO] [stderr]     Checking serde_bytes v0.11.14
[INFO] [stderr]     Checking serde_json v1.0.111
[INFO] [stderr]     Checking url v2.5.0
[INFO] [stderr]     Checking serde_urlencoded v0.7.1
[INFO] [stderr]     Checking cosmic-nom v0.3.6
[INFO] [stderr]     Checking uuid v1.6.1
[INFO] [stderr]     Checking bincode v1.3.3
[INFO] [stderr]     Checking chrono v0.4.31
[INFO] [stderr]     Checking rmp-serde v0.14.4
[INFO] [stderr]     Checking loupe v0.1.3
[INFO] [stderr]     Checking gimli v0.26.2
[INFO] [stderr]     Checking object v0.28.4
[INFO] [stderr]     Checking wasmer-types v2.3.0
[INFO] [stderr]     Checking acid-store v0.12.1
[INFO] [stderr]     Checking validator v0.15.0
[INFO] [stderr]     Checking cosmic-space v0.3.6
[INFO] [stderr]     Checking dynasmrt v1.2.3
[INFO] [stdout] error[E0432]: unresolved import `regex::internal`
[INFO] [stdout]   --> /opt/rustwide/cargo-home/registry/src/index.crates.io-6f17d22bba15001f/cosmic-space-0.3.6/src/parse.rs:41:12
[INFO] [stdout]    |
[INFO] [stdout] 41 | use regex::internal::Input;
[INFO] [stdout]    |            ^^^^^^^^ could not find `internal` in `regex`
[INFO] [stdout] 
[INFO] [stdout] 
[INFO] [stdout] error[E0432]: unresolved import `regex::internal`
[INFO] [stdout]     --> /opt/rustwide/cargo-home/registry/src/index.crates.io-6f17d22bba15001f/cosmic-space-0.3.6/src/parse.rs:4838:16
[INFO] [stdout]      |
[INFO] [stdout] 4838 |     use regex::internal::Input;
[INFO] [stdout]      |                ^^^^^^^^ could not find `internal` in `regex`
[INFO] [stdout] 
[INFO] [stdout] 
[INFO] [stdout] error[E0432]: unresolved import `regex::internal`
[INFO] [stdout]   --> /opt/rustwide/cargo-home/registry/src/index.crates.io-6f17d22bba15001f/cosmic-space-0.3.6/src/parse.rs:41:12
[INFO] [stdout]    |
[INFO] [stdout] 41 | use regex::internal::Input;
[INFO] [stdout]    |            ^^^^^^^^ could not find `internal` in `regex`
[INFO] [stdout] 
[INFO] [stdout] 
[INFO] [stdout] error[E0432]: unresolved import `regex::internal`
[INFO] [stdout]     --> /opt/rustwide/cargo-home/registry/src/index.crates.io-6f17d22bba15001f/cosmic-space-0.3.6/src/parse.rs:4838:16
[INFO] [stdout]      |
[INFO] [stdout] 4838 |     use regex::internal::Input;
[INFO] [stdout]      |                ^^^^^^^^ could not find `internal` in `regex`
[INFO] [stdout] 
[INFO] [stdout] 
[INFO] [stderr]     Checking wasmer-compiler v2.3.0
[INFO] [stderr]     Checking wasmer-artifact v2.3.0
[INFO] [stderr]     Checking wasmer-object v2.3.0
[INFO] [stderr]     Checking wasmer-compiler-singlepass v2.3.0
[INFO] [stderr]     Checking wasmer-vm v2.3.0
[INFO] [stderr]     Checking wasmer-engine-universal-artifact v2.3.0
[INFO] [stderr]     Checking wasmer-engine v2.3.0
[INFO] [stderr]     Checking wasmer-engine-universal v2.3.0
[INFO] [stderr]     Checking wasmer-engine-dylib v2.3.0
[INFO] [stdout] error[E0599]: no variant or associated item named `__Nonexhaustive` found for enum `regex::Error` in the current scope
[INFO] [stdout]     --> /opt/rustwide/cargo-home/registry/src/index.crates.io-6f17d22bba15001f/cosmic-space-0.3.6/src/parse.rs:4970:56
[INFO] [stdout]      |
[INFO] [stdout] 4970 | ...                   Error::__Nonexhaustive => {
[INFO] [stdout]      |                              ^^^^^^^^^^^^^^^ variant or associated item not found in `Error`
[INFO] [stdout] 
[INFO] [stdout] 
[INFO] [stdout] error[E0599]: no variant or associated item named `__Nonexhaustive` found for enum `regex::Error` in the current scope
[INFO] [stdout]     --> /opt/rustwide/cargo-home/registry/src/index.crates.io-6f17d22bba15001f/cosmic-space-0.3.6/src/parse.rs:4970:56
[INFO] [stdout]      |
[INFO] [stdout] 4970 | ...                   Error::__Nonexhaustive => {
[INFO] [stdout]      |                              ^^^^^^^^^^^^^^^ variant or associated item not found in `Error`
[INFO] [stdout] 
[INFO] [stdout] 
[INFO] [stdout] error: aborting due to 3 previous errors
[INFO] [stdout] 
[INFO] [stdout] 
[INFO] [stdout] Some errors have detailed explanations: E0432, E0599.
[INFO] [stdout] 
[INFO] [stdout] For more information about an error, try `rustc --explain E0432`.
[INFO] [stdout] 
[INFO] [stderr] error: could not compile `cosmic-space` (lib) due to 4 previous errors
[INFO] [stderr] warning: build failed, waiting for other jobs to finish...
[INFO] [stdout] error: aborting due to 3 previous errors
[INFO] [stdout] 
[INFO] [stdout] 
[INFO] [stdout] Some errors have detailed explanations: E0432, E0599.
[INFO] [stdout] 
[INFO] [stdout] For more information about an error, try `rustc --explain E0432`.
[INFO] [stdout] 
[INFO] [stderr] error: could not compile `cosmic-space` (lib) due to 4 previous errors
[INFO] running `Command { std: "docker" "inspect" "5327b541a0ef7fee95e6c266e414646db889a1f2c6f97127c92aa347be860bc6", kill_on_drop: false }`
[INFO] running `Command { std: "docker" "rm" "-f" "5327b541a0ef7fee95e6c266e414646db889a1f2c6f97127c92aa347be860bc6", kill_on_drop: false }`
[INFO] [stdout] 5327b541a0ef7fee95e6c266e414646db889a1f2c6f97127c92aa347be860bc6
