[INFO] fetching crate contained-music 0.1.4...
[INFO] documenting contained-music-0.1.4 against 1.75.0 for beta-1.76-rustdoc-1
[INFO] extracting crate contained-music 0.1.4 into /workspace/builds/worker-2-tc1/source
[INFO] validating manifest of crates.io crate contained-music 0.1.4 on toolchain 1.75.0
[INFO] running `Command { std: CARGO_HOME="/workspace/cargo-home" RUSTUP_HOME="/workspace/rustup-home" "/workspace/cargo-home/bin/cargo" "+1.75.0" "metadata" "--manifest-path" "Cargo.toml" "--no-deps", kill_on_drop: false }`
[INFO] started tweaking crates.io crate contained-music 0.1.4
[INFO] finished tweaking crates.io crate contained-music 0.1.4
[INFO] tweaked toml for crates.io crate contained-music 0.1.4 written to /workspace/builds/worker-2-tc1/source/Cargo.toml
[INFO] running `Command { std: CARGO_HOME="/workspace/cargo-home" RUSTUP_HOME="/workspace/rustup-home" "/workspace/cargo-home/bin/cargo" "+1.75.0" "generate-lockfile" "--manifest-path" "Cargo.toml", kill_on_drop: false }`
[INFO] [stderr]     Updating crates.io index
[INFO] running `Command { std: CARGO_HOME="/workspace/cargo-home" RUSTUP_HOME="/workspace/rustup-home" "/workspace/cargo-home/bin/cargo" "+1.75.0" "fetch" "--manifest-path" "Cargo.toml", kill_on_drop: false }`
[INFO] [stderr]  Downloading crates ...
[INFO] [stderr]   Downloaded smart-default v0.6.0
[INFO] [stderr]   Downloaded decanter-crypto v0.1.5
[INFO] [stderr]   Downloaded atoi v2.0.0
[INFO] [stderr]   Downloaded decanter v0.1.5
[INFO] [stderr]   Downloaded decanter-derive v0.1.6
[INFO] [stderr]   Downloaded algae-graph v0.1.19
[INFO] [stderr]   Downloaded contained-core v0.1.4
[INFO] [stderr]   Downloaded algae v0.1.19
[INFO] running `Command { std: "docker" "create" "-v" "/var/lib/crater-agent-workspace/builds/worker-2-tc1/target:/opt/rustwide/target:rw,Z" "-v" "/var/lib/crater-agent-workspace/builds/worker-2-tc1/source:/opt/rustwide/workdir:ro,Z" "-v" "/var/lib/crater-agent-workspace/cargo-home:/opt/rustwide/cargo-home:ro,Z" "-v" "/var/lib/crater-agent-workspace/rustup-home:/opt/rustwide/rustup-home:ro,Z" "-e" "SOURCE_DIR=/opt/rustwide/workdir" "-e" "CARGO_TARGET_DIR=/opt/rustwide/target" "-e" "CARGO_HOME=/opt/rustwide/cargo-home" "-e" "RUSTUP_HOME=/opt/rustwide/rustup-home" "-w" "/opt/rustwide/workdir" "-m" "1610612736" "--user" "0:0" "--network" "none" "ghcr.io/rust-lang/crates-build-env/linux@sha256:2788e3201cd34a07e3172128adcd8b3090168a8e3bcc40d7c032b9dda1df7d1c" "/opt/rustwide/cargo-home/bin/cargo" "+1.75.0" "metadata" "--no-deps" "--format-version=1", kill_on_drop: false }`
[INFO] [stdout] 5b54c6e78bbef67867bbaf5128a6d90b9a1294208dce33e593b984f7fd630970
[INFO] running `Command { std: "docker" "start" "-a" "5b54c6e78bbef67867bbaf5128a6d90b9a1294208dce33e593b984f7fd630970", kill_on_drop: false }`
[INFO] running `Command { std: "docker" "inspect" "5b54c6e78bbef67867bbaf5128a6d90b9a1294208dce33e593b984f7fd630970", kill_on_drop: false }`
[INFO] running `Command { std: "docker" "rm" "-f" "5b54c6e78bbef67867bbaf5128a6d90b9a1294208dce33e593b984f7fd630970", kill_on_drop: false }`
[INFO] [stdout] 5b54c6e78bbef67867bbaf5128a6d90b9a1294208dce33e593b984f7fd630970
[INFO] running `Command { std: "docker" "create" "-v" "/var/lib/crater-agent-workspace/builds/worker-2-tc1/target:/opt/rustwide/target:rw,Z" "-v" "/var/lib/crater-agent-workspace/builds/worker-2-tc1/source:/opt/rustwide/workdir:ro,Z" "-v" "/var/lib/crater-agent-workspace/cargo-home:/opt/rustwide/cargo-home:ro,Z" "-v" "/var/lib/crater-agent-workspace/rustup-home:/opt/rustwide/rustup-home:ro,Z" "-e" "SOURCE_DIR=/opt/rustwide/workdir" "-e" "CARGO_TARGET_DIR=/opt/rustwide/target" "-e" "CARGO_INCREMENTAL=0" "-e" "RUST_BACKTRACE=full" "-e" "RUSTFLAGS=--cap-lints=warn" "-e" "RUSTDOCFLAGS=--cap-lints=warn" "-e" "CARGO_HOME=/opt/rustwide/cargo-home" "-e" "RUSTUP_HOME=/opt/rustwide/rustup-home" "-w" "/opt/rustwide/workdir" "-m" "1610612736" "--user" "0:0" "--network" "none" "ghcr.io/rust-lang/crates-build-env/linux@sha256:2788e3201cd34a07e3172128adcd8b3090168a8e3bcc40d7c032b9dda1df7d1c" "/opt/rustwide/cargo-home/bin/cargo" "+1.75.0" "doc" "--frozen" "--no-deps" "--document-private-items" "--message-format=json", kill_on_drop: false }`
[INFO] [stdout] 7e635cc966251c34091bcd5c32eb5e98091ea69588a1bca91920a3b292668018
[INFO] running `Command { std: "docker" "start" "-a" "7e635cc966251c34091bcd5c32eb5e98091ea69588a1bca91920a3b292668018", kill_on_drop: false }`
[INFO] [stderr]    Compiling syn v1.0.109
[INFO] [stderr]    Compiling num-traits v0.2.17
[INFO] [stderr]     Checking getrandom v0.2.11
[INFO] [stderr]    Compiling ring v0.16.20
[INFO] [stderr]    Compiling blake3 v1.5.0
[INFO] [stderr]    Compiling generic-array v0.14.7
[INFO] [stderr]    Compiling serde v1.0.195
[INFO] [stderr]     Checking rand_core v0.6.4
[INFO] [stderr]     Checking either v1.9.0
[INFO] [stderr]     Checking rand_chacha v0.3.1
[INFO] [stderr]     Checking arrayvec v0.7.4
[INFO] [stderr]     Checking constant_time_eq v0.3.0
[INFO] [stderr]     Checking arrayref v0.3.7
[INFO] [stderr]     Checking rand v0.8.5
[INFO] [stderr]     Checking futures-util v0.3.30
[INFO] [stderr]     Checking parking_lot_core v0.9.9
[INFO] [stderr]     Checking itertools v0.10.5
[INFO] [stderr]     Checking hashbrown v0.14.3
[INFO] [stderr]     Checking float-cmp v0.9.0
[INFO] [stderr]     Checking parking_lot v0.12.1
[INFO] [stderr]     Checking itertools v0.11.0
[INFO] [stderr]     Checking indexmap v2.1.0
[INFO] [stderr]     Checking signal-hook-registry v1.4.1
[INFO] [stderr]     Checking socket2 v0.5.5
[INFO] [stderr]     Checking mio v0.8.10
[INFO] [stderr]     Checking bytes v1.5.0
[INFO] [stderr]     Checking serde_json v1.0.111
[INFO] [stderr]     Checking predicates-core v1.0.6
[INFO] [stderr]     Checking iana-time-zone v0.1.59
[INFO] [stderr]     Checking fixedbitset v0.4.2
[INFO] [stderr]     Checking difflib v0.4.0
[INFO] [stderr]     Checking tokio v1.35.1
[INFO] [stderr]     Checking predicates v3.0.4
[INFO] [stderr]     Checking petgraph v0.6.4
[INFO] [stderr]     Checking chrono v0.4.31
[INFO] [stderr]     Checking atoi v2.0.0
[INFO] [stderr]     Checking futures-executor v0.3.30
[INFO] [stderr]    Compiling tracing-attributes v0.1.27
[INFO] [stderr]     Checking futures v0.3.30
[INFO] [stderr]    Compiling decanter-derive v0.1.6
[INFO] [stderr]    Compiling strum_macros v0.24.3
[INFO] [stderr]    Compiling smart-default v0.6.0
[INFO] [stderr]     Checking tracing v0.1.40
[INFO] [stderr]     Checking strum v0.24.1
[INFO] [stderr]     Checking decanter-crypto v0.1.5
[INFO] [stderr]     Checking decanter v0.1.5
[INFO] [stderr]     Checking algae-graph v0.1.19
[INFO] [stderr]     Checking algae v0.1.19
[INFO] [stderr]     Checking contained-core v0.1.4
[INFO] [stdout] error[E0425]: cannot find function `hash_serialize` in module `decanter::hash`
[INFO] [stdout]   --> /opt/rustwide/cargo-home/registry/src/index.crates.io-6f17d22bba15001f/contained-core-0.1.4/src/epoch.rs:18:48
[INFO] [stdout]    |
[INFO] [stdout] 18 |     Clone, Copy, Debug, Deserialize, Eq, Hash, Hashable, Ord, PartialEq, PartialOrd, Serialize,
[INFO] [stdout]    |                                                ^^^^^^^^ not found in `decanter::hash`
[INFO] [stdout]    |
[INFO] [stdout]    = note: this error originates in the derive macro `Hashable` (in Nightly builds, run with -Z macro-backtrace for more info)
[INFO] [stdout] 
[INFO] [stdout] 
[INFO] [stdout] error[E0425]: cannot find function `hash_serialize` in module `decanter::hash`
[INFO] [stdout]   --> /opt/rustwide/cargo-home/registry/src/index.crates.io-6f17d22bba15001f/contained-core-0.1.4/src/states/state.rs:21:5
[INFO] [stdout]    |
[INFO] [stdout] 21 |     Hashable,
[INFO] [stdout]    |     ^^^^^^^^ not found in `decanter::hash`
[INFO] [stdout]    |
[INFO] [stdout]    = note: this error originates in the derive macro `Hashable` (in Nightly builds, run with -Z macro-backtrace for more info)
[INFO] [stdout] 
[INFO] [stdout] 
[INFO] [stdout] error: aborting due to 2 previous errors
[INFO] [stdout] 
[INFO] [stdout] 
[INFO] [stdout] For more information about this error, try `rustc --explain E0425`.
[INFO] [stdout] 
[INFO] [stderr] error: could not compile `contained-core` (lib) due to 3 previous errors
[INFO] running `Command { std: "docker" "inspect" "7e635cc966251c34091bcd5c32eb5e98091ea69588a1bca91920a3b292668018", kill_on_drop: false }`
[INFO] running `Command { std: "docker" "rm" "-f" "7e635cc966251c34091bcd5c32eb5e98091ea69588a1bca91920a3b292668018", kill_on_drop: false }`
[INFO] [stdout] 7e635cc966251c34091bcd5c32eb5e98091ea69588a1bca91920a3b292668018
[INFO] documenting contained-music-0.1.4 against beta-2023-12-22 for beta-1.76-rustdoc-1
[INFO] extracting crate contained-music 0.1.4 into /workspace/builds/worker-2-tc2/source
[INFO] validating manifest of crates.io crate contained-music 0.1.4 on toolchain beta-2023-12-22
[INFO] running `Command { std: CARGO_HOME="/workspace/cargo-home" RUSTUP_HOME="/workspace/rustup-home" "/workspace/cargo-home/bin/cargo" "+beta-2023-12-22" "metadata" "--manifest-path" "Cargo.toml" "--no-deps", kill_on_drop: false }`
[INFO] started tweaking crates.io crate contained-music 0.1.4
[INFO] finished tweaking crates.io crate contained-music 0.1.4
[INFO] tweaked toml for crates.io crate contained-music 0.1.4 written to /workspace/builds/worker-2-tc2/source/Cargo.toml
[INFO] running `Command { std: CARGO_HOME="/workspace/cargo-home" RUSTUP_HOME="/workspace/rustup-home" "/workspace/cargo-home/bin/cargo" "+beta-2023-12-22" "generate-lockfile" "--manifest-path" "Cargo.toml", kill_on_drop: false }`
[INFO] [stderr]     Updating crates.io index
[INFO] running `Command { std: CARGO_HOME="/workspace/cargo-home" RUSTUP_HOME="/workspace/rustup-home" "/workspace/cargo-home/bin/cargo" "+beta-2023-12-22" "fetch" "--manifest-path" "Cargo.toml", kill_on_drop: false }`
[INFO] running `Command { std: "docker" "create" "-v" "/var/lib/crater-agent-workspace/builds/worker-2-tc2/target:/opt/rustwide/target:rw,Z" "-v" "/var/lib/crater-agent-workspace/builds/worker-2-tc2/source:/opt/rustwide/workdir:ro,Z" "-v" "/var/lib/crater-agent-workspace/cargo-home:/opt/rustwide/cargo-home:ro,Z" "-v" "/var/lib/crater-agent-workspace/rustup-home:/opt/rustwide/rustup-home:ro,Z" "-e" "SOURCE_DIR=/opt/rustwide/workdir" "-e" "CARGO_TARGET_DIR=/opt/rustwide/target" "-e" "CARGO_HOME=/opt/rustwide/cargo-home" "-e" "RUSTUP_HOME=/opt/rustwide/rustup-home" "-w" "/opt/rustwide/workdir" "-m" "1610612736" "--user" "0:0" "--network" "none" "ghcr.io/rust-lang/crates-build-env/linux@sha256:2788e3201cd34a07e3172128adcd8b3090168a8e3bcc40d7c032b9dda1df7d1c" "/opt/rustwide/cargo-home/bin/cargo" "+beta-2023-12-22" "metadata" "--no-deps" "--format-version=1", kill_on_drop: false }`
[INFO] [stdout] df4e93adcd0cd9efe8778a15aaa5c8c4a8c57c15b036363a18b3db33484324b4
[INFO] running `Command { std: "docker" "start" "-a" "df4e93adcd0cd9efe8778a15aaa5c8c4a8c57c15b036363a18b3db33484324b4", kill_on_drop: false }`
[INFO] running `Command { std: "docker" "inspect" "df4e93adcd0cd9efe8778a15aaa5c8c4a8c57c15b036363a18b3db33484324b4", kill_on_drop: false }`
[INFO] running `Command { std: "docker" "rm" "-f" "df4e93adcd0cd9efe8778a15aaa5c8c4a8c57c15b036363a18b3db33484324b4", kill_on_drop: false }`
[INFO] [stdout] df4e93adcd0cd9efe8778a15aaa5c8c4a8c57c15b036363a18b3db33484324b4
[INFO] running `Command { std: "docker" "create" "-v" "/var/lib/crater-agent-workspace/builds/worker-2-tc2/target:/opt/rustwide/target:rw,Z" "-v" "/var/lib/crater-agent-workspace/builds/worker-2-tc2/source:/opt/rustwide/workdir:ro,Z" "-v" "/var/lib/crater-agent-workspace/cargo-home:/opt/rustwide/cargo-home:ro,Z" "-v" "/var/lib/crater-agent-workspace/rustup-home:/opt/rustwide/rustup-home:ro,Z" "-e" "SOURCE_DIR=/opt/rustwide/workdir" "-e" "CARGO_TARGET_DIR=/opt/rustwide/target" "-e" "CARGO_INCREMENTAL=0" "-e" "RUST_BACKTRACE=full" "-e" "RUSTFLAGS=--cap-lints=warn" "-e" "RUSTDOCFLAGS=--cap-lints=warn" "-e" "CARGO_HOME=/opt/rustwide/cargo-home" "-e" "RUSTUP_HOME=/opt/rustwide/rustup-home" "-w" "/opt/rustwide/workdir" "-m" "1610612736" "--user" "0:0" "--network" "none" "ghcr.io/rust-lang/crates-build-env/linux@sha256:2788e3201cd34a07e3172128adcd8b3090168a8e3bcc40d7c032b9dda1df7d1c" "/opt/rustwide/cargo-home/bin/cargo" "+beta-2023-12-22" "doc" "--frozen" "--no-deps" "--document-private-items" "--message-format=json", kill_on_drop: false }`
[INFO] [stdout] c6636575f8079097e9f6a00d15d976768a319284aa3d92ef86b5d80978617b76
[INFO] running `Command { std: "docker" "start" "-a" "c6636575f8079097e9f6a00d15d976768a319284aa3d92ef86b5d80978617b76", kill_on_drop: false }`
[INFO] [stderr]    Compiling syn v1.0.109
[INFO] [stderr]    Compiling num-traits v0.2.17
[INFO] [stderr]     Checking getrandom v0.2.11
[INFO] [stderr]    Compiling generic-array v0.14.7
[INFO] [stderr]    Compiling ring v0.16.20
[INFO] [stderr]    Compiling blake3 v1.5.0
[INFO] [stderr]     Checking serde v1.0.195
[INFO] [stderr]     Checking rand_core v0.6.4
[INFO] [stderr]     Checking either v1.9.0
[INFO] [stderr]     Checking rand_chacha v0.3.1
[INFO] [stderr]     Checking constant_time_eq v0.3.0
[INFO] [stderr]     Checking arrayvec v0.7.4
[INFO] [stderr]     Checking arrayref v0.3.7
[INFO] [stderr]     Checking rand v0.8.5
[INFO] [stderr]     Checking futures-util v0.3.30
[INFO] [stderr]     Checking parking_lot_core v0.9.9
[INFO] [stderr]     Checking itertools v0.10.5
[INFO] [stderr]     Checking hashbrown v0.14.3
[INFO] [stderr]     Checking float-cmp v0.9.0
[INFO] [stderr]     Checking parking_lot v0.12.1
[INFO] [stderr]     Checking itertools v0.11.0
[INFO] [stderr]     Checking indexmap v2.1.0
[INFO] [stderr]     Checking mio v0.8.10
[INFO] [stderr]     Checking signal-hook-registry v1.4.1
[INFO] [stderr]     Checking serde_json v1.0.111
[INFO] [stderr]     Checking socket2 v0.5.5
[INFO] [stderr]     Checking fixedbitset v0.4.2
[INFO] [stderr]     Checking predicates-core v1.0.6
[INFO] [stderr]     Checking bytes v1.5.0
[INFO] [stderr]     Checking iana-time-zone v0.1.59
[INFO] [stderr]     Checking difflib v0.4.0
[INFO] [stderr]     Checking chrono v0.4.31
[INFO] [stderr]     Checking predicates v3.0.4
[INFO] [stderr]     Checking tokio v1.35.1
[INFO] [stderr]     Checking petgraph v0.6.4
[INFO] [stderr]     Checking atoi v2.0.0
[INFO] [stderr]    Compiling tracing-attributes v0.1.27
[INFO] [stderr]     Checking futures-executor v0.3.30
[INFO] [stderr]     Checking futures v0.3.30
[INFO] [stderr]    Compiling decanter-derive v0.1.6
[INFO] [stderr]    Compiling strum_macros v0.24.3
[INFO] [stderr]    Compiling smart-default v0.6.0
[INFO] [stderr]     Checking tracing v0.1.40
[INFO] [stderr]     Checking strum v0.24.1
[INFO] [stderr]     Checking decanter-crypto v0.1.5
[INFO] [stderr]     Checking decanter v0.1.5
[INFO] [stderr]     Checking algae-graph v0.1.19
[INFO] [stderr]     Checking algae v0.1.19
[INFO] [stderr]     Checking contained-core v0.1.4
[INFO] [stdout] error[E0425]: cannot find function `hash_serialize` in module `decanter::hash`
[INFO] [stdout]   --> /opt/rustwide/cargo-home/registry/src/index.crates.io-6f17d22bba15001f/contained-core-0.1.4/src/epoch.rs:18:48
[INFO] [stdout]    |
[INFO] [stdout] 18 |     Clone, Copy, Debug, Deserialize, Eq, Hash, Hashable, Ord, PartialEq, PartialOrd, Serialize,
[INFO] [stdout]    |                                                ^^^^^^^^ not found in `decanter::hash`
[INFO] [stdout]    |
[INFO] [stdout]    = note: this error originates in the derive macro `Hashable` (in Nightly builds, run with -Z macro-backtrace for more info)
[INFO] [stdout] 
[INFO] [stdout] 
[INFO] [stdout] error[E0425]: cannot find function `hash_serialize` in module `decanter::hash`
[INFO] [stdout]   --> /opt/rustwide/cargo-home/registry/src/index.crates.io-6f17d22bba15001f/contained-core-0.1.4/src/states/state.rs:21:5
[INFO] [stdout]    |
[INFO] [stdout] 21 |     Hashable,
[INFO] [stdout]    |     ^^^^^^^^ not found in `decanter::hash`
[INFO] [stdout]    |
[INFO] [stdout]    = note: this error originates in the derive macro `Hashable` (in Nightly builds, run with -Z macro-backtrace for more info)
[INFO] [stdout] 
[INFO] [stdout] 
[INFO] [stdout] error: aborting due to 2 previous errors
[INFO] [stdout] 
[INFO] [stdout] 
[INFO] [stdout] For more information about this error, try `rustc --explain E0425`.
[INFO] [stdout] 
[INFO] [stderr] error: could not compile `contained-core` (lib) due to 3 previous errors
[INFO] running `Command { std: "docker" "inspect" "c6636575f8079097e9f6a00d15d976768a319284aa3d92ef86b5d80978617b76", kill_on_drop: false }`
[INFO] running `Command { std: "docker" "rm" "-f" "c6636575f8079097e9f6a00d15d976768a319284aa3d92ef86b5d80978617b76", kill_on_drop: false }`
[INFO] [stdout] c6636575f8079097e9f6a00d15d976768a319284aa3d92ef86b5d80978617b76
