[INFO] fetching crate compio-runtime 0.2.0-beta.2...
[INFO] documenting compio-runtime-0.2.0-beta.2 against 1.75.0 for beta-1.76-rustdoc-1
[INFO] extracting crate compio-runtime 0.2.0-beta.2 into /workspace/builds/worker-4-tc1/source
[INFO] validating manifest of crates.io crate compio-runtime 0.2.0-beta.2 on toolchain 1.75.0
[INFO] running `Command { std: CARGO_HOME="/workspace/cargo-home" RUSTUP_HOME="/workspace/rustup-home" "/workspace/cargo-home/bin/cargo" "+1.75.0" "metadata" "--manifest-path" "Cargo.toml" "--no-deps", kill_on_drop: false }`
[INFO] started tweaking crates.io crate compio-runtime 0.2.0-beta.2
[INFO] removed 0 missing tests
[INFO] finished tweaking crates.io crate compio-runtime 0.2.0-beta.2
[INFO] tweaked toml for crates.io crate compio-runtime 0.2.0-beta.2 written to /workspace/builds/worker-4-tc1/source/Cargo.toml
[INFO] running `Command { std: CARGO_HOME="/workspace/cargo-home" RUSTUP_HOME="/workspace/rustup-home" "/workspace/cargo-home/bin/cargo" "+1.75.0" "generate-lockfile" "--manifest-path" "Cargo.toml", kill_on_drop: false }`
[INFO] [stderr]     Blocking waiting for file lock on package cache
[INFO] [stderr]     Updating crates.io index
[INFO] running `Command { std: CARGO_HOME="/workspace/cargo-home" RUSTUP_HOME="/workspace/rustup-home" "/workspace/cargo-home/bin/cargo" "+1.75.0" "fetch" "--manifest-path" "Cargo.toml", kill_on_drop: false }`
[INFO] [stderr]  Downloading crates ...
[INFO] [stderr]   Downloaded polling v3.3.1
[INFO] [stderr]   Downloaded compio-driver v0.2.0-beta.3
[INFO] [stderr]   Downloaded os_pipe v1.1.5
[INFO] running `Command { std: "docker" "create" "-v" "/var/lib/crater-agent-workspace/builds/worker-4-tc1/target:/opt/rustwide/target:rw,Z" "-v" "/var/lib/crater-agent-workspace/builds/worker-4-tc1/source:/opt/rustwide/workdir:ro,Z" "-v" "/var/lib/crater-agent-workspace/cargo-home:/opt/rustwide/cargo-home:ro,Z" "-v" "/var/lib/crater-agent-workspace/rustup-home:/opt/rustwide/rustup-home:ro,Z" "-e" "SOURCE_DIR=/opt/rustwide/workdir" "-e" "CARGO_TARGET_DIR=/opt/rustwide/target" "-e" "CARGO_HOME=/opt/rustwide/cargo-home" "-e" "RUSTUP_HOME=/opt/rustwide/rustup-home" "-w" "/opt/rustwide/workdir" "-m" "1610612736" "--user" "0:0" "--network" "none" "ghcr.io/rust-lang/crates-build-env/linux@sha256:2788e3201cd34a07e3172128adcd8b3090168a8e3bcc40d7c032b9dda1df7d1c" "/opt/rustwide/cargo-home/bin/cargo" "+1.75.0" "metadata" "--no-deps" "--format-version=1", kill_on_drop: false }`
[INFO] [stdout] 1c0cd5bdb15a4adb216fcc6a1ecf4e66c29c49a48012abd44ce367e11d9040ac
[INFO] running `Command { std: "docker" "start" "-a" "1c0cd5bdb15a4adb216fcc6a1ecf4e66c29c49a48012abd44ce367e11d9040ac", kill_on_drop: false }`
[INFO] running `Command { std: "docker" "inspect" "1c0cd5bdb15a4adb216fcc6a1ecf4e66c29c49a48012abd44ce367e11d9040ac", kill_on_drop: false }`
[INFO] running `Command { std: "docker" "rm" "-f" "1c0cd5bdb15a4adb216fcc6a1ecf4e66c29c49a48012abd44ce367e11d9040ac", kill_on_drop: false }`
[INFO] [stdout] 1c0cd5bdb15a4adb216fcc6a1ecf4e66c29c49a48012abd44ce367e11d9040ac
[INFO] running `Command { std: "docker" "create" "-v" "/var/lib/crater-agent-workspace/builds/worker-4-tc1/target:/opt/rustwide/target:rw,Z" "-v" "/var/lib/crater-agent-workspace/builds/worker-4-tc1/source:/opt/rustwide/workdir:ro,Z" "-v" "/var/lib/crater-agent-workspace/cargo-home:/opt/rustwide/cargo-home:ro,Z" "-v" "/var/lib/crater-agent-workspace/rustup-home:/opt/rustwide/rustup-home:ro,Z" "-e" "SOURCE_DIR=/opt/rustwide/workdir" "-e" "CARGO_TARGET_DIR=/opt/rustwide/target" "-e" "CARGO_INCREMENTAL=0" "-e" "RUST_BACKTRACE=full" "-e" "RUSTFLAGS=--cap-lints=warn" "-e" "RUSTDOCFLAGS=--cap-lints=warn" "-e" "CARGO_HOME=/opt/rustwide/cargo-home" "-e" "RUSTUP_HOME=/opt/rustwide/rustup-home" "-w" "/opt/rustwide/workdir" "-m" "1610612736" "--user" "0:0" "--network" "none" "ghcr.io/rust-lang/crates-build-env/linux@sha256:2788e3201cd34a07e3172128adcd8b3090168a8e3bcc40d7c032b9dda1df7d1c" "/opt/rustwide/cargo-home/bin/cargo" "+1.75.0" "doc" "--frozen" "--no-deps" "--document-private-items" "--message-format=json", kill_on_drop: false }`
[INFO] [stdout] 1578895c989092763173738effdef66951f6c08af14094c4d57593a12db47645
[INFO] running `Command { std: "docker" "start" "-a" "1578895c989092763173738effdef66951f6c08af14094c4d57593a12db47645", kill_on_drop: false }`
[INFO] [stderr]    Compiling crossbeam-utils v0.8.18
[INFO] [stderr]     Checking tracing-core v0.1.32
[INFO] [stderr]     Checking futures-task v0.3.30
[INFO] [stderr]     Checking futures-core v0.3.30
[INFO] [stderr]     Checking smallvec v1.11.2
[INFO] [stderr]     Checking async-task v4.7.0
[INFO] [stderr]    Compiling proc-macro2 v1.0.76
[INFO] [stderr]     Checking socket2 v0.5.5
[INFO] [stderr]     Checking compio-buf v0.2.0-beta.1
[INFO] [stderr]     Checking os_pipe v1.1.5
[INFO] [stderr]     Checking tracing v0.1.40
[INFO] [stderr]    Compiling quote v1.0.35
[INFO] [stderr]     Checking compio-log v0.1.0-beta.1
[INFO] [stderr]    Compiling syn v2.0.48
[INFO] [stderr]     Checking crossbeam-queue v0.3.10
[INFO] [stderr]     Checking crossbeam-channel v0.5.10
[INFO] [stderr]     Checking compio-driver v0.2.0-beta.3
[INFO] [stdout] error: You must choose at least one of these features: ["io-uring", "polling"]
[INFO] [stdout]   --> /opt/rustwide/cargo-home/registry/src/index.crates.io-6f17d22bba15001f/compio-driver-0.2.0-beta.3/src/lib.rs:13:1
[INFO] [stdout]    |
[INFO] [stdout] 13 | compile_error!("You must choose at least one of these features: [\"io-uring\", \"polling\"]");
[INFO] [stdout]    | ^^^^^^^^^^^^^^^^^^^^^^^^^^^^^^^^^^^^^^^^^^^^^^^^^^^^^^^^^^^^^^^^^^^^^^^^^^^^^^^^^^^^^^^^^^^^^
[INFO] [stdout] 
[INFO] [stdout] 
[INFO] [stdout] error[E0432]: unresolved import `polling`
[INFO] [stdout]   --> /opt/rustwide/cargo-home/registry/src/index.crates.io-6f17d22bba15001f/compio-driver-0.2.0-beta.3/src/poll/mod.rs:19:5
[INFO] [stdout]    |
[INFO] [stdout] 19 | use polling::{Event, Events, Poller};
[INFO] [stdout]    |     ^^^^^^^ use of undeclared crate or module `polling`
[INFO] [stdout] 
[INFO] [stdout] 
[INFO] [stdout] error[E0432]: unresolved import `polling`
[INFO] [stdout]   --> /opt/rustwide/cargo-home/registry/src/index.crates.io-6f17d22bba15001f/compio-driver-0.2.0-beta.3/src/poll/op.rs:14:5
[INFO] [stdout]    |
[INFO] [stdout] 14 | use polling::Event;
[INFO] [stdout]    |     ^^^^^^^ use of undeclared crate or module `polling`
[INFO] [stdout] 
[INFO] [stdout] 
[INFO] [stdout] error: aborting due to 3 previous errors
[INFO] [stdout] 
[INFO] [stdout] 
[INFO] [stdout] For more information about this error, try `rustc --explain E0432`.
[INFO] [stdout] 
[INFO] [stderr] error: could not compile `compio-driver` (lib) due to 4 previous errors
[INFO] [stderr] warning: build failed, waiting for other jobs to finish...
[INFO] running `Command { std: "docker" "inspect" "1578895c989092763173738effdef66951f6c08af14094c4d57593a12db47645", kill_on_drop: false }`
[INFO] running `Command { std: "docker" "rm" "-f" "1578895c989092763173738effdef66951f6c08af14094c4d57593a12db47645", kill_on_drop: false }`
[INFO] [stdout] 1578895c989092763173738effdef66951f6c08af14094c4d57593a12db47645
[INFO] documenting compio-runtime-0.2.0-beta.2 against beta-2023-12-22 for beta-1.76-rustdoc-1
[INFO] extracting crate compio-runtime 0.2.0-beta.2 into /workspace/builds/worker-4-tc2/source
[INFO] validating manifest of crates.io crate compio-runtime 0.2.0-beta.2 on toolchain beta-2023-12-22
[INFO] running `Command { std: CARGO_HOME="/workspace/cargo-home" RUSTUP_HOME="/workspace/rustup-home" "/workspace/cargo-home/bin/cargo" "+beta-2023-12-22" "metadata" "--manifest-path" "Cargo.toml" "--no-deps", kill_on_drop: false }`
[INFO] started tweaking crates.io crate compio-runtime 0.2.0-beta.2
[INFO] removed 0 missing tests
[INFO] finished tweaking crates.io crate compio-runtime 0.2.0-beta.2
[INFO] tweaked toml for crates.io crate compio-runtime 0.2.0-beta.2 written to /workspace/builds/worker-4-tc2/source/Cargo.toml
[INFO] running `Command { std: CARGO_HOME="/workspace/cargo-home" RUSTUP_HOME="/workspace/rustup-home" "/workspace/cargo-home/bin/cargo" "+beta-2023-12-22" "generate-lockfile" "--manifest-path" "Cargo.toml", kill_on_drop: false }`
[INFO] [stderr]     Updating crates.io index
[INFO] running `Command { std: CARGO_HOME="/workspace/cargo-home" RUSTUP_HOME="/workspace/rustup-home" "/workspace/cargo-home/bin/cargo" "+beta-2023-12-22" "fetch" "--manifest-path" "Cargo.toml", kill_on_drop: false }`
[INFO] running `Command { std: "docker" "create" "-v" "/var/lib/crater-agent-workspace/builds/worker-4-tc2/target:/opt/rustwide/target:rw,Z" "-v" "/var/lib/crater-agent-workspace/builds/worker-4-tc2/source:/opt/rustwide/workdir:ro,Z" "-v" "/var/lib/crater-agent-workspace/cargo-home:/opt/rustwide/cargo-home:ro,Z" "-v" "/var/lib/crater-agent-workspace/rustup-home:/opt/rustwide/rustup-home:ro,Z" "-e" "SOURCE_DIR=/opt/rustwide/workdir" "-e" "CARGO_TARGET_DIR=/opt/rustwide/target" "-e" "CARGO_HOME=/opt/rustwide/cargo-home" "-e" "RUSTUP_HOME=/opt/rustwide/rustup-home" "-w" "/opt/rustwide/workdir" "-m" "1610612736" "--user" "0:0" "--network" "none" "ghcr.io/rust-lang/crates-build-env/linux@sha256:2788e3201cd34a07e3172128adcd8b3090168a8e3bcc40d7c032b9dda1df7d1c" "/opt/rustwide/cargo-home/bin/cargo" "+beta-2023-12-22" "metadata" "--no-deps" "--format-version=1", kill_on_drop: false }`
[INFO] [stdout] 11dad6f74e4e1bd6209d9dce19484852bcb108df81090dc34fa814572380f422
[INFO] running `Command { std: "docker" "start" "-a" "11dad6f74e4e1bd6209d9dce19484852bcb108df81090dc34fa814572380f422", kill_on_drop: false }`
[INFO] running `Command { std: "docker" "inspect" "11dad6f74e4e1bd6209d9dce19484852bcb108df81090dc34fa814572380f422", kill_on_drop: false }`
[INFO] running `Command { std: "docker" "rm" "-f" "11dad6f74e4e1bd6209d9dce19484852bcb108df81090dc34fa814572380f422", kill_on_drop: false }`
[INFO] [stdout] 11dad6f74e4e1bd6209d9dce19484852bcb108df81090dc34fa814572380f422
[INFO] running `Command { std: "docker" "create" "-v" "/var/lib/crater-agent-workspace/builds/worker-4-tc2/target:/opt/rustwide/target:rw,Z" "-v" "/var/lib/crater-agent-workspace/builds/worker-4-tc2/source:/opt/rustwide/workdir:ro,Z" "-v" "/var/lib/crater-agent-workspace/cargo-home:/opt/rustwide/cargo-home:ro,Z" "-v" "/var/lib/crater-agent-workspace/rustup-home:/opt/rustwide/rustup-home:ro,Z" "-e" "SOURCE_DIR=/opt/rustwide/workdir" "-e" "CARGO_TARGET_DIR=/opt/rustwide/target" "-e" "CARGO_INCREMENTAL=0" "-e" "RUST_BACKTRACE=full" "-e" "RUSTFLAGS=--cap-lints=warn" "-e" "RUSTDOCFLAGS=--cap-lints=warn" "-e" "CARGO_HOME=/opt/rustwide/cargo-home" "-e" "RUSTUP_HOME=/opt/rustwide/rustup-home" "-w" "/opt/rustwide/workdir" "-m" "1610612736" "--user" "0:0" "--network" "none" "ghcr.io/rust-lang/crates-build-env/linux@sha256:2788e3201cd34a07e3172128adcd8b3090168a8e3bcc40d7c032b9dda1df7d1c" "/opt/rustwide/cargo-home/bin/cargo" "+beta-2023-12-22" "doc" "--frozen" "--no-deps" "--document-private-items" "--message-format=json", kill_on_drop: false }`
[INFO] [stdout] 492ab8b3ae3594e822d97b7b7ad9580c52c106aa24c62f7df5066d748e9c4e4b
[INFO] running `Command { std: "docker" "start" "-a" "492ab8b3ae3594e822d97b7b7ad9580c52c106aa24c62f7df5066d748e9c4e4b", kill_on_drop: false }`
[INFO] [stderr]    Compiling crossbeam-utils v0.8.18
[INFO] [stderr]     Checking tracing-core v0.1.32
[INFO] [stderr]     Checking futures-task v0.3.30
[INFO] [stderr]     Checking futures-core v0.3.30
[INFO] [stderr]     Checking smallvec v1.11.2
[INFO] [stderr]    Compiling proc-macro2 v1.0.76
[INFO] [stderr]     Checking async-task v4.7.0
[INFO] [stderr]     Checking socket2 v0.5.5
[INFO] [stderr]     Checking compio-buf v0.2.0-beta.1
[INFO] [stderr]     Checking os_pipe v1.1.5
[INFO] [stderr]     Checking tracing v0.1.40
[INFO] [stderr]    Compiling quote v1.0.35
[INFO] [stderr]     Checking compio-log v0.1.0-beta.1
[INFO] [stderr]     Checking crossbeam-queue v0.3.10
[INFO] [stderr]     Checking crossbeam-channel v0.5.10
[INFO] [stderr]    Compiling syn v2.0.48
[INFO] [stderr]     Checking compio-driver v0.2.0-beta.3
[INFO] [stdout] error: You must choose at least one of these features: ["io-uring", "polling"]
[INFO] [stdout]   --> /opt/rustwide/cargo-home/registry/src/index.crates.io-6f17d22bba15001f/compio-driver-0.2.0-beta.3/src/lib.rs:13:1
[INFO] [stdout]    |
[INFO] [stdout] 13 | compile_error!("You must choose at least one of these features: [\"io-uring\", \"polling\"]");
[INFO] [stdout]    | ^^^^^^^^^^^^^^^^^^^^^^^^^^^^^^^^^^^^^^^^^^^^^^^^^^^^^^^^^^^^^^^^^^^^^^^^^^^^^^^^^^^^^^^^^^^^^
[INFO] [stdout] 
[INFO] [stdout] 
[INFO] [stdout] error[E0432]: unresolved import `polling`
[INFO] [stdout]   --> /opt/rustwide/cargo-home/registry/src/index.crates.io-6f17d22bba15001f/compio-driver-0.2.0-beta.3/src/poll/mod.rs:19:5
[INFO] [stdout]    |
[INFO] [stdout] 19 | use polling::{Event, Events, Poller};
[INFO] [stdout]    |     ^^^^^^^ use of undeclared crate or module `polling`
[INFO] [stdout] 
[INFO] [stdout] 
[INFO] [stdout] error[E0432]: unresolved import `polling`
[INFO] [stdout]   --> /opt/rustwide/cargo-home/registry/src/index.crates.io-6f17d22bba15001f/compio-driver-0.2.0-beta.3/src/poll/op.rs:14:5
[INFO] [stdout]    |
[INFO] [stdout] 14 | use polling::Event;
[INFO] [stdout]    |     ^^^^^^^ use of undeclared crate or module `polling`
[INFO] [stdout] 
[INFO] [stdout] 
[INFO] [stdout] error: aborting due to 3 previous errors
[INFO] [stdout] 
[INFO] [stdout] 
[INFO] [stdout] For more information about this error, try `rustc --explain E0432`.
[INFO] [stdout] 
[INFO] [stderr] error: could not compile `compio-driver` (lib) due to 4 previous errors
[INFO] [stderr] warning: build failed, waiting for other jobs to finish...
[INFO] running `Command { std: "docker" "inspect" "492ab8b3ae3594e822d97b7b7ad9580c52c106aa24c62f7df5066d748e9c4e4b", kill_on_drop: false }`
[INFO] running `Command { std: "docker" "rm" "-f" "492ab8b3ae3594e822d97b7b7ad9580c52c106aa24c62f7df5066d748e9c4e4b", kill_on_drop: false }`
[INFO] [stdout] 492ab8b3ae3594e822d97b7b7ad9580c52c106aa24c62f7df5066d748e9c4e4b
