[INFO] fetching crate collapse-crate 0.1.0...
[INFO] documenting collapse-crate-0.1.0 against 1.75.0 for beta-1.76-rustdoc-1
[INFO] extracting crate collapse-crate 0.1.0 into /workspace/builds/worker-5-tc1/source
[INFO] validating manifest of crates.io crate collapse-crate 0.1.0 on toolchain 1.75.0
[INFO] running `Command { std: CARGO_HOME="/workspace/cargo-home" RUSTUP_HOME="/workspace/rustup-home" "/workspace/cargo-home/bin/cargo" "+1.75.0" "metadata" "--manifest-path" "Cargo.toml" "--no-deps", kill_on_drop: false }`
[INFO] started tweaking crates.io crate collapse-crate 0.1.0
[INFO] finished tweaking crates.io crate collapse-crate 0.1.0
[INFO] tweaked toml for crates.io crate collapse-crate 0.1.0 written to /workspace/builds/worker-5-tc1/source/Cargo.toml
[INFO] running `Command { std: CARGO_HOME="/workspace/cargo-home" RUSTUP_HOME="/workspace/rustup-home" "/workspace/cargo-home/bin/cargo" "+1.75.0" "generate-lockfile" "--manifest-path" "Cargo.toml", kill_on_drop: false }`
[INFO] [stderr]     Updating crates.io index
[INFO] running `Command { std: CARGO_HOME="/workspace/cargo-home" RUSTUP_HOME="/workspace/rustup-home" "/workspace/cargo-home/bin/cargo" "+1.75.0" "fetch" "--manifest-path" "Cargo.toml", kill_on_drop: false }`
[INFO] [stderr]  Downloading crates ...
[INFO] [stderr]   Downloaded walkdir v1.0.7
[INFO] [stderr]   Downloaded clippy v0.0.302
[INFO] [stderr]   Downloaded redox_users v0.3.5
[INFO] [stderr]   Downloaded same-file v0.1.3
[INFO] [stderr]   Downloaded dirs v1.0.5
[INFO] [stderr]   Downloaded rust-argon2 v0.8.3
[INFO] [stderr]   Downloaded blake2b_simd v0.5.11
[INFO] [stderr]   Downloaded term v0.5.2
[INFO] running `Command { std: "docker" "create" "-v" "/var/lib/crater-agent-workspace/builds/worker-5-tc1/target:/opt/rustwide/target:rw,Z" "-v" "/var/lib/crater-agent-workspace/builds/worker-5-tc1/source:/opt/rustwide/workdir:ro,Z" "-v" "/var/lib/crater-agent-workspace/cargo-home:/opt/rustwide/cargo-home:ro,Z" "-v" "/var/lib/crater-agent-workspace/rustup-home:/opt/rustwide/rustup-home:ro,Z" "-e" "SOURCE_DIR=/opt/rustwide/workdir" "-e" "CARGO_TARGET_DIR=/opt/rustwide/target" "-e" "CARGO_HOME=/opt/rustwide/cargo-home" "-e" "RUSTUP_HOME=/opt/rustwide/rustup-home" "-w" "/opt/rustwide/workdir" "-m" "1610612736" "--user" "0:0" "--network" "none" "ghcr.io/rust-lang/crates-build-env/linux@sha256:2788e3201cd34a07e3172128adcd8b3090168a8e3bcc40d7c032b9dda1df7d1c" "/opt/rustwide/cargo-home/bin/cargo" "+1.75.0" "metadata" "--no-deps" "--format-version=1", kill_on_drop: false }`
[INFO] [stdout] ece49409761d1dd89a04f6034df5d2bdff1160c70f9d4c52b0ac7bd2b3f06de6
[INFO] running `Command { std: "docker" "start" "-a" "ece49409761d1dd89a04f6034df5d2bdff1160c70f9d4c52b0ac7bd2b3f06de6", kill_on_drop: false }`
[INFO] running `Command { std: "docker" "inspect" "ece49409761d1dd89a04f6034df5d2bdff1160c70f9d4c52b0ac7bd2b3f06de6", kill_on_drop: false }`
[INFO] running `Command { std: "docker" "rm" "-f" "ece49409761d1dd89a04f6034df5d2bdff1160c70f9d4c52b0ac7bd2b3f06de6", kill_on_drop: false }`
[INFO] [stdout] ece49409761d1dd89a04f6034df5d2bdff1160c70f9d4c52b0ac7bd2b3f06de6
[INFO] running `Command { std: "docker" "create" "-v" "/var/lib/crater-agent-workspace/builds/worker-5-tc1/target:/opt/rustwide/target:rw,Z" "-v" "/var/lib/crater-agent-workspace/builds/worker-5-tc1/source:/opt/rustwide/workdir:ro,Z" "-v" "/var/lib/crater-agent-workspace/cargo-home:/opt/rustwide/cargo-home:ro,Z" "-v" "/var/lib/crater-agent-workspace/rustup-home:/opt/rustwide/rustup-home:ro,Z" "-e" "SOURCE_DIR=/opt/rustwide/workdir" "-e" "CARGO_TARGET_DIR=/opt/rustwide/target" "-e" "CARGO_INCREMENTAL=0" "-e" "RUST_BACKTRACE=full" "-e" "RUSTFLAGS=--cap-lints=warn" "-e" "RUSTDOCFLAGS=--cap-lints=warn" "-e" "CARGO_HOME=/opt/rustwide/cargo-home" "-e" "RUSTUP_HOME=/opt/rustwide/rustup-home" "-w" "/opt/rustwide/workdir" "-m" "1610612736" "--user" "0:0" "--network" "none" "ghcr.io/rust-lang/crates-build-env/linux@sha256:2788e3201cd34a07e3172128adcd8b3090168a8e3bcc40d7c032b9dda1df7d1c" "/opt/rustwide/cargo-home/bin/cargo" "+1.75.0" "doc" "--frozen" "--no-deps" "--document-private-items" "--message-format=json", kill_on_drop: false }`
[INFO] [stdout] e8988ec437d752591c12431484b4628e457713cc5c35cf3bbd3770fa38ba0f08
[INFO] running `Command { std: "docker" "start" "-a" "e8988ec437d752591c12431484b4628e457713cc5c35cf3bbd3770fa38ba0f08", kill_on_drop: false }`
[INFO] [stderr]     Checking unicode-xid v0.0.4
[INFO] [stderr]     Checking same-file v0.1.3
[INFO] [stderr]     Checking quote v0.3.15
[INFO] [stderr]     Checking synom v0.11.3
[INFO] [stderr]     Checking walkdir v1.0.7
[INFO] [stderr]     Checking syn v0.11.11
[INFO] [stderr]     Checking collapse-crate v0.1.0 (/opt/rustwide/workdir)
[INFO] [stderr]  Documenting collapse-crate v0.1.0 (/opt/rustwide/workdir)
[INFO] [stdout] error[E0554]: `#![feature]` may not be used on the stable release channel
[INFO] [stdout]  --> src/lib.rs:4:1
[INFO] [stdout]   |
[INFO] [stdout] 4 | #![feature(conservative_impl_trait)]
[INFO] [stdout]   | ^^^^^^^^^^^^^^^^^^^^^^^^^^^^^^^^^^^^ help: remove the attribute
[INFO] [stdout]   |
[INFO] [stdout]   = help: the feature `conservative_impl_trait` has been stable since `1.26.0` and no longer requires an attribute to enable
[INFO] [stdout] 
[INFO] [stdout] 
[INFO] [stdout] error[E0554]: `#![feature]` may not be used on the stable release channel
[INFO] [stdout]  --> src/lib.rs:4:1
[INFO] [stdout]   |
[INFO] [stdout] 4 | #![feature(conservative_impl_trait)]
[INFO] [stdout]   | ^^^^^^^^^^^^^^^^^^^^^^^^^^^^^^^^^^^^ help: remove the attribute
[INFO] [stdout]   |
[INFO] [stdout]   = help: the feature `conservative_impl_trait` has been stable since `1.26.0` and no longer requires an attribute to enable
[INFO] [stdout] 
[INFO] [stdout] 
[INFO] [stdout] warning: the feature `conservative_impl_trait` has been stable since 1.26.0 and no longer requires an attribute to enable
[INFO] [stdout]  --> src/lib.rs:4:12
[INFO] [stdout]   |
[INFO] [stdout] 4 | #![feature(conservative_impl_trait)]
[INFO] [stdout]   |            ^^^^^^^^^^^^^^^^^^^^^^^
[INFO] [stdout]   |
[INFO] [stdout]   = note: `#[warn(stable_features)]` on by default
[INFO] [stdout] 
[INFO] [stdout] 
[INFO] [stdout] error: aborting due to previous error
[INFO] [stdout] 
[INFO] [stdout] 
[INFO] [stdout] For more information about this error, try `rustc --explain E0554`.
[INFO] [stdout] 
[INFO] [stderr] error: could not document `collapse-crate`
[INFO] [stderr] 
[INFO] [stderr] Caused by:
[INFO] [stderr]   process didn't exit successfully: `/opt/rustwide/rustup-home/toolchains/1.75.0-x86_64-unknown-linux-gnu/bin/rustdoc --crate-type lib --crate-name collapse_crate src/lib.rs -o /opt/rustwide/target/doc --error-format=json --json=diagnostic-rendered-ansi,artifacts,future-incompat --document-private-items -C metadata=4e6a8407df6f0efd -L dependency=/opt/rustwide/target/debug/deps --extern syn=/opt/rustwide/target/debug/deps/libsyn-7bf16c1b1fb6dea6.rmeta --extern walkdir=/opt/rustwide/target/debug/deps/libwalkdir-af6000ba77053614.rmeta --cap-lints=warn --crate-version 0.1.0` (exit status: 1)
[INFO] [stderr] warning: build failed, waiting for other jobs to finish...
[INFO] [stdout] error: aborting due to previous error; 1 warning emitted
[INFO] [stdout] 
[INFO] [stdout] 
[INFO] [stdout] For more information about this error, try `rustc --explain E0554`.
[INFO] [stdout] 
[INFO] [stderr] error: could not compile `collapse-crate` (lib) due to 2 previous errors; 1 warning emitted
[INFO] running `Command { std: "docker" "inspect" "e8988ec437d752591c12431484b4628e457713cc5c35cf3bbd3770fa38ba0f08", kill_on_drop: false }`
[INFO] running `Command { std: "docker" "rm" "-f" "e8988ec437d752591c12431484b4628e457713cc5c35cf3bbd3770fa38ba0f08", kill_on_drop: false }`
[INFO] [stdout] e8988ec437d752591c12431484b4628e457713cc5c35cf3bbd3770fa38ba0f08
[INFO] documenting collapse-crate-0.1.0 against beta-2023-12-22 for beta-1.76-rustdoc-1
[INFO] extracting crate collapse-crate 0.1.0 into /workspace/builds/worker-5-tc2/source
[INFO] validating manifest of crates.io crate collapse-crate 0.1.0 on toolchain beta-2023-12-22
[INFO] running `Command { std: CARGO_HOME="/workspace/cargo-home" RUSTUP_HOME="/workspace/rustup-home" "/workspace/cargo-home/bin/cargo" "+beta-2023-12-22" "metadata" "--manifest-path" "Cargo.toml" "--no-deps", kill_on_drop: false }`
[INFO] started tweaking crates.io crate collapse-crate 0.1.0
[INFO] finished tweaking crates.io crate collapse-crate 0.1.0
[INFO] tweaked toml for crates.io crate collapse-crate 0.1.0 written to /workspace/builds/worker-5-tc2/source/Cargo.toml
[INFO] running `Command { std: CARGO_HOME="/workspace/cargo-home" RUSTUP_HOME="/workspace/rustup-home" "/workspace/cargo-home/bin/cargo" "+beta-2023-12-22" "generate-lockfile" "--manifest-path" "Cargo.toml", kill_on_drop: false }`
[INFO] [stderr]     Updating crates.io index
[INFO] running `Command { std: CARGO_HOME="/workspace/cargo-home" RUSTUP_HOME="/workspace/rustup-home" "/workspace/cargo-home/bin/cargo" "+beta-2023-12-22" "fetch" "--manifest-path" "Cargo.toml", kill_on_drop: false }`
[INFO] running `Command { std: "docker" "create" "-v" "/var/lib/crater-agent-workspace/builds/worker-5-tc2/target:/opt/rustwide/target:rw,Z" "-v" "/var/lib/crater-agent-workspace/builds/worker-5-tc2/source:/opt/rustwide/workdir:ro,Z" "-v" "/var/lib/crater-agent-workspace/cargo-home:/opt/rustwide/cargo-home:ro,Z" "-v" "/var/lib/crater-agent-workspace/rustup-home:/opt/rustwide/rustup-home:ro,Z" "-e" "SOURCE_DIR=/opt/rustwide/workdir" "-e" "CARGO_TARGET_DIR=/opt/rustwide/target" "-e" "CARGO_HOME=/opt/rustwide/cargo-home" "-e" "RUSTUP_HOME=/opt/rustwide/rustup-home" "-w" "/opt/rustwide/workdir" "-m" "1610612736" "--user" "0:0" "--network" "none" "ghcr.io/rust-lang/crates-build-env/linux@sha256:2788e3201cd34a07e3172128adcd8b3090168a8e3bcc40d7c032b9dda1df7d1c" "/opt/rustwide/cargo-home/bin/cargo" "+beta-2023-12-22" "metadata" "--no-deps" "--format-version=1", kill_on_drop: false }`
[INFO] [stdout] a270258eca41b6935d9b2e4cb994302ef547d65e2ec241ce9fce32cb135b269a
[INFO] running `Command { std: "docker" "start" "-a" "a270258eca41b6935d9b2e4cb994302ef547d65e2ec241ce9fce32cb135b269a", kill_on_drop: false }`
[INFO] running `Command { std: "docker" "inspect" "a270258eca41b6935d9b2e4cb994302ef547d65e2ec241ce9fce32cb135b269a", kill_on_drop: false }`
[INFO] running `Command { std: "docker" "rm" "-f" "a270258eca41b6935d9b2e4cb994302ef547d65e2ec241ce9fce32cb135b269a", kill_on_drop: false }`
[INFO] [stdout] a270258eca41b6935d9b2e4cb994302ef547d65e2ec241ce9fce32cb135b269a
[INFO] running `Command { std: "docker" "create" "-v" "/var/lib/crater-agent-workspace/builds/worker-5-tc2/target:/opt/rustwide/target:rw,Z" "-v" "/var/lib/crater-agent-workspace/builds/worker-5-tc2/source:/opt/rustwide/workdir:ro,Z" "-v" "/var/lib/crater-agent-workspace/cargo-home:/opt/rustwide/cargo-home:ro,Z" "-v" "/var/lib/crater-agent-workspace/rustup-home:/opt/rustwide/rustup-home:ro,Z" "-e" "SOURCE_DIR=/opt/rustwide/workdir" "-e" "CARGO_TARGET_DIR=/opt/rustwide/target" "-e" "CARGO_INCREMENTAL=0" "-e" "RUST_BACKTRACE=full" "-e" "RUSTFLAGS=--cap-lints=warn" "-e" "RUSTDOCFLAGS=--cap-lints=warn" "-e" "CARGO_HOME=/opt/rustwide/cargo-home" "-e" "RUSTUP_HOME=/opt/rustwide/rustup-home" "-w" "/opt/rustwide/workdir" "-m" "1610612736" "--user" "0:0" "--network" "none" "ghcr.io/rust-lang/crates-build-env/linux@sha256:2788e3201cd34a07e3172128adcd8b3090168a8e3bcc40d7c032b9dda1df7d1c" "/opt/rustwide/cargo-home/bin/cargo" "+beta-2023-12-22" "doc" "--frozen" "--no-deps" "--document-private-items" "--message-format=json", kill_on_drop: false }`
[INFO] [stdout] 2e8949d33ab287b2bcc1961c770f0e1f6a9e5112a67403ed338864a90272ae55
[INFO] running `Command { std: "docker" "start" "-a" "2e8949d33ab287b2bcc1961c770f0e1f6a9e5112a67403ed338864a90272ae55", kill_on_drop: false }`
[INFO] [stderr]     Checking unicode-xid v0.0.4
[INFO] [stderr]     Checking quote v0.3.15
[INFO] [stderr]     Checking same-file v0.1.3
[INFO] [stderr]     Checking synom v0.11.3
[INFO] [stderr]     Checking walkdir v1.0.7
[INFO] [stderr]     Checking syn v0.11.11
[INFO] [stderr]     Checking collapse-crate v0.1.0 (/opt/rustwide/workdir)
[INFO] [stderr]  Documenting collapse-crate v0.1.0 (/opt/rustwide/workdir)
[INFO] [stdout] error[E0554]: `#![feature]` may not be used on the beta release channel
[INFO] [stdout]  --> src/lib.rs:4:1
[INFO] [stdout]   |
[INFO] [stdout] 4 | #![feature(conservative_impl_trait)]
[INFO] [stdout]   | ^^^^^^^^^^^^^^^^^^^^^^^^^^^^^^^^^^^^ help: remove the attribute
[INFO] [stdout]   |
[INFO] [stdout]   = help: the feature `conservative_impl_trait` has been stable since `1.26.0` and no longer requires an attribute to enable
[INFO] [stdout] 
[INFO] [stdout] 
[INFO] [stdout] error[E0554]: `#![feature]` may not be used on the beta release channel
[INFO] [stdout]  --> src/lib.rs:4:1
[INFO] [stdout]   |
[INFO] [stdout] 4 | #![feature(conservative_impl_trait)]
[INFO] [stdout]   | ^^^^^^^^^^^^^^^^^^^^^^^^^^^^^^^^^^^^ help: remove the attribute
[INFO] [stdout]   |
[INFO] [stdout]   = help: the feature `conservative_impl_trait` has been stable since `1.26.0` and no longer requires an attribute to enable
[INFO] [stdout] 
[INFO] [stdout] 
[INFO] [stdout] warning: the feature `conservative_impl_trait` has been stable since 1.26.0 and no longer requires an attribute to enable
[INFO] [stdout]  --> src/lib.rs:4:12
[INFO] [stdout]   |
[INFO] [stdout] 4 | #![feature(conservative_impl_trait)]
[INFO] [stdout]   |            ^^^^^^^^^^^^^^^^^^^^^^^
[INFO] [stdout]   |
[INFO] [stdout]   = note: `#[warn(stable_features)]` on by default
[INFO] [stdout] 
[INFO] [stdout] 
[INFO] [stdout] error: aborting due to 1 previous error
[INFO] [stdout] 
[INFO] [stdout] 
[INFO] [stdout] For more information about this error, try `rustc --explain E0554`.
[INFO] [stdout] 
[INFO] [stderr] error: could not document `collapse-crate`
[INFO] [stderr] 
[INFO] [stderr] Caused by:
[INFO] [stderr]   process didn't exit successfully: `/opt/rustwide/rustup-home/toolchains/beta-2023-12-22-x86_64-unknown-linux-gnu/bin/rustdoc --crate-type lib --crate-name collapse_crate src/lib.rs -o /opt/rustwide/target/doc --error-format=json --json=diagnostic-rendered-ansi,artifacts,future-incompat --document-private-items -C metadata=49b35d4ee41935ff -L dependency=/opt/rustwide/target/debug/deps --extern syn=/opt/rustwide/target/debug/deps/libsyn-3265c62e3151d11c.rmeta --extern walkdir=/opt/rustwide/target/debug/deps/libwalkdir-31a442674c80c864.rmeta --cap-lints=warn --crate-version 0.1.0` (exit status: 1)
[INFO] [stderr] warning: build failed, waiting for other jobs to finish...
[INFO] [stdout] error: aborting due to 1 previous error; 1 warning emitted
[INFO] [stdout] 
[INFO] [stdout] 
[INFO] [stdout] For more information about this error, try `rustc --explain E0554`.
[INFO] [stdout] 
[INFO] [stderr] error: could not compile `collapse-crate` (lib) due to 2 previous errors; 1 warning emitted
[INFO] running `Command { std: "docker" "inspect" "2e8949d33ab287b2bcc1961c770f0e1f6a9e5112a67403ed338864a90272ae55", kill_on_drop: false }`
[INFO] running `Command { std: "docker" "rm" "-f" "2e8949d33ab287b2bcc1961c770f0e1f6a9e5112a67403ed338864a90272ae55", kill_on_drop: false }`
[INFO] [stdout] 2e8949d33ab287b2bcc1961c770f0e1f6a9e5112a67403ed338864a90272ae55
