[INFO] fetching crate cnsprcy 0.2.0...
[INFO] documenting cnsprcy-0.2.0 against 1.75.0 for beta-1.76-rustdoc-1
[INFO] extracting crate cnsprcy 0.2.0 into /workspace/builds/worker-7-tc1/source
[INFO] validating manifest of crates.io crate cnsprcy 0.2.0 on toolchain 1.75.0
[INFO] running `Command { std: CARGO_HOME="/workspace/cargo-home" RUSTUP_HOME="/workspace/rustup-home" "/workspace/cargo-home/bin/cargo" "+1.75.0" "metadata" "--manifest-path" "Cargo.toml" "--no-deps", kill_on_drop: false }`
[INFO] removed /workspace/builds/worker-7-tc1/source/.cargo/config
[INFO] started tweaking crates.io crate cnsprcy 0.2.0
[INFO] finished tweaking crates.io crate cnsprcy 0.2.0
[INFO] tweaked toml for crates.io crate cnsprcy 0.2.0 written to /workspace/builds/worker-7-tc1/source/Cargo.toml
[INFO] crate crates.io crate cnsprcy 0.2.0 already has a lockfile, it will not be regenerated
[INFO] running `Command { std: CARGO_HOME="/workspace/cargo-home" RUSTUP_HOME="/workspace/rustup-home" "/workspace/cargo-home/bin/cargo" "+1.75.0" "fetch" "--manifest-path" "Cargo.toml", kill_on_drop: false }`
[INFO] [stderr]     Updating crates.io index
[INFO] [stderr]  Downloading crates ...
[INFO] [stderr]   Downloaded strum v0.24.1
[INFO] [stderr]   Downloaded futures-core v0.3.25
[INFO] [stderr]   Downloaded tokio-macros v1.8.2
[INFO] [stderr]   Downloaded futures-task v0.3.25
[INFO] [stderr]   Downloaded paste v1.0.11
[INFO] [stderr]   Downloaded parking_lot_core v0.9.5
[INFO] [stderr]   Downloaded dashmap v5.4.0
[INFO] [stderr]   Downloaded futures-channel v0.3.25
[INFO] [stderr]   Downloaded bytes v1.3.0
[INFO] [stderr]   Downloaded futures v0.3.25
[INFO] [stderr]   Downloaded regex v1.7.0
[INFO] [stderr]   Downloaded windows_x86_64_gnu v0.42.0
[INFO] [stderr]   Downloaded windows_i686_gnu v0.42.0
[INFO] [stderr]   Downloaded windows_x86_64_msvc v0.42.0
[INFO] [stderr]   Downloaded tokio v1.23.0
[INFO] [stderr]   Downloaded windows_i686_msvc v0.42.0
[INFO] [stderr]   Downloaded windows_aarch64_msvc v0.42.0
[INFO] [stderr]   Downloaded thiserror-impl v1.0.38
[INFO] [stderr]   Downloaded windows_x86_64_gnullvm v0.42.0
[INFO] [stderr]   Downloaded futures-util v0.3.25
[INFO] [stderr]   Downloaded nix v0.24.3
[INFO] [stderr]   Downloaded serde_json v1.0.91
[INFO] [stderr]   Downloaded windows_aarch64_gnullvm v0.42.0
[INFO] [stderr]   Downloaded zeroize v1.5.7
[INFO] [stderr]   Downloaded half v2.1.0
[INFO] [stderr]   Downloaded portable-atomic v0.3.19
[INFO] [stderr]   Downloaded netlink-packet-route v0.13.0
[INFO] [stderr]   Downloaded conciliator v0.3.5
[INFO] [stderr]   Downloaded anyhow v1.0.68
[INFO] [stderr]   Downloaded tracing-subscriber v0.3.16
[INFO] [stderr]   Downloaded unicode-segmentation v1.10.0
[INFO] [stderr]   Downloaded universal-hash v0.5.0
[INFO] [stderr]   Downloaded az v1.2.1
[INFO] [stderr]   Downloaded bytemuck v1.12.3
[INFO] [stderr]   Downloaded rustversion v1.0.11
[INFO] [stderr]   Downloaded chacha20 v0.9.0
[INFO] [stderr]   Downloaded lock_api v0.4.9
[INFO] [stderr]   Downloaded netlink-packet-utils v0.5.1
[INFO] [stderr]   Downloaded thiserror v1.0.38
[INFO] [stderr]   Downloaded rtnetlink v0.11.0
[INFO] [stderr]   Downloaded aead v0.5.1
[INFO] [stderr]   Downloaded ipnetwork v0.18.0
[INFO] [stderr]   Downloaded tracing-attributes v0.1.23
[INFO] [stderr]   Downloaded netlink-packet-core v0.4.2
[INFO] [stderr]   Downloaded netlink-proto v0.10.0
[INFO] [stderr]   Downloaded futures-sink v0.3.25
[INFO] [stderr]   Downloaded futures-macro v0.3.25
[INFO] [stderr]   Downloaded mio v0.8.5
[INFO] [stderr]   Downloaded netlink-sys v0.8.3
[INFO] [stderr]   Downloaded test-log v0.2.11
[INFO] [stderr]   Downloaded futures-io v0.3.25
[INFO] [stderr]   Downloaded futures-executor v0.3.25
[INFO] [stderr]   Downloaded fixed v1.21.0
[INFO] running `Command { std: "docker" "create" "-v" "/var/lib/crater-agent-workspace/builds/worker-7-tc1/target:/opt/rustwide/target:rw,Z" "-v" "/var/lib/crater-agent-workspace/builds/worker-7-tc1/source:/opt/rustwide/workdir:ro,Z" "-v" "/var/lib/crater-agent-workspace/cargo-home:/opt/rustwide/cargo-home:ro,Z" "-v" "/var/lib/crater-agent-workspace/rustup-home:/opt/rustwide/rustup-home:ro,Z" "-e" "SOURCE_DIR=/opt/rustwide/workdir" "-e" "CARGO_TARGET_DIR=/opt/rustwide/target" "-e" "CARGO_HOME=/opt/rustwide/cargo-home" "-e" "RUSTUP_HOME=/opt/rustwide/rustup-home" "-w" "/opt/rustwide/workdir" "-m" "1610612736" "--user" "0:0" "--network" "none" "ghcr.io/rust-lang/crates-build-env/linux@sha256:2788e3201cd34a07e3172128adcd8b3090168a8e3bcc40d7c032b9dda1df7d1c" "/opt/rustwide/cargo-home/bin/cargo" "+1.75.0" "metadata" "--no-deps" "--format-version=1", kill_on_drop: false }`
[INFO] [stdout] 6d97c98a4051b4a23628ebd2f27f085c12d4fff7fb1f938e9a24636ce49fb41a
[INFO] running `Command { std: "docker" "start" "-a" "6d97c98a4051b4a23628ebd2f27f085c12d4fff7fb1f938e9a24636ce49fb41a", kill_on_drop: false }`
[INFO] running `Command { std: "docker" "inspect" "6d97c98a4051b4a23628ebd2f27f085c12d4fff7fb1f938e9a24636ce49fb41a", kill_on_drop: false }`
[INFO] running `Command { std: "docker" "rm" "-f" "6d97c98a4051b4a23628ebd2f27f085c12d4fff7fb1f938e9a24636ce49fb41a", kill_on_drop: false }`
[INFO] [stdout] 6d97c98a4051b4a23628ebd2f27f085c12d4fff7fb1f938e9a24636ce49fb41a
[INFO] running `Command { std: "docker" "create" "-v" "/var/lib/crater-agent-workspace/builds/worker-7-tc1/target:/opt/rustwide/target:rw,Z" "-v" "/var/lib/crater-agent-workspace/builds/worker-7-tc1/source:/opt/rustwide/workdir:ro,Z" "-v" "/var/lib/crater-agent-workspace/cargo-home:/opt/rustwide/cargo-home:ro,Z" "-v" "/var/lib/crater-agent-workspace/rustup-home:/opt/rustwide/rustup-home:ro,Z" "-e" "SOURCE_DIR=/opt/rustwide/workdir" "-e" "CARGO_TARGET_DIR=/opt/rustwide/target" "-e" "CARGO_INCREMENTAL=0" "-e" "RUST_BACKTRACE=full" "-e" "RUSTFLAGS=--cap-lints=warn" "-e" "RUSTDOCFLAGS=--cap-lints=warn" "-e" "CARGO_HOME=/opt/rustwide/cargo-home" "-e" "RUSTUP_HOME=/opt/rustwide/rustup-home" "-w" "/opt/rustwide/workdir" "-m" "1610612736" "--user" "0:0" "--network" "none" "ghcr.io/rust-lang/crates-build-env/linux@sha256:2788e3201cd34a07e3172128adcd8b3090168a8e3bcc40d7c032b9dda1df7d1c" "/opt/rustwide/cargo-home/bin/cargo" "+1.75.0" "doc" "--frozen" "--no-deps" "--document-private-items" "--message-format=json", kill_on_drop: false }`
[INFO] [stdout] 4c3a8a20185de809852aefe6d68bcab6ae6e5b278c46cecb56ecb42f6b15821f
[INFO] running `Command { std: "docker" "start" "-a" "4c3a8a20185de809852aefe6d68bcab6ae6e5b278c46cecb56ecb42f6b15821f", kill_on_drop: false }`
[INFO] [stderr]    Compiling proc-macro2 v1.0.49
[INFO] [stderr]    Compiling quote v1.0.23
[INFO] [stderr]    Compiling unicode-ident v1.0.6
[INFO] [stderr]    Compiling libc v0.2.139
[INFO] [stderr]    Compiling syn v1.0.107
[INFO] [stderr]    Compiling version_check v0.9.4
[INFO] [stderr]    Compiling typenum v1.16.0
[INFO] [stderr]    Compiling memchr v2.5.0
[INFO] [stderr]    Compiling log v0.4.17
[INFO] [stderr]     Checking pin-project-lite v0.2.9
[INFO] [stderr]    Compiling futures-core v0.3.25
[INFO] [stderr]    Compiling serde_derive v1.0.152
[INFO] [stderr]    Compiling futures-task v0.3.25
[INFO] [stderr]    Compiling futures-channel v0.3.25
[INFO] [stderr]    Compiling slab v0.4.7
[INFO] [stderr]    Compiling serde v1.0.152
[INFO] [stderr]     Checking futures-sink v0.3.25
[INFO] [stderr]    Compiling futures-util v0.3.25
[INFO] [stderr]    Compiling anyhow v1.0.68
[INFO] [stderr]    Compiling thiserror v1.0.38
[INFO] [stderr]    Compiling paste v1.0.11
[INFO] [stderr]     Checking once_cell v1.17.0
[INFO] [stderr]     Checking futures-io v0.3.25
[INFO] [stderr]    Compiling tokio v1.23.0
[INFO] [stderr]    Compiling generic-array v0.14.6
[INFO] [stderr]    Compiling proc-macro-error-attr v1.0.4
[INFO] [stderr]     Checking byteorder v1.4.3
[INFO] [stderr]    Compiling proc-macro-error v1.0.4
[INFO] [stderr]     Checking regex-syntax v0.6.28
[INFO] [stderr]    Compiling rustversion v1.0.11
[INFO] [stderr]     Checking bytes v1.3.0
[INFO] [stderr]     Checking tracing-core v0.1.30
[INFO] [stderr]    Compiling lock_api v0.4.9
[INFO] [stderr]     Checking smallvec v1.10.0
[INFO] [stderr]    Compiling parking_lot_core v0.9.5
[INFO] [stderr]    Compiling az v1.2.1
[INFO] [stderr]     Checking cpufeatures v0.2.5
[INFO] [stderr]     Checking unicode-width v0.1.10
[INFO] [stderr]     Checking zeroize v1.5.7
[INFO] [stderr]     Checking subtle v2.4.1
[INFO] [stderr]    Compiling unicode-segmentation v1.10.0
[INFO] [stderr]     Checking textwrap v0.11.0
[INFO] [stderr]     Checking remove_dir_all v0.5.3
[INFO] [stderr]    Compiling serde_json v1.0.91
[INFO] [stderr]    Compiling heck v0.4.0
[INFO] [stderr]     Checking vec_map v0.8.2
[INFO] [stderr]     Checking fastrand v1.8.0
[INFO] [stderr]     Checking strsim v0.8.0
[INFO] [stderr]     Checking opaque-debug v0.3.0
[INFO] [stderr]    Compiling fixed v1.21.0
[INFO] [stderr]     Checking ansi_term v0.12.1
[INFO] [stderr]     Checking overload v0.1.1
[INFO] [stderr]     Checking scopeguard v1.1.0
[INFO] [stderr]     Checking nu-ansi-term v0.46.0
[INFO] [stderr]     Checking tracing-log v0.1.3
[INFO] [stderr]     Checking thread_local v1.1.4
[INFO] [stderr]    Compiling heck v0.3.3
[INFO] [stderr]     Checking sharded-slab v0.1.4
[INFO] [stderr]     Checking bytemuck v1.12.3
[INFO] [stderr]     Checking half v2.1.0
[INFO] [stderr]     Checking itoa v1.0.5
[INFO] [stderr]     Checking hashbrown v0.12.3
[INFO] [stderr]     Checking ryu v1.0.12
[INFO] [stderr]     Checking base64 v0.13.1
[INFO] [stderr]     Checking getrandom v0.2.8
[INFO] [stderr]     Checking num_cpus v1.15.0
[INFO] [stderr]     Checking mio v0.8.5
[INFO] [stderr]     Checking signal-hook-registry v1.4.0
[INFO] [stderr]     Checking socket2 v0.4.7
[INFO] [stderr]     Checking atty v0.2.14
[INFO] [stderr]     Checking dirs-sys v0.3.7
[INFO] [stderr]     Checking clap v2.34.0
[INFO] [stderr]     Checking nix v0.24.3
[INFO] [stderr]     Checking tempfile v3.3.0
[INFO] [stderr]     Checking dirs v4.0.0
[INFO] [stderr]     Checking rand_core v0.6.4
[INFO] [stderr]     Checking dashmap v5.4.0
[INFO] [stderr]     Checking rand_chacha v0.3.1
[INFO] [stderr]     Checking rand v0.8.5
[INFO] [stderr]     Checking regex-automata v0.1.10
[INFO] [stderr]     Checking regex v1.7.0
[INFO] [stderr]     Checking crypto-common v0.1.6
[INFO] [stderr]     Checking inout v0.1.3
[INFO] [stderr]     Checking universal-hash v0.5.0
[INFO] [stderr]     Checking aead v0.5.1
[INFO] [stderr]     Checking cipher v0.4.3
[INFO] [stderr]     Checking poly1305 v0.8.0
[INFO] [stderr]     Checking chacha20 v0.9.0
[INFO] [stderr]     Checking chacha20poly1305 v0.10.1
[INFO] [stderr]     Checking matchers v0.1.0
[INFO] [stderr]    Compiling thiserror-impl v1.0.38
[INFO] [stderr]    Compiling futures-macro v0.3.25
[INFO] [stderr]    Compiling tokio-macros v1.8.2
[INFO] [stderr]    Compiling tracing-attributes v0.1.23
[INFO] [stderr]    Compiling structopt-derive v0.4.18
[INFO] [stderr]    Compiling strum_macros v0.24.3
[INFO] [stderr]    Compiling test-log v0.2.11
[INFO] [stderr]     Checking netlink-packet-utils v0.5.1
[INFO] [stderr]     Checking netlink-packet-core v0.4.2
[INFO] [stderr]     Checking structopt v0.3.26
[INFO] [stderr]     Checking tracing v0.1.37
[INFO] [stderr]     Checking netlink-packet-route v0.13.0
[INFO] [stderr]     Checking strum v0.24.1
[INFO] [stderr]     Checking tracing-subscriber v0.3.16
[INFO] [stderr]     Checking futures-executor v0.3.25
[INFO] [stderr]     Checking futures v0.3.25
[INFO] [stderr]     Checking netlink-sys v0.8.3
[INFO] [stderr]     Checking netlink-proto v0.10.0
[INFO] [stderr]     Checking rtnetlink v0.11.0
[INFO] [stderr]     Checking toml v0.5.10
[INFO] [stderr]     Checking bincode v1.3.3
[INFO] [stderr]     Checking ipnetwork v0.18.0
[INFO] [stderr]     Checking conciliator v0.3.5
[INFO] [stderr]     Checking cnsprcy v0.2.0 (/opt/rustwide/workdir)
[INFO] [stderr]  Documenting cnsprcy v0.2.0 (/opt/rustwide/workdir)
[INFO] [stdout] error[E0554]: `#![feature]` may not be used on the stable release channel
[INFO] [stdout]  --> src/lib.rs:1:12
[INFO] [stdout]   |
[INFO] [stdout] 1 | #![feature(ip)]
[INFO] [stdout]   |            ^^
[INFO] [stdout] 
[INFO] [stdout] 
[INFO] [stdout] error[E0554]: `#![feature]` may not be used on the stable release channel
[INFO] [stdout]  --> src/lib.rs:1:12
[INFO] [stdout]   |
[INFO] [stdout] 1 | #![feature(ip)]
[INFO] [stdout]   |            ^^
[INFO] [stdout] 
[INFO] [stdout] 
[INFO] [stdout] error: aborting due to previous error
[INFO] [stdout] 
[INFO] [stdout] 
[INFO] [stdout] For more information about this error, try `rustc --explain E0554`.
[INFO] [stdout] 
[INFO] [stderr] error: could not document `cnsprcy`
[INFO] [stderr] 
[INFO] [stderr] Caused by:
[INFO] [stderr]   process didn't exit successfully: `/opt/rustwide/rustup-home/toolchains/1.75.0-x86_64-unknown-linux-gnu/bin/rustdoc --edition=2021 --crate-type lib --crate-name cnsprcy src/lib.rs -o /opt/rustwide/target/doc --error-format=json --json=diagnostic-rendered-ansi,artifacts,future-incompat --document-private-items -C metadata=6b851b7e1fb0bbb7 -L dependency=/opt/rustwide/target/debug/deps --extern base64=/opt/rustwide/target/debug/deps/libbase64-8c378ceadce4af53.rmeta --extern bincode=/opt/rustwide/target/debug/deps/libbincode-0172c09f97ca4639.rmeta --extern chacha20poly1305=/opt/rustwide/target/debug/deps/libchacha20poly1305-29e1b5759a0bc311.rmeta --extern conciliator=/opt/rustwide/target/debug/deps/libconciliator-3b4f18c405a0d6ef.rmeta --extern dashmap=/opt/rustwide/target/debug/deps/libdashmap-9c2c08e746817df8.rmeta --extern dirs=/opt/rustwide/target/debug/deps/libdirs-ca2f3bce5b574a74.rmeta --extern fixed=/opt/rustwide/target/debug/deps/libfixed-fcb86c8d2e0a6c02.rmeta --extern futures=/opt/rustwide/target/debug/deps/libfutures-318fc57970a33ae1.rmeta --extern ipnetwork=/opt/rustwide/target/debug/deps/libipnetwork-08f7a04fc0bf4fb5.rmeta --extern rand=/opt/rustwide/target/debug/deps/librand-b13360d59eaff53d.rmeta --extern rtnetlink=/opt/rustwide/target/debug/deps/librtnetlink-1f525a5bb1c7e59d.rmeta --extern serde=/opt/rustwide/target/debug/deps/libserde-0568177a7bcb8a73.rmeta --extern serde_json=/opt/rustwide/target/debug/deps/libserde_json-364093bf8980fc0b.rmeta --extern structopt=/opt/rustwide/target/debug/deps/libstructopt-90335801443f8b34.rmeta --extern strum=/opt/rustwide/target/debug/deps/libstrum-baac7d6a9e067aeb.rmeta --extern test_log=/opt/rustwide/target/debug/deps/libtest_log-10046f2b4b9a8e58.so --extern tokio=/opt/rustwide/target/debug/deps/libtokio-ca94a52ea8de4fc9.rmeta --extern toml=/opt/rustwide/target/debug/deps/libtoml-31e89e80318cc755.rmeta --extern tracing=/opt/rustwide/target/debug/deps/libtracing-4ff356934aeaf97d.rmeta --extern tracing_subscriber=/opt/rustwide/target/debug/deps/libtracing_subscriber-671768789763d7d8.rmeta --cap-lints=warn --crate-version 0.2.0` (exit status: 1)
[INFO] [stderr] warning: build failed, waiting for other jobs to finish...
[INFO] [stdout] error: aborting due to previous error
[INFO] [stdout] 
[INFO] [stdout] 
[INFO] [stdout] For more information about this error, try `rustc --explain E0554`.
[INFO] [stdout] 
[INFO] [stderr] error: could not compile `cnsprcy` (lib) due to 2 previous errors
[INFO] running `Command { std: "docker" "inspect" "4c3a8a20185de809852aefe6d68bcab6ae6e5b278c46cecb56ecb42f6b15821f", kill_on_drop: false }`
[INFO] running `Command { std: "docker" "rm" "-f" "4c3a8a20185de809852aefe6d68bcab6ae6e5b278c46cecb56ecb42f6b15821f", kill_on_drop: false }`
[INFO] [stdout] 4c3a8a20185de809852aefe6d68bcab6ae6e5b278c46cecb56ecb42f6b15821f
[INFO] documenting cnsprcy-0.2.0 against beta-2023-12-22 for beta-1.76-rustdoc-1
[INFO] extracting crate cnsprcy 0.2.0 into /workspace/builds/worker-7-tc2/source
[INFO] validating manifest of crates.io crate cnsprcy 0.2.0 on toolchain beta-2023-12-22
[INFO] running `Command { std: CARGO_HOME="/workspace/cargo-home" RUSTUP_HOME="/workspace/rustup-home" "/workspace/cargo-home/bin/cargo" "+beta-2023-12-22" "metadata" "--manifest-path" "Cargo.toml" "--no-deps", kill_on_drop: false }`
[INFO] removed /workspace/builds/worker-7-tc2/source/.cargo/config
[INFO] started tweaking crates.io crate cnsprcy 0.2.0
[INFO] finished tweaking crates.io crate cnsprcy 0.2.0
[INFO] tweaked toml for crates.io crate cnsprcy 0.2.0 written to /workspace/builds/worker-7-tc2/source/Cargo.toml
[INFO] crate crates.io crate cnsprcy 0.2.0 already has a lockfile, it will not be regenerated
[INFO] running `Command { std: CARGO_HOME="/workspace/cargo-home" RUSTUP_HOME="/workspace/rustup-home" "/workspace/cargo-home/bin/cargo" "+beta-2023-12-22" "fetch" "--manifest-path" "Cargo.toml", kill_on_drop: false }`
[INFO] running `Command { std: "docker" "create" "-v" "/var/lib/crater-agent-workspace/builds/worker-7-tc2/target:/opt/rustwide/target:rw,Z" "-v" "/var/lib/crater-agent-workspace/builds/worker-7-tc2/source:/opt/rustwide/workdir:ro,Z" "-v" "/var/lib/crater-agent-workspace/cargo-home:/opt/rustwide/cargo-home:ro,Z" "-v" "/var/lib/crater-agent-workspace/rustup-home:/opt/rustwide/rustup-home:ro,Z" "-e" "SOURCE_DIR=/opt/rustwide/workdir" "-e" "CARGO_TARGET_DIR=/opt/rustwide/target" "-e" "CARGO_HOME=/opt/rustwide/cargo-home" "-e" "RUSTUP_HOME=/opt/rustwide/rustup-home" "-w" "/opt/rustwide/workdir" "-m" "1610612736" "--user" "0:0" "--network" "none" "ghcr.io/rust-lang/crates-build-env/linux@sha256:2788e3201cd34a07e3172128adcd8b3090168a8e3bcc40d7c032b9dda1df7d1c" "/opt/rustwide/cargo-home/bin/cargo" "+beta-2023-12-22" "metadata" "--no-deps" "--format-version=1", kill_on_drop: false }`
[INFO] [stdout] 2cdb06509be5ae102d716ba7f8061bcddb8a0545c3f7cfe92cd6f4a98f74e36d
[INFO] running `Command { std: "docker" "start" "-a" "2cdb06509be5ae102d716ba7f8061bcddb8a0545c3f7cfe92cd6f4a98f74e36d", kill_on_drop: false }`
[INFO] running `Command { std: "docker" "inspect" "2cdb06509be5ae102d716ba7f8061bcddb8a0545c3f7cfe92cd6f4a98f74e36d", kill_on_drop: false }`
[INFO] running `Command { std: "docker" "rm" "-f" "2cdb06509be5ae102d716ba7f8061bcddb8a0545c3f7cfe92cd6f4a98f74e36d", kill_on_drop: false }`
[INFO] [stdout] 2cdb06509be5ae102d716ba7f8061bcddb8a0545c3f7cfe92cd6f4a98f74e36d
[INFO] running `Command { std: "docker" "create" "-v" "/var/lib/crater-agent-workspace/builds/worker-7-tc2/target:/opt/rustwide/target:rw,Z" "-v" "/var/lib/crater-agent-workspace/builds/worker-7-tc2/source:/opt/rustwide/workdir:ro,Z" "-v" "/var/lib/crater-agent-workspace/cargo-home:/opt/rustwide/cargo-home:ro,Z" "-v" "/var/lib/crater-agent-workspace/rustup-home:/opt/rustwide/rustup-home:ro,Z" "-e" "SOURCE_DIR=/opt/rustwide/workdir" "-e" "CARGO_TARGET_DIR=/opt/rustwide/target" "-e" "CARGO_INCREMENTAL=0" "-e" "RUST_BACKTRACE=full" "-e" "RUSTFLAGS=--cap-lints=warn" "-e" "RUSTDOCFLAGS=--cap-lints=warn" "-e" "CARGO_HOME=/opt/rustwide/cargo-home" "-e" "RUSTUP_HOME=/opt/rustwide/rustup-home" "-w" "/opt/rustwide/workdir" "-m" "1610612736" "--user" "0:0" "--network" "none" "ghcr.io/rust-lang/crates-build-env/linux@sha256:2788e3201cd34a07e3172128adcd8b3090168a8e3bcc40d7c032b9dda1df7d1c" "/opt/rustwide/cargo-home/bin/cargo" "+beta-2023-12-22" "doc" "--frozen" "--no-deps" "--document-private-items" "--message-format=json", kill_on_drop: false }`
[INFO] [stdout] e61ea87f5718a1535a2cb6ff83bae847dd0cfbd12609c5100a39648abff0191f
[INFO] running `Command { std: "docker" "start" "-a" "e61ea87f5718a1535a2cb6ff83bae847dd0cfbd12609c5100a39648abff0191f", kill_on_drop: false }`
[INFO] [stderr]    Compiling proc-macro2 v1.0.49
[INFO] [stderr]    Compiling quote v1.0.23
[INFO] [stderr]    Compiling unicode-ident v1.0.6
[INFO] [stderr]    Compiling libc v0.2.139
[INFO] [stderr]    Compiling syn v1.0.107
[INFO] [stderr]    Compiling version_check v0.9.4
[INFO] [stderr]    Compiling typenum v1.16.0
[INFO] [stderr]    Compiling futures-core v0.3.25
[INFO] [stderr]    Compiling log v0.4.17
[INFO] [stderr]     Checking pin-project-lite v0.2.9
[INFO] [stderr]    Compiling memchr v2.5.0
[INFO] [stderr]    Compiling futures-task v0.3.25
[INFO] [stderr]    Compiling serde_derive v1.0.152
[INFO] [stderr]    Compiling futures-channel v0.3.25
[INFO] [stderr]    Compiling slab v0.4.7
[INFO] [stderr]    Compiling futures-util v0.3.25
[INFO] [stderr]    Compiling thiserror v1.0.38
[INFO] [stderr]     Checking futures-sink v0.3.25
[INFO] [stderr]    Compiling serde v1.0.152
[INFO] [stderr]    Compiling anyhow v1.0.68
[INFO] [stderr]    Compiling paste v1.0.11
[INFO] [stderr]     Checking futures-io v0.3.25
[INFO] [stderr]     Checking once_cell v1.17.0
[INFO] [stderr]    Compiling tokio v1.23.0
[INFO] [stderr]     Checking byteorder v1.4.3
[INFO] [stderr]    Compiling generic-array v0.14.6
[INFO] [stderr]    Compiling proc-macro-error-attr v1.0.4
[INFO] [stderr]    Compiling proc-macro-error v1.0.4
[INFO] [stderr]    Compiling rustversion v1.0.11
[INFO] [stderr]     Checking bytes v1.3.0
[INFO] [stderr]     Checking regex-syntax v0.6.28
[INFO] [stderr]     Checking tracing-core v0.1.30
[INFO] [stderr]    Compiling lock_api v0.4.9
[INFO] [stderr]    Compiling unicode-segmentation v1.10.0
[INFO] [stderr]     Checking zeroize v1.5.7
[INFO] [stderr]    Compiling az v1.2.1
[INFO] [stderr]     Checking cpufeatures v0.2.5
[INFO] [stderr]    Compiling parking_lot_core v0.9.5
[INFO] [stderr]     Checking unicode-width v0.1.10
[INFO] [stderr]     Checking subtle v2.4.1
[INFO] [stderr]     Checking smallvec v1.10.0
[INFO] [stderr]     Checking textwrap v0.11.0
[INFO] [stderr]     Checking remove_dir_all v0.5.3
[INFO] [stderr]    Compiling heck v0.4.0
[INFO] [stderr]    Compiling serde_json v1.0.91
[INFO] [stderr]    Compiling fixed v1.21.0
[INFO] [stderr]     Checking ansi_term v0.12.1
[INFO] [stderr]     Checking scopeguard v1.1.0
[INFO] [stderr]     Checking strsim v0.8.0
[INFO] [stderr]    Compiling heck v0.3.3
[INFO] [stderr]     Checking overload v0.1.1
[INFO] [stderr]     Checking opaque-debug v0.3.0
[INFO] [stderr]     Checking fastrand v1.8.0
[INFO] [stderr]     Checking vec_map v0.8.2
[INFO] [stderr]     Checking nu-ansi-term v0.46.0
[INFO] [stderr]     Checking tracing-log v0.1.3
[INFO] [stderr]     Checking sharded-slab v0.1.4
[INFO] [stderr]     Checking thread_local v1.1.4
[INFO] [stderr]     Checking itoa v1.0.5
[INFO] [stderr]     Checking hashbrown v0.12.3
[INFO] [stderr]     Checking half v2.1.0
[INFO] [stderr]     Checking bytemuck v1.12.3
[INFO] [stderr]     Checking ryu v1.0.12
[INFO] [stderr]     Checking base64 v0.13.1
[INFO] [stderr]     Checking getrandom v0.2.8
[INFO] [stderr]     Checking num_cpus v1.15.0
[INFO] [stderr]     Checking mio v0.8.5
[INFO] [stderr]     Checking signal-hook-registry v1.4.0
[INFO] [stderr]     Checking socket2 v0.4.7
[INFO] [stderr]     Checking atty v0.2.14
[INFO] [stderr]     Checking dirs-sys v0.3.7
[INFO] [stderr]     Checking nix v0.24.3
[INFO] [stderr]     Checking tempfile v3.3.0
[INFO] [stderr]     Checking clap v2.34.0
[INFO] [stderr]     Checking dirs v4.0.0
[INFO] [stderr]     Checking rand_core v0.6.4
[INFO] [stderr]     Checking dashmap v5.4.0
[INFO] [stderr]     Checking rand_chacha v0.3.1
[INFO] [stderr]     Checking rand v0.8.5
[INFO] [stderr]     Checking crypto-common v0.1.6
[INFO] [stderr]     Checking inout v0.1.3
[INFO] [stderr]     Checking universal-hash v0.5.0
[INFO] [stderr]     Checking aead v0.5.1
[INFO] [stderr]     Checking cipher v0.4.3
[INFO] [stderr]     Checking poly1305 v0.8.0
[INFO] [stderr]     Checking chacha20 v0.9.0
[INFO] [stderr]     Checking regex-automata v0.1.10
[INFO] [stderr]     Checking regex v1.7.0
[INFO] [stderr]     Checking chacha20poly1305 v0.10.1
[INFO] [stderr]     Checking matchers v0.1.0
[INFO] [stderr]    Compiling futures-macro v0.3.25
[INFO] [stderr]    Compiling thiserror-impl v1.0.38
[INFO] [stderr]    Compiling tokio-macros v1.8.2
[INFO] [stderr]    Compiling tracing-attributes v0.1.23
[INFO] [stderr]    Compiling structopt-derive v0.4.18
[INFO] [stderr]    Compiling strum_macros v0.24.3
[INFO] [stderr]    Compiling test-log v0.2.11
[INFO] [stderr]     Checking structopt v0.3.26
[INFO] [stderr]     Checking netlink-packet-utils v0.5.1
[INFO] [stderr]     Checking tracing v0.1.37
[INFO] [stderr]     Checking strum v0.24.1
[INFO] [stderr]     Checking netlink-packet-core v0.4.2
[INFO] [stderr]     Checking tracing-subscriber v0.3.16
[INFO] [stderr]     Checking netlink-packet-route v0.13.0
[INFO] [stderr]     Checking futures-executor v0.3.25
[INFO] [stderr]     Checking futures v0.3.25
[INFO] [stderr]     Checking netlink-sys v0.8.3
[INFO] [stderr]     Checking netlink-proto v0.10.0
[INFO] [stderr]     Checking rtnetlink v0.11.0
[INFO] [stderr]     Checking toml v0.5.10
[INFO] [stderr]     Checking bincode v1.3.3
[INFO] [stderr]     Checking ipnetwork v0.18.0
[INFO] [stderr]     Checking conciliator v0.3.5
[INFO] [stderr]  Documenting cnsprcy v0.2.0 (/opt/rustwide/workdir)
[INFO] [stderr]     Checking cnsprcy v0.2.0 (/opt/rustwide/workdir)
[INFO] [stdout] error[E0554]: `#![feature]` may not be used on the beta release channel
[INFO] [stdout]  --> src/lib.rs:1:12
[INFO] [stdout]   |
[INFO] [stdout] 1 | #![feature(ip)]
[INFO] [stdout]   |            ^^
[INFO] [stdout] 
[INFO] [stdout] 
[INFO] [stdout] error[E0554]: `#![feature]` may not be used on the beta release channel
[INFO] [stdout]  --> src/lib.rs:1:12
[INFO] [stdout]   |
[INFO] [stdout] 1 | #![feature(ip)]
[INFO] [stdout]   |            ^^
[INFO] [stdout] 
[INFO] [stdout] 
[INFO] [stdout] error: aborting due to 1 previous error
[INFO] [stdout] 
[INFO] [stdout] 
[INFO] [stdout] For more information about this error, try `rustc --explain E0554`.
[INFO] [stdout] 
[INFO] [stderr] error: could not document `cnsprcy`
[INFO] [stderr] 
[INFO] [stderr] Caused by:
[INFO] [stderr]   process didn't exit successfully: `/opt/rustwide/rustup-home/toolchains/beta-2023-12-22-x86_64-unknown-linux-gnu/bin/rustdoc --edition=2021 --crate-type lib --crate-name cnsprcy src/lib.rs -o /opt/rustwide/target/doc --error-format=json --json=diagnostic-rendered-ansi,artifacts,future-incompat --document-private-items -C metadata=cf1c0ee0f6e8c1d6 -L dependency=/opt/rustwide/target/debug/deps --extern base64=/opt/rustwide/target/debug/deps/libbase64-341c84b1c24e0767.rmeta --extern bincode=/opt/rustwide/target/debug/deps/libbincode-0c7dec46d8198f02.rmeta --extern chacha20poly1305=/opt/rustwide/target/debug/deps/libchacha20poly1305-205f22bb4ceb4c8a.rmeta --extern conciliator=/opt/rustwide/target/debug/deps/libconciliator-0aec6c7502bed579.rmeta --extern dashmap=/opt/rustwide/target/debug/deps/libdashmap-b1a4d7dc94883390.rmeta --extern dirs=/opt/rustwide/target/debug/deps/libdirs-6029afab27499a87.rmeta --extern fixed=/opt/rustwide/target/debug/deps/libfixed-9ad16a2b3d53eedf.rmeta --extern futures=/opt/rustwide/target/debug/deps/libfutures-ea3f7ddd3db707e0.rmeta --extern ipnetwork=/opt/rustwide/target/debug/deps/libipnetwork-6e888e3a59cce5ea.rmeta --extern rand=/opt/rustwide/target/debug/deps/librand-81c8da9aeb5238b4.rmeta --extern rtnetlink=/opt/rustwide/target/debug/deps/librtnetlink-6bdac81cbbbd1245.rmeta --extern serde=/opt/rustwide/target/debug/deps/libserde-6bcfd45434bbb7d6.rmeta --extern serde_json=/opt/rustwide/target/debug/deps/libserde_json-e1021384131ed5f2.rmeta --extern structopt=/opt/rustwide/target/debug/deps/libstructopt-777d320a239e58d5.rmeta --extern strum=/opt/rustwide/target/debug/deps/libstrum-2ebb0bb0d27bbbf8.rmeta --extern test_log=/opt/rustwide/target/debug/deps/libtest_log-f1aa1a894322ffdc.so --extern tokio=/opt/rustwide/target/debug/deps/libtokio-ec767b2d212bb54f.rmeta --extern toml=/opt/rustwide/target/debug/deps/libtoml-5a67a965d9c58b46.rmeta --extern tracing=/opt/rustwide/target/debug/deps/libtracing-de3793b0d88dcc81.rmeta --extern tracing_subscriber=/opt/rustwide/target/debug/deps/libtracing_subscriber-37f85c3065a6c5d6.rmeta --cap-lints=warn --crate-version 0.2.0` (exit status: 1)
[INFO] [stderr] warning: build failed, waiting for other jobs to finish...
[INFO] [stdout] error: aborting due to 1 previous error
[INFO] [stdout] 
[INFO] [stdout] 
[INFO] [stdout] For more information about this error, try `rustc --explain E0554`.
[INFO] [stdout] 
[INFO] [stderr] error: could not compile `cnsprcy` (lib) due to 2 previous errors
[INFO] running `Command { std: "docker" "inspect" "e61ea87f5718a1535a2cb6ff83bae847dd0cfbd12609c5100a39648abff0191f", kill_on_drop: false }`
[INFO] running `Command { std: "docker" "rm" "-f" "e61ea87f5718a1535a2cb6ff83bae847dd0cfbd12609c5100a39648abff0191f", kill_on_drop: false }`
[INFO] [stdout] e61ea87f5718a1535a2cb6ff83bae847dd0cfbd12609c5100a39648abff0191f
