[INFO] fetching crate chromaprint-sys-next 1.5.3...
[INFO] documenting chromaprint-sys-next-1.5.3 against 1.75.0 for beta-1.76-rustdoc-1
[INFO] extracting crate chromaprint-sys-next 1.5.3 into /workspace/builds/worker-6-tc1/source
[INFO] validating manifest of crates.io crate chromaprint-sys-next 1.5.3 on toolchain 1.75.0
[INFO] running `Command { std: CARGO_HOME="/workspace/cargo-home" RUSTUP_HOME="/workspace/rustup-home" "/workspace/cargo-home/bin/cargo" "+1.75.0" "metadata" "--manifest-path" "Cargo.toml" "--no-deps", kill_on_drop: false }`
[INFO] started tweaking crates.io crate chromaprint-sys-next 1.5.3
[INFO] finished tweaking crates.io crate chromaprint-sys-next 1.5.3
[INFO] tweaked toml for crates.io crate chromaprint-sys-next 1.5.3 written to /workspace/builds/worker-6-tc1/source/Cargo.toml
[INFO] running `Command { std: CARGO_HOME="/workspace/cargo-home" RUSTUP_HOME="/workspace/rustup-home" "/workspace/cargo-home/bin/cargo" "+1.75.0" "generate-lockfile" "--manifest-path" "Cargo.toml", kill_on_drop: false }`
[INFO] [stderr]     Updating crates.io index
[INFO] running `Command { std: CARGO_HOME="/workspace/cargo-home" RUSTUP_HOME="/workspace/rustup-home" "/workspace/cargo-home/bin/cargo" "+1.75.0" "fetch" "--manifest-path" "Cargo.toml", kill_on_drop: false }`
[INFO] [stderr]  Downloading crates ...
[INFO] [stderr]   Downloaded bindgen v0.60.1
[INFO] running `Command { std: "docker" "create" "-v" "/var/lib/crater-agent-workspace/builds/worker-6-tc1/target:/opt/rustwide/target:rw,Z" "-v" "/var/lib/crater-agent-workspace/builds/worker-6-tc1/source:/opt/rustwide/workdir:ro,Z" "-v" "/var/lib/crater-agent-workspace/cargo-home:/opt/rustwide/cargo-home:ro,Z" "-v" "/var/lib/crater-agent-workspace/rustup-home:/opt/rustwide/rustup-home:ro,Z" "-e" "SOURCE_DIR=/opt/rustwide/workdir" "-e" "CARGO_TARGET_DIR=/opt/rustwide/target" "-e" "CARGO_HOME=/opt/rustwide/cargo-home" "-e" "RUSTUP_HOME=/opt/rustwide/rustup-home" "-w" "/opt/rustwide/workdir" "-m" "1610612736" "--user" "0:0" "--network" "none" "ghcr.io/rust-lang/crates-build-env/linux@sha256:2788e3201cd34a07e3172128adcd8b3090168a8e3bcc40d7c032b9dda1df7d1c" "/opt/rustwide/cargo-home/bin/cargo" "+1.75.0" "metadata" "--no-deps" "--format-version=1", kill_on_drop: false }`
[INFO] [stdout] 7e3fdb06c28260b0eae36c45bed46f782bd2ea57b2c8df575319da821bd1cfb4
[INFO] running `Command { std: "docker" "start" "-a" "7e3fdb06c28260b0eae36c45bed46f782bd2ea57b2c8df575319da821bd1cfb4", kill_on_drop: false }`
[INFO] running `Command { std: "docker" "inspect" "7e3fdb06c28260b0eae36c45bed46f782bd2ea57b2c8df575319da821bd1cfb4", kill_on_drop: false }`
[INFO] running `Command { std: "docker" "rm" "-f" "7e3fdb06c28260b0eae36c45bed46f782bd2ea57b2c8df575319da821bd1cfb4", kill_on_drop: false }`
[INFO] [stdout] 7e3fdb06c28260b0eae36c45bed46f782bd2ea57b2c8df575319da821bd1cfb4
[INFO] running `Command { std: "docker" "create" "-v" "/var/lib/crater-agent-workspace/builds/worker-6-tc1/target:/opt/rustwide/target:rw,Z" "-v" "/var/lib/crater-agent-workspace/builds/worker-6-tc1/source:/opt/rustwide/workdir:ro,Z" "-v" "/var/lib/crater-agent-workspace/cargo-home:/opt/rustwide/cargo-home:ro,Z" "-v" "/var/lib/crater-agent-workspace/rustup-home:/opt/rustwide/rustup-home:ro,Z" "-e" "SOURCE_DIR=/opt/rustwide/workdir" "-e" "CARGO_TARGET_DIR=/opt/rustwide/target" "-e" "CARGO_INCREMENTAL=0" "-e" "RUST_BACKTRACE=full" "-e" "RUSTFLAGS=--cap-lints=warn" "-e" "RUSTDOCFLAGS=--cap-lints=warn" "-e" "CARGO_HOME=/opt/rustwide/cargo-home" "-e" "RUSTUP_HOME=/opt/rustwide/rustup-home" "-w" "/opt/rustwide/workdir" "-m" "1610612736" "--user" "0:0" "--network" "none" "ghcr.io/rust-lang/crates-build-env/linux@sha256:2788e3201cd34a07e3172128adcd8b3090168a8e3bcc40d7c032b9dda1df7d1c" "/opt/rustwide/cargo-home/bin/cargo" "+1.75.0" "doc" "--frozen" "--no-deps" "--document-private-items" "--message-format=json", kill_on_drop: false }`
[INFO] [stdout] 29c08588858ed56dee1574a3254bfaf0ca5150bd1d6b925ad54316df442ba417
[INFO] running `Command { std: "docker" "start" "-a" "29c08588858ed56dee1574a3254bfaf0ca5150bd1d6b925ad54316df442ba417", kill_on_drop: false }`
[INFO] [stderr]    Compiling proc-macro2 v1.0.76
[INFO] [stderr]    Compiling rustix v0.38.28
[INFO] [stderr]    Compiling regex-syntax v0.8.2
[INFO] [stderr]    Compiling atty v0.2.14
[INFO] [stderr]    Compiling indexmap v1.9.3
[INFO] [stderr]    Compiling bitflags v2.4.1
[INFO] [stderr]    Compiling linux-raw-sys v0.4.12
[INFO] [stderr]    Compiling os_str_bytes v6.6.1
[INFO] [stderr]    Compiling termcolor v1.4.0
[INFO] [stderr]    Compiling minimal-lexical v0.2.1
[INFO] [stderr]    Compiling hashbrown v0.12.3
[INFO] [stderr]    Compiling humantime v2.1.0
[INFO] [stderr]    Compiling textwrap v0.16.0
[INFO] [stderr]    Compiling either v1.9.0
[INFO] [stderr]    Compiling bitflags v1.3.2
[INFO] [stderr]    Compiling log v0.4.20
[INFO] [stderr]    Compiling home v0.5.9
[INFO] [stderr]    Compiling bindgen v0.60.1
[INFO] [stderr]    Compiling clang-sys v1.7.0
[INFO] [stderr]    Compiling lazy_static v1.4.0
[INFO] [stderr]    Compiling peeking_take_while v0.1.2
[INFO] [stderr]    Compiling nom v7.1.3
[INFO] [stderr]    Compiling clap_lex v0.2.4
[INFO] [stderr]    Compiling rustc-hash v1.1.0
[INFO] [stderr]    Compiling lazycell v1.3.0
[INFO] [stderr]    Compiling cmake v0.1.50
[INFO] [stderr]    Compiling quote v1.0.35
[INFO] [stderr]    Compiling clap v3.2.25
[INFO] [stderr]    Compiling regex-automata v0.4.3
[INFO] [stderr]    Compiling cexpr v0.6.0
[INFO] [stderr]    Compiling which v4.4.2
[INFO] [stderr]    Compiling regex v1.10.2
[INFO] [stderr]    Compiling env_logger v0.9.3
[INFO] [stderr]    Compiling chromaprint-sys-next v1.5.3 (/opt/rustwide/workdir)
[INFO] [stderr] error: failed to run custom build command for `chromaprint-sys-next v1.5.3 (/opt/rustwide/workdir)`
[INFO] [stderr] note: To improve backtraces for build dependencies, set the CARGO_PROFILE_DEV_BUILD_OVERRIDE_DEBUG=true environment variable to enable debug information generation.
[INFO] [stderr] 
[INFO] [stderr] Caused by:
[INFO] [stderr]   process didn't exit successfully: `/opt/rustwide/target/debug/build/chromaprint-sys-next-d95f00200b5dccd7/build-script-build` (exit status: 101)
[INFO] [stderr]   --- stdout
[INFO] [stderr]   cargo:rerun-if-changed=build.rs
[INFO] [stderr]   cargo:rerun-if-env-changed=CHROMAPRINT_SYS_DYNAMIC
[INFO] [stderr]   cargo:rerun-if-env-changed=CHROMAPRINT_SYS_STATIC
[INFO] [stderr]   CMAKE_TOOLCHAIN_FILE_x86_64-unknown-linux-gnu = None
[INFO] [stderr]   CMAKE_TOOLCHAIN_FILE_x86_64_unknown_linux_gnu = None
[INFO] [stderr]   HOST_CMAKE_TOOLCHAIN_FILE = None
[INFO] [stderr]   CMAKE_TOOLCHAIN_FILE = None
[INFO] [stderr]   CMAKE_GENERATOR_x86_64-unknown-linux-gnu = None
[INFO] [stderr]   CMAKE_GENERATOR_x86_64_unknown_linux_gnu = None
[INFO] [stderr]   HOST_CMAKE_GENERATOR = None
[INFO] [stderr]   CMAKE_GENERATOR = None
[INFO] [stderr]   CMAKE_PREFIX_PATH_x86_64-unknown-linux-gnu = None
[INFO] [stderr]   CMAKE_PREFIX_PATH_x86_64_unknown_linux_gnu = None
[INFO] [stderr]   HOST_CMAKE_PREFIX_PATH = None
[INFO] [stderr]   CMAKE_PREFIX_PATH = None
[INFO] [stderr]   CMAKE_x86_64-unknown-linux-gnu = None
[INFO] [stderr]   CMAKE_x86_64_unknown_linux_gnu = None
[INFO] [stderr]   HOST_CMAKE = None
[INFO] [stderr]   CMAKE = None
[INFO] [stderr]   running: cd "/opt/rustwide/target/debug/build/chromaprint-sys-next-45ca14e15889119d/out/build" && CMAKE_PREFIX_PATH="" "cmake" "/opt/rustwide/workdir/src/chromaprint" "-DCMAKE_INSTALL_PREFIX=/opt/rustwide/target/debug/build/chromaprint-sys-next-45ca14e15889119d/out" "-DCMAKE_C_FLAGS= -ffunction-sections -fdata-sections -fPIC -m64" "-DCMAKE_C_COMPILER=/usr/bin/cc" "-DCMAKE_CXX_FLAGS= -ffunction-sections -fdata-sections -fPIC -m64" "-DCMAKE_CXX_COMPILER=/usr/bin/c++" "-DCMAKE_ASM_FLAGS= -ffunction-sections -fdata-sections -fPIC -m64" "-DCMAKE_ASM_COMPILER=/usr/bin/cc" "-DCMAKE_BUILD_TYPE=Debug"
[INFO] [stderr]   -- The C compiler identification is GNU 11.4.0
[INFO] [stderr]   -- The CXX compiler identification is GNU 11.4.0
[INFO] [stderr]   -- Detecting C compiler ABI info
[INFO] [stderr]   -- Detecting C compiler ABI info - done
[INFO] [stderr]   -- Check for working C compiler: /usr/bin/cc - skipped
[INFO] [stderr]   -- Detecting C compile features
[INFO] [stderr]   -- Detecting C compile features - done
[INFO] [stderr]   -- Detecting CXX compiler ABI info
[INFO] [stderr]   -- Detecting CXX compiler ABI info - done
[INFO] [stderr]   -- Check for working CXX compiler: /usr/bin/c++ - skipped
[INFO] [stderr]   -- Detecting CXX compile features
[INFO] [stderr]   -- Detecting CXX compile features - done
[INFO] [stderr]   -- Looking for pthread.h
[INFO] [stderr]   -- Looking for pthread.h - found
[INFO] [stderr]   -- Performing Test CMAKE_HAVE_LIBC_PTHREAD
[INFO] [stderr]   -- Performing Test CMAKE_HAVE_LIBC_PTHREAD - Success
[INFO] [stderr]   -- Found Threads: TRUE  
[INFO] [stderr]   -- Looking for lrintf
[INFO] [stderr]   -- Looking for lrintf - found
[INFO] [stderr]   -- Looking for round
[INFO] [stderr]   -- Looking for round - found
[INFO] [stderr]   -- Looking for av_packet_unref
[INFO] [stderr]   -- Looking for av_packet_unref - found
[INFO] [stderr]   -- Looking for av_frame_alloc
[INFO] [stderr]   -- Looking for av_frame_alloc - found
[INFO] [stderr]   -- Looking for av_frame_free
[INFO] [stderr]   -- Looking for av_frame_free - found
[INFO] [stderr]   -- Found KissFFT: /opt/rustwide/workdir/src/chromaprint/src/3rdparty/kissfft  
[INFO] [stderr]   -- Using avfft for FFT calculations
[INFO] [stderr]   -- Using swresample for audio conversion
[INFO] [stderr]   -- Found GTest: /opt/rustwide/workdir/src/chromaprint/src/3rdparty/googletest/googletest  
[INFO] [stderr]   -- Configuring done
[INFO] [stderr]   -- Generating done
[INFO] [stderr]   -- Build files have been written to: /opt/rustwide/target/debug/build/chromaprint-sys-next-45ca14e15889119d/out/build
[INFO] [stderr]   running: cd "/opt/rustwide/target/debug/build/chromaprint-sys-next-45ca14e15889119d/out/build" && MAKEFLAGS="-j --jobserver-fds=7,8 --jobserver-auth=7,8" "cmake" "--build" "." "--target" "install" "--config" "Debug"
[INFO] [stderr]   [  8%] Building CXX object src/CMakeFiles/chromaprint_objs.dir/fft_lib_avfft.cpp.o
[INFO] [stderr]   [  8%] Building C object src/CMakeFiles/chromaprint_objs.dir/avresample/resample2.c.o
[INFO] [stderr]   [  8%] Building CXX object tests/CMakeFiles/gtest.dir/__/src/3rdparty/googletest/googletest/src/gtest-all.cc.o
[INFO] [stderr]   [  8%] Building CXX object src/CMakeFiles/chromaprint_objs.dir/audio_processor.cpp.o
[INFO] [stderr]   [ 10%] Building CXX object src/CMakeFiles/chromaprint_objs.dir/chroma.cpp.o
[INFO] [stderr]   [ 13%] Building CXX object src/CMakeFiles/chromaprint_objs.dir/chroma_filter.cpp.o
[INFO] [stderr]   [ 15%] Building CXX object src/CMakeFiles/chromaprint_objs.dir/chroma_resampler.cpp.o
[INFO] [stderr]   [ 19%] Building CXX object src/CMakeFiles/chromaprint_objs.dir/spectrum.cpp.o
[INFO] [stderr]   [ 19%] Building CXX object src/CMakeFiles/chromaprint_objs.dir/fft.cpp.o
[INFO] [stderr]   [ 21%] Building CXX object src/CMakeFiles/chromaprint_objs.dir/image_builder.cpp.o
[INFO] [stderr]   [ 23%] Building CXX object src/CMakeFiles/chromaprint_objs.dir/fingerprinter.cpp.o
[INFO] [stderr]   [ 26%] Building CXX object src/CMakeFiles/chromaprint_objs.dir/simhash.cpp.o
[INFO] [stderr]   [ 28%] Building CXX object src/CMakeFiles/chromaprint_objs.dir/silence_remover.cpp.o
[INFO] [stderr]   [ 30%] Building CXX object src/CMakeFiles/chromaprint_objs.dir/fingerprint_calculator.cpp.o
[INFO] [stderr]   [ 34%] Building CXX object src/CMakeFiles/chromaprint_objs.dir/fingerprint_compressor.cpp.o
[INFO] [stderr]   [ 34%] Building CXX object src/CMakeFiles/chromaprint_objs.dir/fingerprint_decompressor.cpp.o
[INFO] [stderr]   [ 36%] Building CXX object src/CMakeFiles/chromaprint_objs.dir/fingerprinter_configuration.cpp.o
[INFO] [stderr]   [ 39%] Building CXX object src/CMakeFiles/chromaprint_objs.dir/fingerprint_matcher.cpp.o
[INFO] [stderr]   [ 41%] Building CXX object src/CMakeFiles/chromaprint_objs.dir/utils/base64.cpp.o
[INFO] [stderr]   [ 41%] Built target chromaprint_objs
[INFO] [stderr]   [ 43%] Building CXX object src/CMakeFiles/chromaprint.dir/chromaprint.cpp.o
[INFO] [stderr]   [ 45%] Linking CXX shared library libchromaprint.so
[INFO] [stderr]   [ 45%] Built target chromaprint
[INFO] [stderr]   [ 47%] Linking CXX static library libgtest.a
[INFO] [stderr]   [ 47%] Built target gtest
[INFO] [stderr]   [ 50%] Building CXX object tests/CMakeFiles/all_tests.dir/main.cpp.o
[INFO] [stderr]   [ 54%] Building CXX object tests/CMakeFiles/all_tests.dir/test_utils.cpp.o
[INFO] [stderr]   [ 54%] Building CXX object tests/CMakeFiles/all_tests.dir/test_api.cpp.o
[INFO] [stderr]   [ 58%] Building CXX object tests/CMakeFiles/all_tests.dir/test_filter.cpp.o
[INFO] [stderr]   [ 60%] Building CXX object tests/CMakeFiles/all_tests.dir/test_filter_utils.cpp.o
[INFO] [stderr]   [ 60%] Building CXX object tests/CMakeFiles/all_tests.dir/test_quantizer.cpp.o
[INFO] [stderr]   [ 63%] Building CXX object tests/CMakeFiles/all_tests.dir/test_audio_processor.cpp.o
[INFO] [stderr]   [ 65%] Building CXX object tests/CMakeFiles/all_tests.dir/test_simhash.cpp.o
[INFO] [stderr]   [ 67%] Building CXX object tests/CMakeFiles/all_tests.dir/test_chromaprint.cpp.o
[INFO] [stderr]   [ 69%] Building CXX object tests/CMakeFiles/all_tests.dir/test_chroma.cpp.o
[INFO] [stderr]   [ 71%] Building CXX object tests/CMakeFiles/all_tests.dir/test_chroma_filter.cpp.o
[INFO] [stderr]   [ 76%] Building CXX object tests/CMakeFiles/all_tests.dir/test_chroma_resampler.cpp.o
[INFO] [stderr]   [ 76%] Building CXX object tests/CMakeFiles/all_tests.dir/test_fingerprint_compressor.cpp.o
[INFO] [stderr]   [ 78%] Building CXX object tests/CMakeFiles/all_tests.dir/test_fingerprint_decompressor.cpp.o
[INFO] [stderr]   [ 80%] Building CXX object tests/CMakeFiles/all_tests.dir/test_fingerprint_matcher.cpp.o
[INFO] [stderr]   [ 82%] Building CXX object tests/CMakeFiles/all_tests.dir/test_silence_remover.cpp.o
[INFO] [stderr] 
[INFO] [stderr]   --- stderr
[INFO] [stderr]   CMake Warning:
[INFO] [stderr]     Manually-specified variables were not used by the project:
[INFO] [stderr] 
[INFO] [stderr]       CMAKE_ASM_COMPILER
[INFO] [stderr]       CMAKE_ASM_FLAGS
[INFO] [stderr] 
[INFO] [stderr] 
[INFO] [stderr]   c++: fatal error: Killed signal terminated program cc1plus
[INFO] [stderr]   compilation terminated.
[INFO] [stderr]   gmake[2]: *** [tests/CMakeFiles/all_tests.dir/build.make:258: tests/CMakeFiles/all_tests.dir/test_fingerprint_decompressor.cpp.o] Error 1
[INFO] [stderr]   gmake[2]: *** Waiting for unfinished jobs....
[INFO] [stderr]   c++: fatal error: Killed signal terminated program cc1plus
[INFO] [stderr]   compilation terminated.
[INFO] [stderr]   gmake[2]: *** [tests/CMakeFiles/all_tests.dir/build.make:132: tests/CMakeFiles/all_tests.dir/test_filter.cpp.o] Error 1
[INFO] [stderr]   c++: fatal error: Killed signal terminated program cc1plus
[INFO] [stderr]   compilation terminated.
[INFO] [stderr]   gmake[2]: *** [tests/CMakeFiles/all_tests.dir/build.make:174: tests/CMakeFiles/all_tests.dir/test_simhash.cpp.o] Error 1
[INFO] [stderr]   c++: fatal error: Killed signal terminated program cc1plus
[INFO] [stderr]   compilation terminated.
[INFO] [stderr]   gmake[2]: *** [tests/CMakeFiles/all_tests.dir/build.make:90: tests/CMakeFiles/all_tests.dir/test_api.cpp.o] Error 1
[INFO] [stderr]   In file included from /opt/rustwide/workdir/src/chromaprint/tests/test_chroma.cpp:3:
[INFO] [stderr]   /opt/rustwide/workdir/src/chromaprint/src/3rdparty/googletest/googletest/include/gtest/gtest.h: In instantiation of 'testing::AssertionResult testing::internal::CmpHelperEQ(const char*, const char*, const T1&, const T2&) [with T1 = int; T2 = long unsigned int]':
[INFO] [stderr]   /opt/rustwide/workdir/src/chromaprint/src/3rdparty/googletest/googletest/include/gtest/gtest.h:1564:23:   required from 'static testing::AssertionResult testing::internal::EqHelper::Compare(const char*, const char*, const T1&, const T2&) [with T1 = int; T2 = long unsigned int; typename std::enable_if<((! std::is_integral<_Tp>::value) || (! std::is_pointer<_Dp>::value))>::type* <anonymous> = 0]'
[INFO] [stderr]   /opt/rustwide/workdir/src/chromaprint/tests/test_chroma.cpp:27:2:   required from here
[INFO] [stderr]   /opt/rustwide/workdir/src/chromaprint/src/3rdparty/googletest/googletest/include/gtest/gtest.h:1545:11: warning: comparison of integer expressions of different signedness: 'const int' and 'const long unsigned int' [-Wsign-compare]
[INFO] [stderr]    1545 |   if (lhs == rhs) {
[INFO] [stderr]         |       ~~~~^~~~~~
[INFO] [stderr]   In file included from /opt/rustwide/workdir/src/chromaprint/tests/test_audio_processor.cpp:1:
[INFO] [stderr]   /opt/rustwide/workdir/src/chromaprint/src/3rdparty/googletest/googletest/include/gtest/gtest.h: In instantiation of 'testing::AssertionResult testing::internal::CmpHelperEQ(const char*, const char*, const T1&, const T2&) [with T1 = int; T2 = long unsigned int]':
[INFO] [stderr]   /opt/rustwide/workdir/src/chromaprint/src/3rdparty/googletest/googletest/include/gtest/gtest.h:1564:23:   required from 'static testing::AssertionResult testing::internal::EqHelper::Compare(const char*, const char*, const T1&, const T2&) [with T1 = int; T2 = long unsigned int; typename std::enable_if<((! std::is_integral<_Tp>::value) || (! std::is_pointer<_Dp>::value))>::type* <anonymous> = 0]'
[INFO] [stderr]   /opt/rustwide/workdir/src/chromaprint/tests/test_utils.h:16:2:   required from here
[INFO] [stderr]   /opt/rustwide/workdir/src/chromaprint/src/3rdparty/googletest/googletest/include/gtest/gtest.h:1545:11: warning: comparison of integer expressions of different signedness: 'const int' and 'const long unsigned int' [-Wsign-compare]
[INFO] [stderr]    1545 |   if (lhs == rhs) {
[INFO] [stderr]         |       ~~~~^~~~~~
[INFO] [stderr]   In file included from /opt/rustwide/workdir/src/chromaprint/tests/test_utils.cpp:1:
[INFO] [stderr]   /opt/rustwide/workdir/src/chromaprint/src/3rdparty/googletest/googletest/include/gtest/gtest.h: In instantiation of 'testing::AssertionResult testing::internal::CmpHelperEQ(const char*, const char*, const T1&, const T2&) [with T1 = int; T2 = long unsigned int]':
[INFO] [stderr]   /opt/rustwide/workdir/src/chromaprint/src/3rdparty/googletest/googletest/include/gtest/gtest.h:1564:23:   required from 'static testing::AssertionResult testing::internal::EqHelper::Compare(const char*, const char*, const T1&, const T2&) [with T1 = int; T2 = long unsigned int; typename std::enable_if<((! std::is_integral<_Tp>::value) || (! std::is_pointer<_Dp>::value))>::type* <anonymous> = 0]'
[INFO] [stderr]   /opt/rustwide/workdir/src/chromaprint/tests/test_utils.h:16:2:   required from here
[INFO] [stderr]   /opt/rustwide/workdir/src/chromaprint/src/3rdparty/googletest/googletest/include/gtest/gtest.h:1545:11: warning: comparison of integer expressions of different signedness: 'const int' and 'const long unsigned int' [-Wsign-compare]
[INFO] [stderr]    1545 |   if (lhs == rhs) {
[INFO] [stderr]         |       ~~~~^~~~~~
[INFO] [stderr]   c++: fatal error: Killed signal terminated program cc1plus
[INFO] [stderr]   compilation terminated.
[INFO] [stderr]   gmake[2]: *** [tests/CMakeFiles/all_tests.dir/build.make:160: tests/CMakeFiles/all_tests.dir/test_audio_processor.cpp.o] Error 1
[INFO] [stderr]   /opt/rustwide/workdir/src/chromaprint/src/3rdparty/googletest/googletest/include/gtest/gtest.h: In instantiation of 'testing::AssertionResult testing::internal::CmpHelperEQ(const char*, const char*, const T1&, const T2&) [with T1 = int; T2 = unsigned int]':
[INFO] [stderr]   /opt/rustwide/workdir/src/chromaprint/src/3rdparty/googletest/googletest/include/gtest/gtest.h:1564:23:   required from 'static testing::AssertionResult testing::internal::EqHelper::Compare(const char*, const char*, const T1&, const T2&) [with T1 = int; T2 = unsigned int; typename std::enable_if<((! std::is_integral<_Tp>::value) || (! std::is_pointer<_Dp>::value))>::type* <anonymous> = 0]'
[INFO] [stderr]   /opt/rustwide/workdir/src/chromaprint/tests/test_utils.cpp:76:5:   required from here
[INFO] [stderr]   /opt/rustwide/workdir/src/chromaprint/src/3rdparty/googletest/googletest/include/gtest/gtest.h:1545:11: warning: comparison of integer expressions of different signedness: 'const int' and 'const unsigned int' [-Wsign-compare]
[INFO] [stderr]   /opt/rustwide/workdir/src/chromaprint/src/3rdparty/googletest/googletest/include/gtest/gtest.h: In instantiation of 'testing::AssertionResult testing::internal::CmpHelperEQ(const char*, const char*, const T1&, const T2&) [with T1 = long unsigned int; T2 = int]':
[INFO] [stderr]   /opt/rustwide/workdir/src/chromaprint/src/3rdparty/googletest/googletest/include/gtest/gtest.h:1564:23:   required from 'static testing::AssertionResult testing::internal::EqHelper::Compare(const char*, const char*, const T1&, const T2&) [with T1 = long unsigned int; T2 = int; typename std::enable_if<((! std::is_integral<_Tp>::value) || (! std::is_pointer<_Dp>::value))>::type* <anonymous> = 0]'
[INFO] [stderr]   /opt/rustwide/workdir/src/chromaprint/tests/test_utils.cpp:99:2:   required from here
[INFO] [stderr]   /opt/rustwide/workdir/src/chromaprint/src/3rdparty/googletest/googletest/include/gtest/gtest.h:1545:11: warning: comparison of integer expressions of different signedness: 'const long unsigned int' and 'const int' [-Wsign-compare]
[INFO] [stderr]   In file included from /opt/rustwide/workdir/src/chromaprint/tests/test_fingerprint_compressor.cpp:1:
[INFO] [stderr]   /opt/rustwide/workdir/src/chromaprint/src/3rdparty/googletest/googletest/include/gtest/gtest.h: In instantiation of 'testing::AssertionResult testing::internal::CmpHelperEQ(const char*, const char*, const T1&, const T2&) [with T1 = int; T2 = long unsigned int]':
[INFO] [stderr]   /opt/rustwide/workdir/src/chromaprint/src/3rdparty/googletest/googletest/include/gtest/gtest.h:1564:23:   required from 'static testing::AssertionResult testing::internal::EqHelper::Compare(const char*, const char*, const T1&, const T2&) [with T1 = int; T2 = long unsigned int; typename std::enable_if<((! std::is_integral<_Tp>::value) || (! std::is_pointer<_Dp>::value))>::type* <anonymous> = 0]'
[INFO] [stderr]   /opt/rustwide/workdir/src/chromaprint/tests/test_utils.h:16:2:   required from here
[INFO] [stderr]   /opt/rustwide/workdir/src/chromaprint/src/3rdparty/googletest/googletest/include/gtest/gtest.h:1545:11: warning: comparison of integer expressions of different signedness: 'const int' and 'const long unsigned int' [-Wsign-compare]
[INFO] [stderr]    1545 |   if (lhs == rhs) {
[INFO] [stderr]         |       ~~~~^~~~~~
[INFO] [stderr]   c++: fatal error: Killed signal terminated program cc1plus
[INFO] [stderr]   compilation terminated.
[INFO] [stderr]   In file included from /opt/rustwide/workdir/src/chromaprint/tests/test_chromaprint.cpp:1:
[INFO] [stderr]   /opt/rustwide/workdir/src/chromaprint/src/3rdparty/googletest/googletest/include/gtest/gtest.h: In instantiation of 'testing::AssertionResult testing::internal::CmpHelperEQ(const char*, const char*, const T1&, const T2&) [with T1 = int; T2 = long unsigned int]':
[INFO] [stderr]   /opt/rustwide/workdir/src/chromaprint/src/3rdparty/googletest/googletest/include/gtest/gtest.h:1564:23:   required from 'static testing::AssertionResult testing::internal::EqHelper::Compare(const char*, const char*, const T1&, const T2&) [with T1 = int; T2 = long unsigned int; typename std::enable_if<((! std::is_integral<_Tp>::value) || (! std::is_pointer<_Dp>::value))>::type* <anonymous> = 0]'
[INFO] [stderr]   /opt/rustwide/workdir/src/chromaprint/tests/test_utils.h:16:2:   required from here
[INFO] [stderr]   /opt/rustwide/workdir/src/chromaprint/src/3rdparty/googletest/googletest/include/gtest/gtest.h:1545:11: warning: comparison of integer expressions of different signedness: 'const int' and 'const long unsigned int' [-Wsign-compare]
[INFO] [stderr]    1545 |   if (lhs == rhs) {
[INFO] [stderr]         |       ~~~~^~~~~~
[INFO] [stderr]   gmake[2]: *** [tests/CMakeFiles/all_tests.dir/build.make:244: tests/CMakeFiles/all_tests.dir/test_fingerprint_compressor.cpp.o] Error 1
[INFO] [stderr]   In file included from /opt/rustwide/workdir/src/chromaprint/tests/test_silence_remover.cpp:1:
[INFO] [stderr]   /opt/rustwide/workdir/src/chromaprint/src/3rdparty/googletest/googletest/include/gtest/gtest.h: In instantiation of 'testing::AssertionResult testing::internal::CmpHelperEQ(const char*, const char*, const T1&, const T2&) [with T1 = int; T2 = long unsigned int]':
[INFO] [stderr]   /opt/rustwide/workdir/src/chromaprint/src/3rdparty/googletest/googletest/include/gtest/gtest.h:1564:23:   required from 'static testing::AssertionResult testing::internal::EqHelper::Compare(const char*, const char*, const T1&, const T2&) [with T1 = int; T2 = long unsigned int; typename std::enable_if<((! std::is_integral<_Tp>::value) || (! std::is_pointer<_Dp>::value))>::type* <anonymous> = 0]'
[INFO] [stderr]   /opt/rustwide/workdir/src/chromaprint/tests/test_utils.h:16:2:   required from here
[INFO] [stderr]   /opt/rustwide/workdir/src/chromaprint/src/3rdparty/googletest/googletest/include/gtest/gtest.h:1545:11: warning: comparison of integer expressions of different signedness: 'const int' and 'const long unsigned int' [-Wsign-compare]
[INFO] [stderr]    1545 |   if (lhs == rhs) {
[INFO] [stderr]         |       ~~~~^~~~~~
[INFO] [stderr]   gmake[1]: *** [CMakeFiles/Makefile2:255: tests/CMakeFiles/all_tests.dir/all] Error 2
[INFO] [stderr]   gmake: *** [Makefile:136: all] Error 2
[INFO] [stderr]   thread 'main' panicked at /opt/rustwide/cargo-home/registry/src/index.crates.io-6f17d22bba15001f/cmake-0.1.50/src/lib.rs:1098:5:
[INFO] [stderr] 
[INFO] [stderr]   command did not execute successfully, got: exit status: 2
[INFO] [stderr] 
[INFO] [stderr]   build script failed, must exit now
[INFO] [stderr]   stack backtrace:
[INFO] [stderr]      0:     0x562875be308c - std::backtrace_rs::backtrace::libunwind::trace::ha637c64ce894333a
[INFO] [stderr]                                  at /rustc/82e1608dfa6e0b5569232559e3d385fea5a93112/library/std/src/../../backtrace/src/backtrace/libunwind.rs:104:5
[INFO] [stderr]      1:     0x562875be308c - std::backtrace_rs::backtrace::trace_unsynchronized::h47f62dea28e0c88d
[INFO] [stderr]                                  at /rustc/82e1608dfa6e0b5569232559e3d385fea5a93112/library/std/src/../../backtrace/src/backtrace/mod.rs:66:5
[INFO] [stderr]      2:     0x562875be308c - std::sys_common::backtrace::_print_fmt::h9eef0abe20ede486
[INFO] [stderr]                                  at /rustc/82e1608dfa6e0b5569232559e3d385fea5a93112/library/std/src/sys_common/backtrace.rs:67:5
[INFO] [stderr]      3:     0x562875be308c - <std::sys_common::backtrace::_print::DisplayBacktrace as core::fmt::Display>::fmt::hed7f999df88cc644
[INFO] [stderr]                                  at /rustc/82e1608dfa6e0b5569232559e3d385fea5a93112/library/std/src/sys_common/backtrace.rs:44:22
[INFO] [stderr]      4:     0x562875c0ee20 - core::fmt::rt::Argument::fmt::h1539a9308b8d058d
[INFO] [stderr]                                  at /rustc/82e1608dfa6e0b5569232559e3d385fea5a93112/library/core/src/fmt/rt.rs:142:9
[INFO] [stderr]      5:     0x562875c0ee20 - core::fmt::write::h3a39390d8560d9c9
[INFO] [stderr]                                  at /rustc/82e1608dfa6e0b5569232559e3d385fea5a93112/library/core/src/fmt/mod.rs:1120:17
[INFO] [stderr]      6:     0x562875be023f - std::io::Write::write_fmt::h5fc9997dfe05f882
[INFO] [stderr]                                  at /rustc/82e1608dfa6e0b5569232559e3d385fea5a93112/library/std/src/io/mod.rs:1762:15
[INFO] [stderr]      7:     0x562875be2e74 - std::sys_common::backtrace::_print::h894006fb5c6f3d45
[INFO] [stderr]                                  at /rustc/82e1608dfa6e0b5569232559e3d385fea5a93112/library/std/src/sys_common/backtrace.rs:47:5
[INFO] [stderr]      8:     0x562875be2e74 - std::sys_common::backtrace::print::h23a2d212c6fff936
[INFO] [stderr]                                  at /rustc/82e1608dfa6e0b5569232559e3d385fea5a93112/library/std/src/sys_common/backtrace.rs:34:9
[INFO] [stderr]      9:     0x562875be4687 - std::panicking::default_hook::{{closure}}::h8a1d2ee00185001a
[INFO] [stderr]     10:     0x562875be43ef - std::panicking::default_hook::h6038f2eba384e475
[INFO] [stderr]                                  at /rustc/82e1608dfa6e0b5569232559e3d385fea5a93112/library/std/src/panicking.rs:292:9
[INFO] [stderr]     11:     0x562875be4b08 - std::panicking::rust_panic_with_hook::h2b5517d590cab22e
[INFO] [stderr]                                  at /rustc/82e1608dfa6e0b5569232559e3d385fea5a93112/library/std/src/panicking.rs:779:13
[INFO] [stderr]     12:     0x562875be49ee - std::panicking::begin_panic_handler::{{closure}}::h233112c06e0ef43e
[INFO] [stderr]                                  at /rustc/82e1608dfa6e0b5569232559e3d385fea5a93112/library/std/src/panicking.rs:657:13
[INFO] [stderr]     13:     0x562875be3556 - std::sys_common::backtrace::__rust_end_short_backtrace::h6e893f24d7ebbff8
[INFO] [stderr]                                  at /rustc/82e1608dfa6e0b5569232559e3d385fea5a93112/library/std/src/sys_common/backtrace.rs:170:18
[INFO] [stderr]     14:     0x562875be4752 - rust_begin_unwind
[INFO] [stderr]                                  at /rustc/82e1608dfa6e0b5569232559e3d385fea5a93112/library/std/src/panicking.rs:645:5
[INFO] [stderr]     15:     0x562875630ce5 - core::panicking::panic_fmt::hbf0e066aabfa482c
[INFO] [stderr]                                  at /rustc/82e1608dfa6e0b5569232559e3d385fea5a93112/library/core/src/panicking.rs:72:14
[INFO] [stderr]     16:     0x5628756705c1 - cmake::fail::h7a5caf818fa20d52
[INFO] [stderr]     17:     0x56287566fd47 - cmake::run::hbdd51256d1726b59
[INFO] [stderr]     18:     0x56287566c661 - cmake::Config::build::he7f58d1afe21f6cc
[INFO] [stderr]     19:     0x562875634c78 - build_script_build::build_chromaprint::h4535a1d3c0d6add5
[INFO] [stderr]     20:     0x5628756356b3 - build_script_build::main::h7012bf41c3592fe4
[INFO] [stderr]     21:     0x5628756321e3 - core::ops::function::FnOnce::call_once::h6be377227b89465a
[INFO] [stderr]     22:     0x562875631686 - std::sys_common::backtrace::__rust_begin_short_backtrace::h365a04c748c9e0dc
[INFO] [stderr]     23:     0x562875631d49 - std::rt::lang_start::{{closure}}::hc54f9780267e3b37
[INFO] [stderr]     24:     0x562875bdb937 - core::ops::function::impls::<impl core::ops::function::FnOnce<A> for &F>::call_once::hd95060ecd5e1ca24
[INFO] [stderr]                                  at /rustc/82e1608dfa6e0b5569232559e3d385fea5a93112/library/core/src/ops/function.rs:284:13
[INFO] [stderr]     25:     0x562875bdb937 - std::panicking::try::do_call::h6e8cf51db32a6e4b
[INFO] [stderr]                                  at /rustc/82e1608dfa6e0b5569232559e3d385fea5a93112/library/std/src/panicking.rs:552:40
[INFO] [stderr]     26:     0x562875bdb937 - std::panicking::try::h3a52eefe24fe3c29
[INFO] [stderr]                                  at /rustc/82e1608dfa6e0b5569232559e3d385fea5a93112/library/std/src/panicking.rs:516:19
[INFO] [stderr]     27:     0x562875bdb937 - std::panic::catch_unwind::h24c28c23c02c3841
[INFO] [stderr]                                  at /rustc/82e1608dfa6e0b5569232559e3d385fea5a93112/library/std/src/panic.rs:142:14
[INFO] [stderr]     28:     0x562875bdb937 - std::rt::lang_start_internal::{{closure}}::h705d3c9cbc06ef47
[INFO] [stderr]                                  at /rustc/82e1608dfa6e0b5569232559e3d385fea5a93112/library/std/src/rt.rs:148:48
[INFO] [stderr]     29:     0x562875bdb937 - std::panicking::try::do_call::ha21f52ba13158470
[INFO] [stderr]                                  at /rustc/82e1608dfa6e0b5569232559e3d385fea5a93112/library/std/src/panicking.rs:552:40
[INFO] [stderr]     30:     0x562875bdb937 - std::panicking::try::h5581346bf6aeb1f8
[INFO] [stderr]                                  at /rustc/82e1608dfa6e0b5569232559e3d385fea5a93112/library/std/src/panicking.rs:516:19
[INFO] [stderr]     31:     0x562875bdb937 - std::panic::catch_unwind::h7919645a6b72e25b
[INFO] [stderr]                                  at /rustc/82e1608dfa6e0b5569232559e3d385fea5a93112/library/std/src/panic.rs:142:14
[INFO] [stderr]     32:     0x562875bdb937 - std::rt::lang_start_internal::h12de51168669836e
[INFO] [stderr]                                  at /rustc/82e1608dfa6e0b5569232559e3d385fea5a93112/library/std/src/rt.rs:148:20
[INFO] [stderr]     33:     0x562875631d27 - std::rt::lang_start::hd35ec4c1014fb861
[INFO] [stderr]     34:     0x562875635ca5 - main
[INFO] [stderr]     35:     0x7f1bde8eed90 - <unknown>
[INFO] [stderr]     36:     0x7f1bde8eee40 - __libc_start_main
[INFO] [stderr]     37:     0x5628756315b5 - _start
[INFO] [stderr]     38:                0x0 - <unknown>
[INFO] running `Command { std: "docker" "inspect" "29c08588858ed56dee1574a3254bfaf0ca5150bd1d6b925ad54316df442ba417", kill_on_drop: false }`
[INFO] running `Command { std: "docker" "rm" "-f" "29c08588858ed56dee1574a3254bfaf0ca5150bd1d6b925ad54316df442ba417", kill_on_drop: false }`
[INFO] [stdout] 29c08588858ed56dee1574a3254bfaf0ca5150bd1d6b925ad54316df442ba417
