[INFO] fetching crate checkout_controller 0.0.7...
[INFO] documenting checkout_controller-0.0.7 against 1.75.0 for beta-1.76-rustdoc-1
[INFO] extracting crate checkout_controller 0.0.7 into /workspace/builds/worker-1-tc1/source
[INFO] validating manifest of crates.io crate checkout_controller 0.0.7 on toolchain 1.75.0
[INFO] running `Command { std: CARGO_HOME="/workspace/cargo-home" RUSTUP_HOME="/workspace/rustup-home" "/workspace/cargo-home/bin/cargo" "+1.75.0" "metadata" "--manifest-path" "Cargo.toml" "--no-deps", kill_on_drop: false }`
[INFO] started tweaking crates.io crate checkout_controller 0.0.7
[INFO] finished tweaking crates.io crate checkout_controller 0.0.7
[INFO] tweaked toml for crates.io crate checkout_controller 0.0.7 written to /workspace/builds/worker-1-tc1/source/Cargo.toml
[INFO] running `Command { std: CARGO_HOME="/workspace/cargo-home" RUSTUP_HOME="/workspace/rustup-home" "/workspace/cargo-home/bin/cargo" "+1.75.0" "generate-lockfile" "--manifest-path" "Cargo.toml", kill_on_drop: false }`
[INFO] [stderr]     Updating crates.io index
[INFO] running `Command { std: CARGO_HOME="/workspace/cargo-home" RUSTUP_HOME="/workspace/rustup-home" "/workspace/cargo-home/bin/cargo" "+1.75.0" "fetch" "--manifest-path" "Cargo.toml", kill_on_drop: false }`
[INFO] [stderr]  Downloading crates ...
[INFO] [stderr]   Downloaded ptr_meta_derive v0.1.4
[INFO] [stderr]   Downloaded match_cfg v0.1.0
[INFO] [stderr]   Downloaded zerocopy v0.3.2
[INFO] [stderr]   Downloaded rkyv_derive v0.7.43
[INFO] [stderr]   Downloaded rend v0.4.1
[INFO] [stderr]   Downloaded simdutf8 v0.1.4
[INFO] [stderr]   Downloaded slog-async v2.8.0
[INFO] [stderr]   Downloaded bytecheck v0.6.11
[INFO] [stderr]   Downloaded slog-term v2.9.0
[INFO] [stderr]   Downloaded take_mut v0.2.2
[INFO] [stderr]   Downloaded syn_derive v0.1.8
[INFO] [stderr]   Downloaded seahash v4.1.0
[INFO] [stderr]   Downloaded dyn-clone v1.0.16
[INFO] [stderr]   Downloaded slog-bunyan v2.5.0
[INFO] [stderr]   Downloaded uuid v0.8.2
[INFO] [stderr]   Downloaded rust_decimal v1.33.1
[INFO] [stderr]   Downloaded dropshot v0.6.0
[INFO] [stderr]   Downloaded zerocopy-derive v0.2.0
[INFO] [stderr]   Downloaded slog v2.7.0
[INFO] [stderr]   Downloaded ptr_meta v0.1.4
[INFO] [stderr]   Downloaded rkyv v0.7.43
[INFO] [stderr]   Downloaded hostname v0.3.1
[INFO] [stderr]   Downloaded schemars v0.8.16
[INFO] [stderr]   Downloaded schemars_derive v0.8.16
[INFO] [stderr]   Downloaded slog-json v2.6.1
[INFO] [stderr]   Downloaded thread-id v4.2.1
[INFO] [stderr]   Downloaded dof v0.1.5
[INFO] [stderr]   Downloaded bytecheck_derive v0.6.11
[INFO] [stderr]   Downloaded usdt-attr-macro v0.2.1
[INFO] [stderr]   Downloaded borsh-derive v1.3.0
[INFO] [stderr]   Downloaded borsh v1.3.0
[INFO] [stderr]   Downloaded cfg_aliases v0.1.1
[INFO] [stderr]   Downloaded dtrace-parser v0.1.15
[INFO] [stderr]   Downloaded dropshot_endpoint v0.6.0
[INFO] [stderr]   Downloaded usdt-macro v0.2.1
[INFO] [stderr]   Downloaded usdt v0.2.1
[INFO] [stderr]   Downloaded usdt-impl v0.2.1
[INFO] [stderr]   Downloaded openapiv3 v1.0.0-beta.5
[INFO] running `Command { std: "docker" "create" "-v" "/var/lib/crater-agent-workspace/builds/worker-1-tc1/target:/opt/rustwide/target:rw,Z" "-v" "/var/lib/crater-agent-workspace/builds/worker-1-tc1/source:/opt/rustwide/workdir:ro,Z" "-v" "/var/lib/crater-agent-workspace/cargo-home:/opt/rustwide/cargo-home:ro,Z" "-v" "/var/lib/crater-agent-workspace/rustup-home:/opt/rustwide/rustup-home:ro,Z" "-e" "SOURCE_DIR=/opt/rustwide/workdir" "-e" "CARGO_TARGET_DIR=/opt/rustwide/target" "-e" "CARGO_HOME=/opt/rustwide/cargo-home" "-e" "RUSTUP_HOME=/opt/rustwide/rustup-home" "-w" "/opt/rustwide/workdir" "-m" "1610612736" "--user" "0:0" "--network" "none" "ghcr.io/rust-lang/crates-build-env/linux@sha256:2788e3201cd34a07e3172128adcd8b3090168a8e3bcc40d7c032b9dda1df7d1c" "/opt/rustwide/cargo-home/bin/cargo" "+1.75.0" "metadata" "--no-deps" "--format-version=1", kill_on_drop: false }`
[INFO] [stdout] db23fa4b304203d24f76de48d1d468178d32eef87825164dc230e94beea3f025
[INFO] running `Command { std: "docker" "start" "-a" "db23fa4b304203d24f76de48d1d468178d32eef87825164dc230e94beea3f025", kill_on_drop: false }`
[INFO] running `Command { std: "docker" "inspect" "db23fa4b304203d24f76de48d1d468178d32eef87825164dc230e94beea3f025", kill_on_drop: false }`
[INFO] running `Command { std: "docker" "rm" "-f" "db23fa4b304203d24f76de48d1d468178d32eef87825164dc230e94beea3f025", kill_on_drop: false }`
[INFO] [stdout] db23fa4b304203d24f76de48d1d468178d32eef87825164dc230e94beea3f025
[INFO] running `Command { std: "docker" "create" "-v" "/var/lib/crater-agent-workspace/builds/worker-1-tc1/target:/opt/rustwide/target:rw,Z" "-v" "/var/lib/crater-agent-workspace/builds/worker-1-tc1/source:/opt/rustwide/workdir:ro,Z" "-v" "/var/lib/crater-agent-workspace/cargo-home:/opt/rustwide/cargo-home:ro,Z" "-v" "/var/lib/crater-agent-workspace/rustup-home:/opt/rustwide/rustup-home:ro,Z" "-e" "SOURCE_DIR=/opt/rustwide/workdir" "-e" "CARGO_TARGET_DIR=/opt/rustwide/target" "-e" "CARGO_INCREMENTAL=0" "-e" "RUST_BACKTRACE=full" "-e" "RUSTFLAGS=--cap-lints=warn" "-e" "RUSTDOCFLAGS=--cap-lints=warn" "-e" "CARGO_HOME=/opt/rustwide/cargo-home" "-e" "RUSTUP_HOME=/opt/rustwide/rustup-home" "-w" "/opt/rustwide/workdir" "-m" "1610612736" "--user" "0:0" "--network" "none" "ghcr.io/rust-lang/crates-build-env/linux@sha256:2788e3201cd34a07e3172128adcd8b3090168a8e3bcc40d7c032b9dda1df7d1c" "/opt/rustwide/cargo-home/bin/cargo" "+1.75.0" "doc" "--frozen" "--no-deps" "--document-private-items" "--message-format=json", kill_on_drop: false }`
[INFO] [stdout] 68cbe1908e68c890bf4357fb835e3c87ab11e22d8ecbad9d637761f811d276a0
[INFO] running `Command { std: "docker" "start" "-a" "68cbe1908e68c890bf4357fb835e3c87ab11e22d8ecbad9d637761f811d276a0", kill_on_drop: false }`
[INFO] [stderr]    Compiling proc-macro2 v1.0.76
[INFO] [stderr]    Compiling syn v1.0.109
[INFO] [stderr]    Compiling ucd-trie v0.1.6
[INFO] [stderr]    Compiling lock_api v0.4.11
[INFO] [stderr]    Compiling parking_lot_core v0.9.9
[INFO] [stderr]     Checking smallvec v1.11.2
[INFO] [stderr]     Checking scopeguard v1.2.0
[INFO] [stderr]    Compiling slog v2.7.0
[INFO] [stderr]    Compiling byteorder v1.5.0
[INFO] [stderr]    Compiling num-traits v0.2.17
[INFO] [stderr]    Compiling time-core v0.1.2
[INFO] [stderr]     Checking unicode-ident v1.0.12
[INFO] [stderr]     Checking powerfmt v0.2.0
[INFO] [stderr]    Compiling thread-id v4.2.1
[INFO] [stderr]     Checking signal-hook-registry v1.4.1
[INFO] [stderr]    Compiling time-macros v0.2.16
[INFO] [stderr]    Compiling crossbeam-utils v0.8.18
[INFO] [stderr]     Checking deranged v0.3.11
[INFO] [stderr]     Checking num_threads v0.1.6
[INFO] [stderr]     Checking tracing v0.1.40
[INFO] [stderr]    Compiling indexmap v1.9.3
[INFO] [stderr]     Checking hashbrown v0.14.3
[INFO] [stderr]    Compiling rust_decimal v1.33.1
[INFO] [stderr]     Checking getrandom v0.2.11
[INFO] [stderr]     Checking thread_local v1.1.7
[INFO] [stderr]     Checking match_cfg v0.1.0
[INFO] [stderr]    Compiling schemars v0.8.16
[INFO] [stderr]     Checking iana-time-zone v0.1.59
[INFO] [stderr]     Checking arrayvec v0.7.4
[INFO] [stderr]     Checking try-lock v0.2.5
[INFO] [stderr]     Checking quote v1.0.35
[INFO] [stderr]     Checking parking_lot v0.12.1
[INFO] [stderr]    Compiling slog-async v2.8.0
[INFO] [stderr]     Checking hashbrown v0.12.3
[INFO] [stderr]     Checking want v0.3.1
[INFO] [stderr]     Checking hostname v0.3.1
[INFO] [stderr]     Checking httparse v1.8.0
[INFO] [stderr]     Checking http-body v0.4.6
[INFO] [stderr]     Checking atty v0.2.14
[INFO] [stderr]     Checking take_mut v0.2.2
[INFO] [stderr]     Checking httpdate v1.0.3
[INFO] [stderr]     Checking tower-service v0.3.2
[INFO] [stderr]    Compiling syn v2.0.48
[INFO] [stderr]     Checking dyn-clone v1.0.16
[INFO] [stderr]     Checking base64 v0.13.1
[INFO] [stderr]     Checking crossbeam-channel v0.5.10
[INFO] [stderr]     Checking indexmap v2.1.0
[INFO] [stderr]     Checking time v0.3.31
[INFO] [stderr]     Checking slog-term v2.9.0
[INFO] [stderr]    Compiling synstructure v0.12.6
[INFO] [stderr]    Compiling serde_derive_internals v0.26.0
[INFO] [stderr]    Compiling serde_derive v1.0.195
[INFO] [stderr]    Compiling thiserror-impl v1.0.56
[INFO] [stderr]    Compiling futures-macro v0.3.30
[INFO] [stderr]    Compiling tokio-macros v2.2.0
[INFO] [stderr]    Compiling async-trait v0.1.77
[INFO] [stderr]    Compiling zerocopy-derive v0.2.0
[INFO] [stderr]    Compiling schemars_derive v0.8.16
[INFO] [stderr]     Checking tokio v1.35.1
[INFO] [stderr]     Checking futures-util v0.3.30
[INFO] [stderr]    Compiling thiserror v1.0.56
[INFO] [stderr]    Compiling pest v2.7.6
[INFO] [stderr]    Compiling zerocopy v0.3.2
[INFO] [stderr]    Compiling dof v0.1.5
[INFO] [stderr]    Compiling pest_meta v2.7.6
[INFO] [stderr]     Checking serde v1.0.195
[INFO] [stderr]    Compiling pest_generator v2.7.6
[INFO] [stderr]     Checking futures-executor v0.3.30
[INFO] [stderr]     Checking futures v0.3.30
[INFO] [stderr]    Compiling pest_derive v2.7.6
[INFO] [stderr]     Checking tokio-util v0.7.10
[INFO] [stderr]    Compiling dtrace-parser v0.1.15
[INFO] [stderr]     Checking h2 v0.3.22
[INFO] [stderr]     Checking serde_json v1.0.111
[INFO] [stderr]     Checking uuid v0.8.2
[INFO] [stderr]     Checking chrono v0.4.31
[INFO] [stderr]     Checking toml v0.5.11
[INFO] [stderr]     Checking serde_urlencoded v0.7.1
[INFO] [stderr]    Compiling serde_tokenstream v0.1.7
[INFO] [stderr]     Checking usdt-impl v0.2.1
[INFO] [stderr]     Checking slog-json v2.6.1
[INFO] [stderr]     Checking openapiv3 v1.0.0-beta.5
[INFO] [stderr]    Compiling dropshot_endpoint v0.6.0
[INFO] [stderr]     Checking slog-bunyan v2.5.0
[INFO] [stderr]    Compiling usdt-macro v0.2.1
[INFO] [stderr]    Compiling usdt-attr-macro v0.2.1
[INFO] [stdout] error[E0599]: no variant or associated item named `U8` found for enum `dtrace_parser::DataType` in the current scope
[INFO] [stdout]    --> /opt/rustwide/cargo-home/registry/src/index.crates.io-6f17d22bba15001f/usdt-attr-macro-0.2.1/src/lib.rs:255:51
[INFO] [stdout]     |
[INFO] [stdout] 255 |         DataType::Native(dtrace_parser::DataType::U8)
[INFO] [stdout]     |                                                   ^^ variant or associated item not found in `DataType`
[INFO] [stdout] 
[INFO] [stdout] 
[INFO] [stdout] error[E0599]: no variant or associated item named `U16` found for enum `dtrace_parser::DataType` in the current scope
[INFO] [stdout]    --> /opt/rustwide/cargo-home/registry/src/index.crates.io-6f17d22bba15001f/usdt-attr-macro-0.2.1/src/lib.rs:257:51
[INFO] [stdout]     |
[INFO] [stdout] 257 |         DataType::Native(dtrace_parser::DataType::U16)
[INFO] [stdout]     |                                                   ^^^ variant or associated item not found in `DataType`
[INFO] [stdout] 
[INFO] [stdout] 
[INFO] [stdout] error[E0599]: no variant or associated item named `U32` found for enum `dtrace_parser::DataType` in the current scope
[INFO] [stdout]    --> /opt/rustwide/cargo-home/registry/src/index.crates.io-6f17d22bba15001f/usdt-attr-macro-0.2.1/src/lib.rs:259:51
[INFO] [stdout]     |
[INFO] [stdout] 259 |         DataType::Native(dtrace_parser::DataType::U32)
[INFO] [stdout]     |                                                   ^^^ variant or associated item not found in `DataType`
[INFO] [stdout] 
[INFO] [stdout] 
[INFO] [stdout] error[E0599]: no variant or associated item named `U64` found for enum `dtrace_parser::DataType` in the current scope
[INFO] [stdout]    --> /opt/rustwide/cargo-home/registry/src/index.crates.io-6f17d22bba15001f/usdt-attr-macro-0.2.1/src/lib.rs:261:51
[INFO] [stdout]     |
[INFO] [stdout] 261 |         DataType::Native(dtrace_parser::DataType::U64)
[INFO] [stdout]     |                                                   ^^^ variant or associated item not found in `DataType`
[INFO] [stdout] 
[INFO] [stdout] 
[INFO] [stdout] error[E0599]: no variant or associated item named `I8` found for enum `dtrace_parser::DataType` in the current scope
[INFO] [stdout]    --> /opt/rustwide/cargo-home/registry/src/index.crates.io-6f17d22bba15001f/usdt-attr-macro-0.2.1/src/lib.rs:263:51
[INFO] [stdout]     |
[INFO] [stdout] 263 |         DataType::Native(dtrace_parser::DataType::I8)
[INFO] [stdout]     |                                                   ^^ variant or associated item not found in `DataType`
[INFO] [stdout] 
[INFO] [stdout] 
[INFO] [stdout] error[E0599]: no variant or associated item named `I16` found for enum `dtrace_parser::DataType` in the current scope
[INFO] [stdout]    --> /opt/rustwide/cargo-home/registry/src/index.crates.io-6f17d22bba15001f/usdt-attr-macro-0.2.1/src/lib.rs:265:51
[INFO] [stdout]     |
[INFO] [stdout] 265 |         DataType::Native(dtrace_parser::DataType::I16)
[INFO] [stdout]     |                                                   ^^^ variant or associated item not found in `DataType`
[INFO] [stdout] 
[INFO] [stdout] 
[INFO] [stdout] error[E0599]: no variant or associated item named `I32` found for enum `dtrace_parser::DataType` in the current scope
[INFO] [stdout]    --> /opt/rustwide/cargo-home/registry/src/index.crates.io-6f17d22bba15001f/usdt-attr-macro-0.2.1/src/lib.rs:267:51
[INFO] [stdout]     |
[INFO] [stdout] 267 |         DataType::Native(dtrace_parser::DataType::I32)
[INFO] [stdout]     |                                                   ^^^ variant or associated item not found in `DataType`
[INFO] [stdout] 
[INFO] [stdout] 
[INFO] [stdout] error[E0599]: no variant or associated item named `I64` found for enum `dtrace_parser::DataType` in the current scope
[INFO] [stdout]    --> /opt/rustwide/cargo-home/registry/src/index.crates.io-6f17d22bba15001f/usdt-attr-macro-0.2.1/src/lib.rs:269:51
[INFO] [stdout]     |
[INFO] [stdout] 269 |         DataType::Native(dtrace_parser::DataType::I64)
[INFO] [stdout]     |                                                   ^^^ variant or associated item not found in `DataType`
[INFO] [stdout] 
[INFO] [stdout] 
[INFO] [stdout] error: aborting due to 8 previous errors
[INFO] [stdout] 
[INFO] [stdout] 
[INFO] [stdout] For more information about this error, try `rustc --explain E0599`.
[INFO] [stdout] 
[INFO] [stderr] error: could not compile `usdt-attr-macro` (lib) due to 9 previous errors
[INFO] [stderr] warning: build failed, waiting for other jobs to finish...
[INFO] running `Command { std: "docker" "inspect" "68cbe1908e68c890bf4357fb835e3c87ab11e22d8ecbad9d637761f811d276a0", kill_on_drop: false }`
[INFO] running `Command { std: "docker" "rm" "-f" "68cbe1908e68c890bf4357fb835e3c87ab11e22d8ecbad9d637761f811d276a0", kill_on_drop: false }`
[INFO] [stdout] 68cbe1908e68c890bf4357fb835e3c87ab11e22d8ecbad9d637761f811d276a0
