[INFO] fetching crate checkerboard 0.1.0...
[INFO] documenting checkerboard-0.1.0 against 1.75.0 for beta-1.76-rustdoc-1
[INFO] extracting crate checkerboard 0.1.0 into /workspace/builds/worker-5-tc1/source
[INFO] validating manifest of crates.io crate checkerboard 0.1.0 on toolchain 1.75.0
[INFO] running `Command { std: CARGO_HOME="/workspace/cargo-home" RUSTUP_HOME="/workspace/rustup-home" "/workspace/cargo-home/bin/cargo" "+1.75.0" "metadata" "--manifest-path" "Cargo.toml" "--no-deps", kill_on_drop: false }`
[INFO] started tweaking crates.io crate checkerboard 0.1.0
[INFO] finished tweaking crates.io crate checkerboard 0.1.0
[INFO] tweaked toml for crates.io crate checkerboard 0.1.0 written to /workspace/builds/worker-5-tc1/source/Cargo.toml
[INFO] running `Command { std: CARGO_HOME="/workspace/cargo-home" RUSTUP_HOME="/workspace/rustup-home" "/workspace/cargo-home/bin/cargo" "+1.75.0" "generate-lockfile" "--manifest-path" "Cargo.toml", kill_on_drop: false }`
[INFO] [stderr]     Updating crates.io index
[INFO] running `Command { std: CARGO_HOME="/workspace/cargo-home" RUSTUP_HOME="/workspace/rustup-home" "/workspace/cargo-home/bin/cargo" "+1.75.0" "fetch" "--manifest-path" "Cargo.toml", kill_on_drop: false }`
[INFO] [stderr]  Downloading crates ...
[INFO] [stderr]   Downloaded rand_os v0.1.3
[INFO] [stderr]   Downloaded rand_hc v0.1.0
[INFO] [stderr]   Downloaded serde_cbor v0.11.2
[INFO] [stderr]   Downloaded lzw v0.10.0
[INFO] [stderr]   Downloaded png v0.14.1
[INFO] [stderr]   Downloaded rand_isaac v0.1.1
[INFO] [stderr]   Downloaded once_cell v0.2.4
[INFO] [stderr]   Downloaded assert_approx_eq v1.1.0
[INFO] [stderr]   Downloaded ordered-float v1.1.1
[INFO] [stderr]   Downloaded custom_derive v0.1.7
[INFO] [stderr]   Downloaded rand_jitter v0.1.4
[INFO] [stderr]   Downloaded rand_pcg v0.1.2
[INFO] [stderr]   Downloaded csv-core v0.1.11
[INFO] [stderr]   Downloaded itertools v0.7.11
[INFO] [stderr]   Downloaded nalgebra v0.18.1
[INFO] [stderr]   Downloaded csv v1.3.0
[INFO] [stderr]   Downloaded imageproc v0.18.0
[INFO] [stderr]   Downloaded criterion v0.3.6
[INFO] [stderr]   Downloaded image v0.21.3
[INFO] [stderr]   Downloaded image v0.22.5
[INFO] [stderr]   Downloaded num-derive v0.2.5
[INFO] [stderr]   Downloaded rand v0.6.5
[INFO] [stderr]   Downloaded tiff v0.3.1
[INFO] [stderr]   Downloaded deflate v0.7.20
[INFO] [stderr]   Downloaded rand_chacha v0.1.1
[INFO] [stderr]   Downloaded stb_truetype v0.3.1
[INFO] [stderr]   Downloaded rusttype v0.7.9
[INFO] [stderr]   Downloaded png v0.15.3
[INFO] [stderr]   Downloaded conv v0.3.3
[INFO] [stderr]   Downloaded rusttype v0.8.3
[INFO] [stderr]   Downloaded alga v0.9.3
[INFO] [stderr]   Downloaded approx v0.3.2
[INFO] [stderr]   Downloaded gif v0.10.3
[INFO] [stderr]   Downloaded matrixmultiply v0.2.4
[INFO] [stderr]   Downloaded inflate v0.4.5
[INFO] [stderr]   Downloaded cpp v0.5.9
[INFO] [stderr]   Downloaded rand_xorshift v0.1.1
[INFO] [stderr]   Downloaded cpp_build v0.5.9
[INFO] [stderr]   Downloaded criterion-plot v0.4.5
[INFO] [stderr]   Downloaded cpp_common v0.5.9
[INFO] [stderr]   Downloaded cpp_macros v0.5.9
[INFO] [stderr]   Downloaded opencv v0.17.3
[INFO] [stderr]   Downloaded tiff v0.2.2
[INFO] running `Command { std: "docker" "create" "-v" "/var/lib/crater-agent-workspace/builds/worker-5-tc1/target:/opt/rustwide/target:rw,Z" "-v" "/var/lib/crater-agent-workspace/builds/worker-5-tc1/source:/opt/rustwide/workdir:ro,Z" "-v" "/var/lib/crater-agent-workspace/cargo-home:/opt/rustwide/cargo-home:ro,Z" "-v" "/var/lib/crater-agent-workspace/rustup-home:/opt/rustwide/rustup-home:ro,Z" "-e" "SOURCE_DIR=/opt/rustwide/workdir" "-e" "CARGO_TARGET_DIR=/opt/rustwide/target" "-e" "CARGO_HOME=/opt/rustwide/cargo-home" "-e" "RUSTUP_HOME=/opt/rustwide/rustup-home" "-w" "/opt/rustwide/workdir" "-m" "1610612736" "--user" "0:0" "--network" "none" "ghcr.io/rust-lang/crates-build-env/linux@sha256:2788e3201cd34a07e3172128adcd8b3090168a8e3bcc40d7c032b9dda1df7d1c" "/opt/rustwide/cargo-home/bin/cargo" "+1.75.0" "metadata" "--no-deps" "--format-version=1", kill_on_drop: false }`
[INFO] [stdout] 330626b551c38a13fa4301fd96eba3c0dc8c10ec25613cd2b8c9ef9fec43de24
[INFO] running `Command { std: "docker" "start" "-a" "330626b551c38a13fa4301fd96eba3c0dc8c10ec25613cd2b8c9ef9fec43de24", kill_on_drop: false }`
[INFO] running `Command { std: "docker" "inspect" "330626b551c38a13fa4301fd96eba3c0dc8c10ec25613cd2b8c9ef9fec43de24", kill_on_drop: false }`
[INFO] running `Command { std: "docker" "rm" "-f" "330626b551c38a13fa4301fd96eba3c0dc8c10ec25613cd2b8c9ef9fec43de24", kill_on_drop: false }`
[INFO] [stdout] 330626b551c38a13fa4301fd96eba3c0dc8c10ec25613cd2b8c9ef9fec43de24
[INFO] running `Command { std: "docker" "create" "-v" "/var/lib/crater-agent-workspace/builds/worker-5-tc1/target:/opt/rustwide/target:rw,Z" "-v" "/var/lib/crater-agent-workspace/builds/worker-5-tc1/source:/opt/rustwide/workdir:ro,Z" "-v" "/var/lib/crater-agent-workspace/cargo-home:/opt/rustwide/cargo-home:ro,Z" "-v" "/var/lib/crater-agent-workspace/rustup-home:/opt/rustwide/rustup-home:ro,Z" "-e" "SOURCE_DIR=/opt/rustwide/workdir" "-e" "CARGO_TARGET_DIR=/opt/rustwide/target" "-e" "CARGO_INCREMENTAL=0" "-e" "RUST_BACKTRACE=full" "-e" "RUSTFLAGS=--cap-lints=warn" "-e" "RUSTDOCFLAGS=--cap-lints=warn" "-e" "CARGO_HOME=/opt/rustwide/cargo-home" "-e" "RUSTUP_HOME=/opt/rustwide/rustup-home" "-w" "/opt/rustwide/workdir" "-m" "1610612736" "--user" "0:0" "--network" "none" "ghcr.io/rust-lang/crates-build-env/linux@sha256:2788e3201cd34a07e3172128adcd8b3090168a8e3bcc40d7c032b9dda1df7d1c" "/opt/rustwide/cargo-home/bin/cargo" "+1.75.0" "doc" "--frozen" "--no-deps" "--document-private-items" "--message-format=json", kill_on_drop: false }`
[INFO] [stdout] 2576509fe8ce62847d75153c265d1ab91d0dd4c866632a34651efe5b2ac0dc01
[INFO] running `Command { std: "docker" "start" "-a" "2576509fe8ce62847d75153c265d1ab91d0dd4c866632a34651efe5b2ac0dc01", kill_on_drop: false }`
[INFO] [stderr]    Compiling num-traits v0.2.17
[INFO] [stderr]    Compiling num-integer v0.1.45
[INFO] [stderr]    Compiling semver-parser v0.7.0
[INFO] [stderr]    Compiling autocfg v0.1.8
[INFO] [stderr]     Checking rand_core v0.4.2
[INFO] [stderr]    Compiling proc-macro2 v0.4.30
[INFO] [stderr]    Compiling num-bigint v0.2.6
[INFO] [stderr]    Compiling proc-macro2 v1.0.76
[INFO] [stderr]    Compiling maybe-uninit v2.0.0
[INFO] [stderr]    Compiling unicode-xid v0.1.0
[INFO] [stderr]    Compiling num-iter v0.1.43
[INFO] [stderr]    Compiling num-rational v0.2.4
[INFO] [stderr]    Compiling syn v0.15.44
[INFO] [stderr]    Compiling num-complex v0.2.4
[INFO] [stderr]    Compiling lazy_static v1.4.0
[INFO] [stderr]    Compiling num-derive v0.2.5
[INFO] [stderr]     Checking adler32 v1.2.0
[INFO] [stderr]     Checking either v1.9.0
[INFO] [stderr]    Compiling scopeguard v1.2.0
[INFO] [stderr]    Compiling semver v0.9.0
[INFO] [stderr]     Checking rand_core v0.3.1
[INFO] [stderr]     Checking lzw v0.10.0
[INFO] [stderr]    Compiling cfg-if v0.1.10
[INFO] [stderr]     Checking inflate v0.4.5
[INFO] [stderr]     Checking deflate v0.7.20
[INFO] [stderr]    Compiling lock_api v0.3.4
[INFO] [stderr]    Compiling rand_chacha v0.1.1
[INFO] [stderr]    Compiling rustc_version v0.2.3
[INFO] [stderr]    Compiling rand_pcg v0.1.2
[INFO] [stderr]     Checking rayon v1.8.0
[INFO] [stderr]    Compiling rand v0.6.5
[INFO] [stderr]    Compiling unicode-xid v0.2.4
[INFO] [stderr]    Compiling smallvec v0.6.14
[INFO] [stderr]    Compiling crc32fast v1.3.2
[INFO] [stderr]     Checking color_quant v1.1.0
[INFO] [stderr]     Checking rand_os v0.1.3
[INFO] [stderr]     Checking rand_isaac v0.1.1
[INFO] [stderr]    Compiling parking_lot_core v0.6.3
[INFO] [stderr]    Compiling parking_lot v0.9.0
[INFO] [stderr]    Compiling quote v1.0.35
[INFO] [stderr]     Checking gif v0.10.3
[INFO] [stderr]     Checking rand_xorshift v0.1.1
[INFO] [stderr]     Checking rand_hc v0.1.0
[INFO] [stderr]     Checking rand_jitter v0.1.4
[INFO] [stderr]     Checking stb_truetype v0.3.1
[INFO] [stderr]    Compiling byteorder v1.5.0
[INFO] [stderr]    Compiling syn v2.0.48
[INFO] [stderr]     Checking scoped_threadpool v0.1.9
[INFO] [stderr]     Checking custom_derive v0.1.7
[INFO] [stderr]     Checking matrixmultiply v0.2.4
[INFO] [stderr]     Checking conv v0.3.3
[INFO] [stderr]     Checking generic-array v0.12.4
[INFO] [stderr]     Checking itertools v0.7.11
[INFO] [stderr]    Compiling quote v0.6.13
[INFO] [stderr]     Checking png v0.15.3
[INFO] [stderr]    Compiling once_cell v0.2.4
[INFO] [stderr]     Checking approx v0.3.2
[INFO] [stderr]     Checking ordered-float v1.1.1
[INFO] [stderr]     Checking rusttype v0.8.3
[INFO] [stderr]     Checking rusttype v0.7.9
[INFO] [stderr]     Checking alga v0.9.3
[INFO] [stderr]     Checking png v0.14.1
[INFO] [stderr]     Checking jpeg-decoder v0.1.22
[INFO] [stderr]     Checking num v0.2.1
[INFO] [stderr]     Checking nalgebra v0.18.1
[INFO] [stderr]     Checking tiff v0.2.2
[INFO] [stderr]     Checking tiff v0.3.1
[INFO] [stderr]    Compiling cpp_common v0.5.9
[INFO] [stderr]     Checking image v0.21.3
[INFO] [stderr]    Compiling cpp_build v0.5.9
[INFO] [stderr]     Checking image v0.22.5
[INFO] [stderr]    Compiling cpp_macros v0.5.9
[INFO] [stderr]    Compiling opencv v0.17.3
[INFO] [stderr]     Checking imageproc v0.18.0
[INFO] [stderr]     Checking cpp v0.5.9
[INFO] [stdout] error[E0034]: multiple applicable items in scope
[INFO] [stdout]    --> /opt/rustwide/cargo-home/registry/src/index.crates.io-6f17d22bba15001f/imageproc-0.18.0/src/hog.rs:440:33
[INFO] [stdout]     |
[INFO] [stdout] 440 |             let intensity = u8::clamp(hist[bucket]);
[INFO] [stdout]     |                                 ^^^^^ multiple `clamp` found
[INFO] [stdout]     |
[INFO] [stdout]     = note: candidate #1 is defined in an impl of the trait `Ord` for the type `u8`
[INFO] [stdout] note: candidate #2 is defined in the trait `Clamp`
[INFO] [stdout]    --> /opt/rustwide/cargo-home/registry/src/index.crates.io-6f17d22bba15001f/imageproc-0.18.0/src/definitions.rs:68:5
[INFO] [stdout]     |
[INFO] [stdout] 68  |     fn clamp(x: T) -> Self;
[INFO] [stdout]     |     ^^^^^^^^^^^^^^^^^^^^^^^
[INFO] [stdout] help: use fully-qualified syntax to disambiguate
[INFO] [stdout]     |
[INFO] [stdout] 440 |             let intensity = <u8 as Clamp>::clamp(hist[bucket]);
[INFO] [stdout]     |                             ~~~~~~~~~~~~~~~
[INFO] [stdout] 440 |             let intensity = Ord::clamp(hist[bucket]);
[INFO] [stdout]     |                             ~~~~~
[INFO] [stdout] 
[INFO] [stdout] 
[INFO] [stdout] error[E0034]: multiple applicable items in scope
[INFO] [stdout]    --> /opt/rustwide/cargo-home/registry/src/index.crates.io-6f17d22bba15001f/imageproc-0.18.0/src/hog.rs:444:33
[INFO] [stdout]     |
[INFO] [stdout] 444 |             let intensity = u8::clamp(hist[bucket]);
[INFO] [stdout]     |                                 ^^^^^ multiple `clamp` found
[INFO] [stdout]     |
[INFO] [stdout]     = note: candidate #1 is defined in an impl of the trait `Ord` for the type `u8`
[INFO] [stdout] note: candidate #2 is defined in the trait `Clamp`
[INFO] [stdout]    --> /opt/rustwide/cargo-home/registry/src/index.crates.io-6f17d22bba15001f/imageproc-0.18.0/src/definitions.rs:68:5
[INFO] [stdout]     |
[INFO] [stdout] 68  |     fn clamp(x: T) -> Self;
[INFO] [stdout]     |     ^^^^^^^^^^^^^^^^^^^^^^^
[INFO] [stdout] help: use fully-qualified syntax to disambiguate
[INFO] [stdout]     |
[INFO] [stdout] 444 |             let intensity = <u8 as Clamp>::clamp(hist[bucket]);
[INFO] [stdout]     |                             ~~~~~~~~~~~~~~~
[INFO] [stdout] 444 |             let intensity = Ord::clamp(hist[bucket]);
[INFO] [stdout]     |                             ~~~~~
[INFO] [stdout] 
[INFO] [stdout] 
[INFO] [stdout] error: aborting due to 2 previous errors
[INFO] [stdout] 
[INFO] [stdout] 
[INFO] [stdout] For more information about this error, try `rustc --explain E0034`.
[INFO] [stdout] 
[INFO] [stderr] error: could not compile `imageproc` (lib) due to 3 previous errors
[INFO] [stderr] warning: build failed, waiting for other jobs to finish...
[INFO] running `Command { std: "docker" "inspect" "2576509fe8ce62847d75153c265d1ab91d0dd4c866632a34651efe5b2ac0dc01", kill_on_drop: false }`
[INFO] running `Command { std: "docker" "rm" "-f" "2576509fe8ce62847d75153c265d1ab91d0dd4c866632a34651efe5b2ac0dc01", kill_on_drop: false }`
[INFO] [stdout] 2576509fe8ce62847d75153c265d1ab91d0dd4c866632a34651efe5b2ac0dc01
[INFO] documenting checkerboard-0.1.0 against beta-2023-12-22 for beta-1.76-rustdoc-1
[INFO] extracting crate checkerboard 0.1.0 into /workspace/builds/worker-5-tc2/source
[INFO] validating manifest of crates.io crate checkerboard 0.1.0 on toolchain beta-2023-12-22
[INFO] running `Command { std: CARGO_HOME="/workspace/cargo-home" RUSTUP_HOME="/workspace/rustup-home" "/workspace/cargo-home/bin/cargo" "+beta-2023-12-22" "metadata" "--manifest-path" "Cargo.toml" "--no-deps", kill_on_drop: false }`
[INFO] started tweaking crates.io crate checkerboard 0.1.0
[INFO] finished tweaking crates.io crate checkerboard 0.1.0
[INFO] tweaked toml for crates.io crate checkerboard 0.1.0 written to /workspace/builds/worker-5-tc2/source/Cargo.toml
[INFO] running `Command { std: CARGO_HOME="/workspace/cargo-home" RUSTUP_HOME="/workspace/rustup-home" "/workspace/cargo-home/bin/cargo" "+beta-2023-12-22" "generate-lockfile" "--manifest-path" "Cargo.toml", kill_on_drop: false }`
[INFO] [stderr]     Updating crates.io index
[INFO] running `Command { std: CARGO_HOME="/workspace/cargo-home" RUSTUP_HOME="/workspace/rustup-home" "/workspace/cargo-home/bin/cargo" "+beta-2023-12-22" "fetch" "--manifest-path" "Cargo.toml", kill_on_drop: false }`
[INFO] running `Command { std: "docker" "create" "-v" "/var/lib/crater-agent-workspace/builds/worker-5-tc2/target:/opt/rustwide/target:rw,Z" "-v" "/var/lib/crater-agent-workspace/builds/worker-5-tc2/source:/opt/rustwide/workdir:ro,Z" "-v" "/var/lib/crater-agent-workspace/cargo-home:/opt/rustwide/cargo-home:ro,Z" "-v" "/var/lib/crater-agent-workspace/rustup-home:/opt/rustwide/rustup-home:ro,Z" "-e" "SOURCE_DIR=/opt/rustwide/workdir" "-e" "CARGO_TARGET_DIR=/opt/rustwide/target" "-e" "CARGO_HOME=/opt/rustwide/cargo-home" "-e" "RUSTUP_HOME=/opt/rustwide/rustup-home" "-w" "/opt/rustwide/workdir" "-m" "1610612736" "--user" "0:0" "--network" "none" "ghcr.io/rust-lang/crates-build-env/linux@sha256:2788e3201cd34a07e3172128adcd8b3090168a8e3bcc40d7c032b9dda1df7d1c" "/opt/rustwide/cargo-home/bin/cargo" "+beta-2023-12-22" "metadata" "--no-deps" "--format-version=1", kill_on_drop: false }`
[INFO] [stdout] 9a4416193e9af6374318674e7efb409f7bde8594e8224b3954a118db723076c6
[INFO] running `Command { std: "docker" "start" "-a" "9a4416193e9af6374318674e7efb409f7bde8594e8224b3954a118db723076c6", kill_on_drop: false }`
[INFO] running `Command { std: "docker" "inspect" "9a4416193e9af6374318674e7efb409f7bde8594e8224b3954a118db723076c6", kill_on_drop: false }`
[INFO] running `Command { std: "docker" "rm" "-f" "9a4416193e9af6374318674e7efb409f7bde8594e8224b3954a118db723076c6", kill_on_drop: false }`
[INFO] [stdout] 9a4416193e9af6374318674e7efb409f7bde8594e8224b3954a118db723076c6
[INFO] running `Command { std: "docker" "create" "-v" "/var/lib/crater-agent-workspace/builds/worker-5-tc2/target:/opt/rustwide/target:rw,Z" "-v" "/var/lib/crater-agent-workspace/builds/worker-5-tc2/source:/opt/rustwide/workdir:ro,Z" "-v" "/var/lib/crater-agent-workspace/cargo-home:/opt/rustwide/cargo-home:ro,Z" "-v" "/var/lib/crater-agent-workspace/rustup-home:/opt/rustwide/rustup-home:ro,Z" "-e" "SOURCE_DIR=/opt/rustwide/workdir" "-e" "CARGO_TARGET_DIR=/opt/rustwide/target" "-e" "CARGO_INCREMENTAL=0" "-e" "RUST_BACKTRACE=full" "-e" "RUSTFLAGS=--cap-lints=warn" "-e" "RUSTDOCFLAGS=--cap-lints=warn" "-e" "CARGO_HOME=/opt/rustwide/cargo-home" "-e" "RUSTUP_HOME=/opt/rustwide/rustup-home" "-w" "/opt/rustwide/workdir" "-m" "1610612736" "--user" "0:0" "--network" "none" "ghcr.io/rust-lang/crates-build-env/linux@sha256:2788e3201cd34a07e3172128adcd8b3090168a8e3bcc40d7c032b9dda1df7d1c" "/opt/rustwide/cargo-home/bin/cargo" "+beta-2023-12-22" "doc" "--frozen" "--no-deps" "--document-private-items" "--message-format=json", kill_on_drop: false }`
[INFO] [stdout] 6d63b96ac09801e7020fd1c48964dfcdbde39778ac66b9370912ca40dc5a8bd5
[INFO] running `Command { std: "docker" "start" "-a" "6d63b96ac09801e7020fd1c48964dfcdbde39778ac66b9370912ca40dc5a8bd5", kill_on_drop: false }`
[INFO] [stderr]    Compiling num-traits v0.2.17
[INFO] [stderr]    Compiling num-integer v0.1.45
[INFO] [stderr]    Compiling semver-parser v0.7.0
[INFO] [stderr]    Compiling autocfg v0.1.8
[INFO] [stderr]     Checking rand_core v0.4.2
[INFO] [stderr]    Compiling proc-macro2 v0.4.30
[INFO] [stderr]    Compiling num-bigint v0.2.6
[INFO] [stderr]    Compiling maybe-uninit v2.0.0
[INFO] [stderr]    Compiling unicode-xid v0.1.0
[INFO] [stderr]    Compiling proc-macro2 v1.0.76
[INFO] [stderr]    Compiling num-rational v0.2.4
[INFO] [stderr]    Compiling num-iter v0.1.43
[INFO] [stderr]    Compiling syn v0.15.44
[INFO] [stderr]    Compiling num-complex v0.2.4
[INFO] [stderr]    Compiling num-derive v0.2.5
[INFO] [stderr]     Checking adler32 v1.2.0
[INFO] [stderr]    Compiling lazy_static v1.4.0
[INFO] [stderr]     Checking either v1.9.0
[INFO] [stderr]    Compiling cfg-if v0.1.10
[INFO] [stderr]     Checking lzw v0.10.0
[INFO] [stderr]     Checking rand_core v0.3.1
[INFO] [stderr]    Compiling semver v0.9.0
[INFO] [stderr]    Compiling scopeguard v1.2.0
[INFO] [stderr]     Checking deflate v0.7.20
[INFO] [stderr]     Checking inflate v0.4.5
[INFO] [stderr]    Compiling lock_api v0.3.4
[INFO] [stderr]    Compiling rand_pcg v0.1.2
[INFO] [stderr]    Compiling rustc_version v0.2.3
[INFO] [stderr]    Compiling rand_chacha v0.1.1
[INFO] [stderr]     Checking rayon v1.8.0
[INFO] [stderr]    Compiling smallvec v0.6.14
[INFO] [stderr]    Compiling rand v0.6.5
[INFO] [stderr]    Compiling crc32fast v1.3.2
[INFO] [stderr]     Checking color_quant v1.1.0
[INFO] [stderr]    Compiling unicode-xid v0.2.4
[INFO] [stderr]     Checking rand_os v0.1.3
[INFO] [stderr]    Compiling quote v1.0.35
[INFO] [stderr]     Checking gif v0.10.3
[INFO] [stderr]    Compiling parking_lot_core v0.6.3
[INFO] [stderr]    Compiling parking_lot v0.9.0
[INFO] [stderr]     Checking rand_hc v0.1.0
[INFO] [stderr]     Checking rand_xorshift v0.1.1
[INFO] [stderr]     Checking rand_isaac v0.1.1
[INFO] [stderr]     Checking rand_jitter v0.1.4
[INFO] [stderr]     Checking stb_truetype v0.3.1
[INFO] [stderr]    Compiling syn v2.0.48
[INFO] [stderr]    Compiling byteorder v1.5.0
[INFO] [stderr]     Checking scoped_threadpool v0.1.9
[INFO] [stderr]     Checking custom_derive v0.1.7
[INFO] [stderr]    Compiling quote v0.6.13
[INFO] [stderr]     Checking matrixmultiply v0.2.4
[INFO] [stderr]     Checking conv v0.3.3
[INFO] [stderr]     Checking generic-array v0.12.4
[INFO] [stderr]     Checking itertools v0.7.11
[INFO] [stderr]     Checking png v0.15.3
[INFO] [stderr]    Compiling once_cell v0.2.4
[INFO] [stderr]     Checking approx v0.3.2
[INFO] [stderr]     Checking ordered-float v1.1.1
[INFO] [stderr]     Checking rusttype v0.8.3
[INFO] [stderr]     Checking png v0.14.1
[INFO] [stderr]     Checking rusttype v0.7.9
[INFO] [stderr]     Checking alga v0.9.3
[INFO] [stderr]     Checking jpeg-decoder v0.1.22
[INFO] [stderr]     Checking num v0.2.1
[INFO] [stderr]     Checking nalgebra v0.18.1
[INFO] [stderr]    Compiling cpp_common v0.5.9
[INFO] [stderr]     Checking tiff v0.2.2
[INFO] [stderr]     Checking tiff v0.3.1
[INFO] [stderr]    Compiling cpp_build v0.5.9
[INFO] [stderr]     Checking image v0.21.3
[INFO] [stderr]     Checking image v0.22.5
[INFO] [stderr]    Compiling cpp_macros v0.5.9
[INFO] [stderr]    Compiling opencv v0.17.3
[INFO] [stderr]     Checking imageproc v0.18.0
[INFO] [stdout] error[E0034]: multiple applicable items in scope
[INFO] [stdout]    --> /opt/rustwide/cargo-home/registry/src/index.crates.io-6f17d22bba15001f/imageproc-0.18.0/src/hog.rs:440:33
[INFO] [stdout]     |
[INFO] [stdout] 440 |             let intensity = u8::clamp(hist[bucket]);
[INFO] [stdout]     |                                 ^^^^^ multiple `clamp` found
[INFO] [stdout]     |
[INFO] [stdout]     = note: candidate #1 is defined in an impl of the trait `Ord` for the type `u8`
[INFO] [stdout] note: candidate #2 is defined in the trait `Clamp`
[INFO] [stdout]    --> /opt/rustwide/cargo-home/registry/src/index.crates.io-6f17d22bba15001f/imageproc-0.18.0/src/definitions.rs:68:5
[INFO] [stdout]     |
[INFO] [stdout] 68  |     fn clamp(x: T) -> Self;
[INFO] [stdout]     |     ^^^^^^^^^^^^^^^^^^^^^^^
[INFO] [stdout] help: use fully-qualified syntax to disambiguate
[INFO] [stdout]     |
[INFO] [stdout] 440 |             let intensity = <u8 as Clamp>::clamp(hist[bucket]);
[INFO] [stdout]     |                             ~~~~~~~~~~~~~~~
[INFO] [stdout] 440 |             let intensity = Ord::clamp(hist[bucket]);
[INFO] [stdout]     |                             ~~~~~
[INFO] [stdout] 
[INFO] [stdout] 
[INFO] [stdout] error[E0034]: multiple applicable items in scope
[INFO] [stdout]    --> /opt/rustwide/cargo-home/registry/src/index.crates.io-6f17d22bba15001f/imageproc-0.18.0/src/hog.rs:444:33
[INFO] [stdout]     |
[INFO] [stdout] 444 |             let intensity = u8::clamp(hist[bucket]);
[INFO] [stdout]     |                                 ^^^^^ multiple `clamp` found
[INFO] [stdout]     |
[INFO] [stdout]     = note: candidate #1 is defined in an impl of the trait `Ord` for the type `u8`
[INFO] [stdout] note: candidate #2 is defined in the trait `Clamp`
[INFO] [stdout]    --> /opt/rustwide/cargo-home/registry/src/index.crates.io-6f17d22bba15001f/imageproc-0.18.0/src/definitions.rs:68:5
[INFO] [stdout]     |
[INFO] [stdout] 68  |     fn clamp(x: T) -> Self;
[INFO] [stdout]     |     ^^^^^^^^^^^^^^^^^^^^^^^
[INFO] [stdout] help: use fully-qualified syntax to disambiguate
[INFO] [stdout]     |
[INFO] [stdout] 444 |             let intensity = <u8 as Clamp>::clamp(hist[bucket]);
[INFO] [stdout]     |                             ~~~~~~~~~~~~~~~
[INFO] [stdout] 444 |             let intensity = Ord::clamp(hist[bucket]);
[INFO] [stdout]     |                             ~~~~~
[INFO] [stdout] 
[INFO] [stdout] 
[INFO] [stdout] error: aborting due to 2 previous errors
[INFO] [stdout] 
[INFO] [stdout] 
[INFO] [stdout] For more information about this error, try `rustc --explain E0034`.
[INFO] [stdout] 
[INFO] [stderr] error: could not compile `imageproc` (lib) due to 3 previous errors
[INFO] [stderr] warning: build failed, waiting for other jobs to finish...
[INFO] running `Command { std: "docker" "inspect" "6d63b96ac09801e7020fd1c48964dfcdbde39778ac66b9370912ca40dc5a8bd5", kill_on_drop: false }`
[INFO] running `Command { std: "docker" "rm" "-f" "6d63b96ac09801e7020fd1c48964dfcdbde39778ac66b9370912ca40dc5a8bd5", kill_on_drop: false }`
[INFO] [stdout] 6d63b96ac09801e7020fd1c48964dfcdbde39778ac66b9370912ca40dc5a8bd5
