[INFO] fetching crate chaindexer 0.1.1...
[INFO] documenting chaindexer-0.1.1 against 1.75.0 for beta-1.76-rustdoc-1
[INFO] extracting crate chaindexer 0.1.1 into /workspace/builds/worker-3-tc1/source
[INFO] validating manifest of crates.io crate chaindexer 0.1.1 on toolchain 1.75.0
[INFO] running `Command { std: CARGO_HOME="/workspace/cargo-home" RUSTUP_HOME="/workspace/rustup-home" "/workspace/cargo-home/bin/cargo" "+1.75.0" "metadata" "--manifest-path" "Cargo.toml" "--no-deps", kill_on_drop: false }`
[INFO] started tweaking crates.io crate chaindexer 0.1.1
[INFO] finished tweaking crates.io crate chaindexer 0.1.1
[INFO] tweaked toml for crates.io crate chaindexer 0.1.1 written to /workspace/builds/worker-3-tc1/source/Cargo.toml
[INFO] crate crates.io crate chaindexer 0.1.1 already has a lockfile, it will not be regenerated
[INFO] running `Command { std: CARGO_HOME="/workspace/cargo-home" RUSTUP_HOME="/workspace/rustup-home" "/workspace/cargo-home/bin/cargo" "+1.75.0" "fetch" "--manifest-path" "Cargo.toml", kill_on_drop: false }`
[INFO] [stderr]     Updating crates.io index
[INFO] [stderr]  Downloading crates ...
[INFO] [stderr]   Downloaded futures-io v0.3.26
[INFO] [stderr]   Downloaded cookie v0.14.4
[INFO] [stderr]   Downloaded time-macros-impl v0.1.2
[INFO] [stderr]   Downloaded getrandom v0.1.16
[INFO] [stderr]   Downloaded crossbeam-deque v0.8.2
[INFO] [stderr]   Downloaded serde_json v1.0.93
[INFO] [stderr]   Downloaded hmac v0.10.1
[INFO] [stderr]   Downloaded aes-gcm v0.8.0
[INFO] [stderr]   Downloaded async-lock v2.6.0
[INFO] [stderr]   Downloaded time-macros v0.1.1
[INFO] [stderr]   Downloaded crypto-mac v0.10.1
[INFO] [stderr]   Downloaded ryu v1.0.12
[INFO] [stderr]   Downloaded ethbloom v0.13.0
[INFO] [stderr]   Downloaded flatbuffers v23.1.21
[INFO] [stderr]   Downloaded dotenv v0.15.0
[INFO] [stderr]   Downloaded arrayvec v0.7.2
[INFO] [stderr]   Downloaded impl-codec v0.6.0
[INFO] [stderr]   Downloaded wasm-streams v0.2.3
[INFO] [stderr]   Downloaded rustls-pemfile v1.0.2
[INFO] [stderr]   Downloaded str-buf v1.0.6
[INFO] [stderr]   Downloaded error-code v2.3.1
[INFO] [stderr]   Downloaded heed-traits v0.8.0
[INFO] [stderr]   Downloaded zstd v0.12.3+zstd.1.5.2
[INFO] [stderr]   Downloaded sqlparser v0.30.0
[INFO] [stderr]   Downloaded brotli v3.3.4
[INFO] [stderr]   Downloaded libsqlite3-sys v0.25.2
[INFO] [stderr]   Downloaded zstd-sys v2.0.7+zstd.1.5.4
[INFO] [stderr]   Downloaded datafusion v18.0.0
[INFO] [stderr]   Downloaded cxxbridge-macro v1.0.91
[INFO] [stderr]   Downloaded serde_fmt v1.0.1
[INFO] [stderr]   Downloaded femme v2.2.1
[INFO] [stderr]   Downloaded rustls v0.20.8
[INFO] [stderr]   Downloaded ethereum_abi v0.4.0
[INFO] [stderr]   Downloaded parquet v32.0.0
[INFO] [stderr]   Downloaded datafusion-row v18.0.0
[INFO] [stderr]   Downloaded libmimalloc-sys v0.1.30
[INFO] [stderr]   Downloaded arrow-select v32.0.0
[INFO] [stderr]   Downloaded arrow-data v32.0.0
[INFO] [stderr]   Downloaded snafu v0.7.4
[INFO] [stderr]   Downloaded arrow-ipc v32.0.0
[INFO] [stderr]   Downloaded csv v1.2.0
[INFO] [stderr]   Downloaded radix_trie v0.2.1
[INFO] [stderr]   Downloaded seq-macro v0.3.2
[INFO] [stderr]   Downloaded rayon v1.6.1
[INFO] [stderr]   Downloaded futures-executor v0.3.26
[INFO] [stderr]   Downloaded brotli-decompressor v2.3.4
[INFO] [stderr]   Downloaded arrow-buffer v32.0.0
[INFO] [stderr]   Downloaded bzip2 v0.4.4
[INFO] [stderr]   Downloaded simple-mutex v1.1.5
[INFO] [stderr]   Downloaded endian-type v0.1.2
[INFO] [stderr]   Downloaded async-dup v1.2.2
[INFO] [stderr]   Downloaded pin-project v1.0.12
[INFO] [stderr]   Downloaded datafusion-physical-expr v18.0.0
[INFO] [stderr]   Downloaded blake3 v0.3.8
[INFO] [stderr]   Downloaded libm v0.2.6
[INFO] [stderr]   Downloaded time v0.1.45
[INFO] [stderr]   Downloaded chrono v0.4.23
[INFO] [stderr]   Downloaded base64 v0.21.0
[INFO] [stderr]   Downloaded async-channel v1.8.0
[INFO] [stderr]   Downloaded cxx v1.0.91
[INFO] [stderr]   Downloaded once_cell v0.2.4
[INFO] [stderr]   Downloaded atomic-waker v1.1.0
[INFO] [stderr]   Downloaded crossbeam-queue v0.3.8
[INFO] [stderr]   Downloaded base64 v0.12.3
[INFO] [stderr]   Downloaded reqwest v0.11.14
[INFO] [stderr]   Downloaded signal-hook v0.3.15
[INFO] [stderr]   Downloaded hyper v0.14.24
[INFO] [stderr]   Downloaded object_store v0.5.4
[INFO] [stderr]   Downloaded webpki-roots v0.22.6
[INFO] [stderr]   Downloaded synchronoise v1.0.1
[INFO] [stderr]   Downloaded async-trait v0.1.64
[INFO] [stderr]   Downloaded lmdb-rkv-sys v0.11.2
[INFO] [stderr]   Downloaded integer-encoding v3.0.4
[INFO] [stderr]   Downloaded arrow-schema v32.0.0
[INFO] [stderr]   Downloaded clipboard-win v4.5.0
[INFO] [stderr]   Downloaded sqlparser_derive v0.1.1
[INFO] [stderr]   Downloaded snap v1.1.0
[INFO] [stderr]   Downloaded zstd-safe v6.0.4+zstd.1.5.4
[INFO] [stderr]   Downloaded const-random-macro v0.1.15
[INFO] [stderr]   Downloaded flate2 v1.0.25
[INFO] [stderr]   Downloaded num-complex v0.4.3
[INFO] [stderr]   Downloaded futures v0.3.26
[INFO] [stderr]   Downloaded async-stream v0.3.3
[INFO] [stderr]   Downloaded test-case-macros v2.2.2
[INFO] [stderr]   Downloaded crypto-mac v0.8.0
[INFO] [stderr]   Downloaded pin-project-internal v1.0.12
[INFO] [stderr]   Downloaded futures-util v0.3.26
[INFO] [stderr]   Downloaded http-client v6.5.3
[INFO] [stderr]   Downloaded thrift v0.17.0
[INFO] [stderr]   Downloaded rustyline v10.1.1
[INFO] [stderr]   Downloaded test-case v2.2.2
[INFO] [stderr]   Downloaded cxxbridge-flags v1.0.91
[INFO] [stderr]   Downloaded shell-words v1.1.0
[INFO] [stderr]   Downloaded proc-macro-crate v1.1.3
[INFO] [stderr]   Downloaded cxx-build v1.0.91
[INFO] [stderr]   Downloaded heed v0.11.0
[INFO] [stderr]   Downloaded lz4 v1.24.0
[INFO] [stderr]   Downloaded arrow-arith v32.0.0
[INFO] [stderr]   Downloaded polyval v0.4.5
[INFO] [stderr]   Downloaded console v0.15.5
[INFO] [stderr]   Downloaded ethereum-types v0.14.1
[INFO] [stderr]   Downloaded snafu-derive v0.7.4
[INFO] [stderr]   Downloaded h2 v0.3.15
[INFO] [stderr]   Downloaded parking_lot v0.9.0
[INFO] [stderr]   Downloaded datafusion-optimizer v18.0.0
[INFO] [stderr]   Downloaded parity-scale-codec v3.4.0
[INFO] [stderr]   Downloaded arrow-row v32.0.0
[INFO] [stderr]   Downloaded ipnet v2.7.1
[INFO] [stderr]   Downloaded crossbeam-channel v0.5.6
[INFO] [stderr]   Downloaded half v2.2.1
[INFO] [stderr]   Downloaded mimalloc v0.1.34
[INFO] [stderr]   Downloaded crossbeam-epoch v0.9.13
[INFO] [stderr]   Downloaded nibble_vec v0.1.0
[INFO] [stderr]   Downloaded const-random v0.1.15
[INFO] [stderr]   Downloaded datafusion-cli v18.0.0
[INFO] [stderr]   Downloaded fd-lock v3.0.10
[INFO] [stderr]   Downloaded uint v0.9.5
[INFO] [stderr]   Downloaded async-h1 v2.3.3
[INFO] [stderr]   Downloaded rustc-hex v2.1.0
[INFO] [stderr]   Downloaded heed-types v0.8.0
[INFO] [stderr]   Downloaded rlp v0.5.2
[INFO] [stderr]   Downloaded hyper-rustls v0.23.2
[INFO] [stderr]   Downloaded sct v0.7.0
[INFO] [stderr]   Downloaded zeroize v1.5.7
[INFO] [stderr]   Downloaded utf8parse v0.2.0
[INFO] [stderr]   Downloaded rayon-core v1.10.2
[INFO] [stderr]   Downloaded ahash v0.8.3
[INFO] [stderr]   Downloaded ordered-float v2.10.0
[INFO] [stderr]   Downloaded page_size v0.4.2
[INFO] [stderr]   Downloaded ethereum-types v0.13.1
[INFO] [stderr]   Downloaded fixed-hash v0.8.0
[INFO] [stderr]   Downloaded primitive-types v0.11.1
[INFO] [stderr]   Downloaded bytemuck v1.13.0
[INFO] [stderr]   Downloaded async-stream-impl v0.3.3
[INFO] [stderr]   Downloaded smallvec v0.6.14
[INFO] [stderr]   Downloaded async-sse v4.1.0
[INFO] [stderr]   Downloaded tokio-rustls v0.23.4
[INFO] [stderr]   Downloaded async-global-executor v2.3.1
[INFO] [stderr]   Downloaded arrow-json v32.0.0
[INFO] [stderr]   Downloaded impl-rlp v0.3.0
[INFO] [stderr]   Downloaded hmac v0.8.1
[INFO] [stderr]   Downloaded async-session v2.0.1
[INFO] [stderr]   Downloaded blocking v1.3.0
[INFO] [stderr]   Downloaded dialoguer v0.10.3
[INFO] [stderr]   Downloaded futures-task v0.3.26
[INFO] [stderr]   Downloaded fallible-streaming-iterator v0.1.9
[INFO] [stderr]   Downloaded polling v2.5.2
[INFO] [stderr]   Downloaded clap v3.2.23
[INFO] [stderr]   Downloaded constant_time_eq v0.2.4
[INFO] [stderr]   Downloaded js-sys v0.3.61
[INFO] [stderr]   Downloaded primitive-types v0.12.1
[INFO] [stderr]   Downloaded fixed-hash v0.7.0
[INFO] [stderr]   Downloaded parking_lot_core v0.6.3
[INFO] [stderr]   Downloaded futures-macro v0.3.26
[INFO] [stderr]   Downloaded impl-serde v0.4.0
[INFO] [stderr]   Downloaded parity-scale-codec-derive v3.1.4
[INFO] [stderr]   Downloaded fallible-iterator v0.2.0
[INFO] [stderr]   Downloaded wepoll-ffi v0.1.2
[INFO] [stderr]   Downloaded hashlink v0.8.1
[INFO] [stderr]   Downloaded sval v1.0.0-alpha.5
[INFO] [stderr]   Downloaded datafusion-expr v18.0.0
[INFO] [stderr]   Downloaded aesni v0.10.0
[INFO] [stderr]   Downloaded mio v0.8.6
[INFO] [stderr]   Downloaded tokio-util v0.7.7
[INFO] [stderr]   Downloaded serde_derive v1.0.152
[INFO] [stderr]   Downloaded aes-soft v0.6.4
[INFO] [stderr]   Downloaded time v0.2.27
[INFO] [stderr]   Downloaded aead v0.3.2
[INFO] [stderr]   Downloaded futures-core v0.3.26
[INFO] [stderr]   Downloaded hkdf v0.10.0
[INFO] [stderr]   Downloaded futures-lite v1.12.0
[INFO] [stderr]   Downloaded arrow-array v32.0.0
[INFO] [stderr]   Downloaded lz4-sys v1.9.4
[INFO] [stderr]   Downloaded quick-xml v0.27.1
[INFO] [stderr]   Downloaded paste v1.0.11
[INFO] [stderr]   Downloaded webpki v0.22.0
[INFO] [stderr]   Downloaded clap_derive v3.2.18
[INFO] [stderr]   Downloaded blake2 v0.10.6
[INFO] [stderr]   Downloaded blake3 v1.3.3
[INFO] [stderr]   Downloaded md-5 v0.10.5
[INFO] [stderr]   Downloaded arrow-csv v32.0.0
[INFO] [stderr]   Downloaded arrow-ord v32.0.0
[INFO] [stderr]   Downloaded rustversion v1.0.11
[INFO] [stderr]   Downloaded comfy-table v6.1.4
[INFO] [stderr]   Downloaded arrow v32.0.0
[INFO] [stderr]   Downloaded datafusion-common v18.0.0
[INFO] [stderr]   Downloaded async-process v1.6.0
[INFO] [stderr]   Downloaded wasm-bindgen-futures v0.4.34
[INFO] [stderr]   Downloaded futures-sink v0.3.26
[INFO] [stderr]   Downloaded anyhow v1.0.69
[INFO] [stderr]   Downloaded waker-fn v1.1.0
[INFO] [stderr]   Downloaded async-task v4.3.0
[INFO] [stderr]   Downloaded strum v0.24.1
[INFO] [stderr]   Downloaded async-io v1.12.0
[INFO] [stderr]   Downloaded concurrent-queue v2.1.0
[INFO] [stderr]   Downloaded datafusion-sql v18.0.0
[INFO] [stderr]   Downloaded route-recognizer v0.2.0
[INFO] [stderr]   Downloaded strum_macros v0.24.3
[INFO] [stderr]   Downloaded serde_qs v0.8.5
[INFO] [stderr]   Downloaded sha2 v0.10.6
[INFO] [stderr]   Downloaded async-executor v1.5.0
[INFO] [stderr]   Downloaded ethbloom v0.12.1
[INFO] [stderr]   Downloaded lexical-write-float v0.8.5
[INFO] [stderr]   Downloaded erased-serde v0.3.24
[INFO] [stderr]   Downloaded crossbeam-utils v0.8.14
[INFO] [stderr]   Downloaded signal-hook-registry v1.4.1
[INFO] [stderr]   Downloaded http-types v2.12.0
[INFO] [stderr]   Downloaded web-sys v0.3.61
[INFO] [stderr]   Downloaded serde v1.0.152
[INFO] [stderr]   Downloaded lexical-core v0.8.5
[INFO] [stderr]   Downloaded discard v1.0.4
[INFO] [stderr]   Downloaded ctr v0.6.0
[INFO] [stderr]   Downloaded standback v0.2.17
[INFO] [stderr]   Downloaded rand_chacha v0.2.2
[INFO] [stderr]   Downloaded lexical-parse-integer v0.8.6
[INFO] [stderr]   Downloaded arrow-cast v32.0.0
[INFO] [stderr]   Downloaded wasm-bindgen-macro-support v0.2.84
[INFO] [stderr]   Downloaded cpuid-bool v0.2.0
[INFO] [stderr]   Downloaded infer v0.2.3
[INFO] [stderr]   Downloaded futures-channel v0.3.26
[INFO] [stderr]   Downloaded arrow-string v32.0.0
[INFO] [stderr]   Downloaded lexical-util v0.8.5
[INFO] [stderr]   Downloaded parking v2.0.0
[INFO] [stderr]   Downloaded tide v0.16.0
[INFO] [stderr]   Downloaded wasm-bindgen-macro v0.2.84
[INFO] [stderr]   Downloaded aes v0.6.0
[INFO] [stderr]   Downloaded wasm-bindgen-backend v0.2.84
[INFO] [stderr]   Downloaded lexical-write-integer v0.8.5
[INFO] [stderr]   Downloaded stdweb-derive v0.5.3
[INFO] [stderr]   Downloaded sha1 v0.6.1
[INFO] [stderr]   Downloaded stdweb-internal-macros v0.2.9
[INFO] [stderr]   Downloaded ghash v0.3.1
[INFO] [stderr]   Downloaded stdweb-internal-runtime v0.1.5
[INFO] [stderr]   Downloaded wasm-bindgen-shared v0.2.84
[INFO] [stderr]   Downloaded rusqlite v0.28.0
[INFO] [stderr]   Downloaded const_fn v0.4.9
[INFO] [stderr]   Downloaded base-x v0.2.11
[INFO] [stderr]   Downloaded stdweb v0.4.20
[INFO] [stderr]   Downloaded sha1_smol v1.0.0
[INFO] [stderr]   Downloaded wasm-bindgen v0.2.84
[INFO] [stderr]   Downloaded lexical-parse-float v0.8.5
[INFO] [stderr]   Downloaded tokio v1.25.0
[INFO] running `Command { std: "docker" "create" "-v" "/var/lib/crater-agent-workspace/builds/worker-3-tc1/target:/opt/rustwide/target:rw,Z" "-v" "/var/lib/crater-agent-workspace/builds/worker-3-tc1/source:/opt/rustwide/workdir:ro,Z" "-v" "/var/lib/crater-agent-workspace/cargo-home:/opt/rustwide/cargo-home:ro,Z" "-v" "/var/lib/crater-agent-workspace/rustup-home:/opt/rustwide/rustup-home:ro,Z" "-e" "SOURCE_DIR=/opt/rustwide/workdir" "-e" "CARGO_TARGET_DIR=/opt/rustwide/target" "-e" "CARGO_HOME=/opt/rustwide/cargo-home" "-e" "RUSTUP_HOME=/opt/rustwide/rustup-home" "-w" "/opt/rustwide/workdir" "-m" "1610612736" "--user" "0:0" "--network" "none" "ghcr.io/rust-lang/crates-build-env/linux@sha256:2788e3201cd34a07e3172128adcd8b3090168a8e3bcc40d7c032b9dda1df7d1c" "/opt/rustwide/cargo-home/bin/cargo" "+1.75.0" "metadata" "--no-deps" "--format-version=1", kill_on_drop: false }`
[INFO] [stdout] 28bfd3133dc9d69c8f1248c1d9b6a9adaab3ee44a2e69226ea60d00b11270144
[INFO] running `Command { std: "docker" "start" "-a" "28bfd3133dc9d69c8f1248c1d9b6a9adaab3ee44a2e69226ea60d00b11270144", kill_on_drop: false }`
[INFO] running `Command { std: "docker" "inspect" "28bfd3133dc9d69c8f1248c1d9b6a9adaab3ee44a2e69226ea60d00b11270144", kill_on_drop: false }`
[INFO] running `Command { std: "docker" "rm" "-f" "28bfd3133dc9d69c8f1248c1d9b6a9adaab3ee44a2e69226ea60d00b11270144", kill_on_drop: false }`
[INFO] [stdout] 28bfd3133dc9d69c8f1248c1d9b6a9adaab3ee44a2e69226ea60d00b11270144
[INFO] running `Command { std: "docker" "create" "-v" "/var/lib/crater-agent-workspace/builds/worker-3-tc1/target:/opt/rustwide/target:rw,Z" "-v" "/var/lib/crater-agent-workspace/builds/worker-3-tc1/source:/opt/rustwide/workdir:ro,Z" "-v" "/var/lib/crater-agent-workspace/cargo-home:/opt/rustwide/cargo-home:ro,Z" "-v" "/var/lib/crater-agent-workspace/rustup-home:/opt/rustwide/rustup-home:ro,Z" "-e" "SOURCE_DIR=/opt/rustwide/workdir" "-e" "CARGO_TARGET_DIR=/opt/rustwide/target" "-e" "CARGO_INCREMENTAL=0" "-e" "RUST_BACKTRACE=full" "-e" "RUSTFLAGS=--cap-lints=warn" "-e" "RUSTDOCFLAGS=--cap-lints=warn" "-e" "CARGO_HOME=/opt/rustwide/cargo-home" "-e" "RUSTUP_HOME=/opt/rustwide/rustup-home" "-w" "/opt/rustwide/workdir" "-m" "1610612736" "--user" "0:0" "--network" "none" "ghcr.io/rust-lang/crates-build-env/linux@sha256:2788e3201cd34a07e3172128adcd8b3090168a8e3bcc40d7c032b9dda1df7d1c" "/opt/rustwide/cargo-home/bin/cargo" "+1.75.0" "doc" "--frozen" "--no-deps" "--document-private-items" "--message-format=json", kill_on_drop: false }`
[INFO] [stdout] 422cdd5ffbaa076d782cbe6b0c8b185e1a80d721862967b7df94e646190d8478
[INFO] running `Command { std: "docker" "start" "-a" "422cdd5ffbaa076d782cbe6b0c8b185e1a80d721862967b7df94e646190d8478", kill_on_drop: false }`
[INFO] [stderr]    Compiling libc v0.2.139
[INFO] [stderr]    Compiling proc-macro2 v1.0.51
[INFO] [stderr]    Compiling quote v1.0.23
[INFO] [stderr]    Compiling unicode-ident v1.0.6
[INFO] [stderr]    Compiling syn v1.0.107
[INFO] [stderr]     Checking once_cell v1.17.1
[INFO] [stderr]    Compiling pkg-config v0.3.26
[INFO] [stderr]    Compiling serde_derive v1.0.152
[INFO] [stderr]    Compiling serde v1.0.152
[INFO] [stderr]    Compiling libm v0.2.6
[INFO] [stderr]     Checking static_assertions v1.1.0
[INFO] [stderr]    Compiling memchr v2.5.0
[INFO] [stderr]    Compiling num-traits v0.2.15
[INFO] [stderr]    Compiling log v0.4.17
[INFO] [stderr]     Checking smallvec v1.10.0
[INFO] [stderr]     Checking bytes v1.4.0
[INFO] [stderr]    Compiling lock_api v0.4.9
[INFO] [stderr]    Compiling parking_lot_core v0.9.7
[INFO] [stderr]    Compiling futures-core v0.3.26
[INFO] [stderr]     Checking itoa v1.0.5
[INFO] [stderr]    Compiling ahash v0.7.6
[INFO] [stderr]    Compiling ahash v0.8.3
[INFO] [stderr]    Compiling tokio v1.25.0
[INFO] [stderr]     Checking iana-time-zone v0.1.53
[INFO] [stderr]     Checking byteorder v1.4.3
[INFO] [stderr]     Checking arrow-schema v32.0.0
[INFO] [stderr]    Compiling slab v0.4.7
[INFO] [stderr]     Checking futures-sink v0.3.26
[INFO] [stderr]    Compiling futures-task v0.3.26
[INFO] [stderr]    Compiling futures-channel v0.3.26
[INFO] [stderr]     Checking lexical-util v0.8.5
[INFO] [stderr]    Compiling indexmap v1.9.2
[INFO] [stderr]    Compiling futures-util v0.3.26
[INFO] [stderr]     Checking ryu v1.0.12
[INFO] [stderr]     Checking futures-io v0.3.26
[INFO] [stderr]    Compiling serde_json v1.0.93
[INFO] [stderr]    Compiling semver v1.0.16
[INFO] [stderr]     Checking untrusted v0.7.1
[INFO] [stderr]     Checking tracing-core v0.1.30
[INFO] [stderr]    Compiling unicase v2.6.0
[INFO] [stderr]     Checking http v0.2.8
[INFO] [stderr]     Checking adler v1.0.2
[INFO] [stderr]    Compiling openssl v0.10.45
[INFO] [stderr]    Compiling httparse v1.8.0
[INFO] [stderr]     Checking aho-corasick v0.7.20
[INFO] [stderr]     Checking miniz_oxide v0.6.2
[INFO] [stderr]    Compiling typenum v1.16.0
[INFO] [stderr]    Compiling native-tls v0.2.11
[INFO] [stderr]    Compiling jobserver v0.1.25
[INFO] [stderr]     Checking lexical-parse-integer v0.8.6
[INFO] [stderr]     Checking lexical-write-integer v0.8.5
[INFO] [stderr]     Checking tinyvec_macros v0.1.1
[INFO] [stderr]     Checking regex-syntax v0.6.28
[INFO] [stderr]    Compiling rustls v0.20.8
[INFO] [stderr]     Checking try-lock v0.2.4
[INFO] [stderr]     Checking tinyvec v1.6.0
[INFO] [stderr]    Compiling cc v1.0.79
[INFO] [stderr]     Checking want v0.3.0
[INFO] [stderr]     Checking lexical-parse-float v0.8.5
[INFO] [stderr]     Checking lexical-write-float v0.8.5
[INFO] [stderr]    Compiling rustc_version v0.4.0
[INFO] [stderr]    Compiling generic-array v0.14.6
[INFO] [stderr]    Compiling rustversion v1.0.11
[INFO] [stderr]     Checking http-body v0.4.5
[INFO] [stderr]     Checking percent-encoding v2.2.0
[INFO] [stderr]     Checking unicode-width v0.1.10
[INFO] [stderr]     Checking num-integer v0.1.45
[INFO] [stderr]     Checking num-complex v0.4.3
[INFO] [stderr]     Checking half v2.2.1
[INFO] [stderr]     Checking tower-service v0.3.2
[INFO] [stderr]     Checking form_urlencoded v1.1.0
[INFO] [stderr]    Compiling mime_guess v2.0.4
[INFO] [stderr]    Compiling flatbuffers v23.1.21
[INFO] [stderr]     Checking base64 v0.21.0
[INFO] [stderr]     Checking getrandom v0.2.8
[INFO] [stderr]     Checking num_cpus v1.15.0
[INFO] [stderr]     Checking time v0.1.45
[INFO] [stderr]     Checking signal-hook-registry v1.4.1
[INFO] [stderr]     Checking num-bigint v0.4.3
[INFO] [stderr]     Checking num-iter v0.1.43
[INFO] [stderr]     Checking parking_lot v0.12.1
[INFO] [stderr]     Checking socket2 v0.4.7
[INFO] [stderr]     Checking mio v0.8.6
[INFO] [stderr]     Checking rand_core v0.6.4
[INFO] [stderr]     Checking lexical-core v0.8.5
[INFO] [stderr]     Checking hashbrown v0.12.3
[INFO] [stderr]     Checking alloc-no-stdlib v2.0.4
[INFO] [stderr]     Checking hashbrown v0.13.2
[INFO] [stderr]     Checking unicode-normalization v0.1.22
[INFO] [stderr]    Compiling doc-comment v0.3.3
[INFO] [stderr]     Checking unicode-bidi v0.3.10
[INFO] [stderr]    Compiling crossbeam-utils v0.8.14
[INFO] [stderr]     Checking rand_chacha v0.3.1
[INFO] [stderr]    Compiling zstd-safe v6.0.4+zstd.1.5.4
[INFO] [stderr]     Checking alloc-stdlib v0.2.2
[INFO] [stderr]     Checking rand v0.8.5
[INFO] [stderr]     Checking csv-core v0.1.10
[INFO] [stderr]    Compiling async-trait v0.1.64
[INFO] [stderr]     Checking either v1.8.1
[INFO] [stderr]    Compiling crunchy v0.2.2
[INFO] [stderr]     Checking rustc-hex v2.1.0
[INFO] [stderr]     Checking idna v0.3.0
[INFO] [stderr]    Compiling paste v1.0.11
[INFO] [stderr]    Compiling snap v1.1.0
[INFO] [stderr]     Checking flate2 v1.0.25
[INFO] [stderr]    Compiling ring v0.16.20
[INFO] [stderr]    Compiling openssl-sys v0.9.80
[INFO] [stderr]    Compiling zstd-sys v2.0.7+zstd.1.5.4
[INFO] [stderr]    Compiling lz4-sys v1.9.4
[INFO] [stderr]     Checking brotli-decompressor v2.3.4
[INFO] [stderr]     Checking rustls-pemfile v1.0.2
[INFO] [stderr]     Checking ordered-float v2.10.0
[INFO] [stderr]     Checking regex v1.7.1
[INFO] [stderr]     Checking encoding_rs v0.8.32
[INFO] [stderr]     Checking url v2.3.1
[INFO] [stderr]     Checking strum v0.24.1
[INFO] [stderr]    Compiling thiserror v1.0.38
[INFO] [stderr]     Checking ipnet v2.7.1
[INFO] [stderr]     Checking arrayvec v0.7.2
[INFO] [stderr]     Checking num-rational v0.4.1
[INFO] [stderr]     Checking integer-encoding v3.0.4
[INFO] [stderr]     Checking walkdir v2.3.2
[INFO] [stderr]     Checking itertools v0.10.5
[INFO] [stderr]     Checking thrift v0.17.0
[INFO] [stderr]     Checking twox-hash v1.6.3
[INFO] [stderr]     Checking block-buffer v0.10.3
[INFO] [stderr]     Checking crypto-common v0.1.6
[INFO] [stderr]    Compiling seq-macro v0.3.2
[INFO] [stderr]    Compiling semver-parser v0.7.0
[INFO] [stderr]    Compiling memoffset v0.7.1
[INFO] [stderr]     Checking digest v0.10.6
[INFO] [stderr]     Checking num v0.4.0
[INFO] [stderr]    Compiling io-lifetimes v1.0.5
[INFO] [stderr]     Checking arrow-buffer v32.0.0
[INFO] [stderr]    Compiling semver v0.9.0
[INFO] [stderr]    Compiling crossbeam-epoch v0.9.13
[INFO] [stderr]    Compiling rustix v0.36.8
[INFO] [stderr]    Compiling tiny-keccak v2.0.2
[INFO] [stderr]     Checking arrow-data v32.0.0
[INFO] [stderr]    Compiling rustc_version v0.2.3
[INFO] [stderr]     Checking brotli v3.3.4
[INFO] [stderr]    Compiling proc-macro-error-attr v1.0.4
[INFO] [stderr]    Compiling lzma-sys v0.1.20
[INFO] [stderr]    Compiling bzip2-sys v0.1.11+1.0.8
[INFO] [stderr]    Compiling blake3 v1.3.3
[INFO] [stderr]     Checking linux-raw-sys v0.1.4
[INFO] [stderr]    Compiling maybe-uninit v2.0.0
[INFO] [stderr]     Checking uint v0.9.5
[INFO] [stderr]     Checking cpufeatures v0.2.5
[INFO] [stderr]     Checking arrayref v0.3.6
[INFO] [stderr]    Compiling rayon-core v1.10.2
[INFO] [stderr]     Checking os_str_bytes v6.4.1
[INFO] [stderr]     Checking constant_time_eq v0.2.4
[INFO] [stderr]     Checking unicode-segmentation v1.10.1
[INFO] [stderr]     Checking byte-slice-cast v1.2.2
[INFO] [stderr]     Checking crossbeam-deque v0.8.2
[INFO] [stderr]     Checking sha2 v0.10.6
[INFO] [stderr]    Compiling parking_lot_core v0.6.3
[INFO] [stderr]     Checking blake2 v0.10.6
[INFO] [stderr]     Checking md-5 v0.10.5
[INFO] [stderr]     Checking fixed-hash v0.7.0
[INFO] [stderr]     Checking crossbeam-channel v0.5.6
[INFO] [stderr]    Compiling libmimalloc-sys v0.1.30
[INFO] [stderr]    Compiling backtrace v0.3.67
[INFO] [stderr]     Checking rlp v0.5.2
[INFO] [stderr]     Checking uuid v1.3.0
[INFO] [stderr]     Checking atty v0.2.14
[INFO] [stderr]     Checking remove_dir_all v0.5.3
[INFO] [stderr]    Compiling crossbeam-queue v0.3.8
[INFO] [stderr]     Checking termcolor v1.2.0
[INFO] [stderr]     Checking gimli v0.27.2
[INFO] [stderr]     Checking fastrand v1.9.0
[INFO] [stderr]    Compiling libsqlite3-sys v0.25.2
[INFO] [stderr]     Checking impl-rlp v0.3.0
[INFO] [stderr]     Checking xz2 v0.1.7
[INFO] [stderr]     Checking smallvec v0.6.14
[INFO] [stderr]     Checking tempfile v3.3.0
[INFO] [stderr]    Compiling parking_lot v0.9.0
[INFO] [stderr]     Checking fixed-hash v0.8.0
[INFO] [stderr]    Compiling lmdb-rkv-sys v0.11.2
[INFO] [stderr]     Checking dirs-sys-next v0.1.2
[INFO] [stderr]     Checking object v0.30.3
[INFO] [stderr]     Checking nibble_vec v0.1.0
[INFO] [stderr]     Checking endian-type v0.1.2
[INFO] [stderr]     Checking rustc-demangle v0.1.21
[INFO] [stderr]     Checking strsim v0.10.0
[INFO] [stderr]     Checking cfg-if v0.1.10
[INFO] [stderr]    Compiling anyhow v1.0.69
[INFO] [stderr]     Checking radix_trie v0.2.1
[INFO] [stderr]     Checking dirs-next v2.0.0
[INFO] [stderr]     Checking ethbloom v0.12.1
[INFO] [stderr]     Checking clap_lex v0.2.4
[INFO] [stderr]     Checking rayon v1.6.1
[INFO] [stderr]     Checking dashmap v5.4.0
[INFO] [stderr]     Checking nix v0.25.1
[INFO] [stderr]     Checking dirs-sys v0.3.7
[INFO] [stderr]     Checking lock_api v0.3.4
[INFO] [stderr]     Checking glob v0.3.1
[INFO] [stderr]     Checking humantime v2.1.0
[INFO] [stderr]    Compiling proc-macro-error v1.0.4
[INFO] [stderr]     Checking bytemuck v1.13.0
[INFO] [stderr]     Checking utf8parse v0.2.0
[INFO] [stderr]     Checking minimal-lexical v0.2.1
[INFO] [stderr]     Checking heed-traits v0.8.0
[INFO] [stderr]     Checking textwrap v0.16.0
[INFO] [stderr]     Checking env_logger v0.9.3
[INFO] [stderr]     Checking nom v7.1.3
[INFO] [stderr]     Checking dirs v4.0.0
[INFO] [stderr]     Checking synchronoise v1.0.1
[INFO] [stderr]     Checking clap_lex v0.3.1
[INFO] [stderr]     Checking hashlink v0.8.1
[INFO] [stderr]     Checking page_size v0.4.2
[INFO] [stderr]     Checking console v0.15.5
[INFO] [stderr]     Checking zeroize v1.5.7
[INFO] [stderr]     Checking fd-lock v3.0.10
[INFO] [stderr]     Checking is-terminal v0.4.3
[INFO] [stderr]     Checking fallible-streaming-iterator v0.1.9
[INFO] [stderr]     Checking shell-words v1.1.0
[INFO] [stderr]     Checking fallible-iterator v0.2.0
[INFO] [stderr]     Checking once_cell v0.2.4
[INFO] [stderr]     Checking colored v2.0.0
[INFO] [stderr]     Checking dialoguer v0.10.3
[INFO] [stderr]     Checking dotenv v0.15.0
[INFO] [stderr]    Compiling toml v0.5.11
[INFO] [stderr]     Checking rustyline v10.1.1
[INFO] [stderr]     Checking webpki v0.22.0
[INFO] [stderr]     Checking sct v0.7.0
[INFO] [stderr]     Checking addr2line v0.19.0
[INFO] [stderr]     Checking mimalloc v0.1.34
[INFO] [stderr]     Checking webpki-roots v0.22.6
[INFO] [stderr]    Compiling tokio-macros v1.8.2
[INFO] [stderr]    Compiling futures-macro v0.3.26
[INFO] [stderr]    Compiling tracing-attributes v0.1.23
[INFO] [stderr]    Compiling openssl-macros v0.1.0
[INFO] [stderr]    Compiling strum_macros v0.24.3
[INFO] [stderr]    Compiling snafu-derive v0.7.4
[INFO] [stderr]    Compiling sqlparser_derive v0.1.1
[INFO] [stderr]    Compiling thiserror-impl v1.0.38
[INFO] [stderr]    Compiling impl-trait-for-tuples v0.2.2
[INFO] [stderr]     Checking bzip2 v0.4.4
[INFO] [stderr]     Checking sqlparser v0.30.0
[INFO] [stderr]    Compiling clap_derive v3.2.18
[INFO] [stderr] The following warnings were emitted during compilation:
[INFO] [stderr] 
[INFO] [stderr] warning: libsqlite3-sys@0.25.2: cc: fatal error: Killed signal terminated program cc1
[INFO] [stderr] warning: libsqlite3-sys@0.25.2: compilation terminated.
[INFO] [stderr] 
[INFO] [stderr] error: failed to run custom build command for `libsqlite3-sys v0.25.2`
[INFO] [stderr] note: To improve backtraces for build dependencies, set the CARGO_PROFILE_DEV_BUILD_OVERRIDE_DEBUG=true environment variable to enable debug information generation.
[INFO] [stderr] 
[INFO] [stderr] Caused by:
[INFO] [stderr]   process didn't exit successfully: `/opt/rustwide/target/debug/build/libsqlite3-sys-60223225d32dbc15/build-script-build` (exit status: 1)
[INFO] [stderr]   --- stdout
[INFO] [stderr]   cargo:rerun-if-changed=sqlite3/sqlite3.c
[INFO] [stderr]   cargo:rerun-if-changed=sqlite3/wasm32-wasi-vfs.c
[INFO] [stderr]   cargo:rerun-if-env-changed=SQLITE_MAX_VARIABLE_NUMBER
[INFO] [stderr]   cargo:rerun-if-env-changed=SQLITE_MAX_EXPR_DEPTH
[INFO] [stderr]   cargo:rerun-if-env-changed=LIBSQLITE3_FLAGS
[INFO] [stderr]   TARGET = Some("x86_64-unknown-linux-gnu")
[INFO] [stderr]   OPT_LEVEL = Some("0")
[INFO] [stderr]   HOST = Some("x86_64-unknown-linux-gnu")
[INFO] [stderr]   cargo:rerun-if-env-changed=CC_x86_64-unknown-linux-gnu
[INFO] [stderr]   CC_x86_64-unknown-linux-gnu = None
[INFO] [stderr]   cargo:rerun-if-env-changed=CC_x86_64_unknown_linux_gnu
[INFO] [stderr]   CC_x86_64_unknown_linux_gnu = None
[INFO] [stderr]   cargo:rerun-if-env-changed=HOST_CC
[INFO] [stderr]   HOST_CC = None
[INFO] [stderr]   cargo:rerun-if-env-changed=CC
[INFO] [stderr]   CC = None
[INFO] [stderr]   cargo:rerun-if-env-changed=CFLAGS_x86_64-unknown-linux-gnu
[INFO] [stderr]   CFLAGS_x86_64-unknown-linux-gnu = None
[INFO] [stderr]   cargo:rerun-if-env-changed=CFLAGS_x86_64_unknown_linux_gnu
[INFO] [stderr]   CFLAGS_x86_64_unknown_linux_gnu = None
[INFO] [stderr]   cargo:rerun-if-env-changed=HOST_CFLAGS
[INFO] [stderr]   HOST_CFLAGS = None
[INFO] [stderr]   cargo:rerun-if-env-changed=CFLAGS
[INFO] [stderr]   CFLAGS = None
[INFO] [stderr]   cargo:rerun-if-env-changed=CRATE_CC_NO_DEFAULTS
[INFO] [stderr]   CRATE_CC_NO_DEFAULTS = None
[INFO] [stderr]   DEBUG = Some("true")
[INFO] [stderr]   CARGO_CFG_TARGET_FEATURE = Some("fxsr,sse,sse2")
[INFO] [stderr]   running: "cc" "-O0" "-ffunction-sections" "-fdata-sections" "-fPIC" "-gdwarf-4" "-fno-omit-frame-pointer" "-m64" "-DSQLITE_CORE" "-DSQLITE_DEFAULT_FOREIGN_KEYS=1" "-DSQLITE_ENABLE_API_ARMOR" "-DSQLITE_ENABLE_COLUMN_METADATA" "-DSQLITE_ENABLE_DBSTAT_VTAB" "-DSQLITE_ENABLE_FTS3" "-DSQLITE_ENABLE_FTS3_PARENTHESIS" "-DSQLITE_ENABLE_FTS5" "-DSQLITE_ENABLE_JSON1" "-DSQLITE_ENABLE_LOAD_EXTENSION=1" "-DSQLITE_ENABLE_MEMORY_MANAGEMENT" "-DSQLITE_ENABLE_RTREE" "-DSQLITE_ENABLE_STAT2" "-DSQLITE_ENABLE_STAT4" "-DSQLITE_SOUNDEX" "-DSQLITE_THREADSAFE=1" "-DSQLITE_USE_URI" "-DHAVE_USLEEP=1" "-D_POSIX_THREAD_SAFE_FUNCTIONS" "-DHAVE_ISNAN" "-DHAVE_LOCALTIME_R" "-o" "/opt/rustwide/target/debug/build/libsqlite3-sys-913e6d1e7f2e86d0/out/sqlite3/sqlite3.o" "-c" "sqlite3/sqlite3.c"
[INFO] [stderr]   cargo:warning=cc: fatal error: Killed signal terminated program cc1
[INFO] [stderr]   cargo:warning=compilation terminated.
[INFO] [stderr]   exit status: 1
[INFO] [stderr] 
[INFO] [stderr]   --- stderr
[INFO] [stderr] 
[INFO] [stderr] 
[INFO] [stderr]   error occurred: Command "cc" "-O0" "-ffunction-sections" "-fdata-sections" "-fPIC" "-gdwarf-4" "-fno-omit-frame-pointer" "-m64" "-DSQLITE_CORE" "-DSQLITE_DEFAULT_FOREIGN_KEYS=1" "-DSQLITE_ENABLE_API_ARMOR" "-DSQLITE_ENABLE_COLUMN_METADATA" "-DSQLITE_ENABLE_DBSTAT_VTAB" "-DSQLITE_ENABLE_FTS3" "-DSQLITE_ENABLE_FTS3_PARENTHESIS" "-DSQLITE_ENABLE_FTS5" "-DSQLITE_ENABLE_JSON1" "-DSQLITE_ENABLE_LOAD_EXTENSION=1" "-DSQLITE_ENABLE_MEMORY_MANAGEMENT" "-DSQLITE_ENABLE_RTREE" "-DSQLITE_ENABLE_STAT2" "-DSQLITE_ENABLE_STAT4" "-DSQLITE_SOUNDEX" "-DSQLITE_THREADSAFE=1" "-DSQLITE_USE_URI" "-DHAVE_USLEEP=1" "-D_POSIX_THREAD_SAFE_FUNCTIONS" "-DHAVE_ISNAN" "-DHAVE_LOCALTIME_R" "-o" "/opt/rustwide/target/debug/build/libsqlite3-sys-913e6d1e7f2e86d0/out/sqlite3/sqlite3.o" "-c" "sqlite3/sqlite3.c" with args "cc" did not execute successfully (status code exit status: 1).
[INFO] [stderr] 
[INFO] [stderr] 
[INFO] [stderr] warning: build failed, waiting for other jobs to finish...
[INFO] running `Command { std: "docker" "inspect" "422cdd5ffbaa076d782cbe6b0c8b185e1a80d721862967b7df94e646190d8478", kill_on_drop: false }`
[INFO] running `Command { std: "docker" "rm" "-f" "422cdd5ffbaa076d782cbe6b0c8b185e1a80d721862967b7df94e646190d8478", kill_on_drop: false }`
[INFO] [stdout] 422cdd5ffbaa076d782cbe6b0c8b185e1a80d721862967b7df94e646190d8478
[INFO] documenting chaindexer-0.1.1 against beta-2023-12-22 for beta-1.76-rustdoc-1
[INFO] extracting crate chaindexer 0.1.1 into /workspace/builds/worker-3-tc2/source
[INFO] validating manifest of crates.io crate chaindexer 0.1.1 on toolchain beta-2023-12-22
[INFO] running `Command { std: CARGO_HOME="/workspace/cargo-home" RUSTUP_HOME="/workspace/rustup-home" "/workspace/cargo-home/bin/cargo" "+beta-2023-12-22" "metadata" "--manifest-path" "Cargo.toml" "--no-deps", kill_on_drop: false }`
[INFO] started tweaking crates.io crate chaindexer 0.1.1
[INFO] finished tweaking crates.io crate chaindexer 0.1.1
[INFO] tweaked toml for crates.io crate chaindexer 0.1.1 written to /workspace/builds/worker-3-tc2/source/Cargo.toml
[INFO] crate crates.io crate chaindexer 0.1.1 already has a lockfile, it will not be regenerated
[INFO] running `Command { std: CARGO_HOME="/workspace/cargo-home" RUSTUP_HOME="/workspace/rustup-home" "/workspace/cargo-home/bin/cargo" "+beta-2023-12-22" "fetch" "--manifest-path" "Cargo.toml", kill_on_drop: false }`
[INFO] running `Command { std: "docker" "create" "-v" "/var/lib/crater-agent-workspace/builds/worker-3-tc2/target:/opt/rustwide/target:rw,Z" "-v" "/var/lib/crater-agent-workspace/builds/worker-3-tc2/source:/opt/rustwide/workdir:ro,Z" "-v" "/var/lib/crater-agent-workspace/cargo-home:/opt/rustwide/cargo-home:ro,Z" "-v" "/var/lib/crater-agent-workspace/rustup-home:/opt/rustwide/rustup-home:ro,Z" "-e" "SOURCE_DIR=/opt/rustwide/workdir" "-e" "CARGO_TARGET_DIR=/opt/rustwide/target" "-e" "CARGO_HOME=/opt/rustwide/cargo-home" "-e" "RUSTUP_HOME=/opt/rustwide/rustup-home" "-w" "/opt/rustwide/workdir" "-m" "1610612736" "--user" "0:0" "--network" "none" "ghcr.io/rust-lang/crates-build-env/linux@sha256:2788e3201cd34a07e3172128adcd8b3090168a8e3bcc40d7c032b9dda1df7d1c" "/opt/rustwide/cargo-home/bin/cargo" "+beta-2023-12-22" "metadata" "--no-deps" "--format-version=1", kill_on_drop: false }`
[INFO] [stdout] a66a0dd6b77ed8c7fc047bfe5f4aa4b5ca703066400cee651970d36b2a0201d0
[INFO] running `Command { std: "docker" "start" "-a" "a66a0dd6b77ed8c7fc047bfe5f4aa4b5ca703066400cee651970d36b2a0201d0", kill_on_drop: false }`
[INFO] running `Command { std: "docker" "inspect" "a66a0dd6b77ed8c7fc047bfe5f4aa4b5ca703066400cee651970d36b2a0201d0", kill_on_drop: false }`
[INFO] running `Command { std: "docker" "rm" "-f" "a66a0dd6b77ed8c7fc047bfe5f4aa4b5ca703066400cee651970d36b2a0201d0", kill_on_drop: false }`
[INFO] [stdout] a66a0dd6b77ed8c7fc047bfe5f4aa4b5ca703066400cee651970d36b2a0201d0
[INFO] running `Command { std: "docker" "create" "-v" "/var/lib/crater-agent-workspace/builds/worker-3-tc2/target:/opt/rustwide/target:rw,Z" "-v" "/var/lib/crater-agent-workspace/builds/worker-3-tc2/source:/opt/rustwide/workdir:ro,Z" "-v" "/var/lib/crater-agent-workspace/cargo-home:/opt/rustwide/cargo-home:ro,Z" "-v" "/var/lib/crater-agent-workspace/rustup-home:/opt/rustwide/rustup-home:ro,Z" "-e" "SOURCE_DIR=/opt/rustwide/workdir" "-e" "CARGO_TARGET_DIR=/opt/rustwide/target" "-e" "CARGO_INCREMENTAL=0" "-e" "RUST_BACKTRACE=full" "-e" "RUSTFLAGS=--cap-lints=warn" "-e" "RUSTDOCFLAGS=--cap-lints=warn" "-e" "CARGO_HOME=/opt/rustwide/cargo-home" "-e" "RUSTUP_HOME=/opt/rustwide/rustup-home" "-w" "/opt/rustwide/workdir" "-m" "1610612736" "--user" "0:0" "--network" "none" "ghcr.io/rust-lang/crates-build-env/linux@sha256:2788e3201cd34a07e3172128adcd8b3090168a8e3bcc40d7c032b9dda1df7d1c" "/opt/rustwide/cargo-home/bin/cargo" "+beta-2023-12-22" "doc" "--frozen" "--no-deps" "--document-private-items" "--message-format=json", kill_on_drop: false }`
[INFO] [stdout] 214876ef23bf73c0b259c488787488555dda944945bcafff610673a39c29b033
[INFO] running `Command { std: "docker" "start" "-a" "214876ef23bf73c0b259c488787488555dda944945bcafff610673a39c29b033", kill_on_drop: false }`
[INFO] [stderr]    Compiling libc v0.2.139
[INFO] [stderr]    Compiling proc-macro2 v1.0.51
[INFO] [stderr]    Compiling quote v1.0.23
[INFO] [stderr]    Compiling unicode-ident v1.0.6
[INFO] [stderr]    Compiling syn v1.0.107
[INFO] [stderr]     Checking once_cell v1.17.1
[INFO] [stderr]    Compiling serde_derive v1.0.152
[INFO] [stderr]    Compiling pkg-config v0.3.26
[INFO] [stderr]    Compiling serde v1.0.152
[INFO] [stderr]    Compiling libm v0.2.6
[INFO] [stderr]    Compiling memchr v2.5.0
[INFO] [stderr]    Compiling num-traits v0.2.15
[INFO] [stderr]    Compiling log v0.4.17
[INFO] [stderr]     Checking bytes v1.4.0
[INFO] [stderr]     Checking smallvec v1.10.0
[INFO] [stderr]    Compiling lock_api v0.4.9
[INFO] [stderr]    Compiling futures-core v0.3.26
[INFO] [stderr]    Compiling parking_lot_core v0.9.7
[INFO] [stderr]     Checking itoa v1.0.5
[INFO] [stderr]    Compiling ahash v0.7.6
[INFO] [stderr]    Compiling ahash v0.8.3
[INFO] [stderr]    Compiling tokio v1.25.0
[INFO] [stderr]     Checking iana-time-zone v0.1.53
[INFO] [stderr]     Checking byteorder v1.4.3
[INFO] [stderr]     Checking arrow-schema v32.0.0
[INFO] [stderr]    Compiling slab v0.4.7
[INFO] [stderr]    Compiling futures-task v0.3.26
[INFO] [stderr]     Checking futures-sink v0.3.26
[INFO] [stderr]    Compiling futures-channel v0.3.26
[INFO] [stderr]     Checking lexical-util v0.8.5
[INFO] [stderr]    Compiling indexmap v1.9.2
[INFO] [stderr]     Checking futures-io v0.3.26
[INFO] [stderr]     Checking ryu v1.0.12
[INFO] [stderr]    Compiling futures-util v0.3.26
[INFO] [stderr]    Compiling serde_json v1.0.93
[INFO] [stderr]     Checking untrusted v0.7.1
[INFO] [stderr]    Compiling semver v1.0.16
[INFO] [stderr]     Checking tracing-core v0.1.30
[INFO] [stderr]    Compiling unicase v2.6.0
[INFO] [stderr]     Checking http v0.2.8
[INFO] [stderr]    Compiling jobserver v0.1.25
[INFO] [stderr]     Checking adler v1.0.2
[INFO] [stderr]    Compiling httparse v1.8.0
[INFO] [stderr]    Compiling openssl v0.10.45
[INFO] [stderr]     Checking aho-corasick v0.7.20
[INFO] [stderr]    Compiling cc v1.0.79
[INFO] [stderr]     Checking lexical-parse-integer v0.8.6
[INFO] [stderr]     Checking lexical-write-integer v0.8.5
[INFO] [stderr]     Checking miniz_oxide v0.6.2
[INFO] [stderr]     Checking regex-syntax v0.6.28
[INFO] [stderr]    Compiling native-tls v0.2.11
[INFO] [stderr]     Checking lexical-parse-float v0.8.5
[INFO] [stderr]     Checking try-lock v0.2.4
[INFO] [stderr]     Checking lexical-write-float v0.8.5
[INFO] [stderr]    Compiling rustls v0.20.8
[INFO] [stderr]     Checking tinyvec_macros v0.1.1
[INFO] [stderr]    Compiling typenum v1.16.0
[INFO] [stderr]    Compiling rustc_version v0.4.0
[INFO] [stderr]     Checking tinyvec v1.6.0
[INFO] [stderr]     Checking num-integer v0.1.45
[INFO] [stderr]     Checking num-complex v0.4.3
[INFO] [stderr]     Checking half v2.2.1
[INFO] [stderr]     Checking want v0.3.0
[INFO] [stderr]     Checking getrandom v0.2.8
[INFO] [stderr]     Checking num_cpus v1.15.0
[INFO] [stderr]     Checking time v0.1.45
[INFO] [stderr]     Checking signal-hook-registry v1.4.1
[INFO] [stderr]     Checking socket2 v0.4.7
[INFO] [stderr]     Checking num-bigint v0.4.3
[INFO] [stderr]     Checking num-iter v0.1.43
[INFO] [stderr]     Checking parking_lot v0.12.1
[INFO] [stderr]     Checking mio v0.8.6
[INFO] [stderr]     Checking rand_core v0.6.4
[INFO] [stderr]     Checking lexical-core v0.8.5
[INFO] [stderr]    Compiling flatbuffers v23.1.21
[INFO] [stderr]     Checking http-body v0.4.5
[INFO] [stderr]     Checking hashbrown v0.12.3
[INFO] [stderr]    Compiling generic-array v0.14.6
[INFO] [stderr]     Checking tower-service v0.3.2
[INFO] [stderr]     Checking percent-encoding v2.2.0
[INFO] [stderr]     Checking hashbrown v0.13.2
[INFO] [stderr]     Checking rand_chacha v0.3.1
[INFO] [stderr]    Compiling rustversion v1.0.11
[INFO] [stderr]     Checking unicode-width v0.1.10
[INFO] [stderr]    Compiling mime_guess v2.0.4
[INFO] [stderr]     Checking unicode-normalization v0.1.22
[INFO] [stderr]     Checking form_urlencoded v1.1.0
[INFO] [stderr]     Checking rand v0.8.5
[INFO] [stderr]     Checking base64 v0.21.0
[INFO] [stderr]    Compiling doc-comment v0.3.3
[INFO] [stderr]     Checking unicode-bidi v0.3.10
[INFO] [stderr]    Compiling crossbeam-utils v0.8.14
[INFO] [stderr]     Checking alloc-no-stdlib v2.0.4
[INFO] [stderr]    Compiling zstd-safe v6.0.4+zstd.1.5.4
[INFO] [stderr]     Checking alloc-stdlib v0.2.2
[INFO] [stderr]     Checking csv-core v0.1.10
[INFO] [stderr]    Compiling paste v1.0.11
[INFO] [stderr]    Compiling ring v0.16.20
[INFO] [stderr]    Compiling openssl-sys v0.9.80
[INFO] [stderr]    Compiling zstd-sys v2.0.7+zstd.1.5.4
[INFO] [stderr]    Compiling lz4-sys v1.9.4
[INFO] [stderr]     Checking idna v0.3.0
[INFO] [stderr]     Checking regex v1.7.1
[INFO] [stderr]     Checking either v1.8.1
[INFO] [stderr]    Compiling async-trait v0.1.64
[INFO] [stderr]    Compiling crunchy v0.2.2
[INFO] [stderr]     Checking rustc-hex v2.1.0
[INFO] [stderr]    Compiling snap v1.1.0
[INFO] [stderr]     Checking num-rational v0.4.1
[INFO] [stderr]     Checking rustls-pemfile v1.0.2
[INFO] [stderr]     Checking flate2 v1.0.25
[INFO] [stderr]     Checking brotli-decompressor v2.3.4
[INFO] [stderr]     Checking ordered-float v2.10.0
[INFO] [stderr]     Checking url v2.3.1
[INFO] [stderr]     Checking encoding_rs v0.8.32
[INFO] [stderr]     Checking ipnet v2.7.1
[INFO] [stderr]    Compiling thiserror v1.0.38
[INFO] [stderr]     Checking integer-encoding v3.0.4
[INFO] [stderr]     Checking num v0.4.0
[INFO] [stderr]     Checking strum v0.24.1
[INFO] [stderr]     Checking arrayvec v0.7.2
[INFO] [stderr]     Checking arrow-buffer v32.0.0
[INFO] [stderr]     Checking walkdir v2.3.2
[INFO] [stderr]     Checking crypto-common v0.1.6
[INFO] [stderr]     Checking block-buffer v0.10.3
[INFO] [stderr]     Checking thrift v0.17.0
[INFO] [stderr]     Checking itertools v0.10.5
[INFO] [stderr]     Checking twox-hash v1.6.3
[INFO] [stderr]    Compiling semver-parser v0.7.0
[INFO] [stderr]    Compiling seq-macro v0.3.2
[INFO] [stderr]     Checking digest v0.10.6
[INFO] [stderr]    Compiling memoffset v0.7.1
[INFO] [stderr]     Checking arrow-data v32.0.0
[INFO] [stderr]    Compiling io-lifetimes v1.0.5
[INFO] [stderr]    Compiling crossbeam-epoch v0.9.13
[INFO] [stderr]    Compiling semver v0.9.0
[INFO] [stderr]    Compiling tiny-keccak v2.0.2
[INFO] [stderr]    Compiling rustix v0.36.8
[INFO] [stderr]    Compiling rustc_version v0.2.3
[INFO] [stderr]     Checking brotli v3.3.4
[INFO] [stderr]    Compiling proc-macro-error-attr v1.0.4
[INFO] [stderr]    Compiling blake3 v1.3.3
[INFO] [stderr]    Compiling lzma-sys v0.1.20
[INFO] [stderr]    Compiling bzip2-sys v0.1.11+1.0.8
[INFO] [stderr]     Checking linux-raw-sys v0.1.4
[INFO] [stderr]    Compiling maybe-uninit v2.0.0
[INFO] [stderr]     Checking uint v0.9.5
[INFO] [stderr]     Checking byte-slice-cast v1.2.2
[INFO] [stderr]     Checking arrayref v0.3.6
[INFO] [stderr]     Checking cpufeatures v0.2.5
[INFO] [stderr]     Checking constant_time_eq v0.2.4
[INFO] [stderr]     Checking os_str_bytes v6.4.1
[INFO] [stderr]    Compiling rayon-core v1.10.2
[INFO] [stderr]     Checking unicode-segmentation v1.10.1
[INFO] [stderr]     Checking sha2 v0.10.6
[INFO] [stderr]     Checking crossbeam-deque v0.8.2
[INFO] [stderr]    Compiling parking_lot_core v0.6.3
[INFO] [stderr]     Checking md-5 v0.10.5
[INFO] [stderr]     Checking blake2 v0.10.6
[INFO] [stderr]     Checking crossbeam-channel v0.5.6
[INFO] [stderr]     Checking rlp v0.5.2
[INFO] [stderr]     Checking fixed-hash v0.7.0
[INFO] [stderr]    Compiling libmimalloc-sys v0.1.30
[INFO] [stderr]    Compiling backtrace v0.3.67
[INFO] [stderr]     Checking uuid v1.3.0
[INFO] [stderr]     Checking atty v0.2.14
[INFO] [stderr]     Checking fastrand v1.9.0
[INFO] [stderr]     Checking remove_dir_all v0.5.3
[INFO] [stderr]     Checking gimli v0.27.2
[INFO] [stderr]    Compiling crossbeam-queue v0.3.8
[INFO] [stderr]     Checking termcolor v1.2.0
[INFO] [stderr]    Compiling libsqlite3-sys v0.25.2
[INFO] [stderr]     Checking tempfile v3.3.0
[INFO] [stderr]     Checking impl-rlp v0.3.0
[INFO] [stderr]     Checking xz2 v0.1.7
[INFO] [stderr]     Checking smallvec v0.6.14
[INFO] [stderr]    Compiling parking_lot v0.9.0
[INFO] [stderr]     Checking fixed-hash v0.8.0
[INFO] [stderr]    Compiling lmdb-rkv-sys v0.11.2
[INFO] [stderr]     Checking dirs-sys-next v0.1.2
[INFO] [stderr]     Checking object v0.30.3
[INFO] [stderr]    Compiling proc-macro-error v1.0.4
[INFO] [stderr]     Checking nibble_vec v0.1.0
[INFO] [stderr]     Checking endian-type v0.1.2
[INFO] [stderr]    Compiling anyhow v1.0.69
[INFO] [stderr]     Checking rustc-demangle v0.1.21
[INFO] [stderr]     Checking cfg-if v0.1.10
[INFO] [stderr]     Checking strsim v0.10.0
[INFO] [stderr]     Checking radix_trie v0.2.1
[INFO] [stderr]     Checking rayon v1.6.1
[INFO] [stderr]     Checking dirs-next v2.0.0
[INFO] [stderr]     Checking ethbloom v0.12.1
[INFO] [stderr]     Checking clap_lex v0.2.4
[INFO] [stderr]     Checking dashmap v5.4.0
[INFO] [stderr]     Checking nix v0.25.1
[INFO] [stderr]     Checking dirs-sys v0.3.7
[INFO] [stderr]     Checking lock_api v0.3.4
[INFO] [stderr]     Checking heed-traits v0.8.0
[INFO] [stderr]     Checking humantime v2.1.0
[INFO] [stderr]     Checking glob v0.3.1
[INFO] [stderr]     Checking bytemuck v1.13.0
[INFO] [stderr]     Checking utf8parse v0.2.0
[INFO] [stderr]     Checking minimal-lexical v0.2.1
[INFO] [stderr]     Checking textwrap v0.16.0
[INFO] [stderr]     Checking env_logger v0.9.3
[INFO] [stderr]     Checking nom v7.1.3
[INFO] [stderr]     Checking fd-lock v3.0.10
[INFO] [stderr]     Checking is-terminal v0.4.3
[INFO] [stderr]     Checking dirs v4.0.0
[INFO] [stderr]     Checking webpki v0.22.0
[INFO] [stderr]     Checking sct v0.7.0
[INFO] [stderr]     Checking mimalloc v0.1.34
[INFO] [stderr]     Checking synchronoise v1.0.1
[INFO] [stderr]     Checking clap_lex v0.3.1
[INFO] [stderr]     Checking hashlink v0.8.1
[INFO] [stderr]     Checking console v0.15.5
[INFO] [stderr]    Compiling toml v0.5.11
[INFO] [stderr]     Checking page_size v0.4.2
[INFO] [stderr]     Checking fallible-iterator v0.2.0
[INFO] [stderr]     Checking zeroize v1.5.7
[INFO] [stderr]     Checking webpki-roots v0.22.6
[INFO] [stderr]     Checking fallible-streaming-iterator v0.1.9
[INFO] [stderr]     Checking shell-words v1.1.0
[INFO] [stderr]     Checking addr2line v0.19.0
[INFO] [stderr]     Checking once_cell v0.2.4
[INFO] [stderr]     Checking colored v2.0.0
[INFO] [stderr]     Checking dotenv v0.15.0
[INFO] [stderr]     Checking dialoguer v0.10.3
[INFO] [stderr]     Checking rustyline v10.1.1
[INFO] [stderr]     Checking bzip2 v0.4.4
[INFO] [stderr]    Compiling tokio-macros v1.8.2
[INFO] [stderr]    Compiling futures-macro v0.3.26
[INFO] [stderr]    Compiling tracing-attributes v0.1.23
[INFO] [stderr]    Compiling openssl-macros v0.1.0
[INFO] [stderr]    Compiling snafu-derive v0.7.4
[INFO] [stderr]    Compiling strum_macros v0.24.3
[INFO] [stderr]    Compiling thiserror-impl v1.0.38
[INFO] [stderr]    Compiling sqlparser_derive v0.1.1
[INFO] [stderr]    Compiling impl-trait-for-tuples v0.2.2
[INFO] [stderr]     Checking sqlparser v0.30.0
[INFO] [stderr]    Compiling clap_derive v3.2.18
[INFO] [stderr] The following warnings were emitted during compilation:
[INFO] [stderr] 
[INFO] [stderr] warning: libsqlite3-sys@0.25.2: cc: fatal error: Killed signal terminated program cc1
[INFO] [stderr] warning: libsqlite3-sys@0.25.2: compilation terminated.
[INFO] [stderr] 
[INFO] [stderr] error: failed to run custom build command for `libsqlite3-sys v0.25.2`
[INFO] [stderr] note: To improve backtraces for build dependencies, set the CARGO_PROFILE_DEV_BUILD_OVERRIDE_DEBUG=true environment variable to enable debug information generation.
[INFO] [stderr] 
[INFO] [stderr] Caused by:
[INFO] [stderr]   process didn't exit successfully: `/opt/rustwide/target/debug/build/libsqlite3-sys-e3ea69653d00508b/build-script-build` (exit status: 1)
[INFO] [stderr]   --- stdout
[INFO] [stderr]   cargo:rerun-if-changed=sqlite3/sqlite3.c
[INFO] [stderr]   cargo:rerun-if-changed=sqlite3/wasm32-wasi-vfs.c
[INFO] [stderr]   cargo:rerun-if-env-changed=SQLITE_MAX_VARIABLE_NUMBER
[INFO] [stderr]   cargo:rerun-if-env-changed=SQLITE_MAX_EXPR_DEPTH
[INFO] [stderr]   cargo:rerun-if-env-changed=LIBSQLITE3_FLAGS
[INFO] [stderr]   TARGET = Some("x86_64-unknown-linux-gnu")
[INFO] [stderr]   OPT_LEVEL = Some("0")
[INFO] [stderr]   HOST = Some("x86_64-unknown-linux-gnu")
[INFO] [stderr]   cargo:rerun-if-env-changed=CC_x86_64-unknown-linux-gnu
[INFO] [stderr]   CC_x86_64-unknown-linux-gnu = None
[INFO] [stderr]   cargo:rerun-if-env-changed=CC_x86_64_unknown_linux_gnu
[INFO] [stderr]   CC_x86_64_unknown_linux_gnu = None
[INFO] [stderr]   cargo:rerun-if-env-changed=HOST_CC
[INFO] [stderr]   HOST_CC = None
[INFO] [stderr]   cargo:rerun-if-env-changed=CC
[INFO] [stderr]   CC = None
[INFO] [stderr]   cargo:rerun-if-env-changed=CFLAGS_x86_64-unknown-linux-gnu
[INFO] [stderr]   CFLAGS_x86_64-unknown-linux-gnu = None
[INFO] [stderr]   cargo:rerun-if-env-changed=CFLAGS_x86_64_unknown_linux_gnu
[INFO] [stderr]   CFLAGS_x86_64_unknown_linux_gnu = None
[INFO] [stderr]   cargo:rerun-if-env-changed=HOST_CFLAGS
[INFO] [stderr]   HOST_CFLAGS = None
[INFO] [stderr]   cargo:rerun-if-env-changed=CFLAGS
[INFO] [stderr]   CFLAGS = None
[INFO] [stderr]   cargo:rerun-if-env-changed=CRATE_CC_NO_DEFAULTS
[INFO] [stderr]   CRATE_CC_NO_DEFAULTS = None
[INFO] [stderr]   DEBUG = Some("true")
[INFO] [stderr]   CARGO_CFG_TARGET_FEATURE = Some("fxsr,sse,sse2")
[INFO] [stderr]   running: "cc" "-O0" "-ffunction-sections" "-fdata-sections" "-fPIC" "-gdwarf-4" "-fno-omit-frame-pointer" "-m64" "-DSQLITE_CORE" "-DSQLITE_DEFAULT_FOREIGN_KEYS=1" "-DSQLITE_ENABLE_API_ARMOR" "-DSQLITE_ENABLE_COLUMN_METADATA" "-DSQLITE_ENABLE_DBSTAT_VTAB" "-DSQLITE_ENABLE_FTS3" "-DSQLITE_ENABLE_FTS3_PARENTHESIS" "-DSQLITE_ENABLE_FTS5" "-DSQLITE_ENABLE_JSON1" "-DSQLITE_ENABLE_LOAD_EXTENSION=1" "-DSQLITE_ENABLE_MEMORY_MANAGEMENT" "-DSQLITE_ENABLE_RTREE" "-DSQLITE_ENABLE_STAT2" "-DSQLITE_ENABLE_STAT4" "-DSQLITE_SOUNDEX" "-DSQLITE_THREADSAFE=1" "-DSQLITE_USE_URI" "-DHAVE_USLEEP=1" "-D_POSIX_THREAD_SAFE_FUNCTIONS" "-DHAVE_ISNAN" "-DHAVE_LOCALTIME_R" "-o" "/opt/rustwide/target/debug/build/libsqlite3-sys-e3f789efe612e5bd/out/sqlite3/sqlite3.o" "-c" "sqlite3/sqlite3.c"
[INFO] [stderr]   cargo:warning=cc: fatal error: Killed signal terminated program cc1
[INFO] [stderr]   cargo:warning=compilation terminated.
[INFO] [stderr]   exit status: 1
[INFO] [stderr] 
[INFO] [stderr]   --- stderr
[INFO] [stderr] 
[INFO] [stderr] 
[INFO] [stderr]   error occurred: Command "cc" "-O0" "-ffunction-sections" "-fdata-sections" "-fPIC" "-gdwarf-4" "-fno-omit-frame-pointer" "-m64" "-DSQLITE_CORE" "-DSQLITE_DEFAULT_FOREIGN_KEYS=1" "-DSQLITE_ENABLE_API_ARMOR" "-DSQLITE_ENABLE_COLUMN_METADATA" "-DSQLITE_ENABLE_DBSTAT_VTAB" "-DSQLITE_ENABLE_FTS3" "-DSQLITE_ENABLE_FTS3_PARENTHESIS" "-DSQLITE_ENABLE_FTS5" "-DSQLITE_ENABLE_JSON1" "-DSQLITE_ENABLE_LOAD_EXTENSION=1" "-DSQLITE_ENABLE_MEMORY_MANAGEMENT" "-DSQLITE_ENABLE_RTREE" "-DSQLITE_ENABLE_STAT2" "-DSQLITE_ENABLE_STAT4" "-DSQLITE_SOUNDEX" "-DSQLITE_THREADSAFE=1" "-DSQLITE_USE_URI" "-DHAVE_USLEEP=1" "-D_POSIX_THREAD_SAFE_FUNCTIONS" "-DHAVE_ISNAN" "-DHAVE_LOCALTIME_R" "-o" "/opt/rustwide/target/debug/build/libsqlite3-sys-e3f789efe612e5bd/out/sqlite3/sqlite3.o" "-c" "sqlite3/sqlite3.c" with args "cc" did not execute successfully (status code exit status: 1).
[INFO] [stderr] 
[INFO] [stderr] 
[INFO] [stderr] warning: build failed, waiting for other jobs to finish...
[INFO] [stderr] error: could not compile `serde_derive` (lib)
[INFO] [stderr] 
[INFO] [stderr] Caused by:
[INFO] [stderr]   process didn't exit successfully: `/opt/rustwide/rustup-home/toolchains/beta-2023-12-22-x86_64-unknown-linux-gnu/bin/rustc --crate-name serde_derive /opt/rustwide/cargo-home/registry/src/index.crates.io-6f17d22bba15001f/serde_derive-1.0.152/src/lib.rs --error-format=json --json=diagnostic-rendered-ansi,artifacts,future-incompat --crate-type proc-macro --emit=dep-info,link -C prefer-dynamic -C embed-bitcode=no --cfg 'feature="default"' -C metadata=12eddc686ab004e5 -C extra-filename=-12eddc686ab004e5 --out-dir /opt/rustwide/target/debug/deps -L dependency=/opt/rustwide/target/debug/deps --extern proc_macro2=/opt/rustwide/target/debug/deps/libproc_macro2-c3bfcdda030d76ba.rlib --extern quote=/opt/rustwide/target/debug/deps/libquote-7b39fd68607bacaa.rlib --extern syn=/opt/rustwide/target/debug/deps/libsyn-fd35dccf148e1ae6.rlib --extern proc_macro --cap-lints allow --cap-lints=warn` (signal: 9, SIGKILL: kill)
[INFO] running `Command { std: "docker" "inspect" "214876ef23bf73c0b259c488787488555dda944945bcafff610673a39c29b033", kill_on_drop: false }`
[INFO] running `Command { std: "docker" "rm" "-f" "214876ef23bf73c0b259c488787488555dda944945bcafff610673a39c29b033", kill_on_drop: false }`
[INFO] [stdout] 214876ef23bf73c0b259c488787488555dda944945bcafff610673a39c29b033
