[INFO] fetching crate cf-worker-http-client 0.1.0...
[INFO] documenting cf-worker-http-client-0.1.0 against 1.75.0 for beta-1.76-rustdoc-1
[INFO] extracting crate cf-worker-http-client 0.1.0 into /workspace/builds/worker-6-tc1/source
[INFO] validating manifest of crates.io crate cf-worker-http-client 0.1.0 on toolchain 1.75.0
[INFO] running `Command { std: CARGO_HOME="/workspace/cargo-home" RUSTUP_HOME="/workspace/rustup-home" "/workspace/cargo-home/bin/cargo" "+1.75.0" "metadata" "--manifest-path" "Cargo.toml" "--no-deps", kill_on_drop: false }`
[INFO] started tweaking crates.io crate cf-worker-http-client 0.1.0
[INFO] finished tweaking crates.io crate cf-worker-http-client 0.1.0
[INFO] tweaked toml for crates.io crate cf-worker-http-client 0.1.0 written to /workspace/builds/worker-6-tc1/source/Cargo.toml
[INFO] running `Command { std: CARGO_HOME="/workspace/cargo-home" RUSTUP_HOME="/workspace/rustup-home" "/workspace/cargo-home/bin/cargo" "+1.75.0" "generate-lockfile" "--manifest-path" "Cargo.toml", kill_on_drop: false }`
[INFO] [stderr]     Updating crates.io index
[INFO] running `Command { std: CARGO_HOME="/workspace/cargo-home" RUSTUP_HOME="/workspace/rustup-home" "/workspace/cargo-home/bin/cargo" "+1.75.0" "fetch" "--manifest-path" "Cargo.toml", kill_on_drop: false }`
[INFO] [stderr]  Downloading crates ...
[INFO] [stderr]   Downloaded worker-kv v0.5.1
[INFO] [stderr]   Downloaded cookie v0.16.2
[INFO] [stderr]   Downloaded chrono-tz-build v0.0.3
[INFO] [stderr]   Downloaded worker-macros v0.0.6
[INFO] [stderr]   Downloaded worker-sys v0.0.6
[INFO] [stderr]   Downloaded uncased v0.9.9
[INFO] [stderr]   Downloaded matchit v0.4.6
[INFO] [stderr]   Downloaded parse-zoneinfo v0.3.0
[INFO] [stderr]   Downloaded wasm-streams v0.2.3
[INFO] [stderr]   Downloaded chrono-tz v0.6.3
[INFO] [stderr]   Downloaded worker v0.0.11
[INFO] [stderr]   Downloaded cookie_store v0.18.0
[INFO] running `Command { std: "docker" "create" "-v" "/var/lib/crater-agent-workspace/builds/worker-6-tc1/target:/opt/rustwide/target:rw,Z" "-v" "/var/lib/crater-agent-workspace/builds/worker-6-tc1/source:/opt/rustwide/workdir:ro,Z" "-v" "/var/lib/crater-agent-workspace/cargo-home:/opt/rustwide/cargo-home:ro,Z" "-v" "/var/lib/crater-agent-workspace/rustup-home:/opt/rustwide/rustup-home:ro,Z" "-e" "SOURCE_DIR=/opt/rustwide/workdir" "-e" "CARGO_TARGET_DIR=/opt/rustwide/target" "-e" "CARGO_HOME=/opt/rustwide/cargo-home" "-e" "RUSTUP_HOME=/opt/rustwide/rustup-home" "-w" "/opt/rustwide/workdir" "-m" "1610612736" "--user" "0:0" "--network" "none" "ghcr.io/rust-lang/crates-build-env/linux@sha256:2788e3201cd34a07e3172128adcd8b3090168a8e3bcc40d7c032b9dda1df7d1c" "/opt/rustwide/cargo-home/bin/cargo" "+1.75.0" "metadata" "--no-deps" "--format-version=1", kill_on_drop: false }`
[INFO] [stdout] 5e69e034ae0a4439332956a138f1ea1a21e985438090aaa991cbce3a334baa61
[INFO] running `Command { std: "docker" "start" "-a" "5e69e034ae0a4439332956a138f1ea1a21e985438090aaa991cbce3a334baa61", kill_on_drop: false }`
[INFO] running `Command { std: "docker" "inspect" "5e69e034ae0a4439332956a138f1ea1a21e985438090aaa991cbce3a334baa61", kill_on_drop: false }`
[INFO] running `Command { std: "docker" "rm" "-f" "5e69e034ae0a4439332956a138f1ea1a21e985438090aaa991cbce3a334baa61", kill_on_drop: false }`
[INFO] [stdout] 5e69e034ae0a4439332956a138f1ea1a21e985438090aaa991cbce3a334baa61
[INFO] running `Command { std: "docker" "create" "-v" "/var/lib/crater-agent-workspace/builds/worker-6-tc1/target:/opt/rustwide/target:rw,Z" "-v" "/var/lib/crater-agent-workspace/builds/worker-6-tc1/source:/opt/rustwide/workdir:ro,Z" "-v" "/var/lib/crater-agent-workspace/cargo-home:/opt/rustwide/cargo-home:ro,Z" "-v" "/var/lib/crater-agent-workspace/rustup-home:/opt/rustwide/rustup-home:ro,Z" "-e" "SOURCE_DIR=/opt/rustwide/workdir" "-e" "CARGO_TARGET_DIR=/opt/rustwide/target" "-e" "CARGO_INCREMENTAL=0" "-e" "RUST_BACKTRACE=full" "-e" "RUSTFLAGS=--cap-lints=warn" "-e" "RUSTDOCFLAGS=--cap-lints=warn" "-e" "CARGO_HOME=/opt/rustwide/cargo-home" "-e" "RUSTUP_HOME=/opt/rustwide/rustup-home" "-w" "/opt/rustwide/workdir" "-m" "1610612736" "--user" "0:0" "--network" "none" "ghcr.io/rust-lang/crates-build-env/linux@sha256:2788e3201cd34a07e3172128adcd8b3090168a8e3bcc40d7c032b9dda1df7d1c" "/opt/rustwide/cargo-home/bin/cargo" "+1.75.0" "doc" "--frozen" "--no-deps" "--document-private-items" "--message-format=json", kill_on_drop: false }`
[INFO] [stdout] f89694358085b4b97a66a5584dc19c77b46992cfef6129216cefc61c5594db83
[INFO] running `Command { std: "docker" "start" "-a" "f89694358085b4b97a66a5584dc19c77b46992cfef6129216cefc61c5594db83", kill_on_drop: false }`
[INFO] [stderr]    Compiling wasm-bindgen-shared v0.2.89
[INFO] [stderr]    Compiling log v0.4.20
[INFO] [stderr]    Compiling once_cell v1.19.0
[INFO] [stderr]    Compiling bumpalo v3.14.0
[INFO] [stderr]    Compiling autocfg v1.1.0
[INFO] [stderr]     Checking itoa v1.0.10
[INFO] [stderr]    Compiling serde v1.0.195
[INFO] [stderr]    Compiling serde_json v1.0.111
[INFO] [stderr]     Checking ryu v1.0.16
[INFO] [stderr]    Compiling siphasher v0.3.11
[INFO] [stderr]    Compiling wasm-bindgen v0.2.89
[INFO] [stderr]    Compiling rand_core v0.6.4
[INFO] [stderr]    Compiling uncased v0.9.9
[INFO] [stderr]    Compiling regex-syntax v0.8.2
[INFO] [stderr]    Compiling syn v2.0.48
[INFO] [stderr]     Checking tinyvec_macros v0.1.1
[INFO] [stderr]    Compiling rand v0.8.5
[INFO] [stderr]    Compiling cfg-if v1.0.0
[INFO] [stderr]     Checking tinyvec v1.6.0
[INFO] [stderr]     Checking percent-encoding v2.3.1
[INFO] [stderr]     Checking unicode-bidi v0.3.14
[INFO] [stderr]    Compiling time-core v0.1.2
[INFO] [stderr]     Checking futures-core v0.3.30
[INFO] [stderr]    Compiling libc v0.2.151
[INFO] [stderr]     Checking powerfmt v0.2.0
[INFO] [stderr]    Compiling async-trait v0.1.77
[INFO] [stderr]    Compiling syn v1.0.109
[INFO] [stderr]    Compiling thiserror v1.0.56
[INFO] [stderr]    Compiling time-macros v0.2.16
[INFO] [stderr]     Checking form_urlencoded v1.2.1
[INFO] [stderr]    Compiling num-traits v0.2.17
[INFO] [stderr]    Compiling slab v0.4.9
[INFO] [stderr]    Compiling phf_shared v0.11.2
[INFO] [stderr]     Checking deranged v0.3.11
[INFO] [stderr]    Compiling lock_api v0.4.11
[INFO] [stderr]    Compiling cookie v0.16.2
[INFO] [stderr]    Compiling phf v0.11.2
[INFO] [stderr]    Compiling parking_lot_core v0.9.9
[INFO] [stderr]     Checking pin-project-lite v0.2.13
[INFO] [stderr]     Checking futures-io v0.3.30
[INFO] [stderr]     Checking futures-sink v0.3.30
[INFO] [stderr]     Checking pin-utils v0.1.0
[INFO] [stderr]     Checking memchr v2.7.1
[INFO] [stderr]     Checking futures-task v0.3.30
[INFO] [stderr]    Compiling phf_generator v0.11.2
[INFO] [stderr]    Compiling phf_codegen v0.11.2
[INFO] [stderr]     Checking scopeguard v1.2.0
[INFO] [stderr]     Checking smallvec v1.11.2
[INFO] [stderr]     Checking bytes v1.5.0
[INFO] [stderr]     Checking fnv v1.0.7
[INFO] [stderr]     Checking futures-channel v0.3.30
[INFO] [stderr]     Checking unicode-normalization v0.1.22
[INFO] [stderr]     Checking matchit v0.4.6
[INFO] [stderr]     Checking http v0.2.11
[INFO] [stderr]     Checking idna v0.5.0
[INFO] [stderr]     Checking idna v0.3.0
[INFO] [stderr]    Compiling regex-automata v0.4.3
[INFO] [stderr]     Checking chrono v0.4.31
[INFO] [stderr]     Checking parking_lot v0.12.1
[INFO] [stderr]     Checking time v0.3.31
[INFO] [stderr]     Checking url v2.5.0
[INFO] [stderr]    Compiling wasm-bindgen-backend v0.2.89
[INFO] [stderr]    Compiling regex v1.10.2
[INFO] [stderr]    Compiling parse-zoneinfo v0.3.0
[INFO] [stderr]    Compiling chrono-tz-build v0.0.3
[INFO] [stderr]    Compiling serde_derive v1.0.195
[INFO] [stderr]    Compiling thiserror-impl v1.0.56
[INFO] [stderr]    Compiling futures-macro v0.3.30
[INFO] [stderr]    Compiling pin-project-internal v1.1.3
[INFO] [stderr]    Compiling chrono-tz v0.6.3
[INFO] [stderr]    Compiling wasm-bindgen-macro-support v0.2.89
[INFO] [stderr]    Compiling wasm-bindgen-macro v0.2.89
[INFO] [stderr]     Checking futures-util v0.3.30
[INFO] [stderr]     Checking pin-project v1.1.3
[INFO] [stderr]    Compiling js-sys v0.3.66
[INFO] [stderr]    Compiling web-sys v0.3.66
[INFO] [stderr]    Compiling wasm-bindgen-futures v0.4.39
[INFO] [stderr]    Compiling worker-sys v0.0.6
[INFO] [stderr]     Checking cookie_store v0.18.0
[INFO] [stderr]    Compiling worker-macros v0.0.6
[INFO] [stdout] error[E0432]: unresolved imports `syn::FnArg`, `syn::ImplItem`, `syn::Item`
[INFO] [stdout]    --> /opt/rustwide/cargo-home/registry/src/index.crates.io-6f17d22bba15001f/worker-macros-0.0.6/src/durable_object.rs:3:36
[INFO] [stdout]     |
[INFO] [stdout] 3   | use syn::{spanned::Spanned, Error, FnArg, ImplItem, Item, Type, TypePath};
[INFO] [stdout]     |                                    ^^^^^  ^^^^^^^^  ^^^^ no `Item` in the root
[INFO] [stdout]     |                                    |      |
[INFO] [stdout]     |                                    |      no `ImplItem` in the root
[INFO] [stdout]     |                                    no `FnArg` in the root
[INFO] [stdout]     |
[INFO] [stdout] note: found an item that was configured out
[INFO] [stdout]    --> /opt/rustwide/cargo-home/registry/src/index.crates.io-6f17d22bba15001f/syn-1.0.109/src/lib.rs:363:5
[INFO] [stdout]     |
[INFO] [stdout] 363 |     FnArg, ForeignItem, ForeignItemFn, ForeignItemMacro, ForeignItemStatic, ForeignItemType,
[INFO] [stdout]     |     ^^^^^
[INFO] [stdout]     = note: the item is gated behind the `full` feature
[INFO] [stdout] note: found an item that was configured out
[INFO] [stdout]    --> /opt/rustwide/cargo-home/registry/src/index.crates.io-6f17d22bba15001f/syn-1.0.109/src/lib.rs:364:5
[INFO] [stdout]     |
[INFO] [stdout] 364 |     ImplItem, ImplItemConst, ImplItemMacro, ImplItemMethod, ImplItemType, Item, ItemConst,
[INFO] [stdout]     |     ^^^^^^^^
[INFO] [stdout]     = note: the item is gated behind the `full` feature
[INFO] [stdout] note: found an item that was configured out
[INFO] [stdout]    --> /opt/rustwide/cargo-home/registry/src/index.crates.io-6f17d22bba15001f/syn-1.0.109/src/lib.rs:364:75
[INFO] [stdout]     |
[INFO] [stdout] 364 |     ImplItem, ImplItemConst, ImplItemMacro, ImplItemMethod, ImplItemType, Item, ItemConst,
[INFO] [stdout]     |                                                                           ^^^^
[INFO] [stdout]     = note: the item is gated behind the `full` feature
[INFO] [stdout] 
[INFO] [stdout] 
[INFO] [stdout] error[E0432]: unresolved import `syn::ItemFn`
[INFO] [stdout]    --> /opt/rustwide/cargo-home/registry/src/index.crates.io-6f17d22bba15001f/worker-macros-0.0.6/src/event.rs:3:75
[INFO] [stdout]     |
[INFO] [stdout] 3   | use syn::{parse_macro_input, punctuated::Punctuated, token::Comma, Ident, ItemFn};
[INFO] [stdout]     |                                                                           ^^^^^^ no `ItemFn` in the root
[INFO] [stdout]     |
[INFO] [stdout] note: found an item that was configured out
[INFO] [stdout]    --> /opt/rustwide/cargo-home/registry/src/index.crates.io-6f17d22bba15001f/syn-1.0.109/src/lib.rs:365:32
[INFO] [stdout]     |
[INFO] [stdout] 365 |     ItemEnum, ItemExternCrate, ItemFn, ItemForeignMod, ItemImpl, ItemMacro, ItemMacro2, ItemMod,
[INFO] [stdout]     |                                ^^^^^^
[INFO] [stdout]     = note: the item is gated behind the `full` feature
[INFO] [stdout] 
[INFO] [stdout] 
[INFO] [stdout] error: aborting due to 2 previous errors
[INFO] [stdout] 
[INFO] [stdout] 
[INFO] [stdout] For more information about this error, try `rustc --explain E0432`.
[INFO] [stdout] 
[INFO] [stderr] error: could not compile `worker-macros` (lib) due to 3 previous errors
[INFO] [stderr] warning: build failed, waiting for other jobs to finish...
[INFO] running `Command { std: "docker" "inspect" "f89694358085b4b97a66a5584dc19c77b46992cfef6129216cefc61c5594db83", kill_on_drop: false }`
[INFO] running `Command { std: "docker" "rm" "-f" "f89694358085b4b97a66a5584dc19c77b46992cfef6129216cefc61c5594db83", kill_on_drop: false }`
[INFO] [stdout] f89694358085b4b97a66a5584dc19c77b46992cfef6129216cefc61c5594db83
[INFO] documenting cf-worker-http-client-0.1.0 against beta-2023-12-22 for beta-1.76-rustdoc-1
[INFO] extracting crate cf-worker-http-client 0.1.0 into /workspace/builds/worker-6-tc2/source
[INFO] validating manifest of crates.io crate cf-worker-http-client 0.1.0 on toolchain beta-2023-12-22
[INFO] running `Command { std: CARGO_HOME="/workspace/cargo-home" RUSTUP_HOME="/workspace/rustup-home" "/workspace/cargo-home/bin/cargo" "+beta-2023-12-22" "metadata" "--manifest-path" "Cargo.toml" "--no-deps", kill_on_drop: false }`
[INFO] started tweaking crates.io crate cf-worker-http-client 0.1.0
[INFO] finished tweaking crates.io crate cf-worker-http-client 0.1.0
[INFO] tweaked toml for crates.io crate cf-worker-http-client 0.1.0 written to /workspace/builds/worker-6-tc2/source/Cargo.toml
[INFO] running `Command { std: CARGO_HOME="/workspace/cargo-home" RUSTUP_HOME="/workspace/rustup-home" "/workspace/cargo-home/bin/cargo" "+beta-2023-12-22" "generate-lockfile" "--manifest-path" "Cargo.toml", kill_on_drop: false }`
[INFO] [stderr]     Updating crates.io index
[INFO] running `Command { std: CARGO_HOME="/workspace/cargo-home" RUSTUP_HOME="/workspace/rustup-home" "/workspace/cargo-home/bin/cargo" "+beta-2023-12-22" "fetch" "--manifest-path" "Cargo.toml", kill_on_drop: false }`
[INFO] running `Command { std: "docker" "create" "-v" "/var/lib/crater-agent-workspace/builds/worker-6-tc2/target:/opt/rustwide/target:rw,Z" "-v" "/var/lib/crater-agent-workspace/builds/worker-6-tc2/source:/opt/rustwide/workdir:ro,Z" "-v" "/var/lib/crater-agent-workspace/cargo-home:/opt/rustwide/cargo-home:ro,Z" "-v" "/var/lib/crater-agent-workspace/rustup-home:/opt/rustwide/rustup-home:ro,Z" "-e" "SOURCE_DIR=/opt/rustwide/workdir" "-e" "CARGO_TARGET_DIR=/opt/rustwide/target" "-e" "CARGO_HOME=/opt/rustwide/cargo-home" "-e" "RUSTUP_HOME=/opt/rustwide/rustup-home" "-w" "/opt/rustwide/workdir" "-m" "1610612736" "--user" "0:0" "--network" "none" "ghcr.io/rust-lang/crates-build-env/linux@sha256:2788e3201cd34a07e3172128adcd8b3090168a8e3bcc40d7c032b9dda1df7d1c" "/opt/rustwide/cargo-home/bin/cargo" "+beta-2023-12-22" "metadata" "--no-deps" "--format-version=1", kill_on_drop: false }`
[INFO] [stdout] e3958a056fee323093c426fc25cc93d475ddb459a059ddcac6d8d60d4a5a4f8b
[INFO] running `Command { std: "docker" "start" "-a" "e3958a056fee323093c426fc25cc93d475ddb459a059ddcac6d8d60d4a5a4f8b", kill_on_drop: false }`
[INFO] running `Command { std: "docker" "inspect" "e3958a056fee323093c426fc25cc93d475ddb459a059ddcac6d8d60d4a5a4f8b", kill_on_drop: false }`
[INFO] running `Command { std: "docker" "rm" "-f" "e3958a056fee323093c426fc25cc93d475ddb459a059ddcac6d8d60d4a5a4f8b", kill_on_drop: false }`
[INFO] [stdout] e3958a056fee323093c426fc25cc93d475ddb459a059ddcac6d8d60d4a5a4f8b
[INFO] running `Command { std: "docker" "create" "-v" "/var/lib/crater-agent-workspace/builds/worker-6-tc2/target:/opt/rustwide/target:rw,Z" "-v" "/var/lib/crater-agent-workspace/builds/worker-6-tc2/source:/opt/rustwide/workdir:ro,Z" "-v" "/var/lib/crater-agent-workspace/cargo-home:/opt/rustwide/cargo-home:ro,Z" "-v" "/var/lib/crater-agent-workspace/rustup-home:/opt/rustwide/rustup-home:ro,Z" "-e" "SOURCE_DIR=/opt/rustwide/workdir" "-e" "CARGO_TARGET_DIR=/opt/rustwide/target" "-e" "CARGO_INCREMENTAL=0" "-e" "RUST_BACKTRACE=full" "-e" "RUSTFLAGS=--cap-lints=warn" "-e" "RUSTDOCFLAGS=--cap-lints=warn" "-e" "CARGO_HOME=/opt/rustwide/cargo-home" "-e" "RUSTUP_HOME=/opt/rustwide/rustup-home" "-w" "/opt/rustwide/workdir" "-m" "1610612736" "--user" "0:0" "--network" "none" "ghcr.io/rust-lang/crates-build-env/linux@sha256:2788e3201cd34a07e3172128adcd8b3090168a8e3bcc40d7c032b9dda1df7d1c" "/opt/rustwide/cargo-home/bin/cargo" "+beta-2023-12-22" "doc" "--frozen" "--no-deps" "--document-private-items" "--message-format=json", kill_on_drop: false }`
[INFO] [stdout] 8193b170a84ef394f05906ddb3d43d24d6ba28594fde1aa156162ad360f6f1e4
[INFO] running `Command { std: "docker" "start" "-a" "8193b170a84ef394f05906ddb3d43d24d6ba28594fde1aa156162ad360f6f1e4", kill_on_drop: false }`
[INFO] [stderr]    Compiling wasm-bindgen-shared v0.2.89
[INFO] [stderr]    Compiling log v0.4.20
[INFO] [stderr]    Compiling once_cell v1.19.0
[INFO] [stderr]    Compiling bumpalo v3.14.0
[INFO] [stderr]    Compiling autocfg v1.1.0
[INFO] [stderr]     Checking itoa v1.0.10
[INFO] [stderr]    Compiling serde v1.0.195
[INFO] [stderr]    Compiling serde_json v1.0.111
[INFO] [stderr]     Checking ryu v1.0.16
[INFO] [stderr]    Compiling wasm-bindgen v0.2.89
[INFO] [stderr]    Compiling siphasher v0.3.11
[INFO] [stderr]    Compiling uncased v0.9.9
[INFO] [stderr]    Compiling regex-syntax v0.8.2
[INFO] [stderr]    Compiling rand_core v0.6.4
[INFO] [stderr]    Compiling syn v2.0.48
[INFO] [stderr]    Compiling cfg-if v1.0.0
[INFO] [stderr]    Compiling rand v0.8.5
[INFO] [stderr]     Checking tinyvec_macros v0.1.1
[INFO] [stderr]     Checking percent-encoding v2.3.1
[INFO] [stderr]     Checking unicode-bidi v0.3.14
[INFO] [stderr]     Checking tinyvec v1.6.0
[INFO] [stderr]    Compiling async-trait v0.1.77
[INFO] [stderr]    Compiling libc v0.2.151
[INFO] [stderr]    Compiling time-core v0.1.2
[INFO] [stderr]    Compiling syn v1.0.109
[INFO] [stderr]    Compiling thiserror v1.0.56
[INFO] [stderr]     Checking futures-core v0.3.30
[INFO] [stderr]     Checking powerfmt v0.2.0
[INFO] [stderr]    Compiling time-macros v0.2.16
[INFO] [stderr]    Compiling phf_shared v0.11.2
[INFO] [stderr]     Checking form_urlencoded v1.2.1
[INFO] [stderr]    Compiling num-traits v0.2.17
[INFO] [stderr]    Compiling slab v0.4.9
[INFO] [stderr]     Checking deranged v0.3.11
[INFO] [stderr]    Compiling phf v0.11.2
[INFO] [stderr]    Compiling lock_api v0.4.11
[INFO] [stderr]    Compiling cookie v0.16.2
[INFO] [stderr]     Checking futures-sink v0.3.30
[INFO] [stderr]     Checking pin-project-lite v0.2.13
[INFO] [stderr]     Checking futures-task v0.3.30
[INFO] [stderr]    Compiling parking_lot_core v0.9.9
[INFO] [stderr]     Checking futures-io v0.3.30
[INFO] [stderr]     Checking pin-utils v0.1.0
[INFO] [stderr]     Checking memchr v2.7.1
[INFO] [stderr]     Checking fnv v1.0.7
[INFO] [stderr]    Compiling phf_generator v0.11.2
[INFO] [stderr]     Checking scopeguard v1.2.0
[INFO] [stderr]     Checking smallvec v1.11.2
[INFO] [stderr]     Checking bytes v1.5.0
[INFO] [stderr]    Compiling phf_codegen v0.11.2
[INFO] [stderr]     Checking futures-channel v0.3.30
[INFO] [stderr]     Checking matchit v0.4.6
[INFO] [stderr]     Checking unicode-normalization v0.1.22
[INFO] [stderr]     Checking http v0.2.11
[INFO] [stderr]     Checking idna v0.5.0
[INFO] [stderr]     Checking idna v0.3.0
[INFO] [stderr]     Checking parking_lot v0.12.1
[INFO] [stderr]    Compiling regex-automata v0.4.3
[INFO] [stderr]     Checking chrono v0.4.31
[INFO] [stderr]     Checking time v0.3.31
[INFO] [stderr]     Checking url v2.5.0
[INFO] [stderr]    Compiling wasm-bindgen-backend v0.2.89
[INFO] [stderr]    Compiling regex v1.10.2
[INFO] [stderr]    Compiling parse-zoneinfo v0.3.0
[INFO] [stderr]    Compiling serde_derive v1.0.195
[INFO] [stderr]    Compiling futures-macro v0.3.30
[INFO] [stderr]    Compiling thiserror-impl v1.0.56
[INFO] [stderr]    Compiling pin-project-internal v1.1.3
[INFO] [stderr]    Compiling chrono-tz-build v0.0.3
[INFO] [stderr]    Compiling wasm-bindgen-macro-support v0.2.89
[INFO] [stderr]    Compiling chrono-tz v0.6.3
[INFO] [stderr]    Compiling wasm-bindgen-macro v0.2.89
[INFO] [stderr]     Checking futures-util v0.3.30
[INFO] [stderr]     Checking pin-project v1.1.3
[INFO] [stderr]    Compiling js-sys v0.3.66
[INFO] [stderr]    Compiling web-sys v0.3.66
[INFO] [stderr]    Compiling wasm-bindgen-futures v0.4.39
[INFO] [stderr]    Compiling worker-sys v0.0.6
[INFO] [stderr]     Checking cookie_store v0.18.0
[INFO] [stderr]    Compiling worker-macros v0.0.6
[INFO] [stdout] error[E0432]: unresolved imports `syn::FnArg`, `syn::ImplItem`, `syn::Item`
[INFO] [stdout]    --> /opt/rustwide/cargo-home/registry/src/index.crates.io-6f17d22bba15001f/worker-macros-0.0.6/src/durable_object.rs:3:36
[INFO] [stdout]     |
[INFO] [stdout] 3   | use syn::{spanned::Spanned, Error, FnArg, ImplItem, Item, Type, TypePath};
[INFO] [stdout]     |                                    ^^^^^  ^^^^^^^^  ^^^^ no `Item` in the root
[INFO] [stdout]     |                                    |      |
[INFO] [stdout]     |                                    |      no `ImplItem` in the root
[INFO] [stdout]     |                                    no `FnArg` in the root
[INFO] [stdout]     |
[INFO] [stdout] note: found an item that was configured out
[INFO] [stdout]    --> /opt/rustwide/cargo-home/registry/src/index.crates.io-6f17d22bba15001f/syn-1.0.109/src/lib.rs:363:5
[INFO] [stdout]     |
[INFO] [stdout] 363 |     FnArg, ForeignItem, ForeignItemFn, ForeignItemMacro, ForeignItemStatic, ForeignItemType,
[INFO] [stdout]     |     ^^^^^
[INFO] [stdout]     = note: the item is gated behind the `full` feature
[INFO] [stdout] note: found an item that was configured out
[INFO] [stdout]    --> /opt/rustwide/cargo-home/registry/src/index.crates.io-6f17d22bba15001f/syn-1.0.109/src/lib.rs:364:5
[INFO] [stdout]     |
[INFO] [stdout] 364 |     ImplItem, ImplItemConst, ImplItemMacro, ImplItemMethod, ImplItemType, Item, ItemConst,
[INFO] [stdout]     |     ^^^^^^^^
[INFO] [stdout]     = note: the item is gated behind the `full` feature
[INFO] [stdout] note: found an item that was configured out
[INFO] [stdout]    --> /opt/rustwide/cargo-home/registry/src/index.crates.io-6f17d22bba15001f/syn-1.0.109/src/lib.rs:364:75
[INFO] [stdout]     |
[INFO] [stdout] 364 |     ImplItem, ImplItemConst, ImplItemMacro, ImplItemMethod, ImplItemType, Item, ItemConst,
[INFO] [stdout]     |                                                                           ^^^^
[INFO] [stdout]     = note: the item is gated behind the `full` feature
[INFO] [stdout] 
[INFO] [stdout] 
[INFO] [stdout] error[E0432]: unresolved import `syn::ItemFn`
[INFO] [stdout]    --> /opt/rustwide/cargo-home/registry/src/index.crates.io-6f17d22bba15001f/worker-macros-0.0.6/src/event.rs:3:75
[INFO] [stdout]     |
[INFO] [stdout] 3   | use syn::{parse_macro_input, punctuated::Punctuated, token::Comma, Ident, ItemFn};
[INFO] [stdout]     |                                                                           ^^^^^^ no `ItemFn` in the root
[INFO] [stdout]     |
[INFO] [stdout] note: found an item that was configured out
[INFO] [stdout]    --> /opt/rustwide/cargo-home/registry/src/index.crates.io-6f17d22bba15001f/syn-1.0.109/src/lib.rs:365:32
[INFO] [stdout]     |
[INFO] [stdout] 365 |     ItemEnum, ItemExternCrate, ItemFn, ItemForeignMod, ItemImpl, ItemMacro, ItemMacro2, ItemMod,
[INFO] [stdout]     |                                ^^^^^^
[INFO] [stdout]     = note: the item is gated behind the `full` feature
[INFO] [stdout] 
[INFO] [stdout] 
[INFO] [stdout] error: aborting due to 2 previous errors
[INFO] [stdout] 
[INFO] [stdout] 
[INFO] [stdout] For more information about this error, try `rustc --explain E0432`.
[INFO] [stdout] 
[INFO] [stderr] error: could not compile `worker-macros` (lib) due to 3 previous errors
[INFO] [stderr] warning: build failed, waiting for other jobs to finish...
[INFO] running `Command { std: "docker" "inspect" "8193b170a84ef394f05906ddb3d43d24d6ba28594fde1aa156162ad360f6f1e4", kill_on_drop: false }`
[INFO] running `Command { std: "docker" "rm" "-f" "8193b170a84ef394f05906ddb3d43d24d6ba28594fde1aa156162ad360f6f1e4", kill_on_drop: false }`
[INFO] [stdout] 8193b170a84ef394f05906ddb3d43d24d6ba28594fde1aa156162ad360f6f1e4
