[INFO] fetching crate cargo-whynot 0.1.2...
[INFO] documenting cargo-whynot-0.1.2 against 1.75.0 for beta-1.76-rustdoc-1
[INFO] extracting crate cargo-whynot 0.1.2 into /workspace/builds/worker-5-tc1/source
[INFO] validating manifest of crates.io crate cargo-whynot 0.1.2 on toolchain 1.75.0
[INFO] running `Command { std: CARGO_HOME="/workspace/cargo-home" RUSTUP_HOME="/workspace/rustup-home" "/workspace/cargo-home/bin/cargo" "+1.75.0" "metadata" "--manifest-path" "Cargo.toml" "--no-deps", kill_on_drop: false }`
[INFO] started tweaking crates.io crate cargo-whynot 0.1.2
[INFO] finished tweaking crates.io crate cargo-whynot 0.1.2
[INFO] tweaked toml for crates.io crate cargo-whynot 0.1.2 written to /workspace/builds/worker-5-tc1/source/Cargo.toml
[INFO] crate crates.io crate cargo-whynot 0.1.2 already has a lockfile, it will not be regenerated
[INFO] running `Command { std: CARGO_HOME="/workspace/cargo-home" RUSTUP_HOME="/workspace/rustup-home" "/workspace/cargo-home/bin/cargo" "+1.75.0" "fetch" "--manifest-path" "Cargo.toml", kill_on_drop: false }`
[INFO] [stderr]     Updating crates.io index
[INFO] [stderr]  Downloading crates ...
[INFO] [stderr]   Downloaded crossbeam-deque v0.8.2
[INFO] [stderr]   Downloaded either v1.8.0
[INFO] [stderr]   Downloaded filetime v0.2.18
[INFO] [stderr]   Downloaded snapbox v0.4.0
[INFO] [stderr]   Downloaded snapbox-macros v0.3.1
[INFO] [stderr]   Downloaded serde_derive v1.0.147
[INFO] [stderr]   Downloaded unicode-ident v1.0.5
[INFO] [stderr]   Downloaded yansi v0.5.1
[INFO] [stderr]   Downloaded codespan v0.11.1
[INFO] [stderr]   Downloaded clap_lex v0.3.0
[INFO] [stderr]   Downloaded fastrand v1.8.0
[INFO] [stderr]   Downloaded wait-timeout v0.2.0
[INFO] [stderr]   Downloaded once_cell v1.15.0
[INFO] [stderr]   Downloaded proc-macro2 v1.0.47
[INFO] [stderr]   Downloaded crossbeam-channel v0.5.6
[INFO] [stderr]   Downloaded tracing-subscriber v0.3.16
[INFO] [stderr]   Downloaded windows_x86_64_gnu v0.42.0
[INFO] [stderr]   Downloaded windows_aarch64_msvc v0.42.0
[INFO] [stderr]   Downloaded windows_x86_64_msvc v0.42.0
[INFO] [stderr]   Downloaded libc v0.2.137
[INFO] [stderr]   Downloaded windows_i686_gnu v0.42.0
[INFO] [stderr]   Downloaded windows_aarch64_gnullvm v0.42.0
[INFO] [stderr]   Downloaded windows_x86_64_gnullvm v0.42.0
[INFO] [stderr]   Downloaded windows_i686_msvc v0.42.0
[INFO] [stderr]   Downloaded clap v4.0.18
[INFO] [stderr]   Downloaded rayon v1.5.3
[INFO] [stderr]   Downloaded syn v1.0.103
[INFO] [stderr]   Downloaded toml_edit v0.15.0
[INFO] [stderr]   Downloaded trycmd v0.14.1
[INFO] [stderr]   Downloaded crossbeam-epoch v0.9.11
[INFO] [stderr]   Downloaded rayon-core v1.9.3
[INFO] [stderr]   Downloaded serde v1.0.147
[INFO] [stderr]   Downloaded similar v2.2.0
[INFO] [stderr]   Downloaded crossbeam-utils v0.8.12
[INFO] [stderr]   Downloaded clap_derive v4.0.18
[INFO] [stderr]   Downloaded bytes v1.2.1
[INFO] [stderr]   Downloaded miniz_oxide v0.5.4
[INFO] [stderr]   Downloaded os_str_bytes v6.3.0
[INFO] [stderr]   Downloaded os_pipe v1.1.1
[INFO] [stderr]   Downloaded content_inspector v0.2.4
[INFO] [stderr]   Downloaded dunce v1.0.3
[INFO] [stderr]   Downloaded syn-select v0.2.1
[INFO] [stderr]   Downloaded toml_datetime v0.5.0
[INFO] [stderr]   Downloaded tempfile v3.3.0
[INFO] [stderr]   Downloaded shlex v1.1.0
[INFO] [stderr]   Downloaded humantime-serde v1.1.1
[INFO] running `Command { std: "docker" "create" "-v" "/var/lib/crater-agent-workspace/builds/worker-5-tc1/target:/opt/rustwide/target:rw,Z" "-v" "/var/lib/crater-agent-workspace/builds/worker-5-tc1/source:/opt/rustwide/workdir:ro,Z" "-v" "/var/lib/crater-agent-workspace/cargo-home:/opt/rustwide/cargo-home:ro,Z" "-v" "/var/lib/crater-agent-workspace/rustup-home:/opt/rustwide/rustup-home:ro,Z" "-e" "SOURCE_DIR=/opt/rustwide/workdir" "-e" "CARGO_TARGET_DIR=/opt/rustwide/target" "-e" "CARGO_HOME=/opt/rustwide/cargo-home" "-e" "RUSTUP_HOME=/opt/rustwide/rustup-home" "-w" "/opt/rustwide/workdir" "-m" "1610612736" "--user" "0:0" "--network" "none" "ghcr.io/rust-lang/crates-build-env/linux@sha256:2788e3201cd34a07e3172128adcd8b3090168a8e3bcc40d7c032b9dda1df7d1c" "/opt/rustwide/cargo-home/bin/cargo" "+1.75.0" "metadata" "--no-deps" "--format-version=1", kill_on_drop: false }`
[INFO] [stdout] 5378e7f416fb83a6ffedcdf5807f378cd3a406c63aa3a0105ffe7b37bcbc4142
[INFO] running `Command { std: "docker" "start" "-a" "5378e7f416fb83a6ffedcdf5807f378cd3a406c63aa3a0105ffe7b37bcbc4142", kill_on_drop: false }`
[INFO] running `Command { std: "docker" "inspect" "5378e7f416fb83a6ffedcdf5807f378cd3a406c63aa3a0105ffe7b37bcbc4142", kill_on_drop: false }`
[INFO] running `Command { std: "docker" "rm" "-f" "5378e7f416fb83a6ffedcdf5807f378cd3a406c63aa3a0105ffe7b37bcbc4142", kill_on_drop: false }`
[INFO] [stdout] 5378e7f416fb83a6ffedcdf5807f378cd3a406c63aa3a0105ffe7b37bcbc4142
[INFO] running `Command { std: "docker" "create" "-v" "/var/lib/crater-agent-workspace/builds/worker-5-tc1/target:/opt/rustwide/target:rw,Z" "-v" "/var/lib/crater-agent-workspace/builds/worker-5-tc1/source:/opt/rustwide/workdir:ro,Z" "-v" "/var/lib/crater-agent-workspace/cargo-home:/opt/rustwide/cargo-home:ro,Z" "-v" "/var/lib/crater-agent-workspace/rustup-home:/opt/rustwide/rustup-home:ro,Z" "-e" "SOURCE_DIR=/opt/rustwide/workdir" "-e" "CARGO_TARGET_DIR=/opt/rustwide/target" "-e" "CARGO_INCREMENTAL=0" "-e" "RUST_BACKTRACE=full" "-e" "RUSTFLAGS=--cap-lints=warn" "-e" "RUSTDOCFLAGS=--cap-lints=warn" "-e" "CARGO_HOME=/opt/rustwide/cargo-home" "-e" "RUSTUP_HOME=/opt/rustwide/rustup-home" "-w" "/opt/rustwide/workdir" "-m" "1610612736" "--user" "0:0" "--network" "none" "ghcr.io/rust-lang/crates-build-env/linux@sha256:2788e3201cd34a07e3172128adcd8b3090168a8e3bcc40d7c032b9dda1df7d1c" "/opt/rustwide/cargo-home/bin/cargo" "+1.75.0" "doc" "--frozen" "--no-deps" "--document-private-items" "--message-format=json", kill_on_drop: false }`
[INFO] [stdout] ebe9cda94dcb9739be07c1c89edf32e390d2638f331da596a29fda10f29e2cd9
[INFO] running `Command { std: "docker" "start" "-a" "ebe9cda94dcb9739be07c1c89edf32e390d2638f331da596a29fda10f29e2cd9", kill_on_drop: false }`
[INFO] [stderr]    Compiling proc-macro2 v1.0.47
[INFO] [stderr]    Compiling unicode-ident v1.0.5
[INFO] [stderr]    Compiling quote v1.0.21
[INFO] [stderr]    Compiling syn v1.0.103
[INFO] [stderr]     Checking once_cell v1.15.0
[INFO] [stderr]     Checking regex-syntax v0.6.27
[INFO] [stderr]    Compiling log v0.4.17
[INFO] [stderr]    Compiling memchr v2.5.0
[INFO] [stderr]     Checking pin-project-lite v0.2.9
[INFO] [stderr]    Compiling serde_derive v1.0.147
[INFO] [stderr]     Checking overload v0.1.1
[INFO] [stderr]    Compiling cc v1.0.73
[INFO] [stderr]     Checking sharded-slab v0.1.4
[INFO] [stderr]     Checking smallvec v1.10.0
[INFO] [stderr]    Compiling libc v0.2.137
[INFO] [stderr]     Checking nu-ansi-term v0.46.0
[INFO] [stderr]     Checking tracing-core v0.1.30
[INFO] [stderr]     Checking thread_local v1.1.4
[INFO] [stderr]    Compiling serde v1.0.147
[INFO] [stderr]    Compiling eyre v0.6.8
[INFO] [stderr]     Checking gimli v0.26.2
[INFO] [stderr]     Checking miniz_oxide v0.5.4
[INFO] [stderr]     Checking termcolor v1.1.3
[INFO] [stderr]     Checking indenter v0.3.3
[INFO] [stderr]    Compiling heck v0.4.0
[INFO] [stderr]     Checking rustc-demangle v0.1.21
[INFO] [stderr]     Checking tracing-log v0.1.3
[INFO] [stderr]     Checking os_str_bytes v6.3.0
[INFO] [stderr]     Checking either v1.8.0
[INFO] [stderr]     Checking object v0.29.0
[INFO] [stderr]     Checking clap_lex v0.3.0
[INFO] [stderr]     Checking itertools v0.10.5
[INFO] [stderr]    Compiling backtrace v0.3.66
[INFO] [stderr]    Compiling proc-macro-error-attr v1.0.4
[INFO] [stderr]     Checking regex-automata v0.1.10
[INFO] [stderr]     Checking regex v1.6.0
[INFO] [stderr]     Checking addr2line v0.17.0
[INFO] [stderr]     Checking matchers v0.1.0
[INFO] [stderr]     Checking syn-select v0.2.1
[INFO] [stderr]    Compiling proc-macro-error v1.0.4
[INFO] [stderr]    Compiling tracing-attributes v0.1.23
[INFO] [stderr]    Compiling clap_derive v4.0.18
[INFO] [stderr]     Checking tracing v0.1.37
[INFO] [stderr]     Checking tracing-subscriber v0.3.16
[INFO] [stderr]     Checking clap v4.0.18
[INFO] [stderr]     Checking tracing-error v0.2.0
[INFO] [stderr]     Checking color-spantrace v0.2.0
[INFO] [stderr]     Checking color-eyre v0.6.2
[INFO] [stderr]     Checking codespan-reporting v0.11.1
[INFO] [stderr]     Checking codespan v0.11.1
[INFO] [stderr]  Documenting cargo-whynot v0.1.2 (/opt/rustwide/workdir)
[INFO] [stdout] error[E0463]: can't find crate for `rustc_codegen_ssa`
[INFO] [stdout]  --> src/whynot.rs:4:1
[INFO] [stdout]   |
[INFO] [stdout] 4 | extern crate rustc_codegen_ssa;
[INFO] [stdout]   | ^^^^^^^^^^^^^^^^^^^^^^^^^^^^^^^ can't find crate
[INFO] [stdout]   |
[INFO] [stdout]   = help: maybe you need to install the missing components with: `rustup component add rust-src rustc-dev llvm-tools-preview`
[INFO] [stdout] 
[INFO] [stdout] 
[INFO] [stdout] error[E0463]: can't find crate for `rustc_driver`
[INFO] [stdout]  --> src/whynot.rs:5:1
[INFO] [stdout]   |
[INFO] [stdout] 5 | extern crate rustc_driver;
[INFO] [stdout]   | ^^^^^^^^^^^^^^^^^^^^^^^^^^ can't find crate
[INFO] [stdout]   |
[INFO] [stdout]   = help: maybe you need to install the missing components with: `rustup component add rust-src rustc-dev llvm-tools-preview`
[INFO] [stdout] 
[INFO] [stdout] 
[INFO] [stdout] error[E0463]: can't find crate for `rustc_errors`
[INFO] [stdout]  --> src/whynot.rs:6:1
[INFO] [stdout]   |
[INFO] [stdout] 6 | extern crate rustc_errors;
[INFO] [stdout]   | ^^^^^^^^^^^^^^^^^^^^^^^^^^ can't find crate
[INFO] [stdout]   |
[INFO] [stdout]   = help: maybe you need to install the missing components with: `rustup component add rust-src rustc-dev llvm-tools-preview`
[INFO] [stdout] 
[INFO] [stdout] 
[INFO] [stdout] error[E0463]: can't find crate for `rustc_hir`
[INFO] [stdout]  --> src/whynot.rs:7:1
[INFO] [stdout]   |
[INFO] [stdout] 7 | extern crate rustc_hir;
[INFO] [stdout]   | ^^^^^^^^^^^^^^^^^^^^^^^ can't find crate
[INFO] [stdout]   |
[INFO] [stdout]   = help: maybe you need to install the missing components with: `rustup component add rust-src rustc-dev llvm-tools-preview`
[INFO] [stdout] 
[INFO] [stdout] 
[INFO] [stdout] error[E0463]: can't find crate for `rustc_interface`
[INFO] [stdout]  --> src/whynot.rs:8:1
[INFO] [stdout]   |
[INFO] [stdout] 8 | extern crate rustc_interface;
[INFO] [stdout]   | ^^^^^^^^^^^^^^^^^^^^^^^^^^^^^ can't find crate
[INFO] [stdout]   |
[INFO] [stdout]   = help: maybe you need to install the missing components with: `rustup component add rust-src rustc-dev llvm-tools-preview`
[INFO] [stdout] 
[INFO] [stdout] 
[INFO] [stdout] error[E0463]: can't find crate for `rustc_metadata`
[INFO] [stdout]  --> src/whynot.rs:9:1
[INFO] [stdout]   |
[INFO] [stdout] 9 | extern crate rustc_metadata;
[INFO] [stdout]   | ^^^^^^^^^^^^^^^^^^^^^^^^^^^^ can't find crate
[INFO] [stdout]   |
[INFO] [stdout]   = help: maybe you need to install the missing components with: `rustup component add rust-src rustc-dev llvm-tools-preview`
[INFO] [stdout] 
[INFO] [stdout] 
[INFO] [stdout] error[E0463]: can't find crate for `rustc_middle`
[INFO] [stdout]   --> src/whynot.rs:10:1
[INFO] [stdout]    |
[INFO] [stdout] 10 | extern crate rustc_middle;
[INFO] [stdout]    | ^^^^^^^^^^^^^^^^^^^^^^^^^^ can't find crate
[INFO] [stdout]    |
[INFO] [stdout]    = help: maybe you need to install the missing components with: `rustup component add rust-src rustc-dev llvm-tools-preview`
[INFO] [stdout] 
[INFO] [stdout] 
[INFO] [stdout] error[E0463]: can't find crate for `rustc_session`
[INFO] [stdout]   --> src/whynot.rs:11:1
[INFO] [stdout]    |
[INFO] [stdout] 11 | extern crate rustc_session;
[INFO] [stdout]    | ^^^^^^^^^^^^^^^^^^^^^^^^^^^ can't find crate
[INFO] [stdout]    |
[INFO] [stdout]    = help: maybe you need to install the missing components with: `rustup component add rust-src rustc-dev llvm-tools-preview`
[INFO] [stdout] 
[INFO] [stdout] 
[INFO] [stdout] error[E0463]: can't find crate for `rustc_span`
[INFO] [stdout]   --> src/whynot.rs:12:1
[INFO] [stdout]    |
[INFO] [stdout] 12 | extern crate rustc_span;
[INFO] [stdout]    | ^^^^^^^^^^^^^^^^^^^^^^^^ can't find crate
[INFO] [stdout]    |
[INFO] [stdout]    = help: maybe you need to install the missing components with: `rustup component add rust-src rustc-dev llvm-tools-preview`
[INFO] [stdout] 
[INFO] [stdout] 
[INFO] [stdout] error[E0554]: `#![feature]` may not be used on the stable release channel
[INFO] [stdout]  --> src/main.rs:2:1
[INFO] [stdout]   |
[INFO] [stdout] 2 | #![feature(rustc_private)]
[INFO] [stdout]   | ^^^^^^^^^^^^^^^^^^^^^^^^^^
[INFO] [stdout] 
[INFO] [stdout] 
[INFO] [stdout] error: aborting due to previous error
[INFO] [stdout] 
[INFO] [stdout] 
[INFO] [stdout] For more information about this error, try `rustc --explain E0554`.
[INFO] [stdout] 
[INFO] [stderr] error: could not document `cargo-whynot`
[INFO] [stderr] 
[INFO] [stderr] Caused by:
[INFO] [stderr]   process didn't exit successfully: `/opt/rustwide/rustup-home/toolchains/1.75.0-x86_64-unknown-linux-gnu/bin/rustdoc --edition=2021 --crate-type bin --crate-name cargo_whynot src/main.rs -o /opt/rustwide/target/doc --error-format=json --json=diagnostic-rendered-ansi,artifacts,future-incompat --document-private-items '-Arustdoc::private-intra-doc-links' -C metadata=982a3953d99ccabb -L dependency=/opt/rustwide/target/debug/deps --extern clap=/opt/rustwide/target/debug/deps/libclap-cd72b8af9093471a.rmeta --extern codespan=/opt/rustwide/target/debug/deps/libcodespan-be5db7d9001814d3.rmeta --extern codespan_reporting=/opt/rustwide/target/debug/deps/libcodespan_reporting-fa88bfca42def0a6.rmeta --extern color_eyre=/opt/rustwide/target/debug/deps/libcolor_eyre-0863584f382e7e33.rmeta --extern eyre=/opt/rustwide/target/debug/deps/libeyre-16ff9155f26c3a89.rmeta --extern itertools=/opt/rustwide/target/debug/deps/libitertools-af381fadbc730c49.rmeta --extern serde=/opt/rustwide/target/debug/deps/libserde-1f19fceea11d9306.rmeta --extern syn_select=/opt/rustwide/target/debug/deps/libsyn_select-154ae8b9ccaf3851.rmeta --extern termcolor=/opt/rustwide/target/debug/deps/libtermcolor-051adb23d9045754.rmeta --extern tracing=/opt/rustwide/target/debug/deps/libtracing-78ae17ee6410acfd.rmeta --extern tracing_error=/opt/rustwide/target/debug/deps/libtracing_error-203da3b6f5c6e759.rmeta --extern tracing_subscriber=/opt/rustwide/target/debug/deps/libtracing_subscriber-033ba14578a19ecb.rmeta --cap-lints=warn --crate-version 0.1.2` (exit status: 1)
[INFO] [stderr] warning: build failed, waiting for other jobs to finish...
[INFO] [stdout] error: cannot determine resolution for the macro `struct_span_err`
[INFO] [stdout]    --> src/safe/unsafety_visitor.rs:131:17
[INFO] [stdout]     |
[INFO] [stdout] 131 |                 struct_span_err!(
[INFO] [stdout]     |                 ^^^^^^^^^^^^^^^
[INFO] [stdout]     |
[INFO] [stdout]     = note: import resolution is stuck, try simplifying macro imports
[INFO] [stdout] 
[INFO] [stdout] 
[INFO] [stdout] error[E0412]: cannot find type `ExprKind` in this scope
[INFO] [stdout]   --> src/safe/expr.rs:34:20
[INFO] [stdout]    |
[INFO] [stdout] 34 |     pub fn of(ek: &ExprKind<'_>) -> Option<Category> {
[INFO] [stdout]    |                    ^^^^^^^^ not found in this scope
[INFO] [stdout] 
[INFO] [stdout] 
[INFO] [stdout] error[E0412]: cannot find type `Thir` in this scope
[INFO] [stdout]   --> src/safe/unsafety_visitor.rs:21:15
[INFO] [stdout]    |
[INFO] [stdout] 21 |     thir: &'a Thir<'tcx>,
[INFO] [stdout]    |               ^^^^ not found in this scope
[INFO] [stdout] 
[INFO] [stdout] 
[INFO] [stdout] error[E0412]: cannot find type `Thir` in this scope
[INFO] [stdout]    --> src/safe/unsafety_visitor.rs:179:15
[INFO] [stdout]     |
[INFO] [stdout] 179 |     thir: &'a Thir<'tcx>,
[INFO] [stdout]     |               ^^^^ not found in this scope
[INFO] [stdout] 
[INFO] [stdout] 
[INFO] [stdout] error[E0412]: cannot find type `Thir` in this scope
[INFO] [stdout]    --> src/safe/unsafety_visitor.rs:184:22
[INFO] [stdout]     |
[INFO] [stdout] 184 |     fn new(thir: &'a Thir<'tcx>, tcx: TyCtxt<'tcx>) -> Self {
[INFO] [stdout]     |                      ^^^^ not found in this scope
[INFO] [stdout] 
[INFO] [stdout] 
[INFO] [stdout] error[E0412]: cannot find type `Thir` in this scope
[INFO] [stdout]    --> src/safe/unsafety_visitor.rs:194:27
[INFO] [stdout]     |
[INFO] [stdout] 194 |     fn thir(&self) -> &'a Thir<'tcx> {
[INFO] [stdout]     |                           ^^^^ not found in this scope
[INFO] [stdout] 
[INFO] [stdout] 
[INFO] [stdout] error[E0412]: cannot find type `Expr` in this scope
[INFO] [stdout]    --> src/safe/unsafety_visitor.rs:198:37
[INFO] [stdout]     |
[INFO] [stdout] 198 |     fn visit_expr(&mut self, expr: &Expr<'tcx>) {
[INFO] [stdout]     |                                     ^^^^ not found in this scope
[INFO] [stdout] 
[INFO] [stdout] 
[INFO] [stdout] error[E0412]: cannot find type `Thir` in this scope
[INFO] [stdout]    --> src/safe/unsafety_visitor.rs:225:27
[INFO] [stdout]     |
[INFO] [stdout] 225 |     fn thir(&self) -> &'a Thir<'tcx> {
[INFO] [stdout]     |                           ^^^^ not found in this scope
[INFO] [stdout] 
[INFO] [stdout] 
[INFO] [stdout] error[E0412]: cannot find type `Block` in this scope
[INFO] [stdout]    --> src/safe/unsafety_visitor.rs:229:39
[INFO] [stdout]     |
[INFO] [stdout] 229 |     fn visit_block(&mut self, block: &Block) {
[INFO] [stdout]     |                                       ^^^^^ not found in this scope
[INFO] [stdout] 
[INFO] [stdout] 
[INFO] [stdout] error[E0412]: cannot find type `Pat` in this scope
[INFO] [stdout]    --> src/safe/unsafety_visitor.rs:254:35
[INFO] [stdout]     |
[INFO] [stdout] 254 |     fn visit_pat(&mut self, pat: &Pat<'tcx>) {
[INFO] [stdout]     |                                   ^^^ not found in this scope
[INFO] [stdout] 
[INFO] [stdout] 
[INFO] [stdout] error[E0412]: cannot find type `Expr` in this scope
[INFO] [stdout]    --> src/safe/unsafety_visitor.rs:336:37
[INFO] [stdout]     |
[INFO] [stdout] 336 |     fn visit_expr(&mut self, expr: &Expr<'tcx>) {
[INFO] [stdout]     |                                     ^^^^ not found in this scope
[INFO] [stdout] 
[INFO] [stdout] 
[INFO] [stdout] error[E0554]: `#![feature]` may not be used on the stable release channel
[INFO] [stdout]  --> src/whynot.rs:1:1
[INFO] [stdout]   |
[INFO] [stdout] 1 | #![feature(rustc_private)]
[INFO] [stdout]   | ^^^^^^^^^^^^^^^^^^^^^^^^^^
[INFO] [stdout] 
[INFO] [stdout] 
[INFO] [stdout] error[E0554]: `#![feature]` may not be used on the stable release channel
[INFO] [stdout]  --> src/whynot.rs:2:1
[INFO] [stdout]   |
[INFO] [stdout] 2 | #![feature(let_chains, box_patterns)]
[INFO] [stdout]   | ^^^^^^^^^^^^^^^^^^^^^^^^^^^^^^^^^^^^^
[INFO] [stdout] 
[INFO] [stdout] 
[INFO] [stdout] error: aborting due to 22 previous errors
[INFO] [stdout] 
[INFO] [stdout] 
[INFO] [stdout] Some errors have detailed explanations: E0412, E0463, E0554.
[INFO] [stdout] 
[INFO] [stdout] For more information about an error, try `rustc --explain E0412`.
[INFO] [stdout] 
[INFO] [stderr] error: could not document `cargo-whynot`
[INFO] [stderr] 
[INFO] [stderr] Caused by:
[INFO] [stderr]   process didn't exit successfully: `/opt/rustwide/rustup-home/toolchains/1.75.0-x86_64-unknown-linux-gnu/bin/rustdoc --edition=2021 --crate-type bin --crate-name whynot src/whynot.rs -o /opt/rustwide/target/doc --error-format=json --json=diagnostic-rendered-ansi,artifacts,future-incompat --document-private-items '-Arustdoc::private-intra-doc-links' -C metadata=044725ff8c6f96df -L dependency=/opt/rustwide/target/debug/deps --extern clap=/opt/rustwide/target/debug/deps/libclap-cd72b8af9093471a.rmeta --extern codespan=/opt/rustwide/target/debug/deps/libcodespan-be5db7d9001814d3.rmeta --extern codespan_reporting=/opt/rustwide/target/debug/deps/libcodespan_reporting-fa88bfca42def0a6.rmeta --extern color_eyre=/opt/rustwide/target/debug/deps/libcolor_eyre-0863584f382e7e33.rmeta --extern eyre=/opt/rustwide/target/debug/deps/libeyre-16ff9155f26c3a89.rmeta --extern itertools=/opt/rustwide/target/debug/deps/libitertools-af381fadbc730c49.rmeta --extern serde=/opt/rustwide/target/debug/deps/libserde-1f19fceea11d9306.rmeta --extern syn_select=/opt/rustwide/target/debug/deps/libsyn_select-154ae8b9ccaf3851.rmeta --extern termcolor=/opt/rustwide/target/debug/deps/libtermcolor-051adb23d9045754.rmeta --extern tracing=/opt/rustwide/target/debug/deps/libtracing-78ae17ee6410acfd.rmeta --extern tracing_error=/opt/rustwide/target/debug/deps/libtracing_error-203da3b6f5c6e759.rmeta --extern tracing_subscriber=/opt/rustwide/target/debug/deps/libtracing_subscriber-033ba14578a19ecb.rmeta --cap-lints=warn --crate-version 0.1.2` (exit status: 1)
[INFO] running `Command { std: "docker" "inspect" "ebe9cda94dcb9739be07c1c89edf32e390d2638f331da596a29fda10f29e2cd9", kill_on_drop: false }`
[INFO] running `Command { std: "docker" "rm" "-f" "ebe9cda94dcb9739be07c1c89edf32e390d2638f331da596a29fda10f29e2cd9", kill_on_drop: false }`
[INFO] [stdout] ebe9cda94dcb9739be07c1c89edf32e390d2638f331da596a29fda10f29e2cd9
[INFO] documenting cargo-whynot-0.1.2 against beta-2023-12-22 for beta-1.76-rustdoc-1
[INFO] extracting crate cargo-whynot 0.1.2 into /workspace/builds/worker-5-tc2/source
[INFO] validating manifest of crates.io crate cargo-whynot 0.1.2 on toolchain beta-2023-12-22
[INFO] running `Command { std: CARGO_HOME="/workspace/cargo-home" RUSTUP_HOME="/workspace/rustup-home" "/workspace/cargo-home/bin/cargo" "+beta-2023-12-22" "metadata" "--manifest-path" "Cargo.toml" "--no-deps", kill_on_drop: false }`
[INFO] started tweaking crates.io crate cargo-whynot 0.1.2
[INFO] finished tweaking crates.io crate cargo-whynot 0.1.2
[INFO] tweaked toml for crates.io crate cargo-whynot 0.1.2 written to /workspace/builds/worker-5-tc2/source/Cargo.toml
[INFO] crate crates.io crate cargo-whynot 0.1.2 already has a lockfile, it will not be regenerated
[INFO] running `Command { std: CARGO_HOME="/workspace/cargo-home" RUSTUP_HOME="/workspace/rustup-home" "/workspace/cargo-home/bin/cargo" "+beta-2023-12-22" "fetch" "--manifest-path" "Cargo.toml", kill_on_drop: false }`
[INFO] running `Command { std: "docker" "create" "-v" "/var/lib/crater-agent-workspace/builds/worker-5-tc2/target:/opt/rustwide/target:rw,Z" "-v" "/var/lib/crater-agent-workspace/builds/worker-5-tc2/source:/opt/rustwide/workdir:ro,Z" "-v" "/var/lib/crater-agent-workspace/cargo-home:/opt/rustwide/cargo-home:ro,Z" "-v" "/var/lib/crater-agent-workspace/rustup-home:/opt/rustwide/rustup-home:ro,Z" "-e" "SOURCE_DIR=/opt/rustwide/workdir" "-e" "CARGO_TARGET_DIR=/opt/rustwide/target" "-e" "CARGO_HOME=/opt/rustwide/cargo-home" "-e" "RUSTUP_HOME=/opt/rustwide/rustup-home" "-w" "/opt/rustwide/workdir" "-m" "1610612736" "--user" "0:0" "--network" "none" "ghcr.io/rust-lang/crates-build-env/linux@sha256:2788e3201cd34a07e3172128adcd8b3090168a8e3bcc40d7c032b9dda1df7d1c" "/opt/rustwide/cargo-home/bin/cargo" "+beta-2023-12-22" "metadata" "--no-deps" "--format-version=1", kill_on_drop: false }`
[INFO] [stdout] 2bd0e0a3398bc5921ba2b358db3e1b59c2212d6a0b9500e79a7827a7ce6df110
[INFO] running `Command { std: "docker" "start" "-a" "2bd0e0a3398bc5921ba2b358db3e1b59c2212d6a0b9500e79a7827a7ce6df110", kill_on_drop: false }`
[INFO] running `Command { std: "docker" "inspect" "2bd0e0a3398bc5921ba2b358db3e1b59c2212d6a0b9500e79a7827a7ce6df110", kill_on_drop: false }`
[INFO] running `Command { std: "docker" "rm" "-f" "2bd0e0a3398bc5921ba2b358db3e1b59c2212d6a0b9500e79a7827a7ce6df110", kill_on_drop: false }`
[INFO] [stdout] 2bd0e0a3398bc5921ba2b358db3e1b59c2212d6a0b9500e79a7827a7ce6df110
[INFO] running `Command { std: "docker" "create" "-v" "/var/lib/crater-agent-workspace/builds/worker-5-tc2/target:/opt/rustwide/target:rw,Z" "-v" "/var/lib/crater-agent-workspace/builds/worker-5-tc2/source:/opt/rustwide/workdir:ro,Z" "-v" "/var/lib/crater-agent-workspace/cargo-home:/opt/rustwide/cargo-home:ro,Z" "-v" "/var/lib/crater-agent-workspace/rustup-home:/opt/rustwide/rustup-home:ro,Z" "-e" "SOURCE_DIR=/opt/rustwide/workdir" "-e" "CARGO_TARGET_DIR=/opt/rustwide/target" "-e" "CARGO_INCREMENTAL=0" "-e" "RUST_BACKTRACE=full" "-e" "RUSTFLAGS=--cap-lints=warn" "-e" "RUSTDOCFLAGS=--cap-lints=warn" "-e" "CARGO_HOME=/opt/rustwide/cargo-home" "-e" "RUSTUP_HOME=/opt/rustwide/rustup-home" "-w" "/opt/rustwide/workdir" "-m" "1610612736" "--user" "0:0" "--network" "none" "ghcr.io/rust-lang/crates-build-env/linux@sha256:2788e3201cd34a07e3172128adcd8b3090168a8e3bcc40d7c032b9dda1df7d1c" "/opt/rustwide/cargo-home/bin/cargo" "+beta-2023-12-22" "doc" "--frozen" "--no-deps" "--document-private-items" "--message-format=json", kill_on_drop: false }`
[INFO] [stdout] c8bbda5d223ed050ba9cc7df628171eb5065dfa10f7135c65d0b05a07a3c9228
[INFO] running `Command { std: "docker" "start" "-a" "c8bbda5d223ed050ba9cc7df628171eb5065dfa10f7135c65d0b05a07a3c9228", kill_on_drop: false }`
[INFO] [stderr]    Compiling proc-macro2 v1.0.47
[INFO] [stderr]    Compiling quote v1.0.21
[INFO] [stderr]    Compiling unicode-ident v1.0.5
[INFO] [stderr]    Compiling syn v1.0.103
[INFO] [stderr]     Checking once_cell v1.15.0
[INFO] [stderr]     Checking regex-syntax v0.6.27
[INFO] [stderr]    Compiling log v0.4.17
[INFO] [stderr]     Checking pin-project-lite v0.2.9
[INFO] [stderr]     Checking overload v0.1.1
[INFO] [stderr]    Compiling serde_derive v1.0.147
[INFO] [stderr]    Compiling memchr v2.5.0
[INFO] [stderr]    Compiling libc v0.2.137
[INFO] [stderr]     Checking sharded-slab v0.1.4
[INFO] [stderr]     Checking smallvec v1.10.0
[INFO] [stderr]     Checking nu-ansi-term v0.46.0
[INFO] [stderr]    Compiling cc v1.0.73
[INFO] [stderr]     Checking tracing-core v0.1.30
[INFO] [stderr]     Checking thread_local v1.1.4
[INFO] [stderr]    Compiling serde v1.0.147
[INFO] [stderr]     Checking gimli v0.26.2
[INFO] [stderr]    Compiling eyre v0.6.8
[INFO] [stderr]     Checking miniz_oxide v0.5.4
[INFO] [stderr]    Compiling heck v0.4.0
[INFO] [stderr]     Checking termcolor v1.1.3
[INFO] [stderr]     Checking os_str_bytes v6.3.0
[INFO] [stderr]     Checking tracing-log v0.1.3
[INFO] [stderr]     Checking rustc-demangle v0.1.21
[INFO] [stderr]     Checking indenter v0.3.3
[INFO] [stderr]     Checking clap_lex v0.3.0
[INFO] [stderr]     Checking either v1.8.0
[INFO] [stderr]     Checking object v0.29.0
[INFO] [stderr]     Checking itertools v0.10.5
[INFO] [stderr]    Compiling backtrace v0.3.66
[INFO] [stderr]    Compiling proc-macro-error-attr v1.0.4
[INFO] [stderr]     Checking regex-automata v0.1.10
[INFO] [stderr]     Checking regex v1.6.0
[INFO] [stderr]     Checking addr2line v0.17.0
[INFO] [stderr]     Checking matchers v0.1.0
[INFO] [stderr]     Checking syn-select v0.2.1
[INFO] [stderr]    Compiling proc-macro-error v1.0.4
[INFO] [stderr]    Compiling tracing-attributes v0.1.23
[INFO] [stderr]    Compiling clap_derive v4.0.18
[INFO] [stderr]     Checking tracing v0.1.37
[INFO] [stderr]     Checking tracing-subscriber v0.3.16
[INFO] [stderr]     Checking clap v4.0.18
[INFO] [stderr]     Checking tracing-error v0.2.0
[INFO] [stderr]     Checking color-spantrace v0.2.0
[INFO] [stderr]     Checking color-eyre v0.6.2
[INFO] [stderr]     Checking codespan-reporting v0.11.1
[INFO] [stderr]     Checking codespan v0.11.1
[INFO] [stderr]  Documenting cargo-whynot v0.1.2 (/opt/rustwide/workdir)
[INFO] [stdout] error[E0463]: can't find crate for `rustc_codegen_ssa`
[INFO] [stdout]  --> src/whynot.rs:4:1
[INFO] [stdout]   |
[INFO] [stdout] 4 | extern crate rustc_codegen_ssa;
[INFO] [stdout]   | ^^^^^^^^^^^^^^^^^^^^^^^^^^^^^^^ can't find crate
[INFO] [stdout]   |
[INFO] [stdout]   = help: maybe you need to install the missing components with: `rustup component add rust-src rustc-dev llvm-tools-preview`
[INFO] [stdout] 
[INFO] [stdout] 
[INFO] [stdout] error[E0463]: can't find crate for `rustc_driver`
[INFO] [stdout]  --> src/whynot.rs:5:1
[INFO] [stdout]   |
[INFO] [stdout] 5 | extern crate rustc_driver;
[INFO] [stdout]   | ^^^^^^^^^^^^^^^^^^^^^^^^^^ can't find crate
[INFO] [stdout]   |
[INFO] [stdout]   = help: maybe you need to install the missing components with: `rustup component add rust-src rustc-dev llvm-tools-preview`
[INFO] [stdout] 
[INFO] [stdout] 
[INFO] [stdout] error[E0463]: can't find crate for `rustc_errors`
[INFO] [stdout]  --> src/whynot.rs:6:1
[INFO] [stdout]   |
[INFO] [stdout] 6 | extern crate rustc_errors;
[INFO] [stdout]   | ^^^^^^^^^^^^^^^^^^^^^^^^^^ can't find crate
[INFO] [stdout]   |
[INFO] [stdout]   = help: maybe you need to install the missing components with: `rustup component add rust-src rustc-dev llvm-tools-preview`
[INFO] [stdout] 
[INFO] [stdout] 
[INFO] [stdout] error[E0463]: can't find crate for `rustc_hir`
[INFO] [stdout]  --> src/whynot.rs:7:1
[INFO] [stdout]   |
[INFO] [stdout] 7 | extern crate rustc_hir;
[INFO] [stdout]   | ^^^^^^^^^^^^^^^^^^^^^^^ can't find crate
[INFO] [stdout]   |
[INFO] [stdout]   = help: maybe you need to install the missing components with: `rustup component add rust-src rustc-dev llvm-tools-preview`
[INFO] [stdout] 
[INFO] [stdout] 
[INFO] [stdout] error[E0463]: can't find crate for `rustc_interface`
[INFO] [stdout]  --> src/whynot.rs:8:1
[INFO] [stdout]   |
[INFO] [stdout] 8 | extern crate rustc_interface;
[INFO] [stdout]   | ^^^^^^^^^^^^^^^^^^^^^^^^^^^^^ can't find crate
[INFO] [stdout]   |
[INFO] [stdout]   = help: maybe you need to install the missing components with: `rustup component add rust-src rustc-dev llvm-tools-preview`
[INFO] [stdout] 
[INFO] [stdout] 
[INFO] [stdout] error[E0463]: can't find crate for `rustc_metadata`
[INFO] [stdout]  --> src/whynot.rs:9:1
[INFO] [stdout]   |
[INFO] [stdout] 9 | extern crate rustc_metadata;
[INFO] [stdout]   | ^^^^^^^^^^^^^^^^^^^^^^^^^^^^ can't find crate
[INFO] [stdout]   |
[INFO] [stdout]   = help: maybe you need to install the missing components with: `rustup component add rust-src rustc-dev llvm-tools-preview`
[INFO] [stdout] 
[INFO] [stdout] 
[INFO] [stdout] error[E0463]: can't find crate for `rustc_middle`
[INFO] [stdout]   --> src/whynot.rs:10:1
[INFO] [stdout]    |
[INFO] [stdout] 10 | extern crate rustc_middle;
[INFO] [stdout]    | ^^^^^^^^^^^^^^^^^^^^^^^^^^ can't find crate
[INFO] [stdout]    |
[INFO] [stdout]    = help: maybe you need to install the missing components with: `rustup component add rust-src rustc-dev llvm-tools-preview`
[INFO] [stdout] 
[INFO] [stdout] 
[INFO] [stdout] error[E0463]: can't find crate for `rustc_session`
[INFO] [stdout]   --> src/whynot.rs:11:1
[INFO] [stdout]    |
[INFO] [stdout] 11 | extern crate rustc_session;
[INFO] [stdout]    | ^^^^^^^^^^^^^^^^^^^^^^^^^^^ can't find crate
[INFO] [stdout]    |
[INFO] [stdout]    = help: maybe you need to install the missing components with: `rustup component add rust-src rustc-dev llvm-tools-preview`
[INFO] [stdout] 
[INFO] [stdout] 
[INFO] [stdout] error[E0463]: can't find crate for `rustc_span`
[INFO] [stdout]   --> src/whynot.rs:12:1
[INFO] [stdout]    |
[INFO] [stdout] 12 | extern crate rustc_span;
[INFO] [stdout]    | ^^^^^^^^^^^^^^^^^^^^^^^^ can't find crate
[INFO] [stdout]    |
[INFO] [stdout]    = help: maybe you need to install the missing components with: `rustup component add rust-src rustc-dev llvm-tools-preview`
[INFO] [stdout] 
[INFO] [stdout] 
[INFO] [stdout] error[E0554]: `#![feature]` may not be used on the beta release channel
[INFO] [stdout]  --> src/main.rs:2:1
[INFO] [stdout]   |
[INFO] [stdout] 2 | #![feature(rustc_private)]
[INFO] [stdout]   | ^^^^^^^^^^^^^^^^^^^^^^^^^^
[INFO] [stdout] 
[INFO] [stdout] 
[INFO] [stdout] error: aborting due to 1 previous error
[INFO] [stdout] 
[INFO] [stdout] 
[INFO] [stdout] For more information about this error, try `rustc --explain E0554`.
[INFO] [stdout] 
[INFO] [stderr] error: could not document `cargo-whynot`
[INFO] [stderr] 
[INFO] [stderr] Caused by:
[INFO] [stderr]   process didn't exit successfully: `/opt/rustwide/rustup-home/toolchains/beta-2023-12-22-x86_64-unknown-linux-gnu/bin/rustdoc --edition=2021 --crate-type bin --crate-name cargo_whynot src/main.rs -o /opt/rustwide/target/doc --error-format=json --json=diagnostic-rendered-ansi,artifacts,future-incompat --document-private-items '-Arustdoc::private-intra-doc-links' -C metadata=1e9a32308677369b -L dependency=/opt/rustwide/target/debug/deps --extern clap=/opt/rustwide/target/debug/deps/libclap-98c22735eebaa384.rmeta --extern codespan=/opt/rustwide/target/debug/deps/libcodespan-ed063ca7deae7c2f.rmeta --extern codespan_reporting=/opt/rustwide/target/debug/deps/libcodespan_reporting-8b9c605cccd34a99.rmeta --extern color_eyre=/opt/rustwide/target/debug/deps/libcolor_eyre-8f6484cfb1306822.rmeta --extern eyre=/opt/rustwide/target/debug/deps/libeyre-9d675307a484262a.rmeta --extern itertools=/opt/rustwide/target/debug/deps/libitertools-7dfd06ad0ec9f5c0.rmeta --extern serde=/opt/rustwide/target/debug/deps/libserde-90e3aeefdaa89f18.rmeta --extern syn_select=/opt/rustwide/target/debug/deps/libsyn_select-edcf054a3486def3.rmeta --extern termcolor=/opt/rustwide/target/debug/deps/libtermcolor-059de276f172264c.rmeta --extern tracing=/opt/rustwide/target/debug/deps/libtracing-bb551e620f2f1111.rmeta --extern tracing_error=/opt/rustwide/target/debug/deps/libtracing_error-d08141df69b84e1f.rmeta --extern tracing_subscriber=/opt/rustwide/target/debug/deps/libtracing_subscriber-8dfaca12c22fe04b.rmeta --cap-lints=warn --crate-version 0.1.2` (exit status: 1)
[INFO] [stderr] warning: build failed, waiting for other jobs to finish...
[INFO] [stdout] error: cannot determine resolution for the macro `struct_span_err`
[INFO] [stdout]    --> src/safe/unsafety_visitor.rs:131:17
[INFO] [stdout]     |
[INFO] [stdout] 131 |                 struct_span_err!(
[INFO] [stdout]     |                 ^^^^^^^^^^^^^^^
[INFO] [stdout]     |
[INFO] [stdout]     = note: import resolution is stuck, try simplifying macro imports
[INFO] [stdout] 
[INFO] [stdout] 
[INFO] [stdout] error[E0412]: cannot find type `ExprKind` in this scope
[INFO] [stdout]   --> src/safe/expr.rs:34:20
[INFO] [stdout]    |
[INFO] [stdout] 34 |     pub fn of(ek: &ExprKind<'_>) -> Option<Category> {
[INFO] [stdout]    |                    ^^^^^^^^ not found in this scope
[INFO] [stdout] 
[INFO] [stdout] 
[INFO] [stdout] error[E0412]: cannot find type `Thir` in this scope
[INFO] [stdout]   --> src/safe/unsafety_visitor.rs:21:15
[INFO] [stdout]    |
[INFO] [stdout] 21 |     thir: &'a Thir<'tcx>,
[INFO] [stdout]    |               ^^^^ not found in this scope
[INFO] [stdout] 
[INFO] [stdout] 
[INFO] [stdout] error[E0412]: cannot find type `Thir` in this scope
[INFO] [stdout]    --> src/safe/unsafety_visitor.rs:179:15
[INFO] [stdout]     |
[INFO] [stdout] 179 |     thir: &'a Thir<'tcx>,
[INFO] [stdout]     |               ^^^^ not found in this scope
[INFO] [stdout] 
[INFO] [stdout] 
[INFO] [stdout] error[E0412]: cannot find type `Thir` in this scope
[INFO] [stdout]    --> src/safe/unsafety_visitor.rs:184:22
[INFO] [stdout]     |
[INFO] [stdout] 184 |     fn new(thir: &'a Thir<'tcx>, tcx: TyCtxt<'tcx>) -> Self {
[INFO] [stdout]     |                      ^^^^ not found in this scope
[INFO] [stdout] 
[INFO] [stdout] 
[INFO] [stdout] error[E0412]: cannot find type `Thir` in this scope
[INFO] [stdout]    --> src/safe/unsafety_visitor.rs:194:27
[INFO] [stdout]     |
[INFO] [stdout] 194 |     fn thir(&self) -> &'a Thir<'tcx> {
[INFO] [stdout]     |                           ^^^^ not found in this scope
[INFO] [stdout] 
[INFO] [stdout] 
[INFO] [stdout] error[E0412]: cannot find type `Expr` in this scope
[INFO] [stdout]    --> src/safe/unsafety_visitor.rs:198:37
[INFO] [stdout]     |
[INFO] [stdout] 198 |     fn visit_expr(&mut self, expr: &Expr<'tcx>) {
[INFO] [stdout]     |                                     ^^^^ not found in this scope
[INFO] [stdout] 
[INFO] [stdout] 
[INFO] [stdout] error[E0412]: cannot find type `Thir` in this scope
[INFO] [stdout]    --> src/safe/unsafety_visitor.rs:225:27
[INFO] [stdout]     |
[INFO] [stdout] 225 |     fn thir(&self) -> &'a Thir<'tcx> {
[INFO] [stdout]     |                           ^^^^ not found in this scope
[INFO] [stdout] 
[INFO] [stdout] 
[INFO] [stdout] error[E0412]: cannot find type `Block` in this scope
[INFO] [stdout]    --> src/safe/unsafety_visitor.rs:229:39
[INFO] [stdout]     |
[INFO] [stdout] 229 |     fn visit_block(&mut self, block: &Block) {
[INFO] [stdout]     |                                       ^^^^^ not found in this scope
[INFO] [stdout] 
[INFO] [stdout] 
[INFO] [stdout] error[E0412]: cannot find type `Pat` in this scope
[INFO] [stdout]    --> src/safe/unsafety_visitor.rs:254:35
[INFO] [stdout]     |
[INFO] [stdout] 254 |     fn visit_pat(&mut self, pat: &Pat<'tcx>) {
[INFO] [stdout]     |                                   ^^^ not found in this scope
[INFO] [stdout] 
[INFO] [stdout] 
[INFO] [stdout] error[E0412]: cannot find type `Expr` in this scope
[INFO] [stdout]    --> src/safe/unsafety_visitor.rs:336:37
[INFO] [stdout]     |
[INFO] [stdout] 336 |     fn visit_expr(&mut self, expr: &Expr<'tcx>) {
[INFO] [stdout]     |                                     ^^^^ not found in this scope
[INFO] [stdout] 
[INFO] [stdout] 
[INFO] [stdout] error[E0554]: `#![feature]` may not be used on the beta release channel
[INFO] [stdout]  --> src/whynot.rs:1:1
[INFO] [stdout]   |
[INFO] [stdout] 1 | #![feature(rustc_private)]
[INFO] [stdout]   | ^^^^^^^^^^^^^^^^^^^^^^^^^^
[INFO] [stdout] 
[INFO] [stdout] 
[INFO] [stdout] error[E0554]: `#![feature]` may not be used on the beta release channel
[INFO] [stdout]  --> src/whynot.rs:2:1
[INFO] [stdout]   |
[INFO] [stdout] 2 | #![feature(let_chains, box_patterns)]
[INFO] [stdout]   | ^^^^^^^^^^^^^^^^^^^^^^^^^^^^^^^^^^^^^
[INFO] [stdout] 
[INFO] [stdout] 
[INFO] [stdout] error: aborting due to 22 previous errors
[INFO] [stdout] 
[INFO] [stdout] 
[INFO] [stdout] Some errors have detailed explanations: E0412, E0463, E0554.
[INFO] [stdout] 
[INFO] [stdout] For more information about an error, try `rustc --explain E0412`.
[INFO] [stdout] 
[INFO] [stderr] error: could not document `cargo-whynot`
[INFO] [stderr] 
[INFO] [stderr] Caused by:
[INFO] [stderr]   process didn't exit successfully: `/opt/rustwide/rustup-home/toolchains/beta-2023-12-22-x86_64-unknown-linux-gnu/bin/rustdoc --edition=2021 --crate-type bin --crate-name whynot src/whynot.rs -o /opt/rustwide/target/doc --error-format=json --json=diagnostic-rendered-ansi,artifacts,future-incompat --document-private-items '-Arustdoc::private-intra-doc-links' -C metadata=f359ad6d1d95ce3b -L dependency=/opt/rustwide/target/debug/deps --extern clap=/opt/rustwide/target/debug/deps/libclap-98c22735eebaa384.rmeta --extern codespan=/opt/rustwide/target/debug/deps/libcodespan-ed063ca7deae7c2f.rmeta --extern codespan_reporting=/opt/rustwide/target/debug/deps/libcodespan_reporting-8b9c605cccd34a99.rmeta --extern color_eyre=/opt/rustwide/target/debug/deps/libcolor_eyre-8f6484cfb1306822.rmeta --extern eyre=/opt/rustwide/target/debug/deps/libeyre-9d675307a484262a.rmeta --extern itertools=/opt/rustwide/target/debug/deps/libitertools-7dfd06ad0ec9f5c0.rmeta --extern serde=/opt/rustwide/target/debug/deps/libserde-90e3aeefdaa89f18.rmeta --extern syn_select=/opt/rustwide/target/debug/deps/libsyn_select-edcf054a3486def3.rmeta --extern termcolor=/opt/rustwide/target/debug/deps/libtermcolor-059de276f172264c.rmeta --extern tracing=/opt/rustwide/target/debug/deps/libtracing-bb551e620f2f1111.rmeta --extern tracing_error=/opt/rustwide/target/debug/deps/libtracing_error-d08141df69b84e1f.rmeta --extern tracing_subscriber=/opt/rustwide/target/debug/deps/libtracing_subscriber-8dfaca12c22fe04b.rmeta --cap-lints=warn --crate-version 0.1.2` (exit status: 1)
[INFO] running `Command { std: "docker" "inspect" "c8bbda5d223ed050ba9cc7df628171eb5065dfa10f7135c65d0b05a07a3c9228", kill_on_drop: false }`
[INFO] running `Command { std: "docker" "rm" "-f" "c8bbda5d223ed050ba9cc7df628171eb5065dfa10f7135c65d0b05a07a3c9228", kill_on_drop: false }`
[INFO] [stdout] c8bbda5d223ed050ba9cc7df628171eb5065dfa10f7135c65d0b05a07a3c9228
