[INFO] fetching crate cargo-psibase 0.1.3...
[INFO] documenting cargo-psibase-0.1.3 against 1.75.0 for beta-1.76-rustdoc-1
[INFO] extracting crate cargo-psibase 0.1.3 into /workspace/builds/worker-5-tc1/source
[INFO] validating manifest of crates.io crate cargo-psibase 0.1.3 on toolchain 1.75.0
[INFO] running `Command { std: CARGO_HOME="/workspace/cargo-home" RUSTUP_HOME="/workspace/rustup-home" "/workspace/cargo-home/bin/cargo" "+1.75.0" "metadata" "--manifest-path" "Cargo.toml" "--no-deps", kill_on_drop: false }`
[INFO] started tweaking crates.io crate cargo-psibase 0.1.3
[INFO] finished tweaking crates.io crate cargo-psibase 0.1.3
[INFO] tweaked toml for crates.io crate cargo-psibase 0.1.3 written to /workspace/builds/worker-5-tc1/source/Cargo.toml
[INFO] crate crates.io crate cargo-psibase 0.1.3 already has a lockfile, it will not be regenerated
[INFO] running `Command { std: CARGO_HOME="/workspace/cargo-home" RUSTUP_HOME="/workspace/rustup-home" "/workspace/cargo-home/bin/cargo" "+1.75.0" "fetch" "--manifest-path" "Cargo.toml", kill_on_drop: false }`
[INFO] [stderr]     Updating crates.io index
[INFO] [stderr]  Downloading crates ...
[INFO] [stderr]   Downloaded multer v2.0.4
[INFO] [stderr]   Downloaded block-buffer v0.10.3
[INFO] [stderr]   Downloaded parking_lot_core v0.9.4
[INFO] [stderr]   Downloaded bytes v1.2.1
[INFO] [stderr]   Downloaded generic-array v0.14.6
[INFO] [stderr]   Downloaded proc-macro2 v1.0.47
[INFO] [stderr]   Downloaded serde_json v1.0.87
[INFO] [stderr]   Downloaded tokio v1.21.2
[INFO] [stderr]   Downloaded futures-sink v0.3.25
[INFO] [stderr]   Downloaded httpdate v1.0.2
[INFO] [stderr]   Downloaded tracing v0.1.37
[INFO] [stderr]   Downloaded num_cpus v1.14.0
[INFO] [stderr]   Downloaded hyper v0.14.23
[INFO] [stderr]   Downloaded web-sys v0.3.60
[INFO] [stderr]   Downloaded fast_chemail v0.9.6
[INFO] [stderr]   Downloaded fracpack v0.1.7
[INFO] [stderr]   Downloaded psibase v0.1.6
[INFO] [stderr]   Downloaded psibase_macros v0.1.6
[INFO] [stderr]   Downloaded seahash v2.4.0
[INFO] [stderr]   Downloaded psibase_names v0.1.5
[INFO] [stderr]   Downloaded encoding_rs v0.8.31
[INFO] [stderr]   Downloaded binaryen-sys v0.12.0
[INFO] [stderr]   Downloaded async-graphql v4.0.16
[INFO] [stderr]   Downloaded secp256k1-sys v0.5.2
[INFO] [stderr]   Downloaded parity-wasm v0.45.0
[INFO] [stderr]   Downloaded pest v2.4.1
[INFO] [stderr]   Downloaded async-graphql-parser v4.0.16
[INFO] [stderr]   Downloaded async-trait v0.1.58
[INFO] [stderr]   Downloaded spin v0.9.4
[INFO] [stderr]   Downloaded thiserror v1.0.37
[INFO] [stderr]   Downloaded cxx v1.0.81
[INFO] [stderr]   Downloaded time v0.1.44
[INFO] [stderr]   Downloaded encode_unicode v0.3.6
[INFO] [stderr]   Downloaded console v0.15.2
[INFO] [stderr]   Downloaded portable-atomic v0.3.15
[INFO] [stderr]   Downloaded http v0.2.8
[INFO] [stderr]   Downloaded serde_derive v1.0.147
[INFO] [stderr]   Downloaded futures v0.3.25
[INFO] [stderr]   Downloaded quote v1.0.21
[INFO] [stderr]   Downloaded futures-channel v0.3.25
[INFO] [stderr]   Downloaded futures-macro v0.3.25
[INFO] [stderr]   Downloaded wasm-bindgen-futures v0.4.33
[INFO] [stderr]   Downloaded hyper-rustls v0.23.0
[INFO] [stderr]   Downloaded rustls v0.20.7
[INFO] [stderr]   Downloaded custom_error v1.9.2
[INFO] [stderr]   Downloaded bumpalo v3.11.1
[INFO] [stderr]   Downloaded webpki v0.22.0
[INFO] [stderr]   Downloaded include_dir v0.7.3
[INFO] [stderr]   Downloaded digest v0.10.5
[INFO] [stderr]   Downloaded futures-executor v0.3.25
[INFO] [stderr]   Downloaded cc v1.0.76
[INFO] [stderr]   Downloaded number_prefix v0.4.0
[INFO] [stderr]   Downloaded secp256k1 v0.22.1
[INFO] [stderr]   Downloaded tokio-util v0.7.4
[INFO] [stderr]   Downloaded futures-util v0.3.25
[INFO] [stderr]   Downloaded slab v0.4.7
[INFO] [stderr]   Downloaded bitcoin_hashes v0.10.0
[INFO] [stderr]   Downloaded signal-hook-registry v1.4.0
[INFO] [stderr]   Downloaded cmake v0.1.49
[INFO] [stderr]   Downloaded binaryen v0.12.1
[INFO] [stderr]   Downloaded camino v1.1.1
[INFO] [stderr]   Downloaded proc-macro-crate v1.2.1
[INFO] [stderr]   Downloaded async-graphql-derive v4.0.16
[INFO] [stderr]   Downloaded async-stream-impl v0.3.3
[INFO] [stderr]   Downloaded async-stream v0.3.3
[INFO] [stderr]   Downloaded ascii_utils v0.9.3
[INFO] [stderr]   Downloaded fastrand v1.8.0
[INFO] [stderr]   Downloaded thiserror-impl v1.0.37
[INFO] [stderr]   Downloaded cxxbridge-flags v1.0.81
[INFO] [stderr]   Downloaded scratch v1.0.2
[INFO] [stderr]   Downloaded terminal_size v0.1.17
[INFO] [stderr]   Downloaded link-cplusplus v1.0.7
[INFO] [stderr]   Downloaded rustls-pemfile v1.0.1
[INFO] [stderr]   Downloaded clap_derive v3.2.18
[INFO] [stderr]   Downloaded indicatif v0.17.2
[INFO] [stderr]   Downloaded winreg v0.10.1
[INFO] [stderr]   Downloaded libc v0.2.137
[INFO] [stderr]   Downloaded futures-io v0.3.25
[INFO] [stderr]   Downloaded indexmap v1.9.1
[INFO] [stderr]   Downloaded h2 v0.3.15
[INFO] [stderr]   Downloaded tracing-core v0.1.30
[INFO] [stderr]   Downloaded futures-core v0.3.25
[INFO] [stderr]   Downloaded syn v1.0.103
[INFO] [stderr]   Downloaded cargo_metadata v0.15.1
[INFO] [stderr]   Downloaded cxxbridge-macro v1.0.81
[INFO] [stderr]   Downloaded cxx-build v1.0.81
[INFO] [stderr]   Downloaded sct v0.7.0
[INFO] [stderr]   Downloaded include_dir_macros v0.7.3
[INFO] [stderr]   Downloaded ipnet v2.5.1
[INFO] [stderr]   Downloaded webpki-roots v0.22.5
[INFO] [stderr]   Downloaded futures-task v0.3.25
[INFO] [stderr]   Downloaded serde v1.0.147
[INFO] [stderr]   Downloaded mio v0.8.5
[INFO] [stderr]   Downloaded aho-corasick v0.7.19
[INFO] [stderr]   Downloaded unicode-segmentation v1.10.0
[INFO] [stderr]   Downloaded ripemd v0.1.3
[INFO] [stderr]   Downloaded reqwest v0.11.12
[INFO] [stderr]   Downloaded Inflector v0.11.4
[INFO] [stderr]   Downloaded toml v0.5.9
[INFO] [stderr]   Downloaded async-graphql-value v4.0.16
[INFO] [stderr]   Downloaded chrono v0.4.22
[INFO] [stderr]   Downloaded os_str_bytes v6.4.0
[INFO] running `Command { std: "docker" "create" "-v" "/var/lib/crater-agent-workspace/builds/worker-5-tc1/target:/opt/rustwide/target:rw,Z" "-v" "/var/lib/crater-agent-workspace/builds/worker-5-tc1/source:/opt/rustwide/workdir:ro,Z" "-v" "/var/lib/crater-agent-workspace/cargo-home:/opt/rustwide/cargo-home:ro,Z" "-v" "/var/lib/crater-agent-workspace/rustup-home:/opt/rustwide/rustup-home:ro,Z" "-e" "SOURCE_DIR=/opt/rustwide/workdir" "-e" "CARGO_TARGET_DIR=/opt/rustwide/target" "-e" "CARGO_HOME=/opt/rustwide/cargo-home" "-e" "RUSTUP_HOME=/opt/rustwide/rustup-home" "-w" "/opt/rustwide/workdir" "-m" "1610612736" "--user" "0:0" "--network" "none" "ghcr.io/rust-lang/crates-build-env/linux@sha256:2788e3201cd34a07e3172128adcd8b3090168a8e3bcc40d7c032b9dda1df7d1c" "/opt/rustwide/cargo-home/bin/cargo" "+1.75.0" "metadata" "--no-deps" "--format-version=1", kill_on_drop: false }`
[INFO] [stdout] 62ad471fa429ded730505b4bcf640e7cf3f953c96733301202b00e1efbebef96
[INFO] running `Command { std: "docker" "start" "-a" "62ad471fa429ded730505b4bcf640e7cf3f953c96733301202b00e1efbebef96", kill_on_drop: false }`
[INFO] running `Command { std: "docker" "inspect" "62ad471fa429ded730505b4bcf640e7cf3f953c96733301202b00e1efbebef96", kill_on_drop: false }`
[INFO] running `Command { std: "docker" "rm" "-f" "62ad471fa429ded730505b4bcf640e7cf3f953c96733301202b00e1efbebef96", kill_on_drop: false }`
[INFO] [stdout] 62ad471fa429ded730505b4bcf640e7cf3f953c96733301202b00e1efbebef96
[INFO] running `Command { std: "docker" "create" "-v" "/var/lib/crater-agent-workspace/builds/worker-5-tc1/target:/opt/rustwide/target:rw,Z" "-v" "/var/lib/crater-agent-workspace/builds/worker-5-tc1/source:/opt/rustwide/workdir:ro,Z" "-v" "/var/lib/crater-agent-workspace/cargo-home:/opt/rustwide/cargo-home:ro,Z" "-v" "/var/lib/crater-agent-workspace/rustup-home:/opt/rustwide/rustup-home:ro,Z" "-e" "SOURCE_DIR=/opt/rustwide/workdir" "-e" "CARGO_TARGET_DIR=/opt/rustwide/target" "-e" "CARGO_INCREMENTAL=0" "-e" "RUST_BACKTRACE=full" "-e" "RUSTFLAGS=--cap-lints=warn" "-e" "RUSTDOCFLAGS=--cap-lints=warn" "-e" "CARGO_HOME=/opt/rustwide/cargo-home" "-e" "RUSTUP_HOME=/opt/rustwide/rustup-home" "-w" "/opt/rustwide/workdir" "-m" "1610612736" "--user" "0:0" "--network" "none" "ghcr.io/rust-lang/crates-build-env/linux@sha256:2788e3201cd34a07e3172128adcd8b3090168a8e3bcc40d7c032b9dda1df7d1c" "/opt/rustwide/cargo-home/bin/cargo" "+1.75.0" "doc" "--frozen" "--no-deps" "--document-private-items" "--message-format=json", kill_on_drop: false }`
[INFO] [stdout] 6cbe1674d48b6801347111411432545ebf0041ee2d4a14b7cd7b04edcdf194fd
[INFO] running `Command { std: "docker" "start" "-a" "6cbe1674d48b6801347111411432545ebf0041ee2d4a14b7cd7b04edcdf194fd", kill_on_drop: false }`
[INFO] [stderr]    Compiling proc-macro2 v1.0.47
[INFO] [stderr]    Compiling quote v1.0.21
[INFO] [stderr]    Compiling unicode-ident v1.0.5
[INFO] [stderr]    Compiling syn v1.0.103
[INFO] [stderr]    Compiling serde_derive v1.0.147
[INFO] [stderr]    Compiling serde v1.0.147
[INFO] [stderr]    Compiling memchr v2.5.0
[INFO] [stderr]    Compiling libc v0.2.137
[INFO] [stderr]    Compiling version_check v0.9.4
[INFO] [stderr]    Compiling cc v1.0.76
[INFO] [stderr]     Checking once_cell v1.16.0
[INFO] [stderr]    Compiling log v0.4.17
[INFO] [stderr]     Checking pin-project-lite v0.2.9
[INFO] [stderr]    Compiling futures-core v0.3.25
[INFO] [stderr]    Compiling indexmap v1.9.1
[INFO] [stderr]     Checking itoa v1.0.4
[INFO] [stderr]    Compiling regex-syntax v0.6.28
[INFO] [stderr]    Compiling slab v0.4.7
[INFO] [stderr]    Compiling futures-task v0.3.25
[INFO] [stderr]     Checking futures-sink v0.3.25
[INFO] [stderr]    Compiling futures-channel v0.3.25
[INFO] [stderr]    Compiling serde_json v1.0.87
[INFO] [stderr]    Compiling thiserror v1.0.37
[INFO] [stderr]    Compiling futures-util v0.3.25
[INFO] [stderr]    Compiling parking_lot_core v0.9.4
[INFO] [stderr]     Checking futures-io v0.3.25
[INFO] [stderr]     Checking hashbrown v0.12.3
[INFO] [stderr]    Compiling tokio v1.21.2
[INFO] [stderr]     Checking untrusted v0.7.1
[INFO] [stderr]     Checking spin v0.5.2
[INFO] [stderr]    Compiling unicode-segmentation v1.10.0
[INFO] [stderr]    Compiling cmake v0.1.49
[INFO] [stderr]    Compiling proc-macro-error-attr v1.0.4
[INFO] [stderr]     Checking ryu v1.0.11
[INFO] [stderr]    Compiling httparse v1.8.0
[INFO] [stderr]    Compiling ident_case v1.0.1
[INFO] [stderr]    Compiling strsim v0.10.0
[INFO] [stderr]    Compiling typenum v1.15.0
[INFO] [stderr]    Compiling fnv v1.0.7
[INFO] [stderr]    Compiling proc-macro-error v1.0.4
[INFO] [stderr]    Compiling unicase v2.6.0
[INFO] [stderr]    Compiling generic-array v0.14.6
[INFO] [stderr]    Compiling aho-corasick v0.7.19
[INFO] [stderr]     Checking tracing-core v0.1.30
[INFO] [stderr]    Compiling heck v0.3.3
[INFO] [stderr]    Compiling num-traits v0.2.15
[INFO] [stderr]     Checking tinyvec_macros v0.1.0
[INFO] [stderr]     Checking num_cpus v1.14.0
[INFO] [stderr]     Checking mio v0.8.5
[INFO] [stderr]     Checking socket2 v0.4.7
[INFO] [stderr]     Checking signal-hook-registry v1.4.0
[INFO] [stderr]    Compiling encoding_rs v0.8.31
[INFO] [stderr]    Compiling rustls v0.20.7
[INFO] [stderr]     Checking parking_lot v0.12.1
[INFO] [stderr]     Checking percent-encoding v2.2.0
[INFO] [stderr]     Checking tracing v0.1.37
[INFO] [stderr]    Compiling ring v0.16.20
[INFO] [stderr]     Checking form_urlencoded v1.1.0
[INFO] [stderr]     Checking tinyvec v1.6.0
[INFO] [stderr]     Checking mime v0.3.16
[INFO] [stderr]     Checking try-lock v0.2.3
[INFO] [stderr]    Compiling secp256k1-sys v0.5.2
[INFO] [stderr]    Compiling multer v2.0.4
[INFO] [stderr]    Compiling num-integer v0.1.45
[INFO] [stderr]     Checking want v0.3.0
[INFO] [stderr]    Compiling seahash v2.4.0
[INFO] [stderr]     Checking unicode-bidi v0.3.8
[INFO] [stderr]     Checking base64 v0.13.1
[INFO] [stderr]    Compiling async-trait v0.1.58
[INFO] [stderr]    Compiling lazy_static v1.4.0
[INFO] [stderr]     Checking tower-service v0.3.2
[INFO] [stderr]    Compiling portable-atomic v0.3.15
[INFO] [stderr]     Checking httpdate v1.0.2
[INFO] [stderr]    Compiling psibase_names v0.1.5
[INFO] [stderr]    Compiling mime_guess v2.0.4
[INFO] [stderr]     Checking terminal_size v0.1.17
[INFO] [stderr]     Checking spin v0.9.4
[INFO] [stderr]     Checking unicode-width v0.1.10
[INFO] [stderr]     Checking ascii_utils v0.9.3
[INFO] [stderr]    Compiling heck v0.4.0
[INFO] [stderr]    Compiling camino v1.1.1
[INFO] [stderr]     Checking fastrand v1.8.0
[INFO] [stderr]     Checking remove_dir_all v0.5.3
[INFO] [stderr]     Checking os_str_bytes v6.4.0
[INFO] [stderr]    Compiling regex v1.7.0
[INFO] [stderr]    Compiling semver v1.0.14
[INFO] [stderr]     Checking unicode-normalization v0.1.22
[INFO] [stderr]    Compiling anyhow v1.0.66
[INFO] [stderr]     Checking clap_lex v0.2.4
[INFO] [stderr]     Checking tempfile v3.3.0
[INFO] [stderr]     Checking fast_chemail v0.9.6
[INFO] [stderr]     Checking console v0.15.2
[INFO] [stderr]     Checking rustls-pemfile v1.0.1
[INFO] [stderr]    Compiling include_dir_macros v0.7.3
[INFO] [stderr]     Checking time v0.1.44
[INFO] [stderr]     Checking atty v0.2.14
[INFO] [stderr]     Checking number_prefix v0.4.0
[INFO] [stderr]     Checking termcolor v1.1.3
[INFO] [stderr]     Checking custom_error v1.9.2
[INFO] [stderr]     Checking idna v0.3.0
[INFO] [stderr]     Checking ipnet v2.5.1
[INFO] [stderr]     Checking bitcoin_hashes v0.10.0
[INFO] [stderr]     Checking textwrap v0.16.0
[INFO] [stderr]     Checking iana-time-zone v0.1.53
[INFO] [stderr]     Checking block-buffer v0.10.3
[INFO] [stderr]     Checking crypto-common v0.1.6
[INFO] [stderr]     Checking chrono v0.4.22
[INFO] [stderr]     Checking indicatif v0.17.2
[INFO] [stderr]     Checking digest v0.10.5
[INFO] [stderr]     Checking parity-wasm v0.45.0
[INFO] [stderr]     Checking ripemd v0.1.3
[INFO] [stderr]     Checking include_dir v0.7.3
[INFO] [stderr]    Compiling Inflector v0.11.4
[INFO] [stderr]     Checking url v2.3.1
[INFO] [stderr]    Compiling binaryen-sys v0.12.0
[INFO] [stderr]    Compiling darling_core v0.14.2
[INFO] [stderr]     Checking webpki v0.22.0
[INFO] [stderr]     Checking sct v0.7.0
[INFO] [stderr]     Checking webpki-roots v0.22.5
[INFO] [stderr]    Compiling thiserror-impl v1.0.37
[INFO] [stderr] error: could not compile `rustls` (lib)
[INFO] [stderr] 
[INFO] [stderr] Caused by:
[INFO] [stderr]   process didn't exit successfully: `/opt/rustwide/rustup-home/toolchains/1.75.0-x86_64-unknown-linux-gnu/bin/rustc --crate-name rustls --edition=2018 /opt/rustwide/cargo-home/registry/src/index.crates.io-6f17d22bba15001f/rustls-0.20.7/src/lib.rs --error-format=json --json=diagnostic-rendered-ansi,artifacts,future-incompat --crate-type lib --emit=dep-info,metadata -C embed-bitcode=no -C debuginfo=2 --cfg 'feature="dangerous_configuration"' --cfg 'feature="default"' --cfg 'feature="log"' --cfg 'feature="logging"' --cfg 'feature="tls12"' -C metadata=53225e708f81dcd8 -C extra-filename=-53225e708f81dcd8 --out-dir /opt/rustwide/target/debug/deps -L dependency=/opt/rustwide/target/debug/deps --extern log=/opt/rustwide/target/debug/deps/liblog-ddd7553e35467214.rmeta --extern ring=/opt/rustwide/target/debug/deps/libring-8c24b39721353c88.rmeta --extern sct=/opt/rustwide/target/debug/deps/libsct-1497c5baa4536d10.rmeta --extern webpki=/opt/rustwide/target/debug/deps/libwebpki-425820538029525a.rmeta --cap-lints allow --cap-lints=warn -L native=/opt/rustwide/target/debug/build/ring-0bf61ad13618ceb7/out` (signal: 9, SIGKILL: kill)
[INFO] [stderr] warning: build failed, waiting for other jobs to finish...
[INFO] [stderr] error: could not compile `darling_core` (lib)
[INFO] [stderr] 
[INFO] [stderr] Caused by:
[INFO] [stderr]   process didn't exit successfully: `/opt/rustwide/rustup-home/toolchains/1.75.0-x86_64-unknown-linux-gnu/bin/rustc --crate-name darling_core --edition=2018 /opt/rustwide/cargo-home/registry/src/index.crates.io-6f17d22bba15001f/darling_core-0.14.2/src/lib.rs --error-format=json --json=diagnostic-rendered-ansi,artifacts,future-incompat --crate-type lib --emit=dep-info,metadata,link -C embed-bitcode=no --cfg 'feature="strsim"' --cfg 'feature="suggestions"' -C metadata=e281d62fea1fd5eb -C extra-filename=-e281d62fea1fd5eb --out-dir /opt/rustwide/target/debug/deps -L dependency=/opt/rustwide/target/debug/deps --extern fnv=/opt/rustwide/target/debug/deps/libfnv-99af975fba20bc6e.rmeta --extern ident_case=/opt/rustwide/target/debug/deps/libident_case-df44c3ba85327960.rmeta --extern proc_macro2=/opt/rustwide/target/debug/deps/libproc_macro2-c115b90ed98f48af.rmeta --extern quote=/opt/rustwide/target/debug/deps/libquote-0cb56b2335ad45de.rmeta --extern strsim=/opt/rustwide/target/debug/deps/libstrsim-2fdd3e2dc3e4bb3b.rmeta --extern syn=/opt/rustwide/target/debug/deps/libsyn-f0b4745e847c4362.rmeta --cap-lints allow --cap-lints=warn` (signal: 9, SIGKILL: kill)
[INFO] [stderr] error: could not compile `serde_derive` (lib)
[INFO] [stderr] 
[INFO] [stderr] Caused by:
[INFO] [stderr]   process didn't exit successfully: `/opt/rustwide/rustup-home/toolchains/1.75.0-x86_64-unknown-linux-gnu/bin/rustc --crate-name serde_derive /opt/rustwide/cargo-home/registry/src/index.crates.io-6f17d22bba15001f/serde_derive-1.0.147/src/lib.rs --error-format=json --json=diagnostic-rendered-ansi,artifacts,future-incompat --crate-type proc-macro --emit=dep-info,link -C prefer-dynamic -C embed-bitcode=no --cfg 'feature="default"' -C metadata=06b615ebdc1e4a20 -C extra-filename=-06b615ebdc1e4a20 --out-dir /opt/rustwide/target/debug/deps -L dependency=/opt/rustwide/target/debug/deps --extern proc_macro2=/opt/rustwide/target/debug/deps/libproc_macro2-c115b90ed98f48af.rlib --extern quote=/opt/rustwide/target/debug/deps/libquote-0cb56b2335ad45de.rlib --extern syn=/opt/rustwide/target/debug/deps/libsyn-f0b4745e847c4362.rlib --extern proc_macro --cap-lints allow --cap-lints=warn` (signal: 9, SIGKILL: kill)
[INFO] [stderr] error: failed to run custom build command for `binaryen-sys v0.12.0`
[INFO] [stderr] note: To improve backtraces for build dependencies, set the CARGO_PROFILE_DEV_BUILD_OVERRIDE_DEBUG=true environment variable to enable debug information generation.
[INFO] [stderr] 
[INFO] [stderr] Caused by:
[INFO] [stderr]   process didn't exit successfully: `/opt/rustwide/target/debug/build/binaryen-sys-dbb1feb0a970db2e/build-script-build` (exit status: 101)
[INFO] [stderr]   --- stdout
[INFO] [stderr]   CMAKE_TOOLCHAIN_FILE_x86_64-unknown-linux-gnu = None
[INFO] [stderr]   CMAKE_TOOLCHAIN_FILE_x86_64_unknown_linux_gnu = None
[INFO] [stderr]   HOST_CMAKE_TOOLCHAIN_FILE = None
[INFO] [stderr]   CMAKE_TOOLCHAIN_FILE = None
[INFO] [stderr]   CMAKE_GENERATOR_x86_64-unknown-linux-gnu = None
[INFO] [stderr]   CMAKE_GENERATOR_x86_64_unknown_linux_gnu = None
[INFO] [stderr]   HOST_CMAKE_GENERATOR = None
[INFO] [stderr]   CMAKE_GENERATOR = None
[INFO] [stderr]   CMAKE_PREFIX_PATH_x86_64-unknown-linux-gnu = None
[INFO] [stderr]   CMAKE_PREFIX_PATH_x86_64_unknown_linux_gnu = None
[INFO] [stderr]   HOST_CMAKE_PREFIX_PATH = None
[INFO] [stderr]   CMAKE_PREFIX_PATH = None
[INFO] [stderr]   CMAKE_x86_64-unknown-linux-gnu = None
[INFO] [stderr]   CMAKE_x86_64_unknown_linux_gnu = None
[INFO] [stderr]   HOST_CMAKE = None
[INFO] [stderr]   CMAKE = None
[INFO] [stderr]   running: cd "/opt/rustwide/target/debug/build/binaryen-sys-d06b567d568769ac/out/build" && CMAKE_PREFIX_PATH="" "cmake" "/opt/rustwide/cargo-home/registry/src/index.crates.io-6f17d22bba15001f/binaryen-sys-0.12.0/binaryen" "-DBUILD_STATIC_LIB=ON" "-DENABLE_WERROR=OFF" "-DCMAKE_INSTALL_PREFIX=/opt/rustwide/target/debug/build/binaryen-sys-d06b567d568769ac/out" "-DCMAKE_C_FLAGS= -ffunction-sections -fdata-sections -fPIC -m64" "-DCMAKE_C_COMPILER=/usr/bin/cc" "-DCMAKE_CXX_FLAGS= -ffunction-sections -fdata-sections -fPIC -m64" "-DCMAKE_CXX_COMPILER=/usr/bin/c++" "-DCMAKE_ASM_FLAGS= -ffunction-sections -fdata-sections -fPIC -m64" "-DCMAKE_ASM_COMPILER=/usr/bin/cc" "-DCMAKE_BUILD_TYPE=Debug"
[INFO] [stderr]   -- The C compiler identification is GNU 11.4.0
[INFO] [stderr]   -- The CXX compiler identification is GNU 11.4.0
[INFO] [stderr]   -- Detecting C compiler ABI info
[INFO] [stderr]   -- Detecting C compiler ABI info - done
[INFO] [stderr]   -- Check for working C compiler: /usr/bin/cc - skipped
[INFO] [stderr]   -- Detecting C compile features
[INFO] [stderr]   -- Detecting C compile features - done
[INFO] [stderr]   -- Detecting CXX compiler ABI info
[INFO] [stderr]   -- Detecting CXX compiler ABI info - done
[INFO] [stderr]   -- Check for working CXX compiler: /usr/bin/c++ - skipped
[INFO] [stderr]   -- Detecting CXX compile features
[INFO] [stderr]   -- Detecting CXX compile features - done
[INFO] [stderr]   -- Building with -DBUILD_LLVM_DWARF
[INFO] [stderr]   -- Looking for pthread.h
[INFO] [stderr]   -- Looking for pthread.h - found
[INFO] [stderr]   -- Performing Test CMAKE_HAVE_LIBC_PTHREAD
[INFO] [stderr]   -- Performing Test CMAKE_HAVE_LIBC_PTHREAD - Success
[INFO] [stderr]   -- Found Threads: TRUE  
[INFO] [stderr]   -- Building with -std=c++14
[INFO] [stderr]   -- Building with -Wall
[INFO] [stderr]   -- Building with -Wextra
[INFO] [stderr]   -- Building with -Wno-unused-parameter
[INFO] [stderr]   -- Building with -fno-omit-frame-pointer
[INFO] [stderr]   -- Building with -Wno-implicit-int-float-conversion
[INFO] [stderr]   -- Building with -Wno-unknown-warning-option
[INFO] [stderr]   -- Building with -Wswitch
[INFO] [stderr]   -- Building with -fPIC
[INFO] [stderr]   -- Building with -O0
[INFO] [stderr]   -- Building with -g3
[INFO] [stderr]   -- Found PythonInterp: /usr/bin/python3 (found suitable version "3.10.12", minimum required is "3.5") 
[INFO] [stderr]   -- Building libbinaryen as statically linked library.
[INFO] [stderr]   -- Configuring done
[INFO] [stderr]   -- Generating done
[INFO] [stderr]   -- Build files have been written to: /opt/rustwide/target/debug/build/binaryen-sys-d06b567d568769ac/out/build
[INFO] [stderr]   running: cd "/opt/rustwide/target/debug/build/binaryen-sys-d06b567d568769ac/out/build" && MAKEFLAGS="-j --jobserver-fds=7,8 --jobserver-auth=7,8" "cmake" "--build" "." "--target" "install" "--config" "Debug"
[INFO] [stderr]   [  0%] Generating WasmIntrinsics.cpp
[INFO] [stderr]   [  2%] Building CXX object src/support/CMakeFiles/support.dir/archive.cpp.o
[INFO] [stderr]   [  2%] Building CXX object src/asmjs/CMakeFiles/asmjs.dir/shared-constants.cpp.o
[INFO] [stderr]   [  2%] Building CXX object src/emscripten-optimizer/CMakeFiles/emscripten-optimizer.dir/optimizer-shared.cpp.o
[INFO] [stderr]   [  2%] Building CXX object src/support/CMakeFiles/support.dir/bits.cpp.o
[INFO] [stderr]   [  2%] Building CXX object src/asmjs/CMakeFiles/asmjs.dir/asmangle.cpp.o
[INFO] [stderr]   [  2%] Building CXX object src/asmjs/CMakeFiles/asmjs.dir/asm_v_wasm.cpp.o
[INFO] [stderr]   [  2%] Building CXX object third_party/llvm-project/CMakeFiles/llvm_dwarf.dir/Binary.cpp.o
[INFO] [stderr]   [  5%] Building CXX object src/ir/CMakeFiles/ir.dir/ExpressionAnalyzer.cpp.o
[INFO] [stderr]   [  4%] Building CXX object src/emscripten-optimizer/CMakeFiles/emscripten-optimizer.dir/parser.cpp.o
[INFO] [stderr]   [  5%] Building CXX object src/cfg/CMakeFiles/cfg.dir/Relooper.cpp.o
[INFO] [stderr]   [  6%] Building CXX object src/wasm/CMakeFiles/wasm.dir/literal.cpp.o
[INFO] [stderr]   [  7%] Building CXX object src/passes/CMakeFiles/passes.dir/pass.cpp.o
[INFO] [stderr]   [  7%] Building CXX object src/ir/CMakeFiles/ir.dir/ExpressionManipulator.cpp.o
[INFO] [stderr]   [  7%] Building CXX object src/wasm/CMakeFiles/wasm.dir/wasm.cpp.o
[INFO] [stderr]   [  8%] Building CXX object src/emscripten-optimizer/CMakeFiles/emscripten-optimizer.dir/simple_ast.cpp.o
[INFO] [stderr]   [  8%] Building CXX object third_party/llvm-project/CMakeFiles/llvm_dwarf.dir/ConvertUTF.cpp.o
[INFO] [stderr]   [  9%] Building CXX object third_party/llvm-project/CMakeFiles/llvm_dwarf.dir/DataExtractor.cpp.o
[INFO] [stderr]   [  9%] Building CXX object third_party/llvm-project/CMakeFiles/llvm_dwarf.dir/Debug.cpp.o
[INFO] [stderr]   [  9%] Building CXX object third_party/llvm-project/CMakeFiles/llvm_dwarf.dir/DJB.cpp.o
[INFO] [stderr]   [ 10%] Building CXX object third_party/llvm-project/CMakeFiles/llvm_dwarf.dir/Dwarf.cpp.o
[INFO] [stderr]   [ 10%] Building CXX object third_party/llvm-project/CMakeFiles/llvm_dwarf.dir/dwarf2yaml.cpp.o
[INFO] [stderr]   [ 11%] Building CXX object src/support/CMakeFiles/support.dir/colors.cpp.o
[INFO] [stderr]   [ 12%] Building CXX object third_party/llvm-project/CMakeFiles/llvm_dwarf.dir/DWARFAbbreviationDeclaration.cpp.o
[INFO] [stderr]   [ 13%] Building CXX object third_party/llvm-project/CMakeFiles/llvm_dwarf.dir/DWARFAcceleratorTable.cpp.o
[INFO] [stderr]   [ 13%] Built target asmjs
[INFO] [stderr]   [ 13%] Building CXX object third_party/llvm-project/CMakeFiles/llvm_dwarf.dir/DWARFAddressRange.cpp.o
[INFO] [stderr]   [ 13%] Building CXX object src/support/CMakeFiles/support.dir/command-line.cpp.o
[INFO] [stderr]   [ 14%] Building CXX object third_party/llvm-project/CMakeFiles/llvm_dwarf.dir/DWARFCompileUnit.cpp.o
[INFO] [stderr]   [ 14%] Building CXX object third_party/llvm-project/CMakeFiles/llvm_dwarf.dir/DWARFContext.cpp.o
[INFO] [stderr]   [ 15%] Building CXX object src/support/CMakeFiles/support.dir/debug.cpp.o
[INFO] [stderr]   [ 15%] Building CXX object src/support/CMakeFiles/support.dir/file.cpp.o
[INFO] [stderr]   [ 16%] Building CXX object third_party/llvm-project/CMakeFiles/llvm_dwarf.dir/DWARFDataExtractor.cpp.o
[INFO] [stderr]   [ 16%] Built target emscripten-optimizer
[INFO] [stderr]   [ 16%] Building CXX object third_party/llvm-project/CMakeFiles/llvm_dwarf.dir/DWARFDebugAbbrev.cpp.o
[INFO] [stderr]   [ 17%] Building CXX object third_party/llvm-project/CMakeFiles/llvm_dwarf.dir/DWARFDebugAddr.cpp.o
[INFO] [stderr]   [ 18%] Building CXX object src/support/CMakeFiles/support.dir/path.cpp.o
[INFO] [stderr]   [ 18%] Building CXX object src/support/CMakeFiles/support.dir/safe_integer.cpp.o
[INFO] [stderr]   [ 19%] Building CXX object src/support/CMakeFiles/support.dir/threads.cpp.o
[INFO] [stderr]   [ 19%] Building CXX object src/support/CMakeFiles/support.dir/utilities.cpp.o
[INFO] [stderr]   [ 19%] Building CXX object third_party/llvm-project/CMakeFiles/llvm_dwarf.dir/DWARFDebugAranges.cpp.o
[INFO] [stderr]   [ 21%] Building CXX object third_party/llvm-project/CMakeFiles/llvm_dwarf.dir/DWARFDebugArangeSet.cpp.o
[INFO] [stderr]   [ 21%] Building CXX object third_party/llvm-project/CMakeFiles/llvm_dwarf.dir/DWARFDebugFrame.cpp.o
[INFO] [stderr]   [ 21%] Building CXX object third_party/llvm-project/CMakeFiles/llvm_dwarf.dir/DWARFDebugInfoEntry.cpp.o
[INFO] [stderr]   [ 21%] Built target support
[INFO] [stderr] 
[INFO] [stderr]   --- stderr
[INFO] [stderr]   fatal: not a git repository (or any parent up to mount point /opt/rustwide)
[INFO] [stderr]   Stopping at filesystem boundary (GIT_DISCOVERY_ACROSS_FILESYSTEM not set).
[INFO] [stderr]   CMake Warning:
[INFO] [stderr]     Manually-specified variables were not used by the project:
[INFO] [stderr] 
[INFO] [stderr]       CMAKE_ASM_COMPILER
[INFO] [stderr]       CMAKE_ASM_FLAGS
[INFO] [stderr] 
[INFO] [stderr] 
[INFO] [stderr]   c++: fatal error: Killed signal terminated program cc1plus
[INFO] [stderr]   compilation terminated.
[INFO] [stderr]   gmake[2]: *** [src/wasm/CMakeFiles/wasm.dir/build.make:76: src/wasm/CMakeFiles/wasm.dir/literal.cpp.o] Error 1
[INFO] [stderr]   gmake[2]: *** Waiting for unfinished jobs....
[INFO] [stderr]   c++: fatal error: Killed signal terminated program cc1plus
[INFO] [stderr]   compilation terminated.
[INFO] [stderr]   gmake[2]: *** [src/ir/CMakeFiles/ir.dir/build.make:76: src/ir/CMakeFiles/ir.dir/ExpressionAnalyzer.cpp.o] Error 1
[INFO] [stderr]   gmake[2]: *** Waiting for unfinished jobs....
[INFO] [stderr]   c++: fatal error: Killed signal terminated program cc1plus
[INFO] [stderr]   compilation terminated.
[INFO] [stderr]   gmake[2]: *** [src/cfg/CMakeFiles/cfg.dir/build.make:76: src/cfg/CMakeFiles/cfg.dir/Relooper.cpp.o] Error 1
[INFO] [stderr]   gmake[1]: *** [CMakeFiles/Makefile2:578: src/cfg/CMakeFiles/cfg.dir/all] Error 2
[INFO] [stderr]   gmake[1]: *** Waiting for unfinished jobs....
[INFO] [stderr]   c++: fatal error: Killed signal terminated program cc1plus
[INFO] [stderr]   compilation terminated.
[INFO] [stderr]   gmake[2]: *** [src/passes/CMakeFiles/passes.dir/build.make:81: src/passes/CMakeFiles/passes.dir/pass.cpp.o] Error 1
[INFO] [stderr]   gmake[1]: *** [CMakeFiles/Makefile2:630: src/passes/CMakeFiles/passes.dir/all] Error 2
[INFO] [stderr]   c++: fatal error: Killed signal terminated program cc1plus
[INFO] [stderr]   compilation terminated.
[INFO] [stderr]   gmake[2]: *** [src/ir/CMakeFiles/ir.dir/build.make:90: src/ir/CMakeFiles/ir.dir/ExpressionManipulator.cpp.o] Error 1
[INFO] [stderr]   gmake[1]: *** [CMakeFiles/Makefile2:526: src/ir/CMakeFiles/ir.dir/all] Error 2
[INFO] [stderr]   c++: fatal error: Killed signal terminated program cc1plus
[INFO] [stderr]   compilation terminated.
[INFO] [stderr]   gmake[2]: *** [src/wasm/CMakeFiles/wasm.dir/build.make:90: src/wasm/CMakeFiles/wasm.dir/wasm.cpp.o] Error 1
[INFO] [stderr]   gmake[1]: *** [CMakeFiles/Makefile2:682: src/wasm/CMakeFiles/wasm.dir/all] Error 2
[INFO] [stderr]   c++: fatal error: Killed signal terminated program cc1plus
[INFO] [stderr]   compilation terminated.
[INFO] [stderr]   gmake[2]: *** [third_party/llvm-project/CMakeFiles/llvm_dwarf.dir/build.make:160: third_party/llvm-project/CMakeFiles/llvm_dwarf.dir/dwarf2yaml.cpp.o] Error 1
[INFO] [stderr]   gmake[2]: *** Waiting for unfinished jobs....
[INFO] [stderr]   c++: fatal error: Killed signal terminated program cc1plus
[INFO] [stderr]   compilation terminated.
[INFO] [stderr]   gmake[2]: *** [third_party/llvm-project/CMakeFiles/llvm_dwarf.dir/build.make:174: third_party/llvm-project/CMakeFiles/llvm_dwarf.dir/DWARFAbbreviationDeclaration.cpp.o] Error 1
[INFO] [stderr]   c++: fatal error: Killed signal terminated program cc1plus
[INFO] [stderr]   compilation terminated.
[INFO] [stderr]   gmake[2]: *** [third_party/llvm-project/CMakeFiles/llvm_dwarf.dir/build.make:230: third_party/llvm-project/CMakeFiles/llvm_dwarf.dir/DWARFContext.cpp.o] Error 1
[INFO] [stderr]   gmake[1]: *** [CMakeFiles/Makefile2:708: third_party/llvm-project/CMakeFiles/llvm_dwarf.dir/all] Error 2
[INFO] [stderr]   gmake: *** [Makefile:136: all] Error 2
[INFO] [stderr]   thread 'main' panicked at /opt/rustwide/cargo-home/registry/src/index.crates.io-6f17d22bba15001f/cmake-0.1.49/src/lib.rs:1104:5:
[INFO] [stderr] 
[INFO] [stderr]   command did not execute successfully, got: exit status: 2
[INFO] [stderr] 
[INFO] [stderr]   build script failed, must exit now
[INFO] [stderr]   stack backtrace:
[INFO] [stderr]      0:     0x56234ffb674c - std::backtrace_rs::backtrace::libunwind::trace::ha637c64ce894333a
[INFO] [stderr]                                  at /rustc/82e1608dfa6e0b5569232559e3d385fea5a93112/library/std/src/../../backtrace/src/backtrace/libunwind.rs:104:5
[INFO] [stderr]      1:     0x56234ffb674c - std::backtrace_rs::backtrace::trace_unsynchronized::h47f62dea28e0c88d
[INFO] [stderr]                                  at /rustc/82e1608dfa6e0b5569232559e3d385fea5a93112/library/std/src/../../backtrace/src/backtrace/mod.rs:66:5
[INFO] [stderr]      2:     0x56234ffb674c - std::sys_common::backtrace::_print_fmt::h9eef0abe20ede486
[INFO] [stderr]                                  at /rustc/82e1608dfa6e0b5569232559e3d385fea5a93112/library/std/src/sys_common/backtrace.rs:67:5
[INFO] [stderr]      3:     0x56234ffb674c - <std::sys_common::backtrace::_print::DisplayBacktrace as core::fmt::Display>::fmt::hed7f999df88cc644
[INFO] [stderr]                                  at /rustc/82e1608dfa6e0b5569232559e3d385fea5a93112/library/std/src/sys_common/backtrace.rs:44:22
[INFO] [stderr]      4:     0x56234ffddce0 - core::fmt::rt::Argument::fmt::h1539a9308b8d058d
[INFO] [stderr]                                  at /rustc/82e1608dfa6e0b5569232559e3d385fea5a93112/library/core/src/fmt/rt.rs:142:9
[INFO] [stderr]      5:     0x56234ffddce0 - core::fmt::write::h3a39390d8560d9c9
[INFO] [stderr]                                  at /rustc/82e1608dfa6e0b5569232559e3d385fea5a93112/library/core/src/fmt/mod.rs:1120:17
[INFO] [stderr]      6:     0x56234ffb378f - std::io::Write::write_fmt::h5fc9997dfe05f882
[INFO] [stderr]                                  at /rustc/82e1608dfa6e0b5569232559e3d385fea5a93112/library/std/src/io/mod.rs:1762:15
[INFO] [stderr]      7:     0x56234ffb6534 - std::sys_common::backtrace::_print::h894006fb5c6f3d45
[INFO] [stderr]                                  at /rustc/82e1608dfa6e0b5569232559e3d385fea5a93112/library/std/src/sys_common/backtrace.rs:47:5
[INFO] [stderr]      8:     0x56234ffb6534 - std::sys_common::backtrace::print::h23a2d212c6fff936
[INFO] [stderr]                                  at /rustc/82e1608dfa6e0b5569232559e3d385fea5a93112/library/std/src/sys_common/backtrace.rs:34:9
[INFO] [stderr]      9:     0x56234ffb8367 - std::panicking::default_hook::{{closure}}::h8a1d2ee00185001a
[INFO] [stderr]     10:     0x56234ffb80cf - std::panicking::default_hook::h6038f2eba384e475
[INFO] [stderr]                                  at /rustc/82e1608dfa6e0b5569232559e3d385fea5a93112/library/std/src/panicking.rs:292:9
[INFO] [stderr]     11:     0x56234ffb87e8 - std::panicking::rust_panic_with_hook::h2b5517d590cab22e
[INFO] [stderr]                                  at /rustc/82e1608dfa6e0b5569232559e3d385fea5a93112/library/std/src/panicking.rs:779:13
[INFO] [stderr]     12:     0x56234ffb86ce - std::panicking::begin_panic_handler::{{closure}}::h233112c06e0ef43e
[INFO] [stderr]                                  at /rustc/82e1608dfa6e0b5569232559e3d385fea5a93112/library/std/src/panicking.rs:657:13
[INFO] [stderr]     13:     0x56234ffb6c16 - std::sys_common::backtrace::__rust_end_short_backtrace::h6e893f24d7ebbff8
[INFO] [stderr]                                  at /rustc/82e1608dfa6e0b5569232559e3d385fea5a93112/library/std/src/sys_common/backtrace.rs:170:18
[INFO] [stderr]     14:     0x56234ffb8432 - rust_begin_unwind
[INFO] [stderr]                                  at /rustc/82e1608dfa6e0b5569232559e3d385fea5a93112/library/std/src/panicking.rs:645:5
[INFO] [stderr]     15:     0x56234fde6d45 - core::panicking::panic_fmt::hbf0e066aabfa482c
[INFO] [stderr]                                  at /rustc/82e1608dfa6e0b5569232559e3d385fea5a93112/library/core/src/panicking.rs:72:14
[INFO] [stderr]     16:     0x56234ff3e2d1 - cmake::fail::hece370d5e2efc024
[INFO] [stderr]     17:     0x56234ff3da57 - cmake::run::h7ddda549dcd87abc
[INFO] [stderr]     18:     0x56234ff3a32d - cmake::Config::build::h063951fbc441812b
[INFO] [stderr]     19:     0x56234fdee7f0 - build_script_build::main::hb5f5571df1846b41
[INFO] [stderr]     20:     0x56234fde8053 - core::ops::function::FnOnce::call_once::hcd2c2e483c0b3206
[INFO] [stderr]     21:     0x56234fde7a36 - std::sys_common::backtrace::__rust_begin_short_backtrace::h9fe9892271204c61
[INFO] [stderr]     22:     0x56234fdeac89 - std::rt::lang_start::{{closure}}::he200b90754fd6c7a
[INFO] [stderr]     23:     0x56234ffaeec7 - core::ops::function::impls::<impl core::ops::function::FnOnce<A> for &F>::call_once::hd95060ecd5e1ca24
[INFO] [stderr]                                  at /rustc/82e1608dfa6e0b5569232559e3d385fea5a93112/library/core/src/ops/function.rs:284:13
[INFO] [stderr]     24:     0x56234ffaeec7 - std::panicking::try::do_call::h6e8cf51db32a6e4b
[INFO] [stderr]                                  at /rustc/82e1608dfa6e0b5569232559e3d385fea5a93112/library/std/src/panicking.rs:552:40
[INFO] [stderr]     25:     0x56234ffaeec7 - std::panicking::try::h3a52eefe24fe3c29
[INFO] [stderr]                                  at /rustc/82e1608dfa6e0b5569232559e3d385fea5a93112/library/std/src/panicking.rs:516:19
[INFO] [stderr]     26:     0x56234ffaeec7 - std::panic::catch_unwind::h24c28c23c02c3841
[INFO] [stderr]                                  at /rustc/82e1608dfa6e0b5569232559e3d385fea5a93112/library/std/src/panic.rs:142:14
[INFO] [stderr]     27:     0x56234ffaeec7 - std::rt::lang_start_internal::{{closure}}::h705d3c9cbc06ef47
[INFO] [stderr]                                  at /rustc/82e1608dfa6e0b5569232559e3d385fea5a93112/library/std/src/rt.rs:148:48
[INFO] [stderr]     28:     0x56234ffaeec7 - std::panicking::try::do_call::ha21f52ba13158470
[INFO] [stderr]                                  at /rustc/82e1608dfa6e0b5569232559e3d385fea5a93112/library/std/src/panicking.rs:552:40
[INFO] [stderr]     29:     0x56234ffaeec7 - std::panicking::try::h5581346bf6aeb1f8
[INFO] [stderr]                                  at /rustc/82e1608dfa6e0b5569232559e3d385fea5a93112/library/std/src/panicking.rs:516:19
[INFO] [stderr]     30:     0x56234ffaeec7 - std::panic::catch_unwind::h7919645a6b72e25b
[INFO] [stderr]                                  at /rustc/82e1608dfa6e0b5569232559e3d385fea5a93112/library/std/src/panic.rs:142:14
[INFO] [stderr]     31:     0x56234ffaeec7 - std::rt::lang_start_internal::h12de51168669836e
[INFO] [stderr]                                  at /rustc/82e1608dfa6e0b5569232559e3d385fea5a93112/library/std/src/rt.rs:148:20
[INFO] [stderr]     32:     0x56234fdeac67 - std::rt::lang_start::h868a8b42588d9d7e
[INFO] [stderr]     33:     0x56234fdef2d5 - main
[INFO] [stderr]     34:     0x7f85f9d64d90 - <unknown>
[INFO] [stderr]     35:     0x7f85f9d64e40 - __libc_start_main
[INFO] [stderr]     36:     0x56234fde75d5 - _start
[INFO] [stderr]     37:                0x0 - <unknown>
[INFO] running `Command { std: "docker" "inspect" "6cbe1674d48b6801347111411432545ebf0041ee2d4a14b7cd7b04edcdf194fd", kill_on_drop: false }`
[INFO] running `Command { std: "docker" "rm" "-f" "6cbe1674d48b6801347111411432545ebf0041ee2d4a14b7cd7b04edcdf194fd", kill_on_drop: false }`
[INFO] [stdout] 6cbe1674d48b6801347111411432545ebf0041ee2d4a14b7cd7b04edcdf194fd
[INFO] documenting cargo-psibase-0.1.3 against beta-2023-12-22 for beta-1.76-rustdoc-1
[INFO] extracting crate cargo-psibase 0.1.3 into /workspace/builds/worker-5-tc2/source
[INFO] validating manifest of crates.io crate cargo-psibase 0.1.3 on toolchain beta-2023-12-22
[INFO] running `Command { std: CARGO_HOME="/workspace/cargo-home" RUSTUP_HOME="/workspace/rustup-home" "/workspace/cargo-home/bin/cargo" "+beta-2023-12-22" "metadata" "--manifest-path" "Cargo.toml" "--no-deps", kill_on_drop: false }`
[INFO] started tweaking crates.io crate cargo-psibase 0.1.3
[INFO] finished tweaking crates.io crate cargo-psibase 0.1.3
[INFO] tweaked toml for crates.io crate cargo-psibase 0.1.3 written to /workspace/builds/worker-5-tc2/source/Cargo.toml
[INFO] crate crates.io crate cargo-psibase 0.1.3 already has a lockfile, it will not be regenerated
[INFO] running `Command { std: CARGO_HOME="/workspace/cargo-home" RUSTUP_HOME="/workspace/rustup-home" "/workspace/cargo-home/bin/cargo" "+beta-2023-12-22" "fetch" "--manifest-path" "Cargo.toml", kill_on_drop: false }`
[INFO] running `Command { std: "docker" "create" "-v" "/var/lib/crater-agent-workspace/builds/worker-5-tc2/target:/opt/rustwide/target:rw,Z" "-v" "/var/lib/crater-agent-workspace/builds/worker-5-tc2/source:/opt/rustwide/workdir:ro,Z" "-v" "/var/lib/crater-agent-workspace/cargo-home:/opt/rustwide/cargo-home:ro,Z" "-v" "/var/lib/crater-agent-workspace/rustup-home:/opt/rustwide/rustup-home:ro,Z" "-e" "SOURCE_DIR=/opt/rustwide/workdir" "-e" "CARGO_TARGET_DIR=/opt/rustwide/target" "-e" "CARGO_HOME=/opt/rustwide/cargo-home" "-e" "RUSTUP_HOME=/opt/rustwide/rustup-home" "-w" "/opt/rustwide/workdir" "-m" "1610612736" "--user" "0:0" "--network" "none" "ghcr.io/rust-lang/crates-build-env/linux@sha256:2788e3201cd34a07e3172128adcd8b3090168a8e3bcc40d7c032b9dda1df7d1c" "/opt/rustwide/cargo-home/bin/cargo" "+beta-2023-12-22" "metadata" "--no-deps" "--format-version=1", kill_on_drop: false }`
[INFO] [stdout] 56b9548c05c128d1bfe4069afbffe45179a64d9f845af4250a579cb2b8acf9c2
[INFO] running `Command { std: "docker" "start" "-a" "56b9548c05c128d1bfe4069afbffe45179a64d9f845af4250a579cb2b8acf9c2", kill_on_drop: false }`
[INFO] running `Command { std: "docker" "inspect" "56b9548c05c128d1bfe4069afbffe45179a64d9f845af4250a579cb2b8acf9c2", kill_on_drop: false }`
[INFO] running `Command { std: "docker" "rm" "-f" "56b9548c05c128d1bfe4069afbffe45179a64d9f845af4250a579cb2b8acf9c2", kill_on_drop: false }`
[INFO] [stdout] 56b9548c05c128d1bfe4069afbffe45179a64d9f845af4250a579cb2b8acf9c2
[INFO] running `Command { std: "docker" "create" "-v" "/var/lib/crater-agent-workspace/builds/worker-5-tc2/target:/opt/rustwide/target:rw,Z" "-v" "/var/lib/crater-agent-workspace/builds/worker-5-tc2/source:/opt/rustwide/workdir:ro,Z" "-v" "/var/lib/crater-agent-workspace/cargo-home:/opt/rustwide/cargo-home:ro,Z" "-v" "/var/lib/crater-agent-workspace/rustup-home:/opt/rustwide/rustup-home:ro,Z" "-e" "SOURCE_DIR=/opt/rustwide/workdir" "-e" "CARGO_TARGET_DIR=/opt/rustwide/target" "-e" "CARGO_INCREMENTAL=0" "-e" "RUST_BACKTRACE=full" "-e" "RUSTFLAGS=--cap-lints=warn" "-e" "RUSTDOCFLAGS=--cap-lints=warn" "-e" "CARGO_HOME=/opt/rustwide/cargo-home" "-e" "RUSTUP_HOME=/opt/rustwide/rustup-home" "-w" "/opt/rustwide/workdir" "-m" "1610612736" "--user" "0:0" "--network" "none" "ghcr.io/rust-lang/crates-build-env/linux@sha256:2788e3201cd34a07e3172128adcd8b3090168a8e3bcc40d7c032b9dda1df7d1c" "/opt/rustwide/cargo-home/bin/cargo" "+beta-2023-12-22" "doc" "--frozen" "--no-deps" "--document-private-items" "--message-format=json", kill_on_drop: false }`
[INFO] [stdout] c1e129d9a750a7362d16445e3f901df62c192b7010c4bcac1acecc10dc56a2d7
[INFO] running `Command { std: "docker" "start" "-a" "c1e129d9a750a7362d16445e3f901df62c192b7010c4bcac1acecc10dc56a2d7", kill_on_drop: false }`
[INFO] [stderr]    Compiling proc-macro2 v1.0.47
[INFO] [stderr]    Compiling quote v1.0.21
[INFO] [stderr]    Compiling unicode-ident v1.0.5
[INFO] [stderr]    Compiling syn v1.0.103
[INFO] [stderr]    Compiling serde_derive v1.0.147
[INFO] [stderr]    Compiling serde v1.0.147
[INFO] [stderr]    Compiling libc v0.2.137
[INFO] [stderr]    Compiling memchr v2.5.0
[INFO] [stderr]    Compiling version_check v0.9.4
[INFO] [stderr]    Compiling cc v1.0.76
[INFO] [stderr]     Checking once_cell v1.16.0
[INFO] [stderr]    Compiling futures-core v0.3.25
[INFO] [stderr]     Checking pin-project-lite v0.2.9
[INFO] [stderr]    Compiling log v0.4.17
[INFO] [stderr]    Compiling indexmap v1.9.1
[INFO] [stderr]     Checking itoa v1.0.4
[INFO] [stderr]    Compiling regex-syntax v0.6.28
[INFO] [stderr]    Compiling slab v0.4.7
[INFO] [stderr]    Compiling serde_json v1.0.87
[INFO] [stderr]    Compiling futures-channel v0.3.25
[INFO] [stderr]     Checking futures-sink v0.3.25
[INFO] [stderr]    Compiling thiserror v1.0.37
[INFO] [stderr]    Compiling futures-task v0.3.25
[INFO] [stderr]    Compiling futures-util v0.3.25
[INFO] [stderr]    Compiling parking_lot_core v0.9.4
[INFO] [stderr]     Checking hashbrown v0.12.3
[INFO] [stderr]     Checking futures-io v0.3.25
[INFO] [stderr]    Compiling tokio v1.21.2
[INFO] [stderr]    Compiling unicode-segmentation v1.10.0
[INFO] [stderr]     Checking untrusted v0.7.1
[INFO] [stderr]     Checking spin v0.5.2
[INFO] [stderr]    Compiling cmake v0.1.49
[INFO] [stderr]    Compiling proc-macro-error-attr v1.0.4
[INFO] [stderr]    Compiling ident_case v1.0.1
[INFO] [stderr]    Compiling typenum v1.15.0
[INFO] [stderr]    Compiling fnv v1.0.7
[INFO] [stderr]     Checking ryu v1.0.11
[INFO] [stderr]    Compiling httparse v1.8.0
[INFO] [stderr]    Compiling strsim v0.10.0
[INFO] [stderr]    Compiling proc-macro-error v1.0.4
[INFO] [stderr]    Compiling aho-corasick v0.7.19
[INFO] [stderr]    Compiling unicase v2.6.0
[INFO] [stderr]    Compiling heck v0.3.3
[INFO] [stderr]    Compiling generic-array v0.14.6
[INFO] [stderr]     Checking tracing-core v0.1.30
[INFO] [stderr]    Compiling num-traits v0.2.15
[INFO] [stderr]    Compiling rustls v0.20.7
[INFO] [stderr]     Checking signal-hook-registry v1.4.0
[INFO] [stderr]     Checking num_cpus v1.14.0
[INFO] [stderr]     Checking socket2 v0.4.7
[INFO] [stderr]     Checking mio v0.8.5
[INFO] [stderr]     Checking tinyvec_macros v0.1.0
[INFO] [stderr]    Compiling encoding_rs v0.8.31
[INFO] [stderr]     Checking parking_lot v0.12.1
[INFO] [stderr]     Checking percent-encoding v2.2.0
[INFO] [stderr]     Checking tracing v0.1.37
[INFO] [stderr]     Checking tinyvec v1.6.0
[INFO] [stderr]     Checking form_urlencoded v1.1.0
[INFO] [stderr]    Compiling ring v0.16.20
[INFO] [stderr]     Checking try-lock v0.2.3
[INFO] [stderr]    Compiling secp256k1-sys v0.5.2
[INFO] [stderr]    Compiling multer v2.0.4
[INFO] [stderr]     Checking want v0.3.0
[INFO] [stderr]    Compiling num-integer v0.1.45
[INFO] [stderr]    Compiling seahash v2.4.0
[INFO] [stderr]     Checking tower-service v0.3.2
[INFO] [stderr]     Checking base64 v0.13.1
[INFO] [stderr]     Checking httpdate v1.0.2
[INFO] [stderr]     Checking unicode-bidi v0.3.8
[INFO] [stderr]    Compiling async-trait v0.1.58
[INFO] [stderr]    Compiling lazy_static v1.4.0
[INFO] [stderr]    Compiling portable-atomic v0.3.15
[INFO] [stderr]    Compiling psibase_names v0.1.5
[INFO] [stderr]    Compiling mime_guess v2.0.4
[INFO] [stderr]     Checking terminal_size v0.1.17
[INFO] [stderr]     Checking fastrand v1.8.0
[INFO] [stderr]     Checking os_str_bytes v6.4.0
[INFO] [stderr]    Compiling heck v0.4.0
[INFO] [stderr]    Compiling semver v1.0.14
[INFO] [stderr]    Compiling regex v1.7.0
[INFO] [stderr]    Compiling camino v1.1.1
[INFO] [stderr]     Checking unicode-normalization v0.1.22
[INFO] [stderr]     Checking remove_dir_all v0.5.3
[INFO] [stderr]     Checking ascii_utils v0.9.3
[INFO] [stderr]    Compiling anyhow v1.0.66
[INFO] [stderr]     Checking unicode-width v0.1.10
[INFO] [stderr]     Checking spin v0.9.4
[INFO] [stderr]     Checking console v0.15.2
[INFO] [stderr]     Checking fast_chemail v0.9.6
[INFO] [stderr]     Checking tempfile v3.3.0
[INFO] [stderr]     Checking clap_lex v0.2.4
[INFO] [stderr]     Checking rustls-pemfile v1.0.1
[INFO] [stderr]    Compiling include_dir_macros v0.7.3
[INFO] [stderr]     Checking idna v0.3.0
[INFO] [stderr]     Checking atty v0.2.14
[INFO] [stderr]     Checking time v0.1.44
[INFO] [stderr]     Checking ipnet v2.5.1
[INFO] [stderr]     Checking textwrap v0.16.0
[INFO] [stderr]     Checking iana-time-zone v0.1.53
[INFO] [stderr]     Checking block-buffer v0.10.3
[INFO] [stderr]     Checking crypto-common v0.1.6
[INFO] [stderr]     Checking bitcoin_hashes v0.10.0
[INFO] [stderr]     Checking custom_error v1.9.2
[INFO] [stderr]     Checking termcolor v1.1.3
[INFO] [stderr]     Checking digest v0.10.5
[INFO] [stderr]     Checking number_prefix v0.4.0
[INFO] [stderr]     Checking chrono v0.4.22
[INFO] [stderr]     Checking indicatif v0.17.2
[INFO] [stderr]     Checking parity-wasm v0.45.0
[INFO] [stderr]     Checking ripemd v0.1.3
[INFO] [stderr]     Checking url v2.3.1
[INFO] [stderr]     Checking include_dir v0.7.3
[INFO] [stderr]    Compiling Inflector v0.11.4
[INFO] [stderr]    Compiling binaryen-sys v0.12.0
[INFO] [stderr]     Checking webpki v0.22.0
[INFO] [stderr]     Checking sct v0.7.0
[INFO] [stderr]    Compiling darling_core v0.14.2
[INFO] [stderr]     Checking webpki-roots v0.22.5
[INFO] [stderr] error: could not compile `rustls` (lib)
[INFO] [stderr] 
[INFO] [stderr] Caused by:
[INFO] [stderr]   process didn't exit successfully: `/opt/rustwide/rustup-home/toolchains/beta-2023-12-22-x86_64-unknown-linux-gnu/bin/rustc --crate-name rustls --edition=2018 /opt/rustwide/cargo-home/registry/src/index.crates.io-6f17d22bba15001f/rustls-0.20.7/src/lib.rs --error-format=json --json=diagnostic-rendered-ansi,artifacts,future-incompat --crate-type lib --emit=dep-info,metadata -C embed-bitcode=no -C debuginfo=2 --cfg 'feature="dangerous_configuration"' --cfg 'feature="default"' --cfg 'feature="log"' --cfg 'feature="logging"' --cfg 'feature="tls12"' -C metadata=e825bdcf3efa0d1f -C extra-filename=-e825bdcf3efa0d1f --out-dir /opt/rustwide/target/debug/deps -L dependency=/opt/rustwide/target/debug/deps --extern log=/opt/rustwide/target/debug/deps/liblog-8500ce60b53d0e3d.rmeta --extern ring=/opt/rustwide/target/debug/deps/libring-6ffa89ec4f5a34c4.rmeta --extern sct=/opt/rustwide/target/debug/deps/libsct-72f284c193a535dc.rmeta --extern webpki=/opt/rustwide/target/debug/deps/libwebpki-48eda71443364d80.rmeta --cap-lints allow --cap-lints=warn -L native=/opt/rustwide/target/debug/build/ring-dfb0f75336551455/out` (signal: 9, SIGKILL: kill)
[INFO] [stderr] warning: build failed, waiting for other jobs to finish...
[INFO] [stderr] error: could not compile `darling_core` (lib)
[INFO] [stderr] 
[INFO] [stderr] Caused by:
[INFO] [stderr]   process didn't exit successfully: `/opt/rustwide/rustup-home/toolchains/beta-2023-12-22-x86_64-unknown-linux-gnu/bin/rustc --crate-name darling_core --edition=2018 /opt/rustwide/cargo-home/registry/src/index.crates.io-6f17d22bba15001f/darling_core-0.14.2/src/lib.rs --error-format=json --json=diagnostic-rendered-ansi,artifacts,future-incompat --crate-type lib --emit=dep-info,metadata,link -C embed-bitcode=no --cfg 'feature="strsim"' --cfg 'feature="suggestions"' -C metadata=9164b4db41846503 -C extra-filename=-9164b4db41846503 --out-dir /opt/rustwide/target/debug/deps -L dependency=/opt/rustwide/target/debug/deps --extern fnv=/opt/rustwide/target/debug/deps/libfnv-78ae95906ab73f72.rmeta --extern ident_case=/opt/rustwide/target/debug/deps/libident_case-30b0c5379ece2ce2.rmeta --extern proc_macro2=/opt/rustwide/target/debug/deps/libproc_macro2-b4e21cb7acbf2b3c.rmeta --extern quote=/opt/rustwide/target/debug/deps/libquote-8dc8c834a5e14fdc.rmeta --extern strsim=/opt/rustwide/target/debug/deps/libstrsim-5ffb9732577ffcf1.rmeta --extern syn=/opt/rustwide/target/debug/deps/libsyn-1b28d545a2c8f071.rmeta --cap-lints allow --cap-lints=warn` (signal: 9, SIGKILL: kill)
[INFO] [stderr] error: could not compile `serde_derive` (lib)
[INFO] [stderr] 
[INFO] [stderr] Caused by:
[INFO] [stderr]   process didn't exit successfully: `/opt/rustwide/rustup-home/toolchains/beta-2023-12-22-x86_64-unknown-linux-gnu/bin/rustc --crate-name serde_derive /opt/rustwide/cargo-home/registry/src/index.crates.io-6f17d22bba15001f/serde_derive-1.0.147/src/lib.rs --error-format=json --json=diagnostic-rendered-ansi,artifacts,future-incompat --crate-type proc-macro --emit=dep-info,link -C prefer-dynamic -C embed-bitcode=no --cfg 'feature="default"' -C metadata=26f80e7623453c48 -C extra-filename=-26f80e7623453c48 --out-dir /opt/rustwide/target/debug/deps -L dependency=/opt/rustwide/target/debug/deps --extern proc_macro2=/opt/rustwide/target/debug/deps/libproc_macro2-b4e21cb7acbf2b3c.rlib --extern quote=/opt/rustwide/target/debug/deps/libquote-8dc8c834a5e14fdc.rlib --extern syn=/opt/rustwide/target/debug/deps/libsyn-1b28d545a2c8f071.rlib --extern proc_macro --cap-lints allow --cap-lints=warn` (signal: 9, SIGKILL: kill)
[INFO] [stderr] error: failed to run custom build command for `binaryen-sys v0.12.0`
[INFO] [stderr] note: To improve backtraces for build dependencies, set the CARGO_PROFILE_DEV_BUILD_OVERRIDE_DEBUG=true environment variable to enable debug information generation.
[INFO] [stderr] 
[INFO] [stderr] Caused by:
[INFO] [stderr]   process didn't exit successfully: `/opt/rustwide/target/debug/build/binaryen-sys-db8825c31727291f/build-script-build` (exit status: 101)
[INFO] [stderr]   --- stdout
[INFO] [stderr]   CMAKE_TOOLCHAIN_FILE_x86_64-unknown-linux-gnu = None
[INFO] [stderr]   CMAKE_TOOLCHAIN_FILE_x86_64_unknown_linux_gnu = None
[INFO] [stderr]   HOST_CMAKE_TOOLCHAIN_FILE = None
[INFO] [stderr]   CMAKE_TOOLCHAIN_FILE = None
[INFO] [stderr]   CMAKE_GENERATOR_x86_64-unknown-linux-gnu = None
[INFO] [stderr]   CMAKE_GENERATOR_x86_64_unknown_linux_gnu = None
[INFO] [stderr]   HOST_CMAKE_GENERATOR = None
[INFO] [stderr]   CMAKE_GENERATOR = None
[INFO] [stderr]   CMAKE_PREFIX_PATH_x86_64-unknown-linux-gnu = None
[INFO] [stderr]   CMAKE_PREFIX_PATH_x86_64_unknown_linux_gnu = None
[INFO] [stderr]   HOST_CMAKE_PREFIX_PATH = None
[INFO] [stderr]   CMAKE_PREFIX_PATH = None
[INFO] [stderr]   CMAKE_x86_64-unknown-linux-gnu = None
[INFO] [stderr]   CMAKE_x86_64_unknown_linux_gnu = None
[INFO] [stderr]   HOST_CMAKE = None
[INFO] [stderr]   CMAKE = None
[INFO] [stderr]   running: cd "/opt/rustwide/target/debug/build/binaryen-sys-c15a52dde759cbf2/out/build" && CMAKE_PREFIX_PATH="" "cmake" "/opt/rustwide/cargo-home/registry/src/index.crates.io-6f17d22bba15001f/binaryen-sys-0.12.0/binaryen" "-DBUILD_STATIC_LIB=ON" "-DENABLE_WERROR=OFF" "-DCMAKE_INSTALL_PREFIX=/opt/rustwide/target/debug/build/binaryen-sys-c15a52dde759cbf2/out" "-DCMAKE_C_FLAGS= -ffunction-sections -fdata-sections -fPIC -m64" "-DCMAKE_C_COMPILER=/usr/bin/cc" "-DCMAKE_CXX_FLAGS= -ffunction-sections -fdata-sections -fPIC -m64" "-DCMAKE_CXX_COMPILER=/usr/bin/c++" "-DCMAKE_ASM_FLAGS= -ffunction-sections -fdata-sections -fPIC -m64" "-DCMAKE_ASM_COMPILER=/usr/bin/cc" "-DCMAKE_BUILD_TYPE=Debug"
[INFO] [stderr]   -- The C compiler identification is GNU 11.4.0
[INFO] [stderr]   -- The CXX compiler identification is GNU 11.4.0
[INFO] [stderr]   -- Detecting C compiler ABI info
[INFO] [stderr]   -- Detecting C compiler ABI info - done
[INFO] [stderr]   -- Check for working C compiler: /usr/bin/cc - skipped
[INFO] [stderr]   -- Detecting C compile features
[INFO] [stderr]   -- Detecting C compile features - done
[INFO] [stderr]   -- Detecting CXX compiler ABI info
[INFO] [stderr]   -- Detecting CXX compiler ABI info - done
[INFO] [stderr]   -- Check for working CXX compiler: /usr/bin/c++ - skipped
[INFO] [stderr]   -- Detecting CXX compile features
[INFO] [stderr]   -- Detecting CXX compile features - done
[INFO] [stderr]   -- Building with -DBUILD_LLVM_DWARF
[INFO] [stderr]   -- Looking for pthread.h
[INFO] [stderr]   -- Looking for pthread.h - found
[INFO] [stderr]   -- Performing Test CMAKE_HAVE_LIBC_PTHREAD
[INFO] [stderr]   -- Performing Test CMAKE_HAVE_LIBC_PTHREAD - Success
[INFO] [stderr]   -- Found Threads: TRUE  
[INFO] [stderr]   -- Building with -std=c++14
[INFO] [stderr]   -- Building with -Wall
[INFO] [stderr]   -- Building with -Wextra
[INFO] [stderr]   -- Building with -Wno-unused-parameter
[INFO] [stderr]   -- Building with -fno-omit-frame-pointer
[INFO] [stderr]   -- Building with -Wno-implicit-int-float-conversion
[INFO] [stderr]   -- Building with -Wno-unknown-warning-option
[INFO] [stderr]   -- Building with -Wswitch
[INFO] [stderr]   -- Building with -fPIC
[INFO] [stderr]   -- Building with -O0
[INFO] [stderr]   -- Building with -g3
[INFO] [stderr]   -- Found PythonInterp: /usr/bin/python3 (found suitable version "3.10.12", minimum required is "3.5") 
[INFO] [stderr]   -- Building libbinaryen as statically linked library.
[INFO] [stderr]   -- Configuring done
[INFO] [stderr]   -- Generating done
[INFO] [stderr]   -- Build files have been written to: /opt/rustwide/target/debug/build/binaryen-sys-c15a52dde759cbf2/out/build
[INFO] [stderr]   running: cd "/opt/rustwide/target/debug/build/binaryen-sys-c15a52dde759cbf2/out/build" && MAKEFLAGS="-j --jobserver-fds=7,8 --jobserver-auth=7,8" "cmake" "--build" "." "--target" "install" "--config" "Debug"
[INFO] [stderr]   [  0%] Generating WasmIntrinsics.cpp
[INFO] [stderr]   [  1%] Building CXX object src/cfg/CMakeFiles/cfg.dir/Relooper.cpp.o
[INFO] [stderr]   [  1%] Building CXX object third_party/llvm-project/CMakeFiles/llvm_dwarf.dir/Binary.cpp.o
[INFO] [stderr]   [  1%] Building CXX object src/asmjs/CMakeFiles/asmjs.dir/asm_v_wasm.cpp.o
[INFO] [stderr]   [  2%] Building CXX object src/ir/CMakeFiles/ir.dir/ExpressionAnalyzer.cpp.o
[INFO] [stderr]   [  3%] Building CXX object src/asmjs/CMakeFiles/asmjs.dir/asmangle.cpp.o
[INFO] [stderr]   [  3%] Building CXX object src/emscripten-optimizer/CMakeFiles/emscripten-optimizer.dir/optimizer-shared.cpp.o
[INFO] [stderr]   [  4%] Building CXX object third_party/llvm-project/CMakeFiles/llvm_dwarf.dir/ConvertUTF.cpp.o
[INFO] [stderr]   [  4%] Building CXX object src/asmjs/CMakeFiles/asmjs.dir/shared-constants.cpp.o
[INFO] [stderr]   [  5%] Building CXX object src/passes/CMakeFiles/passes.dir/pass.cpp.o
[INFO] [stderr]   [  5%] Building CXX object src/ir/CMakeFiles/ir.dir/ExpressionManipulator.cpp.o
[INFO] [stderr]   [  5%] Building CXX object src/passes/CMakeFiles/passes.dir/AlignmentLowering.cpp.o
[INFO] [stderr]   [  6%] Building CXX object src/passes/CMakeFiles/passes.dir/Asyncify.cpp.o
[INFO] [stderr]   [  6%] Building CXX object third_party/llvm-project/CMakeFiles/llvm_dwarf.dir/DataExtractor.cpp.o
[INFO] [stderr]   [  7%] Building CXX object src/support/CMakeFiles/support.dir/archive.cpp.o
[INFO] [stderr]   [  8%] Building CXX object src/wasm/CMakeFiles/wasm.dir/literal.cpp.o
[INFO] [stderr]   [  9%] Building CXX object third_party/llvm-project/CMakeFiles/llvm_dwarf.dir/Debug.cpp.o
[INFO] [stderr]   [  9%] Building CXX object third_party/llvm-project/CMakeFiles/llvm_dwarf.dir/DJB.cpp.o
[INFO] [stderr]   [ 10%] Building CXX object third_party/llvm-project/CMakeFiles/llvm_dwarf.dir/Dwarf.cpp.o
[INFO] [stderr]   [ 10%] Building CXX object third_party/llvm-project/CMakeFiles/llvm_dwarf.dir/dwarf2yaml.cpp.o
[INFO] [stderr]   [ 11%] Building CXX object third_party/llvm-project/CMakeFiles/llvm_dwarf.dir/DWARFAbbreviationDeclaration.cpp.o
[INFO] [stderr]   [ 12%] Building CXX object src/emscripten-optimizer/CMakeFiles/emscripten-optimizer.dir/parser.cpp.o
[INFO] [stderr]   [ 12%] Building CXX object src/emscripten-optimizer/CMakeFiles/emscripten-optimizer.dir/simple_ast.cpp.o
[INFO] [stderr]   [ 12%] Building CXX object src/passes/CMakeFiles/passes.dir/AvoidReinterprets.cpp.o
[INFO] [stderr]   [ 13%] Building CXX object third_party/llvm-project/CMakeFiles/llvm_dwarf.dir/DWARFAcceleratorTable.cpp.o
[INFO] [stderr]   [ 14%] Building CXX object src/passes/CMakeFiles/passes.dir/CoalesceLocals.cpp.o
[INFO] [stderr]   [ 14%] Building CXX object third_party/llvm-project/CMakeFiles/llvm_dwarf.dir/DWARFAddressRange.cpp.o
[INFO] [stderr]   [ 14%] Building CXX object src/support/CMakeFiles/support.dir/bits.cpp.o
[INFO] [stderr]   [ 15%] Building CXX object third_party/llvm-project/CMakeFiles/llvm_dwarf.dir/DWARFCompileUnit.cpp.o
[INFO] [stderr]   [ 16%] Building CXX object src/support/CMakeFiles/support.dir/colors.cpp.o
[INFO] [stderr]   [ 16%] Building CXX object src/support/CMakeFiles/support.dir/command-line.cpp.o
[INFO] [stderr]   [ 17%] Building CXX object src/support/CMakeFiles/support.dir/debug.cpp.o
[INFO] [stderr]   [ 17%] Building CXX object third_party/llvm-project/CMakeFiles/llvm_dwarf.dir/DWARFContext.cpp.o
[INFO] [stderr]   [ 17%] Building CXX object src/support/CMakeFiles/support.dir/file.cpp.o
[INFO] [stderr]   [ 18%] Building CXX object third_party/llvm-project/CMakeFiles/llvm_dwarf.dir/DWARFDataExtractor.cpp.o
[INFO] [stderr]   [ 19%] Building CXX object src/support/CMakeFiles/support.dir/path.cpp.o
[INFO] [stderr]   [ 19%] Building CXX object src/support/CMakeFiles/support.dir/safe_integer.cpp.o
[INFO] [stderr]   [ 20%] Building CXX object src/support/CMakeFiles/support.dir/threads.cpp.o
[INFO] [stderr]   [ 20%] Building CXX object src/support/CMakeFiles/support.dir/utilities.cpp.o
[INFO] [stderr]   [ 20%] Building CXX object third_party/llvm-project/CMakeFiles/llvm_dwarf.dir/DWARFDebugAbbrev.cpp.o
[INFO] [stderr]   [ 21%] Building CXX object third_party/llvm-project/CMakeFiles/llvm_dwarf.dir/DWARFDebugAddr.cpp.o
[INFO] [stderr]   [ 21%] Built target emscripten-optimizer
[INFO] [stderr]   [ 21%] Built target support
[INFO] [stderr] 
[INFO] [stderr]   --- stderr
[INFO] [stderr]   fatal: not a git repository (or any parent up to mount point /opt/rustwide)
[INFO] [stderr]   Stopping at filesystem boundary (GIT_DISCOVERY_ACROSS_FILESYSTEM not set).
[INFO] [stderr]   CMake Warning:
[INFO] [stderr]     Manually-specified variables were not used by the project:
[INFO] [stderr] 
[INFO] [stderr]       CMAKE_ASM_COMPILER
[INFO] [stderr]       CMAKE_ASM_FLAGS
[INFO] [stderr] 
[INFO] [stderr] 
[INFO] [stderr]   c++: fatal error: Killed signal terminated program cc1plus
[INFO] [stderr]   compilation terminated.
[INFO] [stderr]   gmake[2]: *** [src/ir/CMakeFiles/ir.dir/build.make:76: src/ir/CMakeFiles/ir.dir/ExpressionAnalyzer.cpp.o] Error 1
[INFO] [stderr]   gmake[2]: *** Waiting for unfinished jobs....
[INFO] [stderr]   c++: fatal error: Killed signal terminated program cc1plus
[INFO] [stderr]   compilation terminated.
[INFO] [stderr]   gmake[2]: *** [src/asmjs/CMakeFiles/asmjs.dir/build.make:76: src/asmjs/CMakeFiles/asmjs.dir/asm_v_wasm.cpp.o] Error 1
[INFO] [stderr]   gmake[1]: *** [CMakeFiles/Makefile2:552: src/asmjs/CMakeFiles/asmjs.dir/all] Error 2
[INFO] [stderr]   gmake[1]: *** Waiting for unfinished jobs....
[INFO] [stderr]   c++: fatal error: Killed signal terminated program cc1plus
[INFO] [stderr]   compilation terminated.
[INFO] [stderr]   gmake[2]: *** [src/cfg/CMakeFiles/cfg.dir/build.make:76: src/cfg/CMakeFiles/cfg.dir/Relooper.cpp.o] Error 1
[INFO] [stderr]   gmake[1]: *** [CMakeFiles/Makefile2:578: src/cfg/CMakeFiles/cfg.dir/all] Error 2
[INFO] [stderr]   c++: fatal error: Killed signal terminated program cc1plus
[INFO] [stderr]   compilation terminated.
[INFO] [stderr]   gmake[2]: *** [src/passes/CMakeFiles/passes.dir/build.make:81: src/passes/CMakeFiles/passes.dir/pass.cpp.o] Error 1
[INFO] [stderr]   gmake[2]: *** Waiting for unfinished jobs....
[INFO] [stderr]   c++: fatal error: Killed signal terminated program cc1plus
[INFO] [stderr]   compilation terminated.
[INFO] [stderr]   gmake[2]: *** [src/ir/CMakeFiles/ir.dir/build.make:90: src/ir/CMakeFiles/ir.dir/ExpressionManipulator.cpp.o] Error 1
[INFO] [stderr]   gmake[1]: *** [CMakeFiles/Makefile2:526: src/ir/CMakeFiles/ir.dir/all] Error 2
[INFO] [stderr]   c++: fatal error: Killed signal terminated program cc1plus
[INFO] [stderr]   compilation terminated.
[INFO] [stderr]   gmake[2]: *** [src/passes/CMakeFiles/passes.dir/build.make:109: src/passes/CMakeFiles/passes.dir/Asyncify.cpp.o] Error 1
[INFO] [stderr]   c++: fatal error: Killed signal terminated program cc1plus
[INFO] [stderr]   compilation terminated.
[INFO] [stderr]   gmake[2]: *** [src/passes/CMakeFiles/passes.dir/build.make:95: src/passes/CMakeFiles/passes.dir/AlignmentLowering.cpp.o] Error 1
[INFO] [stderr]   c++: fatal error: Killed signal terminated program cc1plus
[INFO] [stderr]   compilation terminated.
[INFO] [stderr]   gmake[2]: *** [src/wasm/CMakeFiles/wasm.dir/build.make:76: src/wasm/CMakeFiles/wasm.dir/literal.cpp.o] Error 1
[INFO] [stderr]   gmake[1]: *** [CMakeFiles/Makefile2:682: src/wasm/CMakeFiles/wasm.dir/all] Error 2
[INFO] [stderr]   c++: fatal error: Killed signal terminated program cc1plus
[INFO] [stderr]   compilation terminated.
[INFO] [stderr]   gmake[2]: *** [third_party/llvm-project/CMakeFiles/llvm_dwarf.dir/build.make:160: third_party/llvm-project/CMakeFiles/llvm_dwarf.dir/dwarf2yaml.cpp.o] Error 1
[INFO] [stderr]   gmake[2]: *** Waiting for unfinished jobs....
[INFO] [stderr]   c++: fatal error: Killed signal terminated program cc1plus
[INFO] [stderr]   compilation terminated.
[INFO] [stderr]   gmake[2]: *** [third_party/llvm-project/CMakeFiles/llvm_dwarf.dir/build.make:174: third_party/llvm-project/CMakeFiles/llvm_dwarf.dir/DWARFAbbreviationDeclaration.cpp.o] Error 1
[INFO] [stderr]   c++: fatal error: Killed signal terminated program cc1plus
[INFO] [stderr]   compilation terminated.
[INFO] [stderr]   gmake[2]: *** [src/passes/CMakeFiles/passes.dir/build.make:123: src/passes/CMakeFiles/passes.dir/AvoidReinterprets.cpp.o] Error 1
[INFO] [stderr]   gmake[1]: *** [CMakeFiles/Makefile2:630: src/passes/CMakeFiles/passes.dir/all] Error 2
[INFO] [stderr]   gmake[1]: *** [CMakeFiles/Makefile2:708: third_party/llvm-project/CMakeFiles/llvm_dwarf.dir/all] Error 2
[INFO] [stderr]   gmake: *** [Makefile:136: all] Error 2
[INFO] [stderr]   thread 'main' panicked at /opt/rustwide/cargo-home/registry/src/index.crates.io-6f17d22bba15001f/cmake-0.1.49/src/lib.rs:1104:5:
[INFO] [stderr] 
[INFO] [stderr]   command did not execute successfully, got: exit status: 2
[INFO] [stderr] 
[INFO] [stderr]   build script failed, must exit now
[INFO] [stderr]   stack backtrace:
[INFO] [stderr]      0:     0x563dc461d996 - std::backtrace_rs::backtrace::libunwind::trace::h261606ad26a499c1
[INFO] [stderr]                                  at /rustc/0e09125c6c3c2fd70d7de961bcf0e51575235fad/library/std/src/../../backtrace/src/backtrace/libunwind.rs:104:5
[INFO] [stderr]      1:     0x563dc461d996 - std::backtrace_rs::backtrace::trace_unsynchronized::hd183f0625477fb28
[INFO] [stderr]                                  at /rustc/0e09125c6c3c2fd70d7de961bcf0e51575235fad/library/std/src/../../backtrace/src/backtrace/mod.rs:66:5
[INFO] [stderr]      2:     0x563dc461d996 - std::sys_common::backtrace::_print_fmt::hd7f8fef21b4eda67
[INFO] [stderr]                                  at /rustc/0e09125c6c3c2fd70d7de961bcf0e51575235fad/library/std/src/sys_common/backtrace.rs:68:5
[INFO] [stderr]      3:     0x563dc461d996 - <std::sys_common::backtrace::_print::DisplayBacktrace as core::fmt::Display>::fmt::h623d9b51f2f453f1
[INFO] [stderr]                                  at /rustc/0e09125c6c3c2fd70d7de961bcf0e51575235fad/library/std/src/sys_common/backtrace.rs:44:22
[INFO] [stderr]      4:     0x563dc4644340 - core::fmt::rt::Argument::fmt::h9f417ac76a86f368
[INFO] [stderr]                                  at /rustc/0e09125c6c3c2fd70d7de961bcf0e51575235fad/library/core/src/fmt/rt.rs:142:9
[INFO] [stderr]      5:     0x563dc4644340 - core::fmt::write::hc9b6faf4ac2aeff7
[INFO] [stderr]                                  at /rustc/0e09125c6c3c2fd70d7de961bcf0e51575235fad/library/core/src/fmt/mod.rs:1120:17
[INFO] [stderr]      6:     0x563dc461aabf - std::io::Write::write_fmt::hfead1eee52c2e65e
[INFO] [stderr]                                  at /rustc/0e09125c6c3c2fd70d7de961bcf0e51575235fad/library/std/src/io/mod.rs:1810:15
[INFO] [stderr]      7:     0x563dc461d774 - std::sys_common::backtrace::_print::hd5d66399c7df88a2
[INFO] [stderr]                                  at /rustc/0e09125c6c3c2fd70d7de961bcf0e51575235fad/library/std/src/sys_common/backtrace.rs:47:5
[INFO] [stderr]      8:     0x563dc461d774 - std::sys_common::backtrace::print::he81ed2da642d37e5
[INFO] [stderr]                                  at /rustc/0e09125c6c3c2fd70d7de961bcf0e51575235fad/library/std/src/sys_common/backtrace.rs:34:9
[INFO] [stderr]      9:     0x563dc461f6a7 - std::panicking::default_hook::{{closure}}::h85773f4fa117163d
[INFO] [stderr]     10:     0x563dc461f409 - std::panicking::default_hook::h6a1694a91d09b278
[INFO] [stderr]                                  at /rustc/0e09125c6c3c2fd70d7de961bcf0e51575235fad/library/std/src/panicking.rs:292:9
[INFO] [stderr]     11:     0x563dc461fb38 - std::panicking::rust_panic_with_hook::h0a7ad96e90f7145b
[INFO] [stderr]                                  at /rustc/0e09125c6c3c2fd70d7de961bcf0e51575235fad/library/std/src/panicking.rs:779:13
[INFO] [stderr]     12:     0x563dc461fa12 - std::panicking::begin_panic_handler::{{closure}}::h7919090525c6485e
[INFO] [stderr]                                  at /rustc/0e09125c6c3c2fd70d7de961bcf0e51575235fad/library/std/src/panicking.rs:657:13
[INFO] [stderr]     13:     0x563dc461de96 - std::sys_common::backtrace::__rust_end_short_backtrace::hf3289479464f7dfe
[INFO] [stderr]                                  at /rustc/0e09125c6c3c2fd70d7de961bcf0e51575235fad/library/std/src/sys_common/backtrace.rs:171:18
[INFO] [stderr]     14:     0x563dc461f770 - rust_begin_unwind
[INFO] [stderr]                                  at /rustc/0e09125c6c3c2fd70d7de961bcf0e51575235fad/library/std/src/panicking.rs:645:5
[INFO] [stderr]     15:     0x563dc444ad75 - core::panicking::panic_fmt::hcc9f77c5c132af55
[INFO] [stderr]                                  at /rustc/0e09125c6c3c2fd70d7de961bcf0e51575235fad/library/core/src/panicking.rs:72:14
[INFO] [stderr]     16:     0x563dc45a39c1 - cmake::fail::h9be9a15f28d12bcc
[INFO] [stderr]     17:     0x563dc45a3157 - cmake::run::hd1f20b45ab44ba79
[INFO] [stderr]     18:     0x563dc459fa4a - cmake::Config::build::hda56eb34891c76cb
[INFO] [stderr]     19:     0x563dc44527ac - build_script_build::main::h667fef7af32f971e
[INFO] [stderr]     20:     0x563dc444bf43 - core::ops::function::FnOnce::call_once::h0a22818aa3b791c5
[INFO] [stderr]     21:     0x563dc444b866 - std::sys_common::backtrace::__rust_begin_short_backtrace::h50341b6b737295e3
[INFO] [stderr]     22:     0x563dc444bad9 - std::rt::lang_start::{{closure}}::he233aa72071ad995
[INFO] [stderr]     23:     0x563dc4615e41 - core::ops::function::impls::<impl core::ops::function::FnOnce<A> for &F>::call_once::h4eb4c5e1620f29b0
[INFO] [stderr]                                  at /rustc/0e09125c6c3c2fd70d7de961bcf0e51575235fad/library/core/src/ops/function.rs:284:13
[INFO] [stderr]     24:     0x563dc4615e41 - std::panicking::try::do_call::h73fd26535faffcdf
[INFO] [stderr]                                  at /rustc/0e09125c6c3c2fd70d7de961bcf0e51575235fad/library/std/src/panicking.rs:552:40
[INFO] [stderr]     25:     0x563dc4615e41 - std::panicking::try::h77ff1d98f0fb9f39
[INFO] [stderr]                                  at /rustc/0e09125c6c3c2fd70d7de961bcf0e51575235fad/library/std/src/panicking.rs:516:19
[INFO] [stderr]     26:     0x563dc4615e41 - std::panic::catch_unwind::hab3caf2448b95e37
[INFO] [stderr]                                  at /rustc/0e09125c6c3c2fd70d7de961bcf0e51575235fad/library/std/src/panic.rs:142:14
[INFO] [stderr]     27:     0x563dc4615e41 - std::rt::lang_start_internal::{{closure}}::h8086711f9c783f78
[INFO] [stderr]                                  at /rustc/0e09125c6c3c2fd70d7de961bcf0e51575235fad/library/std/src/rt.rs:148:48
[INFO] [stderr]     28:     0x563dc4615e41 - std::panicking::try::do_call::hf920d4dc291cd6ca
[INFO] [stderr]                                  at /rustc/0e09125c6c3c2fd70d7de961bcf0e51575235fad/library/std/src/panicking.rs:552:40
[INFO] [stderr]     29:     0x563dc4615e41 - std::panicking::try::h2b806ccc0a85db74
[INFO] [stderr]                                  at /rustc/0e09125c6c3c2fd70d7de961bcf0e51575235fad/library/std/src/panicking.rs:516:19
[INFO] [stderr]     30:     0x563dc4615e41 - std::panic::catch_unwind::h038489539c507df2
[INFO] [stderr]                                  at /rustc/0e09125c6c3c2fd70d7de961bcf0e51575235fad/library/std/src/panic.rs:142:14
[INFO] [stderr]     31:     0x563dc4615e41 - std::rt::lang_start_internal::h28503b88912e8a5c
[INFO] [stderr]                                  at /rustc/0e09125c6c3c2fd70d7de961bcf0e51575235fad/library/std/src/rt.rs:148:20
[INFO] [stderr]     32:     0x563dc444bab7 - std::rt::lang_start::hb6ab87bb9511f7dc
[INFO] [stderr]     33:     0x563dc44532a5 - main
[INFO] [stderr]     34:     0x7f5b24d8dd90 - <unknown>
[INFO] [stderr]     35:     0x7f5b24d8de40 - __libc_start_main
[INFO] [stderr]     36:     0x563dc444b615 - _start
[INFO] [stderr]     37:                0x0 - <unknown>
[INFO] running `Command { std: "docker" "inspect" "c1e129d9a750a7362d16445e3f901df62c192b7010c4bcac1acecc10dc56a2d7", kill_on_drop: false }`
[INFO] running `Command { std: "docker" "rm" "-f" "c1e129d9a750a7362d16445e3f901df62c192b7010c4bcac1acecc10dc56a2d7", kill_on_drop: false }`
[INFO] [stdout] c1e129d9a750a7362d16445e3f901df62c192b7010c4bcac1acecc10dc56a2d7
