[INFO] fetching crate cargo-doc-coverage 1.0.0...
[INFO] documenting cargo-doc-coverage-1.0.0 against 1.75.0 for beta-1.76-rustdoc-1
[INFO] extracting crate cargo-doc-coverage 1.0.0 into /workspace/builds/worker-5-tc1/source
[INFO] validating manifest of crates.io crate cargo-doc-coverage 1.0.0 on toolchain 1.75.0
[INFO] running `Command { std: CARGO_HOME="/workspace/cargo-home" RUSTUP_HOME="/workspace/rustup-home" "/workspace/cargo-home/bin/cargo" "+1.75.0" "metadata" "--manifest-path" "Cargo.toml" "--no-deps", kill_on_drop: false }`
[INFO] started tweaking crates.io crate cargo-doc-coverage 1.0.0
[INFO] finished tweaking crates.io crate cargo-doc-coverage 1.0.0
[INFO] tweaked toml for crates.io crate cargo-doc-coverage 1.0.0 written to /workspace/builds/worker-5-tc1/source/Cargo.toml
[INFO] running `Command { std: CARGO_HOME="/workspace/cargo-home" RUSTUP_HOME="/workspace/rustup-home" "/workspace/cargo-home/bin/cargo" "+1.75.0" "generate-lockfile" "--manifest-path" "Cargo.toml", kill_on_drop: false }`
[INFO] [stderr]     Updating crates.io index
[INFO] running `Command { std: CARGO_HOME="/workspace/cargo-home" RUSTUP_HOME="/workspace/rustup-home" "/workspace/cargo-home/bin/cargo" "+1.75.0" "fetch" "--manifest-path" "Cargo.toml", kill_on_drop: false }`
[INFO] running `Command { std: "docker" "create" "-v" "/var/lib/crater-agent-workspace/builds/worker-5-tc1/target:/opt/rustwide/target:rw,Z" "-v" "/var/lib/crater-agent-workspace/builds/worker-5-tc1/source:/opt/rustwide/workdir:ro,Z" "-v" "/var/lib/crater-agent-workspace/cargo-home:/opt/rustwide/cargo-home:ro,Z" "-v" "/var/lib/crater-agent-workspace/rustup-home:/opt/rustwide/rustup-home:ro,Z" "-e" "SOURCE_DIR=/opt/rustwide/workdir" "-e" "CARGO_TARGET_DIR=/opt/rustwide/target" "-e" "CARGO_HOME=/opt/rustwide/cargo-home" "-e" "RUSTUP_HOME=/opt/rustwide/rustup-home" "-w" "/opt/rustwide/workdir" "-m" "1610612736" "--user" "0:0" "--network" "none" "ghcr.io/rust-lang/crates-build-env/linux@sha256:2788e3201cd34a07e3172128adcd8b3090168a8e3bcc40d7c032b9dda1df7d1c" "/opt/rustwide/cargo-home/bin/cargo" "+1.75.0" "metadata" "--no-deps" "--format-version=1", kill_on_drop: false }`
[INFO] [stdout] 9277a6dc4224bd53a27d0ce66d1e24f0d890cadd78e9c4f26e173e517866ddf5
[INFO] running `Command { std: "docker" "start" "-a" "9277a6dc4224bd53a27d0ce66d1e24f0d890cadd78e9c4f26e173e517866ddf5", kill_on_drop: false }`
[INFO] running `Command { std: "docker" "inspect" "9277a6dc4224bd53a27d0ce66d1e24f0d890cadd78e9c4f26e173e517866ddf5", kill_on_drop: false }`
[INFO] running `Command { std: "docker" "rm" "-f" "9277a6dc4224bd53a27d0ce66d1e24f0d890cadd78e9c4f26e173e517866ddf5", kill_on_drop: false }`
[INFO] [stdout] 9277a6dc4224bd53a27d0ce66d1e24f0d890cadd78e9c4f26e173e517866ddf5
[INFO] running `Command { std: "docker" "create" "-v" "/var/lib/crater-agent-workspace/builds/worker-5-tc1/target:/opt/rustwide/target:rw,Z" "-v" "/var/lib/crater-agent-workspace/builds/worker-5-tc1/source:/opt/rustwide/workdir:ro,Z" "-v" "/var/lib/crater-agent-workspace/cargo-home:/opt/rustwide/cargo-home:ro,Z" "-v" "/var/lib/crater-agent-workspace/rustup-home:/opt/rustwide/rustup-home:ro,Z" "-e" "SOURCE_DIR=/opt/rustwide/workdir" "-e" "CARGO_TARGET_DIR=/opt/rustwide/target" "-e" "CARGO_INCREMENTAL=0" "-e" "RUST_BACKTRACE=full" "-e" "RUSTFLAGS=--cap-lints=warn" "-e" "RUSTDOCFLAGS=--cap-lints=warn" "-e" "CARGO_HOME=/opt/rustwide/cargo-home" "-e" "RUSTUP_HOME=/opt/rustwide/rustup-home" "-w" "/opt/rustwide/workdir" "-m" "1610612736" "--user" "0:0" "--network" "none" "ghcr.io/rust-lang/crates-build-env/linux@sha256:2788e3201cd34a07e3172128adcd8b3090168a8e3bcc40d7c032b9dda1df7d1c" "/opt/rustwide/cargo-home/bin/cargo" "+1.75.0" "doc" "--frozen" "--no-deps" "--document-private-items" "--message-format=json", kill_on_drop: false }`
[INFO] [stdout] c826a2d2d71f408b69b5d4ba5122bf743f6e2824e31c656b98887283db57add3
[INFO] running `Command { std: "docker" "start" "-a" "c826a2d2d71f408b69b5d4ba5122bf743f6e2824e31c656b98887283db57add3", kill_on_drop: false }`
[INFO] [stderr] warning: output filename collision.
[INFO] [stderr] The bin target `cargo-doc-coverage` in package `cargo-doc-coverage v1.0.0 (/opt/rustwide/workdir)` has the same output filename as the lib target `cargo_doc_coverage` in package `cargo-doc-coverage v1.0.0 (/opt/rustwide/workdir)`.
[INFO] [stderr] Colliding filename is: /opt/rustwide/target/doc/cargo_doc_coverage/index.html
[INFO] [stderr] The output filenames should be unique.
[INFO] [stderr] This is a known bug where multiple crates with the same name use
[INFO] [stderr] the same path; see <https://github.com/rust-lang/cargo/issues/6313>.
[INFO] [stderr] If this looks unexpected, it may be a bug in Cargo. Please file a bug report at
[INFO] [stderr] https://github.com/rust-lang/cargo/issues/ with as much information as you
[INFO] [stderr] can provide.
[INFO] [stderr] cargo 1.75.0 (1d8b05cdd 2023-11-20) running on `x86_64-unknown-linux-gnu` target `x86_64-unknown-linux-gnu`
[INFO] [stderr] First unit: Unit { pkg: Package { id: PackageId { name: "cargo-doc-coverage", version: "1.0.0", source: "/opt/rustwide/workdir" }, ..: ".." }, target: TargetInner { name: "cargo-doc-coverage", doc: true, ..: with_path("/opt/rustwide/workdir/src/main.rs", Edition2015) }, profile: Profile { incremental: false, ..: default_dev() }, kind: Host, mode: Doc { deps: false }, features: [], artifact: false, artifact_target_for_features: None, is_std: false, dep_hash: 1893178970960716252 }
[INFO] [stderr] Second unit: Unit { pkg: Package { id: PackageId { name: "cargo-doc-coverage", version: "1.0.0", source: "/opt/rustwide/workdir" }, ..: ".." }, target: TargetInner { for_host: true, ..: lib_target("cargo_doc_coverage", ["dylib"], "/opt/rustwide/workdir/src/lib.rs", Edition2015) }, profile: Profile { incremental: false, ..: default_dev() }, kind: Host, mode: Doc { deps: false }, features: [], artifact: false, artifact_target_for_features: None, is_std: false, dep_hash: 17490597518738871238 }
[INFO] [stderr]    Compiling matches v0.1.10
[INFO] [stderr]    Compiling rustc-serialize v0.3.25
[INFO] [stderr]  Documenting cargo-doc-coverage v1.0.0 (/opt/rustwide/workdir)
[INFO] [stdout] error[E0463]: can't find crate for `syntax`
[INFO] [stdout]  --> src/lib.rs:4:1
[INFO] [stdout]   |
[INFO] [stdout] 4 | extern crate syntax;
[INFO] [stdout]   | ^^^^^^^^^^^^^^^^^^^^ can't find crate
[INFO] [stdout] 
[INFO] [stdout] 
[INFO] [stdout] error[E0462]: found staticlib `rustc` instead of rlib or dylib
[INFO] [stdout]  --> src/lib.rs:6:1
[INFO] [stdout]   |
[INFO] [stdout] 6 | extern crate rustc;
[INFO] [stdout]   | ^^^^^^^^^^^^^^^^^^^
[INFO] [stdout]   |
[INFO] [stdout]   = note: the following crate versions were found:
[INFO] [stdout]           crate `rustc`: /opt/rustwide/rustup-home/toolchains/1.75.0-x86_64-unknown-linux-gnu/lib/rustlib/x86_64-unknown-linux-gnu/lib/librustc-stable_rt.safestack.a
[INFO] [stdout]           crate `rustc`: /opt/rustwide/rustup-home/toolchains/1.75.0-x86_64-unknown-linux-gnu/lib/rustlib/x86_64-unknown-linux-gnu/lib/librustc-stable_rt.lsan.a
[INFO] [stdout]           crate `rustc`: /opt/rustwide/rustup-home/toolchains/1.75.0-x86_64-unknown-linux-gnu/lib/rustlib/x86_64-unknown-linux-gnu/lib/librustc-stable_rt.tsan.a
[INFO] [stdout]           crate `rustc`: /opt/rustwide/rustup-home/toolchains/1.75.0-x86_64-unknown-linux-gnu/lib/rustlib/x86_64-unknown-linux-gnu/lib/librustc-stable_rt.msan.a
[INFO] [stdout]           crate `rustc`: /opt/rustwide/rustup-home/toolchains/1.75.0-x86_64-unknown-linux-gnu/lib/rustlib/x86_64-unknown-linux-gnu/lib/librustc-stable_rt.asan.a
[INFO] [stdout]   = help: please recompile that crate using --crate-type lib
[INFO] [stdout] 
[INFO] [stdout] 
[INFO] [stdout] error[E0463]: can't find crate for `rustc_plugin`
[INFO] [stdout]   --> src/lib.rs:12:1
[INFO] [stdout]    |
[INFO] [stdout] 12 | extern crate rustc_plugin;
[INFO] [stdout]    | ^^^^^^^^^^^^^^^^^^^^^^^^^^ can't find crate
[INFO] [stdout]    |
[INFO] [stdout]    = help: maybe you need to install the missing components with: `rustup component add rust-src rustc-dev llvm-tools-preview`
[INFO] [stdout] 
[INFO] [stdout] 
[INFO] [stdout] error: cannot find macro `declare_lint` in this scope
[INFO] [stdout]   --> src/doc_coverage.rs:29:1
[INFO] [stdout]    |
[INFO] [stdout] 29 | declare_lint! {
[INFO] [stdout]    | ^^^^^^^^^^^^
[INFO] [stdout] 
[INFO] [stdout] 
[INFO] [stdout] error: cannot find macro `lint_array` in this scope
[INFO] [stdout]    --> src/doc_coverage.rs:119:9
[INFO] [stdout]     |
[INFO] [stdout] 119 |         lint_array![DOC_COVERAGE]
[INFO] [stdout]     |         ^^^^^^^^^^
[INFO] [stdout] 
[INFO] [stdout] 
[INFO] [stdout] error: cannot find macro `span_bug` in this scope
[INFO] [stdout]   --> src/utils/mod.rs:27:17
[INFO] [stdout]    |
[INFO] [stdout] 27 |         None => span_bug!(span, "missing method descriptor?!"),
[INFO] [stdout]    |                 ^^^^^^^^
[INFO] [stdout] 
[INFO] [stdout] 
[INFO] [stdout] error[E0412]: cannot find type `LateContext` in this scope
[INFO] [stdout]   --> src/doc_coverage.rs:79:38
[INFO] [stdout]    |
[INFO] [stdout] 79 | ...                   cx: &LateContext,
[INFO] [stdout]    |                            ^^^^^^^^^^^ not found in this scope
[INFO] [stdout] 
[INFO] [stdout] 
[INFO] [stdout] error[E0405]: cannot find trait `LintPass` in this scope
[INFO] [stdout]    --> src/doc_coverage.rs:117:6
[INFO] [stdout]     |
[INFO] [stdout] 117 | impl LintPass for DocCoverage {
[INFO] [stdout]     |      ^^^^^^^^ not found in this scope
[INFO] [stdout] 
[INFO] [stdout] 
[INFO] [stdout] error[E0412]: cannot find type `LintArray` in this scope
[INFO] [stdout]    --> src/doc_coverage.rs:118:28
[INFO] [stdout]     |
[INFO] [stdout] 118 |     fn get_lints(&self) -> LintArray {
[INFO] [stdout]     |                            ^^^^^^^^^ not found in this scope
[INFO] [stdout] 
[INFO] [stdout] 
[INFO] [stdout] error[E0405]: cannot find trait `LateLintPass` in this scope
[INFO] [stdout]    --> src/doc_coverage.rs:123:6
[INFO] [stdout]     |
[INFO] [stdout] 123 | impl LateLintPass for DocCoverage {
[INFO] [stdout]     |      ^^^^^^^^^^^^ not found in this scope
[INFO] [stdout] 
[INFO] [stdout] 
[INFO] [stdout] error[E0412]: cannot find type `LateContext` in this scope
[INFO] [stdout]    --> src/doc_coverage.rs:124:40
[INFO] [stdout]     |
[INFO] [stdout] 124 |     fn enter_lint_attrs(&mut self, _: &LateContext, attrs: &[ast::Attribute]) {
[INFO] [stdout]     |                                        ^^^^^^^^^^^ not found in this scope
[INFO] [stdout] 
[INFO] [stdout] 
[INFO] [stdout] error[E0412]: cannot find type `LateContext` in this scope
[INFO] [stdout]    --> src/doc_coverage.rs:136:39
[INFO] [stdout]     |
[INFO] [stdout] 136 |     fn exit_lint_attrs(&mut self, _: &LateContext, _attrs: &[ast::Attribute]) {
[INFO] [stdout]     |                                       ^^^^^^^^^^^ not found in this scope
[INFO] [stdout] 
[INFO] [stdout] 
[INFO] [stdout] error[E0412]: cannot find type `LateContext` in this scope
[INFO] [stdout]    --> src/doc_coverage.rs:141:29
[INFO] [stdout]     |
[INFO] [stdout] 141 |                         _: &LateContext,
[INFO] [stdout]     |                             ^^^^^^^^^^^ not found in this scope
[INFO] [stdout] 
[INFO] [stdout] 
[INFO] [stdout] error[E0412]: cannot find type `LateContext` in this scope
[INFO] [stdout]    --> src/doc_coverage.rs:150:34
[INFO] [stdout]     |
[INFO] [stdout] 150 | ...                   _: &LateContext,
[INFO] [stdout]     |                           ^^^^^^^^^^^ not found in this scope
[INFO] [stdout] 
[INFO] [stdout] 
[INFO] [stdout] error[E0412]: cannot find type `LateContext` in this scope
[INFO] [stdout]    --> src/doc_coverage.rs:159:36
[INFO] [stdout]     |
[INFO] [stdout] 159 |     fn check_crate(&mut self, cx: &LateContext, krate: &hir::Crate) {
[INFO] [stdout]     |                                    ^^^^^^^^^^^ not found in this scope
[INFO] [stdout] 
[INFO] [stdout] 
[INFO] [stdout] error[E0412]: cannot find type `LateContext` in this scope
[INFO] [stdout]    --> src/doc_coverage.rs:163:41
[INFO] [stdout]     |
[INFO] [stdout] 163 |     fn check_crate_post(&mut self, cx: &LateContext, _: &hir::Crate) {
[INFO] [stdout]     |                                         ^^^^^^^^^^^ not found in this scope
[INFO] [stdout] 
[INFO] [stdout] 
[INFO] [stdout] error[E0412]: cannot find type `LateContext` in this scope
[INFO] [stdout]    --> src/doc_coverage.rs:170:35
[INFO] [stdout]     |
[INFO] [stdout] 170 |     fn check_item(&mut self, cx: &LateContext, it: &hir::Item) {
[INFO] [stdout]     |                                   ^^^^^^^^^^^ not found in this scope
[INFO] [stdout] 
[INFO] [stdout] 
[INFO] [stdout] error[E0412]: cannot find type `LateContext` in this scope
[INFO] [stdout]    --> src/doc_coverage.rs:215:41
[INFO] [stdout]     |
[INFO] [stdout] 215 |     fn check_trait_item(&mut self, cx: &LateContext, trait_item: &hir::TraitItem) {
[INFO] [stdout]     |                                         ^^^^^^^^^^^ not found in this scope
[INFO] [stdout] 
[INFO] [stdout] 
[INFO] [stdout] error[E0412]: cannot find type `LateContext` in this scope
[INFO] [stdout]    --> src/doc_coverage.rs:233:40
[INFO] [stdout]     |
[INFO] [stdout] 233 |     fn check_impl_item(&mut self, cx: &LateContext, impl_item: &hir::ImplItem) {
[INFO] [stdout]     |                                        ^^^^^^^^^^^ not found in this scope
[INFO] [stdout] 
[INFO] [stdout] 
[INFO] [stdout] error[E0412]: cannot find type `LateContext` in this scope
[INFO] [stdout]    --> src/doc_coverage.rs:251:43
[INFO] [stdout]     |
[INFO] [stdout] 251 |     fn check_struct_field(&mut self, cx: &LateContext, sf: &hir::StructField) {
[INFO] [stdout]     |                                           ^^^^^^^^^^^ not found in this scope
[INFO] [stdout] 
[INFO] [stdout] 
[INFO] [stdout] error[E0412]: cannot find type `LateContext` in this scope
[INFO] [stdout]    --> src/doc_coverage.rs:266:38
[INFO] [stdout]     |
[INFO] [stdout] 266 |     fn check_variant(&mut self, cx: &LateContext, v: &hir::Variant, _: &hir::Generics) {
[INFO] [stdout]     |                                      ^^^^^^^^^^^ not found in this scope
[INFO] [stdout] 
[INFO] [stdout] 
[INFO] [stdout] error[E0412]: cannot find type `LateContext` in this scope
[INFO] [stdout]    --> src/doc_coverage.rs:276:42
[INFO] [stdout]     |
[INFO] [stdout] 276 |     fn check_variant_post(&mut self, _: &LateContext, _: &hir::Variant, _: &hir::Generics) {
[INFO] [stdout]     |                                          ^^^^^^^^^^^ not found in this scope
[INFO] [stdout] 
[INFO] [stdout] 
[INFO] [stdout] error[E0412]: cannot find type `HirVec` in this scope
[INFO] [stdout]   --> src/utils/mod.rs:10:23
[INFO] [stdout]    |
[INFO] [stdout] 10 | pub type MethodArgs = HirVec<P<Expr>>;
[INFO] [stdout]    |                       ^^^^^^ not found in this scope
[INFO] [stdout] 
[INFO] [stdout] 
[INFO] [stdout] error[E0412]: cannot find type `Expr` in this scope
[INFO] [stdout]   --> src/utils/mod.rs:10:32
[INFO] [stdout]    |
[INFO] [stdout] 10 | pub type MethodArgs = HirVec<P<Expr>>;
[INFO] [stdout]    |                                ^^^^ not found in this scope
[INFO] [stdout]    |
[INFO] [stdout] help: you might be missing a type parameter
[INFO] [stdout]    |
[INFO] [stdout] 10 | pub type MethodArgs<Expr> = HirVec<P<Expr>>;
[INFO] [stdout]    |                    ++++++
[INFO] [stdout] 
[INFO] [stdout] 
[INFO] [stdout] error[E0405]: cannot find trait `LintContext` in this scope
[INFO] [stdout]   --> src/utils/mod.rs:13:20
[INFO] [stdout]    |
[INFO] [stdout] 13 | pub fn in_macro<T: LintContext>(cx: &T, span: Span) -> bool {
[INFO] [stdout]    |                    ^^^^^^^^^^^ not found in this scope
[INFO] [stdout] 
[INFO] [stdout] 
[INFO] [stdout] error[E0412]: cannot find type `LateContext` in this scope
[INFO] [stdout]   --> src/utils/mod.rs:24:28
[INFO] [stdout]    |
[INFO] [stdout] 24 | pub fn method_context(cx: &LateContext, id: ast::NodeId, span: Span) -> MethodLateContext {
[INFO] [stdout]    |                            ^^^^^^^^^^^ not found in this scope
[INFO] [stdout] 
[INFO] [stdout] 
[INFO] [stdout] error[E0554]: `#![feature]` may not be used on the stable release channel
[INFO] [stdout]  --> src/lib.rs:1:1
[INFO] [stdout]   |
[INFO] [stdout] 1 | #![feature(rustc_private)]
[INFO] [stdout]   | ^^^^^^^^^^^^^^^^^^^^^^^^^^
[INFO] [stdout] 
[INFO] [stdout] 
[INFO] [stdout] error: aborting due to 27 previous errors
[INFO] [stdout] 
[INFO] [stdout] 
[INFO] [stdout] Some errors have detailed explanations: E0405, E0412, E0462, E0463, E0554.
[INFO] [stdout] 
[INFO] [stdout] For more information about an error, try `rustc --explain E0405`.
[INFO] [stdout] 
[INFO] [stderr] error: could not document `cargo-doc-coverage`
[INFO] [stderr] 
[INFO] [stderr] Caused by:
[INFO] [stderr]   process didn't exit successfully: `/opt/rustwide/rustup-home/toolchains/1.75.0-x86_64-unknown-linux-gnu/bin/rustdoc --crate-type dylib --crate-name cargo_doc_coverage src/lib.rs -o /opt/rustwide/target/doc --error-format=json --json=diagnostic-rendered-ansi,artifacts,future-incompat --document-private-items -C metadata=16edded536642a71 -L dependency=/opt/rustwide/target/debug/deps --extern matches=/opt/rustwide/target/debug/deps/libmatches-a67b2d414eeb97f4.rmeta --extern rustc_serialize=/opt/rustwide/target/debug/deps/librustc_serialize-1072f909ccbc68c2.rmeta --cap-lints=warn --crate-version 1.0.0` (exit status: 1)
[INFO] [stderr] warning: build failed, waiting for other jobs to finish...
[INFO] running `Command { std: "docker" "inspect" "c826a2d2d71f408b69b5d4ba5122bf743f6e2824e31c656b98887283db57add3", kill_on_drop: false }`
[INFO] running `Command { std: "docker" "rm" "-f" "c826a2d2d71f408b69b5d4ba5122bf743f6e2824e31c656b98887283db57add3", kill_on_drop: false }`
[INFO] [stdout] c826a2d2d71f408b69b5d4ba5122bf743f6e2824e31c656b98887283db57add3
[INFO] documenting cargo-doc-coverage-1.0.0 against beta-2023-12-22 for beta-1.76-rustdoc-1
[INFO] extracting crate cargo-doc-coverage 1.0.0 into /workspace/builds/worker-5-tc2/source
[INFO] validating manifest of crates.io crate cargo-doc-coverage 1.0.0 on toolchain beta-2023-12-22
[INFO] running `Command { std: CARGO_HOME="/workspace/cargo-home" RUSTUP_HOME="/workspace/rustup-home" "/workspace/cargo-home/bin/cargo" "+beta-2023-12-22" "metadata" "--manifest-path" "Cargo.toml" "--no-deps", kill_on_drop: false }`
[INFO] started tweaking crates.io crate cargo-doc-coverage 1.0.0
[INFO] finished tweaking crates.io crate cargo-doc-coverage 1.0.0
[INFO] tweaked toml for crates.io crate cargo-doc-coverage 1.0.0 written to /workspace/builds/worker-5-tc2/source/Cargo.toml
[INFO] running `Command { std: CARGO_HOME="/workspace/cargo-home" RUSTUP_HOME="/workspace/rustup-home" "/workspace/cargo-home/bin/cargo" "+beta-2023-12-22" "generate-lockfile" "--manifest-path" "Cargo.toml", kill_on_drop: false }`
[INFO] [stderr]     Updating crates.io index
[INFO] running `Command { std: CARGO_HOME="/workspace/cargo-home" RUSTUP_HOME="/workspace/rustup-home" "/workspace/cargo-home/bin/cargo" "+beta-2023-12-22" "fetch" "--manifest-path" "Cargo.toml", kill_on_drop: false }`
[INFO] running `Command { std: "docker" "create" "-v" "/var/lib/crater-agent-workspace/builds/worker-5-tc2/target:/opt/rustwide/target:rw,Z" "-v" "/var/lib/crater-agent-workspace/builds/worker-5-tc2/source:/opt/rustwide/workdir:ro,Z" "-v" "/var/lib/crater-agent-workspace/cargo-home:/opt/rustwide/cargo-home:ro,Z" "-v" "/var/lib/crater-agent-workspace/rustup-home:/opt/rustwide/rustup-home:ro,Z" "-e" "SOURCE_DIR=/opt/rustwide/workdir" "-e" "CARGO_TARGET_DIR=/opt/rustwide/target" "-e" "CARGO_HOME=/opt/rustwide/cargo-home" "-e" "RUSTUP_HOME=/opt/rustwide/rustup-home" "-w" "/opt/rustwide/workdir" "-m" "1610612736" "--user" "0:0" "--network" "none" "ghcr.io/rust-lang/crates-build-env/linux@sha256:2788e3201cd34a07e3172128adcd8b3090168a8e3bcc40d7c032b9dda1df7d1c" "/opt/rustwide/cargo-home/bin/cargo" "+beta-2023-12-22" "metadata" "--no-deps" "--format-version=1", kill_on_drop: false }`
[INFO] [stdout] 8aa3ddbe78793f132555bb06aa1618757fa10d4737c8c8cdd09e7ebe9f1bc281
[INFO] running `Command { std: "docker" "start" "-a" "8aa3ddbe78793f132555bb06aa1618757fa10d4737c8c8cdd09e7ebe9f1bc281", kill_on_drop: false }`
[INFO] running `Command { std: "docker" "inspect" "8aa3ddbe78793f132555bb06aa1618757fa10d4737c8c8cdd09e7ebe9f1bc281", kill_on_drop: false }`
[INFO] running `Command { std: "docker" "rm" "-f" "8aa3ddbe78793f132555bb06aa1618757fa10d4737c8c8cdd09e7ebe9f1bc281", kill_on_drop: false }`
[INFO] [stdout] 8aa3ddbe78793f132555bb06aa1618757fa10d4737c8c8cdd09e7ebe9f1bc281
[INFO] running `Command { std: "docker" "create" "-v" "/var/lib/crater-agent-workspace/builds/worker-5-tc2/target:/opt/rustwide/target:rw,Z" "-v" "/var/lib/crater-agent-workspace/builds/worker-5-tc2/source:/opt/rustwide/workdir:ro,Z" "-v" "/var/lib/crater-agent-workspace/cargo-home:/opt/rustwide/cargo-home:ro,Z" "-v" "/var/lib/crater-agent-workspace/rustup-home:/opt/rustwide/rustup-home:ro,Z" "-e" "SOURCE_DIR=/opt/rustwide/workdir" "-e" "CARGO_TARGET_DIR=/opt/rustwide/target" "-e" "CARGO_INCREMENTAL=0" "-e" "RUST_BACKTRACE=full" "-e" "RUSTFLAGS=--cap-lints=warn" "-e" "RUSTDOCFLAGS=--cap-lints=warn" "-e" "CARGO_HOME=/opt/rustwide/cargo-home" "-e" "RUSTUP_HOME=/opt/rustwide/rustup-home" "-w" "/opt/rustwide/workdir" "-m" "1610612736" "--user" "0:0" "--network" "none" "ghcr.io/rust-lang/crates-build-env/linux@sha256:2788e3201cd34a07e3172128adcd8b3090168a8e3bcc40d7c032b9dda1df7d1c" "/opt/rustwide/cargo-home/bin/cargo" "+beta-2023-12-22" "doc" "--frozen" "--no-deps" "--document-private-items" "--message-format=json", kill_on_drop: false }`
[INFO] [stdout] 4b67bfa4b79d55562258a2ac1d6d2e330e417141a22df645fba438fb49f93595
[INFO] running `Command { std: "docker" "start" "-a" "4b67bfa4b79d55562258a2ac1d6d2e330e417141a22df645fba438fb49f93595", kill_on_drop: false }`
[INFO] [stderr] warning: output filename collision.
[INFO] [stderr] The bin target `cargo-doc-coverage` in package `cargo-doc-coverage v1.0.0 (/opt/rustwide/workdir)` has the same output filename as the lib target `cargo_doc_coverage` in package `cargo-doc-coverage v1.0.0 (/opt/rustwide/workdir)`.
[INFO] [stderr] Colliding filename is: /opt/rustwide/target/doc/cargo_doc_coverage/index.html
[INFO] [stderr] The output filenames should be unique.
[INFO] [stderr] This is a known bug where multiple crates with the same name use
[INFO] [stderr] the same path; see <https://github.com/rust-lang/cargo/issues/6313>.
[INFO] [stderr] If this looks unexpected, it may be a bug in Cargo. Please file a bug report at
[INFO] [stderr] https://github.com/rust-lang/cargo/issues/ with as much information as you
[INFO] [stderr] can provide.
[INFO] [stderr] cargo 1.76.0-beta.1 (1a2666ddd 2023-12-17) running on `x86_64-unknown-linux-gnu` target `x86_64-unknown-linux-gnu`
[INFO] [stderr] First unit: Unit { pkg: Package { id: PackageId { name: "cargo-doc-coverage", version: "1.0.0", source: "/opt/rustwide/workdir" }, ..: ".." }, target: TargetInner { name: "cargo-doc-coverage", doc: true, ..: with_path("/opt/rustwide/workdir/src/main.rs", Edition2015) }, profile: Profile { incremental: false, ..: default_dev() }, kind: Host, mode: Doc { deps: false }, features: [], artifact: false, artifact_target_for_features: None, is_std: false, dep_hash: 6883237162235885239 }
[INFO] [stderr] Second unit: Unit { pkg: Package { id: PackageId { name: "cargo-doc-coverage", version: "1.0.0", source: "/opt/rustwide/workdir" }, ..: ".." }, target: TargetInner { for_host: true, ..: lib_target("cargo_doc_coverage", ["dylib"], "/opt/rustwide/workdir/src/lib.rs", Edition2015) }, profile: Profile { incremental: false, ..: default_dev() }, kind: Host, mode: Doc { deps: false }, features: [], artifact: false, artifact_target_for_features: None, is_std: false, dep_hash: 1053148013602966939 }
[INFO] [stderr]    Compiling matches v0.1.10
[INFO] [stderr]    Compiling rustc-serialize v0.3.25
[INFO] [stderr]  Documenting cargo-doc-coverage v1.0.0 (/opt/rustwide/workdir)
[INFO] [stdout] error[E0463]: can't find crate for `syntax`
[INFO] [stdout]  --> src/lib.rs:4:1
[INFO] [stdout]   |
[INFO] [stdout] 4 | extern crate syntax;
[INFO] [stdout]   | ^^^^^^^^^^^^^^^^^^^^ can't find crate
[INFO] [stdout] 
[INFO] [stdout] 
[INFO] [stdout] error[E0462]: found staticlib `rustc` instead of rlib or dylib
[INFO] [stdout]  --> src/lib.rs:6:1
[INFO] [stdout]   |
[INFO] [stdout] 6 | extern crate rustc;
[INFO] [stdout]   | ^^^^^^^^^^^^^^^^^^^
[INFO] [stdout]   |
[INFO] [stdout]   = note: the following crate versions were found:
[INFO] [stdout]           crate `rustc`: /opt/rustwide/rustup-home/toolchains/beta-2023-12-22-x86_64-unknown-linux-gnu/lib/rustlib/x86_64-unknown-linux-gnu/lib/librustc-beta_rt.lsan.a
[INFO] [stdout]           crate `rustc`: /opt/rustwide/rustup-home/toolchains/beta-2023-12-22-x86_64-unknown-linux-gnu/lib/rustlib/x86_64-unknown-linux-gnu/lib/librustc-beta_rt.msan.a
[INFO] [stdout]           crate `rustc`: /opt/rustwide/rustup-home/toolchains/beta-2023-12-22-x86_64-unknown-linux-gnu/lib/rustlib/x86_64-unknown-linux-gnu/lib/librustc-beta_rt.asan.a
[INFO] [stdout]           crate `rustc`: /opt/rustwide/rustup-home/toolchains/beta-2023-12-22-x86_64-unknown-linux-gnu/lib/rustlib/x86_64-unknown-linux-gnu/lib/librustc-beta_rt.safestack.a
[INFO] [stdout]           crate `rustc`: /opt/rustwide/rustup-home/toolchains/beta-2023-12-22-x86_64-unknown-linux-gnu/lib/rustlib/x86_64-unknown-linux-gnu/lib/librustc-beta_rt.tsan.a
[INFO] [stdout]   = help: please recompile that crate using --crate-type lib
[INFO] [stdout] 
[INFO] [stdout] 
[INFO] [stdout] error[E0463]: can't find crate for `rustc_plugin`
[INFO] [stdout]   --> src/lib.rs:12:1
[INFO] [stdout]    |
[INFO] [stdout] 12 | extern crate rustc_plugin;
[INFO] [stdout]    | ^^^^^^^^^^^^^^^^^^^^^^^^^^ can't find crate
[INFO] [stdout]    |
[INFO] [stdout]    = help: maybe you need to install the missing components with: `rustup component add rust-src rustc-dev llvm-tools-preview`
[INFO] [stdout] 
[INFO] [stdout] 
[INFO] [stdout] error: cannot find macro `declare_lint` in this scope
[INFO] [stdout]   --> src/doc_coverage.rs:29:1
[INFO] [stdout]    |
[INFO] [stdout] 29 | declare_lint! {
[INFO] [stdout]    | ^^^^^^^^^^^^
[INFO] [stdout] 
[INFO] [stdout] 
[INFO] [stdout] error: cannot find macro `lint_array` in this scope
[INFO] [stdout]    --> src/doc_coverage.rs:119:9
[INFO] [stdout]     |
[INFO] [stdout] 119 |         lint_array![DOC_COVERAGE]
[INFO] [stdout]     |         ^^^^^^^^^^
[INFO] [stdout] 
[INFO] [stdout] 
[INFO] [stdout] error: cannot find macro `span_bug` in this scope
[INFO] [stdout]   --> src/utils/mod.rs:27:17
[INFO] [stdout]    |
[INFO] [stdout] 27 |         None => span_bug!(span, "missing method descriptor?!"),
[INFO] [stdout]    |                 ^^^^^^^^
[INFO] [stdout] 
[INFO] [stdout] 
[INFO] [stdout] error[E0412]: cannot find type `LateContext` in this scope
[INFO] [stdout]   --> src/doc_coverage.rs:79:38
[INFO] [stdout]    |
[INFO] [stdout] 79 | ...                   cx: &LateContext,
[INFO] [stdout]    |                            ^^^^^^^^^^^ not found in this scope
[INFO] [stdout] 
[INFO] [stdout] 
[INFO] [stdout] error[E0405]: cannot find trait `LintPass` in this scope
[INFO] [stdout]    --> src/doc_coverage.rs:117:6
[INFO] [stdout]     |
[INFO] [stdout] 117 | impl LintPass for DocCoverage {
[INFO] [stdout]     |      ^^^^^^^^ not found in this scope
[INFO] [stdout] 
[INFO] [stdout] 
[INFO] [stdout] error[E0412]: cannot find type `LintArray` in this scope
[INFO] [stdout]    --> src/doc_coverage.rs:118:28
[INFO] [stdout]     |
[INFO] [stdout] 118 |     fn get_lints(&self) -> LintArray {
[INFO] [stdout]     |                            ^^^^^^^^^ not found in this scope
[INFO] [stdout] 
[INFO] [stdout] 
[INFO] [stdout] error[E0405]: cannot find trait `LateLintPass` in this scope
[INFO] [stdout]    --> src/doc_coverage.rs:123:6
[INFO] [stdout]     |
[INFO] [stdout] 123 | impl LateLintPass for DocCoverage {
[INFO] [stdout]     |      ^^^^^^^^^^^^ not found in this scope
[INFO] [stdout] 
[INFO] [stdout] 
[INFO] [stdout] error[E0412]: cannot find type `LateContext` in this scope
[INFO] [stdout]    --> src/doc_coverage.rs:124:40
[INFO] [stdout]     |
[INFO] [stdout] 124 |     fn enter_lint_attrs(&mut self, _: &LateContext, attrs: &[ast::Attribute]) {
[INFO] [stdout]     |                                        ^^^^^^^^^^^ not found in this scope
[INFO] [stdout] 
[INFO] [stdout] 
[INFO] [stdout] error[E0412]: cannot find type `LateContext` in this scope
[INFO] [stdout]    --> src/doc_coverage.rs:136:39
[INFO] [stdout]     |
[INFO] [stdout] 136 |     fn exit_lint_attrs(&mut self, _: &LateContext, _attrs: &[ast::Attribute]) {
[INFO] [stdout]     |                                       ^^^^^^^^^^^ not found in this scope
[INFO] [stdout] 
[INFO] [stdout] 
[INFO] [stdout] error[E0412]: cannot find type `LateContext` in this scope
[INFO] [stdout]    --> src/doc_coverage.rs:141:29
[INFO] [stdout]     |
[INFO] [stdout] 141 |                         _: &LateContext,
[INFO] [stdout]     |                             ^^^^^^^^^^^ not found in this scope
[INFO] [stdout] 
[INFO] [stdout] 
[INFO] [stdout] error[E0412]: cannot find type `LateContext` in this scope
[INFO] [stdout]    --> src/doc_coverage.rs:150:34
[INFO] [stdout]     |
[INFO] [stdout] 150 | ...                   _: &LateContext,
[INFO] [stdout]     |                           ^^^^^^^^^^^ not found in this scope
[INFO] [stdout] 
[INFO] [stdout] 
[INFO] [stdout] error[E0412]: cannot find type `LateContext` in this scope
[INFO] [stdout]    --> src/doc_coverage.rs:159:36
[INFO] [stdout]     |
[INFO] [stdout] 159 |     fn check_crate(&mut self, cx: &LateContext, krate: &hir::Crate) {
[INFO] [stdout]     |                                    ^^^^^^^^^^^ not found in this scope
[INFO] [stdout] 
[INFO] [stdout] 
[INFO] [stdout] error[E0412]: cannot find type `LateContext` in this scope
[INFO] [stdout]    --> src/doc_coverage.rs:163:41
[INFO] [stdout]     |
[INFO] [stdout] 163 |     fn check_crate_post(&mut self, cx: &LateContext, _: &hir::Crate) {
[INFO] [stdout]     |                                         ^^^^^^^^^^^ not found in this scope
[INFO] [stdout] 
[INFO] [stdout] 
[INFO] [stdout] error[E0412]: cannot find type `LateContext` in this scope
[INFO] [stdout]    --> src/doc_coverage.rs:170:35
[INFO] [stdout]     |
[INFO] [stdout] 170 |     fn check_item(&mut self, cx: &LateContext, it: &hir::Item) {
[INFO] [stdout]     |                                   ^^^^^^^^^^^ not found in this scope
[INFO] [stdout] 
[INFO] [stdout] 
[INFO] [stdout] error[E0412]: cannot find type `LateContext` in this scope
[INFO] [stdout]    --> src/doc_coverage.rs:215:41
[INFO] [stdout]     |
[INFO] [stdout] 215 |     fn check_trait_item(&mut self, cx: &LateContext, trait_item: &hir::TraitItem) {
[INFO] [stdout]     |                                         ^^^^^^^^^^^ not found in this scope
[INFO] [stdout] 
[INFO] [stdout] 
[INFO] [stdout] error[E0412]: cannot find type `LateContext` in this scope
[INFO] [stdout]    --> src/doc_coverage.rs:233:40
[INFO] [stdout]     |
[INFO] [stdout] 233 |     fn check_impl_item(&mut self, cx: &LateContext, impl_item: &hir::ImplItem) {
[INFO] [stdout]     |                                        ^^^^^^^^^^^ not found in this scope
[INFO] [stdout] 
[INFO] [stdout] 
[INFO] [stdout] error[E0412]: cannot find type `LateContext` in this scope
[INFO] [stdout]    --> src/doc_coverage.rs:251:43
[INFO] [stdout]     |
[INFO] [stdout] 251 |     fn check_struct_field(&mut self, cx: &LateContext, sf: &hir::StructField) {
[INFO] [stdout]     |                                           ^^^^^^^^^^^ not found in this scope
[INFO] [stdout] 
[INFO] [stdout] 
[INFO] [stdout] error[E0412]: cannot find type `LateContext` in this scope
[INFO] [stdout]    --> src/doc_coverage.rs:266:38
[INFO] [stdout]     |
[INFO] [stdout] 266 |     fn check_variant(&mut self, cx: &LateContext, v: &hir::Variant, _: &hir::Generics) {
[INFO] [stdout]     |                                      ^^^^^^^^^^^ not found in this scope
[INFO] [stdout] 
[INFO] [stdout] 
[INFO] [stdout] error[E0412]: cannot find type `LateContext` in this scope
[INFO] [stdout]    --> src/doc_coverage.rs:276:42
[INFO] [stdout]     |
[INFO] [stdout] 276 |     fn check_variant_post(&mut self, _: &LateContext, _: &hir::Variant, _: &hir::Generics) {
[INFO] [stdout]     |                                          ^^^^^^^^^^^ not found in this scope
[INFO] [stdout] 
[INFO] [stdout] 
[INFO] [stdout] error[E0412]: cannot find type `HirVec` in this scope
[INFO] [stdout]   --> src/utils/mod.rs:10:23
[INFO] [stdout]    |
[INFO] [stdout] 10 | pub type MethodArgs = HirVec<P<Expr>>;
[INFO] [stdout]    |                       ^^^^^^ not found in this scope
[INFO] [stdout] 
[INFO] [stdout] 
[INFO] [stdout] error[E0412]: cannot find type `Expr` in this scope
[INFO] [stdout]   --> src/utils/mod.rs:10:32
[INFO] [stdout]    |
[INFO] [stdout] 10 | pub type MethodArgs = HirVec<P<Expr>>;
[INFO] [stdout]    |                                ^^^^ not found in this scope
[INFO] [stdout]    |
[INFO] [stdout] help: you might be missing a type parameter
[INFO] [stdout]    |
[INFO] [stdout] 10 | pub type MethodArgs<Expr> = HirVec<P<Expr>>;
[INFO] [stdout]    |                    ++++++
[INFO] [stdout] 
[INFO] [stdout] 
[INFO] [stdout] error[E0405]: cannot find trait `LintContext` in this scope
[INFO] [stdout]   --> src/utils/mod.rs:13:20
[INFO] [stdout]    |
[INFO] [stdout] 13 | pub fn in_macro<T: LintContext>(cx: &T, span: Span) -> bool {
[INFO] [stdout]    |                    ^^^^^^^^^^^ not found in this scope
[INFO] [stdout] 
[INFO] [stdout] 
[INFO] [stdout] error[E0412]: cannot find type `LateContext` in this scope
[INFO] [stdout]   --> src/utils/mod.rs:24:28
[INFO] [stdout]    |
[INFO] [stdout] 24 | pub fn method_context(cx: &LateContext, id: ast::NodeId, span: Span) -> MethodLateContext {
[INFO] [stdout]    |                            ^^^^^^^^^^^ not found in this scope
[INFO] [stdout] 
[INFO] [stdout] 
[INFO] [stdout] error[E0554]: `#![feature]` may not be used on the beta release channel
[INFO] [stdout]  --> src/lib.rs:1:1
[INFO] [stdout]   |
[INFO] [stdout] 1 | #![feature(rustc_private)]
[INFO] [stdout]   | ^^^^^^^^^^^^^^^^^^^^^^^^^^
[INFO] [stdout] 
[INFO] [stdout] 
[INFO] [stdout] error: aborting due to 27 previous errors
[INFO] [stdout] 
[INFO] [stdout] 
[INFO] [stdout] Some errors have detailed explanations: E0405, E0412, E0462, E0463, E0554.
[INFO] [stdout] 
[INFO] [stdout] For more information about an error, try `rustc --explain E0405`.
[INFO] [stdout] 
[INFO] [stderr] error: could not document `cargo-doc-coverage`
[INFO] [stderr] 
[INFO] [stderr] Caused by:
[INFO] [stderr]   process didn't exit successfully: `/opt/rustwide/rustup-home/toolchains/beta-2023-12-22-x86_64-unknown-linux-gnu/bin/rustdoc --crate-type dylib --crate-name cargo_doc_coverage src/lib.rs -o /opt/rustwide/target/doc --error-format=json --json=diagnostic-rendered-ansi,artifacts,future-incompat --document-private-items -C metadata=896eb1082b4e49a3 -L dependency=/opt/rustwide/target/debug/deps --extern matches=/opt/rustwide/target/debug/deps/libmatches-306f064f1b8c83bd.rmeta --extern rustc_serialize=/opt/rustwide/target/debug/deps/librustc_serialize-e18f434d98428334.rmeta --cap-lints=warn --crate-version 1.0.0` (exit status: 1)
[INFO] [stderr] warning: build failed, waiting for other jobs to finish...
[INFO] running `Command { std: "docker" "inspect" "4b67bfa4b79d55562258a2ac1d6d2e330e417141a22df645fba438fb49f93595", kill_on_drop: false }`
[INFO] running `Command { std: "docker" "rm" "-f" "4b67bfa4b79d55562258a2ac1d6d2e330e417141a22df645fba438fb49f93595", kill_on_drop: false }`
[INFO] [stdout] 4b67bfa4b79d55562258a2ac1d6d2e330e417141a22df645fba438fb49f93595
