[INFO] fetching crate capsule 0.1.5...
[INFO] documenting capsule-0.1.5 against 1.75.0 for beta-1.76-rustdoc-1
[INFO] extracting crate capsule 0.1.5 into /workspace/builds/worker-3-tc1/source
[INFO] validating manifest of crates.io crate capsule 0.1.5 on toolchain 1.75.0
[INFO] running `Command { std: CARGO_HOME="/workspace/cargo-home" RUSTUP_HOME="/workspace/rustup-home" "/workspace/cargo-home/bin/cargo" "+1.75.0" "metadata" "--manifest-path" "Cargo.toml" "--no-deps", kill_on_drop: false }`
[INFO] started tweaking crates.io crate capsule 0.1.5
[INFO] finished tweaking crates.io crate capsule 0.1.5
[INFO] tweaked toml for crates.io crate capsule 0.1.5 written to /workspace/builds/worker-3-tc1/source/Cargo.toml
[INFO] running `Command { std: CARGO_HOME="/workspace/cargo-home" RUSTUP_HOME="/workspace/rustup-home" "/workspace/cargo-home/bin/cargo" "+1.75.0" "generate-lockfile" "--manifest-path" "Cargo.toml", kill_on_drop: false }`
[INFO] [stderr]     Updating crates.io index
[INFO] running `Command { std: CARGO_HOME="/workspace/cargo-home" RUSTUP_HOME="/workspace/rustup-home" "/workspace/cargo-home/bin/cargo" "+1.75.0" "fetch" "--manifest-path" "Cargo.toml", kill_on_drop: false }`
[INFO] [stderr]  Downloading crates ...
[INFO] [stderr]   Downloaded quanta v0.3.2
[INFO] [stderr]   Downloaded tokio-sync v0.2.0-alpha.6
[INFO] [stderr]   Downloaded darling_macro v0.12.4
[INFO] [stderr]   Downloaded toml v0.5.11
[INFO] [stderr]   Downloaded unarray v0.1.4
[INFO] [stderr]   Downloaded futures-channel-preview v0.3.0-alpha.19
[INFO] [stderr]   Downloaded tokio-net v0.2.0-alpha.6
[INFO] [stderr]   Downloaded shlex v0.1.1
[INFO] [stderr]   Downloaded darling v0.12.4
[INFO] [stderr]   Downloaded which v3.1.1
[INFO] [stderr]   Downloaded futures-sink-preview v0.3.0-alpha.19
[INFO] [stderr]   Downloaded bitmaps v2.1.0
[INFO] [stderr]   Downloaded cexpr v0.4.0
[INFO] [stderr]   Downloaded futures-core-preview v0.3.0-alpha.19
[INFO] [stderr]   Downloaded parking_lot_core v0.6.3
[INFO] [stderr]   Downloaded tokio-timer v0.3.0-alpha.6
[INFO] [stderr]   Downloaded plotters v0.3.5
[INFO] [stderr]   Downloaded csv v1.3.0
[INFO] [stderr]   Downloaded tokio-io v0.2.0-alpha.6
[INFO] [stderr]   Downloaded proptest v1.4.0
[INFO] [stderr]   Downloaded pin-project v0.4.30
[INFO] [stderr]   Downloaded nom v5.1.3
[INFO] [stderr]   Downloaded criterion v0.3.6
[INFO] [stderr]   Downloaded crossbeam-channel v0.3.9
[INFO] [stderr]   Downloaded bindgen v0.57.0
[INFO] [stderr]   Downloaded darling_core v0.12.4
[INFO] [stderr]   Downloaded crossbeam-channel v0.4.4
[INFO] [stderr]   Downloaded im v15.1.0
[INFO] [stderr]   Downloaded metrics-runtime v0.13.1
[INFO] [stderr]   Downloaded arc-swap v0.4.8
[INFO] [stderr]   Downloaded tokio v0.2.0-alpha.6
[INFO] [stderr]   Downloaded futures-util-preview v0.3.0-alpha.19
[INFO] [stderr]   Downloaded sized-chunks v0.6.5
[INFO] [stderr]   Downloaded capsule-ffi v0.1.5
[INFO] [stderr]   Downloaded pin-project-internal v0.4.30
[INFO] [stderr]   Downloaded csv-core v0.1.11
[INFO] [stderr]   Downloaded futures-preview v0.3.0-alpha.19
[INFO] [stderr]   Downloaded parking_lot v0.10.2
[INFO] [stderr]   Downloaded crossbeam v0.7.3
[INFO] [stderr]   Downloaded criterion-plot v0.4.5
[INFO] [stderr]   Downloaded futures-io-preview v0.3.0-alpha.19
[INFO] [stderr]   Downloaded rand_xoshiro v0.6.0
[INFO] [stderr]   Downloaded tokio-fs v0.2.0-alpha.6
[INFO] [stderr]   Downloaded parking_lot_core v0.7.3
[INFO] [stderr]   Downloaded metrics-util v0.3.2
[INFO] [stderr]   Downloaded ctor v0.1.26
[INFO] [stderr]   Downloaded plotters-backend v0.3.5
[INFO] [stderr]   Downloaded cast v0.3.0
[INFO] [stderr]   Downloaded atomic-shim v0.1.0
[INFO] [stderr]   Downloaded metrics v0.12.1
[INFO] [stderr]   Downloaded crossbeam-queue v0.1.2
[INFO] [stderr]   Downloaded tokio-codec v0.2.0-alpha.6
[INFO] [stderr]   Downloaded capsule-macros v0.1.5
[INFO] [stderr]   Downloaded crossbeam-utils v0.6.6
[INFO] [stderr]   Downloaded plotters-svg v0.3.5
[INFO] [stderr]   Downloaded futures-executor-preview v0.3.0-alpha.19
[INFO] [stderr]   Downloaded tokio-macros v0.2.0-alpha.6
[INFO] [stderr]   Downloaded metrics-core v0.5.2
[INFO] [stderr]   Downloaded tokio-executor v0.2.0-alpha.6
[INFO] running `Command { std: "docker" "create" "-v" "/var/lib/crater-agent-workspace/builds/worker-3-tc1/target:/opt/rustwide/target:rw,Z" "-v" "/var/lib/crater-agent-workspace/builds/worker-3-tc1/source:/opt/rustwide/workdir:ro,Z" "-v" "/var/lib/crater-agent-workspace/cargo-home:/opt/rustwide/cargo-home:ro,Z" "-v" "/var/lib/crater-agent-workspace/rustup-home:/opt/rustwide/rustup-home:ro,Z" "-e" "SOURCE_DIR=/opt/rustwide/workdir" "-e" "CARGO_TARGET_DIR=/opt/rustwide/target" "-e" "CARGO_HOME=/opt/rustwide/cargo-home" "-e" "RUSTUP_HOME=/opt/rustwide/rustup-home" "-w" "/opt/rustwide/workdir" "-m" "1610612736" "--user" "0:0" "--network" "none" "ghcr.io/rust-lang/crates-build-env/linux@sha256:2788e3201cd34a07e3172128adcd8b3090168a8e3bcc40d7c032b9dda1df7d1c" "/opt/rustwide/cargo-home/bin/cargo" "+1.75.0" "metadata" "--no-deps" "--format-version=1", kill_on_drop: false }`
[INFO] [stdout] a6b641d55866f0823adf3a5de8c55c89958fa4636f069555d60d4fd0fe91d685
[INFO] running `Command { std: "docker" "start" "-a" "a6b641d55866f0823adf3a5de8c55c89958fa4636f069555d60d4fd0fe91d685", kill_on_drop: false }`
[INFO] running `Command { std: "docker" "inspect" "a6b641d55866f0823adf3a5de8c55c89958fa4636f069555d60d4fd0fe91d685", kill_on_drop: false }`
[INFO] running `Command { std: "docker" "rm" "-f" "a6b641d55866f0823adf3a5de8c55c89958fa4636f069555d60d4fd0fe91d685", kill_on_drop: false }`
[INFO] [stdout] a6b641d55866f0823adf3a5de8c55c89958fa4636f069555d60d4fd0fe91d685
[INFO] running `Command { std: "docker" "create" "-v" "/var/lib/crater-agent-workspace/builds/worker-3-tc1/target:/opt/rustwide/target:rw,Z" "-v" "/var/lib/crater-agent-workspace/builds/worker-3-tc1/source:/opt/rustwide/workdir:ro,Z" "-v" "/var/lib/crater-agent-workspace/cargo-home:/opt/rustwide/cargo-home:ro,Z" "-v" "/var/lib/crater-agent-workspace/rustup-home:/opt/rustwide/rustup-home:ro,Z" "-e" "SOURCE_DIR=/opt/rustwide/workdir" "-e" "CARGO_TARGET_DIR=/opt/rustwide/target" "-e" "CARGO_INCREMENTAL=0" "-e" "RUST_BACKTRACE=full" "-e" "RUSTFLAGS=--cap-lints=warn" "-e" "RUSTDOCFLAGS=--cap-lints=warn" "-e" "CARGO_HOME=/opt/rustwide/cargo-home" "-e" "RUSTUP_HOME=/opt/rustwide/rustup-home" "-w" "/opt/rustwide/workdir" "-m" "1610612736" "--user" "0:0" "--network" "none" "ghcr.io/rust-lang/crates-build-env/linux@sha256:2788e3201cd34a07e3172128adcd8b3090168a8e3bcc40d7c032b9dda1df7d1c" "/opt/rustwide/cargo-home/bin/cargo" "+1.75.0" "doc" "--frozen" "--no-deps" "--document-private-items" "--message-format=json", kill_on_drop: false }`
[INFO] [stdout] e994093c94321485f79532c0812b7613fc742ebecf49b39907dcf9af1e1fa2ad
[INFO] running `Command { std: "docker" "start" "-a" "e994093c94321485f79532c0812b7613fc742ebecf49b39907dcf9af1e1fa2ad", kill_on_drop: false }`
[INFO] [stderr]    Compiling libc v0.2.151
[INFO] [stderr]     Checking cfg-if v0.1.10
[INFO] [stderr]     Checking memchr v2.7.1
[INFO] [stderr]    Compiling syn v1.0.109
[INFO] [stderr]    Compiling maybe-uninit v2.0.0
[INFO] [stderr]     Checking futures-core-preview v0.3.0-alpha.19
[INFO] [stderr]     Checking futures-sink-preview v0.3.0-alpha.19
[INFO] [stderr]    Compiling semver-parser v0.7.0
[INFO] [stderr]     Checking log v0.4.20
[INFO] [stderr]    Compiling proc-macro2 v1.0.76
[INFO] [stderr]    Compiling memoffset v0.5.6
[INFO] [stderr]    Compiling crossbeam-utils v0.7.2
[INFO] [stderr]    Compiling crossbeam-epoch v0.8.2
[INFO] [stderr]     Checking futures-io-preview v0.3.0-alpha.19
[INFO] [stderr]    Compiling pin-project-internal v0.4.30
[INFO] [stderr]     Checking crossbeam-utils v0.6.6
[INFO] [stderr]    Compiling nom v5.1.3
[INFO] [stderr]     Checking tracing-core v0.1.32
[INFO] [stderr]     Checking futures-channel-preview v0.3.0-alpha.19
[INFO] [stderr]    Compiling semver v0.9.0
[INFO] [stderr]    Compiling unicode-width v0.1.11
[INFO] [stderr]     Checking fnv v1.0.7
[INFO] [stderr]    Compiling rustc_version v0.2.3
[INFO] [stderr]     Checking byteorder v1.5.0
[INFO] [stderr]    Compiling textwrap v0.11.0
[INFO] [stderr]     Checking crossbeam-queue v0.1.2
[INFO] [stderr]     Checking crossbeam-channel v0.3.9
[INFO] [stderr]     Checking lock_api v0.3.4
[INFO] [stderr]    Compiling termcolor v1.4.0
[INFO] [stderr]    Compiling bindgen v0.57.0
[INFO] [stderr]    Compiling strsim v0.8.0
[INFO] [stderr]    Compiling vec_map v0.8.2
[INFO] [stderr]    Compiling humantime v2.1.0
[INFO] [stderr]    Compiling ansi_term v0.12.1
[INFO] [stderr]     Checking futures-util-preview v0.3.0-alpha.19
[INFO] [stderr]    Compiling quote v1.0.35
[INFO] [stderr]    Compiling parking_lot_core v0.6.3
[INFO] [stderr]    Compiling aho-corasick v1.1.2
[INFO] [stderr]    Compiling syn v2.0.48
[INFO] [stderr]    Compiling parking_lot v0.9.0
[INFO] [stderr]     Checking smallvec v0.6.14
[INFO] [stderr]    Compiling ident_case v1.0.1
[INFO] [stderr]    Compiling strsim v0.10.0
[INFO] [stderr]    Compiling shlex v0.1.1
[INFO] [stderr]     Checking bitmaps v2.1.0
[INFO] [stderr]    Compiling im v15.1.0
[INFO] [stderr]    Compiling metrics v0.12.1
[INFO] [stderr]     Checking metrics-core v0.5.2
[INFO] [stderr]     Checking regex-syntax v0.8.2
[INFO] [stderr]     Checking atomic-shim v0.1.0
[INFO] [stderr]    Compiling anyhow v1.0.79
[INFO] [stderr]    Compiling thiserror v1.0.56
[INFO] [stderr]     Checking crossbeam-deque v0.7.4
[INFO] [stderr]     Checking arc-swap v0.4.8
[INFO] [stderr]     Checking sized-chunks v0.6.5
[INFO] [stderr]    Compiling regex-automata v0.4.3
[INFO] [stderr]     Checking iovec v0.1.4
[INFO] [stderr]     Checking num_cpus v1.16.0
[INFO] [stderr]     Checking getrandom v0.2.11
[INFO] [stderr]     Checking net2 v0.2.39
[INFO] [stderr]     Checking bytes v0.4.12
[INFO] [stderr]    Compiling atty v0.2.14
[INFO] [stderr]    Compiling which v3.1.1
[INFO] [stderr]    Compiling clang-sys v1.7.0
[INFO] [stderr]    Compiling clap v2.34.0
[INFO] [stderr]     Checking rand_core v0.6.4
[INFO] [stderr]    Compiling cc v1.0.83
[INFO] [stderr]     Checking mio v0.6.23
[INFO] [stderr]    Compiling cexpr v0.4.0
[INFO] [stderr]     Checking tokio-sync v0.2.0-alpha.6
[INFO] [stderr]     Checking rand_xoshiro v0.6.0
[INFO] [stderr]     Checking parking_lot_core v0.7.3
[INFO] [stderr]     Checking signal-hook-registry v1.4.1
[INFO] [stderr]     Checking futures-executor-preview v0.3.0-alpha.19
[INFO] [stderr]     Checking quanta v0.3.2
[INFO] [stderr]     Checking parking_lot v0.10.2
[INFO] [stderr]     Checking futures-preview v0.3.0-alpha.19
[INFO] [stderr]     Checking mio-uds v0.6.8
[INFO] [stderr]    Compiling darling_core v0.12.4
[INFO] [stderr]    Compiling regex v1.10.2
[INFO] [stderr]    Compiling env_logger v0.8.4
[INFO] [stderr]    Compiling tokio-macros v0.2.0-alpha.6
[INFO] [stderr]    Compiling tracing-attributes v0.1.27
[INFO] [stderr]    Compiling serde_derive v1.0.195
[INFO] [stderr]    Compiling thiserror-impl v1.0.56
[INFO] [stderr]    Compiling darling_macro v0.12.4
[INFO] [stderr]     Checking pin-project v0.4.30
[INFO] [stderr]     Checking tokio-io v0.2.0-alpha.6
[INFO] [stderr]    Compiling darling v0.12.4
[INFO] [stderr]     Checking tokio-codec v0.2.0-alpha.6
[INFO] [stderr]    Compiling capsule-macros v0.1.5
[INFO] [stderr]     Checking tracing v0.1.40
[INFO] [stderr]     Checking tokio-executor v0.2.0-alpha.6
[INFO] [stderr]     Checking tokio-fs v0.2.0-alpha.6
[INFO] [stderr]     Checking tokio-net v0.2.0-alpha.6
[INFO] [stderr]     Checking tokio-timer v0.3.0-alpha.6
[INFO] [stderr]     Checking serde v1.0.195
[INFO] [stderr]     Checking tokio v0.2.0-alpha.6
[INFO] [stderr]    Compiling capsule-ffi v0.1.5
[INFO] [stderr] The following warnings were emitted during compilation:
[INFO] [stderr] 
[INFO] [stderr] warning: capsule-ffi@0.1.5: src/shim.c:19:10: fatal error: rte_errno.h: No such file or directory
[INFO] [stderr] warning: capsule-ffi@0.1.5:    19 | #include <rte_errno.h>
[INFO] [stderr] warning: capsule-ffi@0.1.5:       |          ^~~~~~~~~~~~~
[INFO] [stderr] warning: capsule-ffi@0.1.5: compilation terminated.
[INFO] [stderr] 
[INFO] [stderr] error: failed to run custom build command for `capsule-ffi v0.1.5`
[INFO] [stderr] note: To improve backtraces for build dependencies, set the CARGO_PROFILE_DEV_BUILD_OVERRIDE_DEBUG=true environment variable to enable debug information generation.
[INFO] [stderr] 
[INFO] [stderr] Caused by:
[INFO] [stderr]   process didn't exit successfully: `/opt/rustwide/target/debug/build/capsule-ffi-b8e9d0f293efefc6/build-script-build` (exit status: 1)
[INFO] [stderr]   --- stdout
[INFO] [stderr]   TARGET = Some("x86_64-unknown-linux-gnu")
[INFO] [stderr]   OPT_LEVEL = Some("0")
[INFO] [stderr]   HOST = Some("x86_64-unknown-linux-gnu")
[INFO] [stderr]   cargo:rerun-if-env-changed=CC_x86_64-unknown-linux-gnu
[INFO] [stderr]   CC_x86_64-unknown-linux-gnu = None
[INFO] [stderr]   cargo:rerun-if-env-changed=CC_x86_64_unknown_linux_gnu
[INFO] [stderr]   CC_x86_64_unknown_linux_gnu = None
[INFO] [stderr]   cargo:rerun-if-env-changed=HOST_CC
[INFO] [stderr]   HOST_CC = None
[INFO] [stderr]   cargo:rerun-if-env-changed=CC
[INFO] [stderr]   CC = None
[INFO] [stderr]   cargo:rerun-if-env-changed=CRATE_CC_NO_DEFAULTS
[INFO] [stderr]   CRATE_CC_NO_DEFAULTS = None
[INFO] [stderr]   DEBUG = Some("true")
[INFO] [stderr]   CARGO_CFG_TARGET_FEATURE = Some("fxsr,sse,sse2")
[INFO] [stderr]   cargo:rerun-if-env-changed=CFLAGS_x86_64-unknown-linux-gnu
[INFO] [stderr]   CFLAGS_x86_64-unknown-linux-gnu = None
[INFO] [stderr]   cargo:rerun-if-env-changed=CFLAGS_x86_64_unknown_linux_gnu
[INFO] [stderr]   CFLAGS_x86_64_unknown_linux_gnu = None
[INFO] [stderr]   cargo:rerun-if-env-changed=HOST_CFLAGS
[INFO] [stderr]   HOST_CFLAGS = None
[INFO] [stderr]   cargo:rerun-if-env-changed=CFLAGS
[INFO] [stderr]   CFLAGS = None
[INFO] [stderr]   running: "cc" "-O0" "-ffunction-sections" "-fdata-sections" "-fPIC" "-gdwarf-4" "-fno-omit-frame-pointer" "-m64" "-Wall" "-Wextra" "-march=corei7-avx" "-o" "/opt/rustwide/target/debug/build/capsule-ffi-6a681ee77daa0a55/out/src/shim.o" "-c" "src/shim.c"
[INFO] [stderr]   cargo:warning=src/shim.c:19:10: fatal error: rte_errno.h: No such file or directory
[INFO] [stderr] 
[INFO] [stderr]   cargo:warning=   19 | #include <rte_errno.h>
[INFO] [stderr] 
[INFO] [stderr]   cargo:warning=      |          ^~~~~~~~~~~~~
[INFO] [stderr] 
[INFO] [stderr]   cargo:warning=compilation terminated.
[INFO] [stderr] 
[INFO] [stderr]   exit status: 1
[INFO] [stderr] 
[INFO] [stderr]   --- stderr
[INFO] [stderr] 
[INFO] [stderr] 
[INFO] [stderr]   error occurred: Command "cc" "-O0" "-ffunction-sections" "-fdata-sections" "-fPIC" "-gdwarf-4" "-fno-omit-frame-pointer" "-m64" "-Wall" "-Wextra" "-march=corei7-avx" "-o" "/opt/rustwide/target/debug/build/capsule-ffi-6a681ee77daa0a55/out/src/shim.o" "-c" "src/shim.c" with args "cc" did not execute successfully (status code exit status: 1).
[INFO] [stderr] 
[INFO] [stderr] 
[INFO] [stderr] warning: build failed, waiting for other jobs to finish...
[INFO] running `Command { std: "docker" "inspect" "e994093c94321485f79532c0812b7613fc742ebecf49b39907dcf9af1e1fa2ad", kill_on_drop: false }`
[INFO] running `Command { std: "docker" "rm" "-f" "e994093c94321485f79532c0812b7613fc742ebecf49b39907dcf9af1e1fa2ad", kill_on_drop: false }`
[INFO] [stdout] e994093c94321485f79532c0812b7613fc742ebecf49b39907dcf9af1e1fa2ad
[INFO] documenting capsule-0.1.5 against beta-2023-12-22 for beta-1.76-rustdoc-1
[INFO] extracting crate capsule 0.1.5 into /workspace/builds/worker-3-tc2/source
[INFO] validating manifest of crates.io crate capsule 0.1.5 on toolchain beta-2023-12-22
[INFO] running `Command { std: CARGO_HOME="/workspace/cargo-home" RUSTUP_HOME="/workspace/rustup-home" "/workspace/cargo-home/bin/cargo" "+beta-2023-12-22" "metadata" "--manifest-path" "Cargo.toml" "--no-deps", kill_on_drop: false }`
[INFO] started tweaking crates.io crate capsule 0.1.5
[INFO] finished tweaking crates.io crate capsule 0.1.5
[INFO] tweaked toml for crates.io crate capsule 0.1.5 written to /workspace/builds/worker-3-tc2/source/Cargo.toml
[INFO] running `Command { std: CARGO_HOME="/workspace/cargo-home" RUSTUP_HOME="/workspace/rustup-home" "/workspace/cargo-home/bin/cargo" "+beta-2023-12-22" "generate-lockfile" "--manifest-path" "Cargo.toml", kill_on_drop: false }`
[INFO] [stderr]     Updating crates.io index
[INFO] running `Command { std: CARGO_HOME="/workspace/cargo-home" RUSTUP_HOME="/workspace/rustup-home" "/workspace/cargo-home/bin/cargo" "+beta-2023-12-22" "fetch" "--manifest-path" "Cargo.toml", kill_on_drop: false }`
[INFO] running `Command { std: "docker" "create" "-v" "/var/lib/crater-agent-workspace/builds/worker-3-tc2/target:/opt/rustwide/target:rw,Z" "-v" "/var/lib/crater-agent-workspace/builds/worker-3-tc2/source:/opt/rustwide/workdir:ro,Z" "-v" "/var/lib/crater-agent-workspace/cargo-home:/opt/rustwide/cargo-home:ro,Z" "-v" "/var/lib/crater-agent-workspace/rustup-home:/opt/rustwide/rustup-home:ro,Z" "-e" "SOURCE_DIR=/opt/rustwide/workdir" "-e" "CARGO_TARGET_DIR=/opt/rustwide/target" "-e" "CARGO_HOME=/opt/rustwide/cargo-home" "-e" "RUSTUP_HOME=/opt/rustwide/rustup-home" "-w" "/opt/rustwide/workdir" "-m" "1610612736" "--user" "0:0" "--network" "none" "ghcr.io/rust-lang/crates-build-env/linux@sha256:2788e3201cd34a07e3172128adcd8b3090168a8e3bcc40d7c032b9dda1df7d1c" "/opt/rustwide/cargo-home/bin/cargo" "+beta-2023-12-22" "metadata" "--no-deps" "--format-version=1", kill_on_drop: false }`
[INFO] [stdout] d8630ed034493067da5e3d453f440d34182dd26a28d239ea71994a3ebbbfb961
[INFO] running `Command { std: "docker" "start" "-a" "d8630ed034493067da5e3d453f440d34182dd26a28d239ea71994a3ebbbfb961", kill_on_drop: false }`
[INFO] running `Command { std: "docker" "inspect" "d8630ed034493067da5e3d453f440d34182dd26a28d239ea71994a3ebbbfb961", kill_on_drop: false }`
[INFO] running `Command { std: "docker" "rm" "-f" "d8630ed034493067da5e3d453f440d34182dd26a28d239ea71994a3ebbbfb961", kill_on_drop: false }`
[INFO] [stdout] d8630ed034493067da5e3d453f440d34182dd26a28d239ea71994a3ebbbfb961
[INFO] running `Command { std: "docker" "create" "-v" "/var/lib/crater-agent-workspace/builds/worker-3-tc2/target:/opt/rustwide/target:rw,Z" "-v" "/var/lib/crater-agent-workspace/builds/worker-3-tc2/source:/opt/rustwide/workdir:ro,Z" "-v" "/var/lib/crater-agent-workspace/cargo-home:/opt/rustwide/cargo-home:ro,Z" "-v" "/var/lib/crater-agent-workspace/rustup-home:/opt/rustwide/rustup-home:ro,Z" "-e" "SOURCE_DIR=/opt/rustwide/workdir" "-e" "CARGO_TARGET_DIR=/opt/rustwide/target" "-e" "CARGO_INCREMENTAL=0" "-e" "RUST_BACKTRACE=full" "-e" "RUSTFLAGS=--cap-lints=warn" "-e" "RUSTDOCFLAGS=--cap-lints=warn" "-e" "CARGO_HOME=/opt/rustwide/cargo-home" "-e" "RUSTUP_HOME=/opt/rustwide/rustup-home" "-w" "/opt/rustwide/workdir" "-m" "1610612736" "--user" "0:0" "--network" "none" "ghcr.io/rust-lang/crates-build-env/linux@sha256:2788e3201cd34a07e3172128adcd8b3090168a8e3bcc40d7c032b9dda1df7d1c" "/opt/rustwide/cargo-home/bin/cargo" "+beta-2023-12-22" "doc" "--frozen" "--no-deps" "--document-private-items" "--message-format=json", kill_on_drop: false }`
[INFO] [stdout] 591d5ae53d2180023c891d8a762a17c075c0273561facfcf108f9b99cb82d437
[INFO] running `Command { std: "docker" "start" "-a" "591d5ae53d2180023c891d8a762a17c075c0273561facfcf108f9b99cb82d437", kill_on_drop: false }`
[INFO] [stderr]    Compiling libc v0.2.151
[INFO] [stderr]     Checking cfg-if v0.1.10
[INFO] [stderr]    Compiling maybe-uninit v2.0.0
[INFO] [stderr]    Compiling syn v1.0.109
[INFO] [stderr]     Checking memchr v2.7.1
[INFO] [stderr]     Checking futures-core-preview v0.3.0-alpha.19
[INFO] [stderr]     Checking futures-sink-preview v0.3.0-alpha.19
[INFO] [stderr]     Checking log v0.4.20
[INFO] [stderr]    Compiling semver-parser v0.7.0
[INFO] [stderr]    Compiling proc-macro2 v1.0.76
[INFO] [stderr]    Compiling crossbeam-utils v0.7.2
[INFO] [stderr]    Compiling memoffset v0.5.6
[INFO] [stderr]    Compiling crossbeam-epoch v0.8.2
[INFO] [stderr]     Checking futures-io-preview v0.3.0-alpha.19
[INFO] [stderr]    Compiling pin-project-internal v0.4.30
[INFO] [stderr]     Checking crossbeam-utils v0.6.6
[INFO] [stderr]    Compiling nom v5.1.3
[INFO] [stderr]     Checking tracing-core v0.1.32
[INFO] [stderr]     Checking futures-channel-preview v0.3.0-alpha.19
[INFO] [stderr]    Compiling unicode-width v0.1.11
[INFO] [stderr]     Checking fnv v1.0.7
[INFO] [stderr]    Compiling textwrap v0.11.0
[INFO] [stderr]     Checking lock_api v0.3.4
[INFO] [stderr]    Compiling semver v0.9.0
[INFO] [stderr]    Compiling bindgen v0.57.0
[INFO] [stderr]     Checking crossbeam-queue v0.1.2
[INFO] [stderr]     Checking crossbeam-channel v0.3.9
[INFO] [stderr]    Compiling vec_map v0.8.2
[INFO] [stderr]    Compiling termcolor v1.4.0
[INFO] [stderr]    Compiling humantime v2.1.0
[INFO] [stderr]     Checking futures-util-preview v0.3.0-alpha.19
[INFO] [stderr]    Compiling rustc_version v0.2.3
[INFO] [stderr]    Compiling quote v1.0.35
[INFO] [stderr]    Compiling ansi_term v0.12.1
[INFO] [stderr]    Compiling strsim v0.8.0
[INFO] [stderr]    Compiling aho-corasick v1.1.2
[INFO] [stderr]    Compiling syn v2.0.48
[INFO] [stderr]    Compiling parking_lot_core v0.6.3
[INFO] [stderr]    Compiling parking_lot v0.9.0
[INFO] [stderr]     Checking smallvec v0.6.14
[INFO] [stderr]    Compiling strsim v0.10.0
[INFO] [stderr]    Compiling shlex v0.1.1
[INFO] [stderr]    Compiling ident_case v1.0.1
[INFO] [stderr]     Checking bitmaps v2.1.0
[INFO] [stderr]    Compiling im v15.1.0
[INFO] [stderr]    Compiling metrics v0.12.1
[INFO] [stderr]     Checking regex-syntax v0.8.2
[INFO] [stderr]     Checking atomic-shim v0.1.0
[INFO] [stderr]     Checking crossbeam-deque v0.7.4
[INFO] [stderr]     Checking metrics-core v0.5.2
[INFO] [stderr]    Compiling anyhow v1.0.79
[INFO] [stderr]    Compiling thiserror v1.0.56
[INFO] [stderr]     Checking arc-swap v0.4.8
[INFO] [stderr]    Compiling atty v0.2.14
[INFO] [stderr]    Compiling clang-sys v1.7.0
[INFO] [stderr]    Compiling which v3.1.1
[INFO] [stderr]    Compiling cc v1.0.83
[INFO] [stderr]    Compiling clap v2.34.0
[INFO] [stderr]     Checking sized-chunks v0.6.5
[INFO] [stderr]     Checking iovec v0.1.4
[INFO] [stderr]     Checking num_cpus v1.16.0
[INFO] [stderr]     Checking getrandom v0.2.11
[INFO] [stderr]     Checking net2 v0.2.39
[INFO] [stderr]     Checking signal-hook-registry v1.4.1
[INFO] [stderr]    Compiling regex-automata v0.4.3
[INFO] [stderr]     Checking bytes v0.4.12
[INFO] [stderr]     Checking rand_core v0.6.4
[INFO] [stderr]     Checking parking_lot_core v0.7.3
[INFO] [stderr]     Checking mio v0.6.23
[INFO] [stderr]     Checking quanta v0.3.2
[INFO] [stderr]    Compiling cexpr v0.4.0
[INFO] [stderr]     Checking rand_xoshiro v0.6.0
[INFO] [stderr]     Checking parking_lot v0.10.2
[INFO] [stderr]     Checking tokio-sync v0.2.0-alpha.6
[INFO] [stderr]     Checking futures-executor-preview v0.3.0-alpha.19
[INFO] [stderr]     Checking futures-preview v0.3.0-alpha.19
[INFO] [stderr]     Checking mio-uds v0.6.8
[INFO] [stderr]    Compiling regex v1.10.2
[INFO] [stderr]    Compiling darling_core v0.12.4
[INFO] [stderr]    Compiling env_logger v0.8.4
[INFO] [stderr]    Compiling tokio-macros v0.2.0-alpha.6
[INFO] [stderr]    Compiling tracing-attributes v0.1.27
[INFO] [stderr]    Compiling serde_derive v1.0.195
[INFO] [stderr]    Compiling thiserror-impl v1.0.56
[INFO] [stderr]    Compiling darling_macro v0.12.4
[INFO] [stderr]    Compiling darling v0.12.4
[INFO] [stderr]    Compiling capsule-macros v0.1.5
[INFO] [stderr]     Checking pin-project v0.4.30
[INFO] [stderr]     Checking tokio-io v0.2.0-alpha.6
[INFO] [stderr]     Checking tracing v0.1.40
[INFO] [stderr]     Checking tokio-codec v0.2.0-alpha.6
[INFO] [stderr]     Checking tokio-executor v0.2.0-alpha.6
[INFO] [stderr]     Checking tokio-timer v0.3.0-alpha.6
[INFO] [stderr]     Checking tokio-fs v0.2.0-alpha.6
[INFO] [stderr]     Checking tokio-net v0.2.0-alpha.6
[INFO] [stderr]     Checking tokio v0.2.0-alpha.6
[INFO] [stderr]    Compiling capsule-ffi v0.1.5
[INFO] [stderr]     Checking serde v1.0.195
[INFO] [stderr] The following warnings were emitted during compilation:
[INFO] [stderr] 
[INFO] [stderr] warning: capsule-ffi@0.1.5: src/shim.c:19:10: fatal error: rte_errno.h: No such file or directory
[INFO] [stderr] warning: capsule-ffi@0.1.5:    19 | #include <rte_errno.h>
[INFO] [stderr] warning: capsule-ffi@0.1.5:       |          ^~~~~~~~~~~~~
[INFO] [stderr] warning: capsule-ffi@0.1.5: compilation terminated.
[INFO] [stderr] 
[INFO] [stderr] error: failed to run custom build command for `capsule-ffi v0.1.5`
[INFO] [stderr] note: To improve backtraces for build dependencies, set the CARGO_PROFILE_DEV_BUILD_OVERRIDE_DEBUG=true environment variable to enable debug information generation.
[INFO] [stderr] 
[INFO] [stderr] Caused by:
[INFO] [stderr]   process didn't exit successfully: `/opt/rustwide/target/debug/build/capsule-ffi-2cb59410e6a416bf/build-script-build` (exit status: 1)
[INFO] [stderr]   --- stdout
[INFO] [stderr]   TARGET = Some("x86_64-unknown-linux-gnu")
[INFO] [stderr]   OPT_LEVEL = Some("0")
[INFO] [stderr]   HOST = Some("x86_64-unknown-linux-gnu")
[INFO] [stderr]   cargo:rerun-if-env-changed=CC_x86_64-unknown-linux-gnu
[INFO] [stderr]   CC_x86_64-unknown-linux-gnu = None
[INFO] [stderr]   cargo:rerun-if-env-changed=CC_x86_64_unknown_linux_gnu
[INFO] [stderr]   CC_x86_64_unknown_linux_gnu = None
[INFO] [stderr]   cargo:rerun-if-env-changed=HOST_CC
[INFO] [stderr]   HOST_CC = None
[INFO] [stderr]   cargo:rerun-if-env-changed=CC
[INFO] [stderr]   CC = None
[INFO] [stderr]   cargo:rerun-if-env-changed=CRATE_CC_NO_DEFAULTS
[INFO] [stderr]   CRATE_CC_NO_DEFAULTS = None
[INFO] [stderr]   DEBUG = Some("true")
[INFO] [stderr]   CARGO_CFG_TARGET_FEATURE = Some("fxsr,sse,sse2")
[INFO] [stderr]   cargo:rerun-if-env-changed=CFLAGS_x86_64-unknown-linux-gnu
[INFO] [stderr]   CFLAGS_x86_64-unknown-linux-gnu = None
[INFO] [stderr]   cargo:rerun-if-env-changed=CFLAGS_x86_64_unknown_linux_gnu
[INFO] [stderr]   CFLAGS_x86_64_unknown_linux_gnu = None
[INFO] [stderr]   cargo:rerun-if-env-changed=HOST_CFLAGS
[INFO] [stderr]   HOST_CFLAGS = None
[INFO] [stderr]   cargo:rerun-if-env-changed=CFLAGS
[INFO] [stderr]   CFLAGS = None
[INFO] [stderr]   running: "cc" "-O0" "-ffunction-sections" "-fdata-sections" "-fPIC" "-gdwarf-4" "-fno-omit-frame-pointer" "-m64" "-Wall" "-Wextra" "-march=corei7-avx" "-o" "/opt/rustwide/target/debug/build/capsule-ffi-e26903b721eb3edb/out/src/shim.o" "-c" "src/shim.c"
[INFO] [stderr]   cargo:warning=src/shim.c:19:10: fatal error: rte_errno.h: No such file or directory
[INFO] [stderr] 
[INFO] [stderr]   cargo:warning=   19 | #include <rte_errno.h>
[INFO] [stderr] 
[INFO] [stderr]   cargo:warning=      |          ^~~~~~~~~~~~~
[INFO] [stderr] 
[INFO] [stderr]   cargo:warning=compilation terminated.
[INFO] [stderr] 
[INFO] [stderr]   exit status: 1
[INFO] [stderr] 
[INFO] [stderr]   --- stderr
[INFO] [stderr] 
[INFO] [stderr] 
[INFO] [stderr]   error occurred: Command "cc" "-O0" "-ffunction-sections" "-fdata-sections" "-fPIC" "-gdwarf-4" "-fno-omit-frame-pointer" "-m64" "-Wall" "-Wextra" "-march=corei7-avx" "-o" "/opt/rustwide/target/debug/build/capsule-ffi-e26903b721eb3edb/out/src/shim.o" "-c" "src/shim.c" with args "cc" did not execute successfully (status code exit status: 1).
[INFO] [stderr] 
[INFO] [stderr] 
[INFO] [stderr] warning: build failed, waiting for other jobs to finish...
[INFO] running `Command { std: "docker" "inspect" "591d5ae53d2180023c891d8a762a17c075c0273561facfcf108f9b99cb82d437", kill_on_drop: false }`
[INFO] running `Command { std: "docker" "rm" "-f" "591d5ae53d2180023c891d8a762a17c075c0273561facfcf108f9b99cb82d437", kill_on_drop: false }`
[INFO] [stdout] 591d5ae53d2180023c891d8a762a17c075c0273561facfcf108f9b99cb82d437
