[INFO] fetching crate caffe2-quant 0.1.4-alpha.0...
[INFO] documenting caffe2-quant-0.1.4-alpha.0 against 1.75.0 for beta-1.76-rustdoc-1
[INFO] extracting crate caffe2-quant 0.1.4-alpha.0 into /workspace/builds/worker-6-tc1/source
[INFO] validating manifest of crates.io crate caffe2-quant 0.1.4-alpha.0 on toolchain 1.75.0
[INFO] running `Command { std: CARGO_HOME="/workspace/cargo-home" RUSTUP_HOME="/workspace/rustup-home" "/workspace/cargo-home/bin/cargo" "+1.75.0" "metadata" "--manifest-path" "Cargo.toml" "--no-deps", kill_on_drop: false }`
[INFO] started tweaking crates.io crate caffe2-quant 0.1.4-alpha.0
[INFO] finished tweaking crates.io crate caffe2-quant 0.1.4-alpha.0
[INFO] tweaked toml for crates.io crate caffe2-quant 0.1.4-alpha.0 written to /workspace/builds/worker-6-tc1/source/Cargo.toml
[INFO] running `Command { std: CARGO_HOME="/workspace/cargo-home" RUSTUP_HOME="/workspace/rustup-home" "/workspace/cargo-home/bin/cargo" "+1.75.0" "generate-lockfile" "--manifest-path" "Cargo.toml", kill_on_drop: false }`
[INFO] [stderr]     Updating crates.io index
[INFO] running `Command { std: CARGO_HOME="/workspace/cargo-home" RUSTUP_HOME="/workspace/rustup-home" "/workspace/cargo-home/bin/cargo" "+1.75.0" "fetch" "--manifest-path" "Cargo.toml", kill_on_drop: false }`
[INFO] [stderr]  Downloading crates ...
[INFO] [stderr]   Downloaded crossbeam v0.8.3
[INFO] [stderr]   Downloaded nalgebra-macros v0.1.0
[INFO] [stderr]   Downloaded atomic v0.5.3
[INFO] [stderr]   Downloaded pyo3-ffi v0.18.3
[INFO] [stderr]   Downloaded toml_edit v0.21.0
[INFO] [stderr]   Downloaded cudnn v1.3.1
[INFO] [stderr]   Downloaded cblas-sys v0.1.4
[INFO] [stderr]   Downloaded uninitialized v0.0.2
[INFO] [stderr]   Downloaded gcc v0.3.55
[INFO] [stderr]   Downloaded enhanced_enum v0.2.2
[INFO] [stderr]   Downloaded syn v0.11.11
[INFO] [stderr]   Downloaded opencv-binding-generator v0.56.0
[INFO] [stderr]   Downloaded protobuf v2.28.0
[INFO] [stderr]   Downloaded opencv v0.77.0
[INFO] [stderr]   Downloaded cudnn-sys v0.0.3
[INFO] [stderr]   Downloaded zeromq-src v0.2.6+4.3.4
[INFO] [stderr]   Downloaded intel-mkl-src v0.2.5
[INFO] [stderr]   Downloaded caffe2-derive v0.1.4-alpha.0
[INFO] [stderr]   Downloaded caffe2-proto v0.1.4-alpha.0
[INFO] [stderr]   Downloaded fftw-src v0.2.3
[INFO] [stderr]   Downloaded caffe2-init v0.1.4-alpha.0
[INFO] [stderr]   Downloaded caffe2-imports v0.1.4-alpha.0
[INFO] [stderr]   Downloaded caffe2-util v0.1.4-alpha.0
[INFO] [stderr]   Downloaded fftw-sys v0.4.0
[INFO] [stderr]   Downloaded rust-crypto v0.2.36
[INFO] [stderr]   Downloaded ndarray v0.15.6
[INFO] [stderr]   Downloaded nalgebra v0.29.0
[INFO] [stderr]   Downloaded pyo3 v0.18.3
[INFO] [stderr]   Downloaded synom v0.11.3
[INFO] [stderr]   Downloaded time v0.1.45
[INFO] [stderr]   Downloaded statrs v0.16.0
[INFO] [stderr]   Downloaded simba v0.6.0
[INFO] [stderr]   Downloaded half v2.3.1
[INFO] [stderr]   Downloaded intrusive-collections v0.9.6
[INFO] [stderr]   Downloaded mersenne_twister v1.1.1
[INFO] [stderr]   Downloaded clang v2.0.0
[INFO] [stderr]   Downloaded wasi v0.10.0+wasi-snapshot-preview1
[INFO] [stderr]   Downloaded pyo3-macros-backend v0.18.3
[INFO] [stderr]   Downloaded pyo3-build-config v0.18.3
[INFO] [stderr]   Downloaded hex-literal v0.3.4
[INFO] [stderr]   Downloaded mt19937 v2.0.1
[INFO] [stderr]   Downloaded quote v0.3.15
[INFO] [stderr]   Downloaded dunce v1.0.4
[INFO] [stderr]   Downloaded md5 v0.4.0
[INFO] [stderr]   Downloaded packed v0.4.2
[INFO] [stderr]   Downloaded case v0.1.0
[INFO] [stderr]   Downloaded read_exact v0.0.1
[INFO] [stderr]   Downloaded pod v0.5.0
[INFO] [stderr]   Downloaded unicode-xid v0.0.4
[INFO] [stderr]   Downloaded cblas v0.4.0
[INFO] [stderr]   Downloaded rand v0.3.23
[INFO] [stderr]   Downloaded stdext v0.3.1
[INFO] [stderr]   Downloaded test-context v0.1.4
[INFO] [stderr]   Downloaded zmq v0.10.0
[INFO] [stderr]   Downloaded indoc v1.0.9
[INFO] [stderr]   Downloaded version-compare v0.1.1
[INFO] [stderr]   Downloaded derive-error v0.0.5
[INFO] [stderr]   Downloaded system-deps v6.2.0
[INFO] [stderr]   Downloaded dircpy v0.3.15
[INFO] [stderr]   Downloaded test-context-macros v0.1.4
[INFO] [stderr]   Downloaded zmq-sys v0.12.0
[INFO] [stderr]   Downloaded num-complex v0.2.4
[INFO] [stderr]   Downloaded toml_datetime v0.6.5
[INFO] [stderr]   Downloaded pyo3-macros v0.18.3
[INFO] [stderr]   Downloaded toml v0.8.8
[INFO] [stderr]   Downloaded jwalk v0.8.1
[INFO] running `Command { std: "docker" "create" "-v" "/var/lib/crater-agent-workspace/builds/worker-6-tc1/target:/opt/rustwide/target:rw,Z" "-v" "/var/lib/crater-agent-workspace/builds/worker-6-tc1/source:/opt/rustwide/workdir:ro,Z" "-v" "/var/lib/crater-agent-workspace/cargo-home:/opt/rustwide/cargo-home:ro,Z" "-v" "/var/lib/crater-agent-workspace/rustup-home:/opt/rustwide/rustup-home:ro,Z" "-e" "SOURCE_DIR=/opt/rustwide/workdir" "-e" "CARGO_TARGET_DIR=/opt/rustwide/target" "-e" "CARGO_HOME=/opt/rustwide/cargo-home" "-e" "RUSTUP_HOME=/opt/rustwide/rustup-home" "-w" "/opt/rustwide/workdir" "-m" "1610612736" "--user" "0:0" "--network" "none" "ghcr.io/rust-lang/crates-build-env/linux@sha256:2788e3201cd34a07e3172128adcd8b3090168a8e3bcc40d7c032b9dda1df7d1c" "/opt/rustwide/cargo-home/bin/cargo" "+1.75.0" "metadata" "--no-deps" "--format-version=1", kill_on_drop: false }`
[INFO] [stdout] 24634f49db33a0c2a1ce1c415a61fa529517f5621ac4a1d71ca754facb2c61e8
[INFO] running `Command { std: "docker" "start" "-a" "24634f49db33a0c2a1ce1c415a61fa529517f5621ac4a1d71ca754facb2c61e8", kill_on_drop: false }`
[INFO] running `Command { std: "docker" "inspect" "24634f49db33a0c2a1ce1c415a61fa529517f5621ac4a1d71ca754facb2c61e8", kill_on_drop: false }`
[INFO] running `Command { std: "docker" "rm" "-f" "24634f49db33a0c2a1ce1c415a61fa529517f5621ac4a1d71ca754facb2c61e8", kill_on_drop: false }`
[INFO] [stdout] 24634f49db33a0c2a1ce1c415a61fa529517f5621ac4a1d71ca754facb2c61e8
[INFO] running `Command { std: "docker" "create" "-v" "/var/lib/crater-agent-workspace/builds/worker-6-tc1/target:/opt/rustwide/target:rw,Z" "-v" "/var/lib/crater-agent-workspace/builds/worker-6-tc1/source:/opt/rustwide/workdir:ro,Z" "-v" "/var/lib/crater-agent-workspace/cargo-home:/opt/rustwide/cargo-home:ro,Z" "-v" "/var/lib/crater-agent-workspace/rustup-home:/opt/rustwide/rustup-home:ro,Z" "-e" "SOURCE_DIR=/opt/rustwide/workdir" "-e" "CARGO_TARGET_DIR=/opt/rustwide/target" "-e" "CARGO_INCREMENTAL=0" "-e" "RUST_BACKTRACE=full" "-e" "RUSTFLAGS=--cap-lints=warn" "-e" "RUSTDOCFLAGS=--cap-lints=warn" "-e" "CARGO_HOME=/opt/rustwide/cargo-home" "-e" "RUSTUP_HOME=/opt/rustwide/rustup-home" "-w" "/opt/rustwide/workdir" "-m" "1610612736" "--user" "0:0" "--network" "none" "ghcr.io/rust-lang/crates-build-env/linux@sha256:2788e3201cd34a07e3172128adcd8b3090168a8e3bcc40d7c032b9dda1df7d1c" "/opt/rustwide/cargo-home/bin/cargo" "+1.75.0" "doc" "--frozen" "--no-deps" "--document-private-items" "--message-format=json", kill_on_drop: false }`
[INFO] [stdout] 031df023ffc19e3e012835ad31470cbbc7c061fc1017cf4bc1439521e3aa23a0
[INFO] running `Command { std: "docker" "start" "-a" "031df023ffc19e3e012835ad31470cbbc7c061fc1017cf4bc1439521e3aa23a0", kill_on_drop: false }`
[INFO] [stderr]    Compiling crossbeam-utils v0.8.18
[INFO] [stderr]    Compiling libm v0.2.8
[INFO] [stderr]    Compiling num-traits v0.2.17
[INFO] [stderr]    Compiling proc-macro2 v1.0.76
[INFO] [stderr]    Compiling target-lexicon v0.12.13
[INFO] [stderr]    Compiling rayon-core v1.12.0
[INFO] [stderr]    Compiling serde v1.0.195
[INFO] [stderr]    Compiling jobserver v0.1.27
[INFO] [stderr]    Compiling cc v1.0.83
[INFO] [stderr]    Compiling num-integer v0.1.45
[INFO] [stderr]    Compiling quote v1.0.35
[INFO] [stderr]    Compiling crossbeam-epoch v0.9.17
[INFO] [stderr]    Compiling syn v1.0.109
[INFO] [stderr]    Compiling crossbeam-queue v0.3.10
[INFO] [stderr]    Compiling crossbeam-channel v0.5.10
[INFO] [stderr]    Compiling equivalent v1.0.1
[INFO] [stderr]    Compiling either v1.9.0
[INFO] [stderr]    Compiling crossbeam-deque v0.8.4
[INFO] [stderr]    Compiling hashbrown v0.14.3
[INFO] [stderr]    Compiling pyo3-build-config v0.18.3
[INFO] [stderr]    Compiling crossbeam v0.8.3
[INFO] [stderr]    Compiling glob v0.3.1
[INFO] [stderr]    Compiling rayon v1.8.0
[INFO] [stderr]    Compiling winnow v0.5.33
[INFO] [stderr]    Compiling indexmap v2.1.0
[INFO] [stderr]    Compiling same-file v1.0.6
[INFO] [stderr]    Compiling clang-sys v1.7.0
[INFO] [stderr]    Compiling walkdir v2.4.0
[INFO] [stderr]     Checking getrandom v0.2.11
[INFO] [stderr]    Compiling smallvec v1.11.2
[INFO] [stderr]    Compiling gcc v0.3.55
[INFO] [stderr]    Compiling log v0.4.20
[INFO] [stderr]    Compiling aho-corasick v1.1.2
[INFO] [stderr]    Compiling cfg-expr v0.15.6
[INFO] [stderr]     Checking rand_core v0.6.4
[INFO] [stderr]     Checking num-complex v0.4.4
[INFO] [stderr]    Compiling rust-crypto v0.2.36
[INFO] [stderr]    Compiling toml_datetime v0.6.5
[INFO] [stderr]    Compiling serde_spanned v0.6.5
[INFO] [stderr]    Compiling syn v2.0.48
[INFO] [stderr]    Compiling toml_edit v0.21.0
[INFO] [stderr]    Compiling rand v0.4.6
[INFO] [stderr]    Compiling jwalk v0.8.1
[INFO] [stderr]    Compiling dircpy v0.3.15
[INFO] [stderr]    Compiling libloading v0.8.1
[INFO] [stderr]    Compiling num-bigint v0.4.4
[INFO] [stderr]    Compiling slab v0.4.9
[INFO] [stderr]    Compiling version-compare v0.1.1
[INFO] [stderr]    Compiling paste v1.0.14
[INFO] [stderr]    Compiling regex-syntax v0.8.2
[INFO] [stderr]    Compiling rand v0.3.23
[INFO] [stderr]    Compiling zeromq-src v0.2.6+4.3.4
[INFO] [stderr]    Compiling proc-macro-error-attr v1.0.4
[INFO] [stderr]    Compiling time v0.1.45
[INFO] [stderr]    Compiling num-rational v0.4.1
[INFO] [stderr]    Compiling matrixmultiply v0.3.8
[INFO] [stderr]    Compiling semver v1.0.21
[INFO] [stderr]    Compiling toml v0.8.8
[INFO] [stderr]    Compiling rustc-serialize v0.3.25
[INFO] [stderr]     Checking futures-sink v0.3.30
[INFO] [stderr]    Compiling system-deps v6.2.0
[INFO] [stderr]     Checking futures-core v0.3.30
[INFO] [stderr]     Checking bytemuck v1.14.0
[INFO] [stderr]     Checking safe_arch v0.7.1
[INFO] [stderr]     Checking futures-channel v0.3.30
[INFO] [stderr]     Checking rand_chacha v0.3.1
[INFO] [stderr]    Compiling regex-automata v0.4.3
[INFO] [stderr]    Compiling zmq-sys v0.12.0
[INFO] [stderr]    Compiling clang v2.0.0
[INFO] [stderr]    Compiling pyo3-ffi v0.18.3
[INFO] [stderr]    Compiling proc-macro-error v1.0.4
[INFO] [stderr]    Compiling lock_api v0.4.11
[INFO] [stderr]     Checking futures-io v0.3.30
[INFO] [stderr]    Compiling dunce v1.0.4
[INFO] [stderr]     Checking rawpointer v0.2.1
[INFO] [stderr]     Checking futures-task v0.3.30
[INFO] [stderr]    Compiling typenum v1.17.0
[INFO] [stderr]    Compiling futures-macro v0.3.30
[INFO] [stderr]     Checking pin-project-lite v0.2.13
[INFO] [stderr]    Compiling percent-encoding v2.3.1
[INFO] [stderr]     Checking pin-utils v0.1.0
[INFO] [stderr]    Compiling md5 v0.4.0
[INFO] [stderr]    Compiling maplit v1.0.2
[INFO] [stderr]    Compiling parking_lot_core v0.9.9
[INFO] [stderr]    Compiling fftw-src v0.2.3
[INFO] [stderr]     Checking rand v0.8.5
[INFO] [stderr]     Checking wide v0.7.13
[INFO] [stderr]     Checking approx v0.5.1
[INFO] [stderr]     Checking futures-util v0.3.30
[INFO] [stderr]    Compiling ahash v0.8.7
[INFO] [stderr]    Compiling cudnn-sys v0.0.3
[INFO] [stderr]    Compiling regex v1.10.2
[INFO] [stderr]    Compiling num-complex v0.2.4
[INFO] [stderr]    Compiling memoffset v0.9.0
[INFO] [stderr]    Compiling opencv-binding-generator v0.56.0
[INFO] [stderr]    Compiling memoffset v0.8.0
[INFO] [stderr]    Compiling num-iter v0.1.43
[INFO] [stderr]    Compiling intel-mkl-src v0.2.5
[INFO] [stderr]    Compiling protobuf v2.28.0
[INFO] [stderr]    Compiling shlex v1.2.0
[INFO] [stderr]    Compiling async-trait v0.1.77
[INFO] [stderr]     Checking scopeguard v1.2.0
[INFO] [stderr]    Compiling uninitialized v0.0.2
[INFO] [stderr]     Checking once_cell v1.19.0
[INFO] [stderr]    Compiling unicode-xid v0.0.4
[INFO] [stderr]    Compiling synom v0.11.3
[INFO] [stderr] error: failed to run custom build command for `intel-mkl-src v0.2.5`
[INFO] [stderr] note: To improve backtraces for build dependencies, set the CARGO_PROFILE_DEV_BUILD_OVERRIDE_DEBUG=true environment variable to enable debug information generation.
[INFO] [stderr] 
[INFO] [stderr] Caused by:
[INFO] [stderr]   process didn't exit successfully: `/opt/rustwide/target/debug/build/intel-mkl-src-fb6518ecd37d1fea/build-script-build` (exit status: 101)
[INFO] [stderr]   --- stdout
[INFO] [stderr]   Downlaod archive
[INFO] [stderr] 
[INFO] [stderr]   --- stderr
[INFO] [stderr]   thread 'main' panicked at /opt/rustwide/cargo-home/registry/src/index.crates.io-6f17d22bba15001f/intel-mkl-src-0.2.5/build.rs:88:13:
[INFO] [stderr]   check sum of downloaded archive is incorrect: md5sum=d41d8cd98f00b204e9800998ecf8427e
[INFO] [stderr]   stack backtrace:
[INFO] [stderr]      0:     0x55de946e946c - std::backtrace_rs::backtrace::libunwind::trace::ha637c64ce894333a
[INFO] [stderr]                                  at /rustc/82e1608dfa6e0b5569232559e3d385fea5a93112/library/std/src/../../backtrace/src/backtrace/libunwind.rs:104:5
[INFO] [stderr]      1:     0x55de946e946c - std::backtrace_rs::backtrace::trace_unsynchronized::h47f62dea28e0c88d
[INFO] [stderr]                                  at /rustc/82e1608dfa6e0b5569232559e3d385fea5a93112/library/std/src/../../backtrace/src/backtrace/mod.rs:66:5
[INFO] [stderr]      2:     0x55de946e946c - std::sys_common::backtrace::_print_fmt::h9eef0abe20ede486
[INFO] [stderr]                                  at /rustc/82e1608dfa6e0b5569232559e3d385fea5a93112/library/std/src/sys_common/backtrace.rs:67:5
[INFO] [stderr]      3:     0x55de946e946c - <std::sys_common::backtrace::_print::DisplayBacktrace as core::fmt::Display>::fmt::hed7f999df88cc644
[INFO] [stderr]                                  at /rustc/82e1608dfa6e0b5569232559e3d385fea5a93112/library/std/src/sys_common/backtrace.rs:44:22
[INFO] [stderr]      4:     0x55de9470c6b0 - core::fmt::rt::Argument::fmt::h1539a9308b8d058d
[INFO] [stderr]                                  at /rustc/82e1608dfa6e0b5569232559e3d385fea5a93112/library/core/src/fmt/rt.rs:142:9
[INFO] [stderr]      5:     0x55de9470c6b0 - core::fmt::write::h3a39390d8560d9c9
[INFO] [stderr]                                  at /rustc/82e1608dfa6e0b5569232559e3d385fea5a93112/library/core/src/fmt/mod.rs:1120:17
[INFO] [stderr]      6:     0x55de946e70cf - std::io::Write::write_fmt::h5fc9997dfe05f882
[INFO] [stderr]                                  at /rustc/82e1608dfa6e0b5569232559e3d385fea5a93112/library/std/src/io/mod.rs:1762:15
[INFO] [stderr]      7:     0x55de946e9254 - std::sys_common::backtrace::_print::h894006fb5c6f3d45
[INFO] [stderr]                                  at /rustc/82e1608dfa6e0b5569232559e3d385fea5a93112/library/std/src/sys_common/backtrace.rs:47:5
[INFO] [stderr]      8:     0x55de946e9254 - std::sys_common::backtrace::print::h23a2d212c6fff936
[INFO] [stderr]                                  at /rustc/82e1608dfa6e0b5569232559e3d385fea5a93112/library/std/src/sys_common/backtrace.rs:34:9
[INFO] [stderr]      9:     0x55de946ea767 - std::panicking::default_hook::{{closure}}::h8a1d2ee00185001a
[INFO] [stderr]     10:     0x55de946ea4cf - std::panicking::default_hook::h6038f2eba384e475
[INFO] [stderr]                                  at /rustc/82e1608dfa6e0b5569232559e3d385fea5a93112/library/std/src/panicking.rs:292:9
[INFO] [stderr]     11:     0x55de946eabe8 - std::panicking::rust_panic_with_hook::h2b5517d590cab22e
[INFO] [stderr]                                  at /rustc/82e1608dfa6e0b5569232559e3d385fea5a93112/library/std/src/panicking.rs:779:13
[INFO] [stderr]     12:     0x55de946eaace - std::panicking::begin_panic_handler::{{closure}}::h233112c06e0ef43e
[INFO] [stderr]                                  at /rustc/82e1608dfa6e0b5569232559e3d385fea5a93112/library/std/src/panicking.rs:657:13
[INFO] [stderr]     13:     0x55de946e9936 - std::sys_common::backtrace::__rust_end_short_backtrace::h6e893f24d7ebbff8
[INFO] [stderr]                                  at /rustc/82e1608dfa6e0b5569232559e3d385fea5a93112/library/std/src/sys_common/backtrace.rs:170:18
[INFO] [stderr]     14:     0x55de946ea832 - rust_begin_unwind
[INFO] [stderr]                                  at /rustc/82e1608dfa6e0b5569232559e3d385fea5a93112/library/std/src/panicking.rs:645:5
[INFO] [stderr]     15:     0x55de946bc205 - core::panicking::panic_fmt::hbf0e066aabfa482c
[INFO] [stderr]                                  at /rustc/82e1608dfa6e0b5569232559e3d385fea5a93112/library/core/src/panicking.rs:72:14
[INFO] [stderr]     16:     0x55de946c1308 - build_script_build::main::h56b6ba37450ca400
[INFO] [stderr]     17:     0x55de946bdce3 - core::ops::function::FnOnce::call_once::h4423d93a0b59ad29
[INFO] [stderr]     18:     0x55de946bce36 - std::sys_common::backtrace::__rust_begin_short_backtrace::h8840bdc024937ead
[INFO] [stderr]     19:     0x55de946bd689 - std::rt::lang_start::{{closure}}::h2eed15f5b487d8c6
[INFO] [stderr]     20:     0x55de946e3c47 - core::ops::function::impls::<impl core::ops::function::FnOnce<A> for &F>::call_once::hd95060ecd5e1ca24
[INFO] [stderr]                                  at /rustc/82e1608dfa6e0b5569232559e3d385fea5a93112/library/core/src/ops/function.rs:284:13
[INFO] [stderr]     21:     0x55de946e3c47 - std::panicking::try::do_call::h6e8cf51db32a6e4b
[INFO] [stderr]                                  at /rustc/82e1608dfa6e0b5569232559e3d385fea5a93112/library/std/src/panicking.rs:552:40
[INFO] [stderr]     22:     0x55de946e3c47 - std::panicking::try::h3a52eefe24fe3c29
[INFO] [stderr]                                  at /rustc/82e1608dfa6e0b5569232559e3d385fea5a93112/library/std/src/panicking.rs:516:19
[INFO] [stderr]     23:     0x55de946e3c47 - std::panic::catch_unwind::h24c28c23c02c3841
[INFO] [stderr]                                  at /rustc/82e1608dfa6e0b5569232559e3d385fea5a93112/library/std/src/panic.rs:142:14
[INFO] [stderr]     24:     0x55de946e3c47 - std::rt::lang_start_internal::{{closure}}::h705d3c9cbc06ef47
[INFO] [stderr]                                  at /rustc/82e1608dfa6e0b5569232559e3d385fea5a93112/library/std/src/rt.rs:148:48
[INFO] [stderr]     25:     0x55de946e3c47 - std::panicking::try::do_call::ha21f52ba13158470
[INFO] [stderr]                                  at /rustc/82e1608dfa6e0b5569232559e3d385fea5a93112/library/std/src/panicking.rs:552:40
[INFO] [stderr]     26:     0x55de946e3c47 - std::panicking::try::h5581346bf6aeb1f8
[INFO] [stderr]                                  at /rustc/82e1608dfa6e0b5569232559e3d385fea5a93112/library/std/src/panicking.rs:516:19
[INFO] [stderr]     27:     0x55de946e3c47 - std::panic::catch_unwind::h7919645a6b72e25b
[INFO] [stderr]                                  at /rustc/82e1608dfa6e0b5569232559e3d385fea5a93112/library/std/src/panic.rs:142:14
[INFO] [stderr]     28:     0x55de946e3c47 - std::rt::lang_start_internal::h12de51168669836e
[INFO] [stderr]                                  at /rustc/82e1608dfa6e0b5569232559e3d385fea5a93112/library/std/src/rt.rs:148:20
[INFO] [stderr]     29:     0x55de946bd667 - std::rt::lang_start::h4b6ee741f4ff7fa8
[INFO] [stderr]     30:     0x55de946c1575 - main
[INFO] [stderr]     31:     0x7fbece907d90 - <unknown>
[INFO] [stderr]     32:     0x7fbece907e40 - __libc_start_main
[INFO] [stderr]     33:     0x55de946bca15 - _start
[INFO] [stderr]     34:                0x0 - <unknown>
[INFO] [stderr] warning: build failed, waiting for other jobs to finish...
[INFO] running `Command { std: "docker" "inspect" "031df023ffc19e3e012835ad31470cbbc7c061fc1017cf4bc1439521e3aa23a0", kill_on_drop: false }`
[INFO] running `Command { std: "docker" "rm" "-f" "031df023ffc19e3e012835ad31470cbbc7c061fc1017cf4bc1439521e3aa23a0", kill_on_drop: false }`
[INFO] [stdout] 031df023ffc19e3e012835ad31470cbbc7c061fc1017cf4bc1439521e3aa23a0
[INFO] documenting caffe2-quant-0.1.4-alpha.0 against beta-2023-12-22 for beta-1.76-rustdoc-1
[INFO] extracting crate caffe2-quant 0.1.4-alpha.0 into /workspace/builds/worker-6-tc2/source
[INFO] validating manifest of crates.io crate caffe2-quant 0.1.4-alpha.0 on toolchain beta-2023-12-22
[INFO] running `Command { std: CARGO_HOME="/workspace/cargo-home" RUSTUP_HOME="/workspace/rustup-home" "/workspace/cargo-home/bin/cargo" "+beta-2023-12-22" "metadata" "--manifest-path" "Cargo.toml" "--no-deps", kill_on_drop: false }`
[INFO] started tweaking crates.io crate caffe2-quant 0.1.4-alpha.0
[INFO] finished tweaking crates.io crate caffe2-quant 0.1.4-alpha.0
[INFO] tweaked toml for crates.io crate caffe2-quant 0.1.4-alpha.0 written to /workspace/builds/worker-6-tc2/source/Cargo.toml
[INFO] running `Command { std: CARGO_HOME="/workspace/cargo-home" RUSTUP_HOME="/workspace/rustup-home" "/workspace/cargo-home/bin/cargo" "+beta-2023-12-22" "generate-lockfile" "--manifest-path" "Cargo.toml", kill_on_drop: false }`
[INFO] [stderr]     Updating crates.io index
[INFO] running `Command { std: CARGO_HOME="/workspace/cargo-home" RUSTUP_HOME="/workspace/rustup-home" "/workspace/cargo-home/bin/cargo" "+beta-2023-12-22" "fetch" "--manifest-path" "Cargo.toml", kill_on_drop: false }`
[INFO] running `Command { std: "docker" "create" "-v" "/var/lib/crater-agent-workspace/builds/worker-6-tc2/target:/opt/rustwide/target:rw,Z" "-v" "/var/lib/crater-agent-workspace/builds/worker-6-tc2/source:/opt/rustwide/workdir:ro,Z" "-v" "/var/lib/crater-agent-workspace/cargo-home:/opt/rustwide/cargo-home:ro,Z" "-v" "/var/lib/crater-agent-workspace/rustup-home:/opt/rustwide/rustup-home:ro,Z" "-e" "SOURCE_DIR=/opt/rustwide/workdir" "-e" "CARGO_TARGET_DIR=/opt/rustwide/target" "-e" "CARGO_HOME=/opt/rustwide/cargo-home" "-e" "RUSTUP_HOME=/opt/rustwide/rustup-home" "-w" "/opt/rustwide/workdir" "-m" "1610612736" "--user" "0:0" "--network" "none" "ghcr.io/rust-lang/crates-build-env/linux@sha256:2788e3201cd34a07e3172128adcd8b3090168a8e3bcc40d7c032b9dda1df7d1c" "/opt/rustwide/cargo-home/bin/cargo" "+beta-2023-12-22" "metadata" "--no-deps" "--format-version=1", kill_on_drop: false }`
[INFO] [stdout] 18a7867a2ba77367703100149d0cc8cbadbc054f6dd9c1f7c90e9cd5b2dbdcff
[INFO] running `Command { std: "docker" "start" "-a" "18a7867a2ba77367703100149d0cc8cbadbc054f6dd9c1f7c90e9cd5b2dbdcff", kill_on_drop: false }`
[INFO] running `Command { std: "docker" "inspect" "18a7867a2ba77367703100149d0cc8cbadbc054f6dd9c1f7c90e9cd5b2dbdcff", kill_on_drop: false }`
[INFO] running `Command { std: "docker" "rm" "-f" "18a7867a2ba77367703100149d0cc8cbadbc054f6dd9c1f7c90e9cd5b2dbdcff", kill_on_drop: false }`
[INFO] [stdout] 18a7867a2ba77367703100149d0cc8cbadbc054f6dd9c1f7c90e9cd5b2dbdcff
[INFO] running `Command { std: "docker" "create" "-v" "/var/lib/crater-agent-workspace/builds/worker-6-tc2/target:/opt/rustwide/target:rw,Z" "-v" "/var/lib/crater-agent-workspace/builds/worker-6-tc2/source:/opt/rustwide/workdir:ro,Z" "-v" "/var/lib/crater-agent-workspace/cargo-home:/opt/rustwide/cargo-home:ro,Z" "-v" "/var/lib/crater-agent-workspace/rustup-home:/opt/rustwide/rustup-home:ro,Z" "-e" "SOURCE_DIR=/opt/rustwide/workdir" "-e" "CARGO_TARGET_DIR=/opt/rustwide/target" "-e" "CARGO_INCREMENTAL=0" "-e" "RUST_BACKTRACE=full" "-e" "RUSTFLAGS=--cap-lints=warn" "-e" "RUSTDOCFLAGS=--cap-lints=warn" "-e" "CARGO_HOME=/opt/rustwide/cargo-home" "-e" "RUSTUP_HOME=/opt/rustwide/rustup-home" "-w" "/opt/rustwide/workdir" "-m" "1610612736" "--user" "0:0" "--network" "none" "ghcr.io/rust-lang/crates-build-env/linux@sha256:2788e3201cd34a07e3172128adcd8b3090168a8e3bcc40d7c032b9dda1df7d1c" "/opt/rustwide/cargo-home/bin/cargo" "+beta-2023-12-22" "doc" "--frozen" "--no-deps" "--document-private-items" "--message-format=json", kill_on_drop: false }`
[INFO] [stdout] 91341e1affc92ce84da1088e0c562a93196dc54c24060f120d85bb287a29aff9
[INFO] running `Command { std: "docker" "start" "-a" "91341e1affc92ce84da1088e0c562a93196dc54c24060f120d85bb287a29aff9", kill_on_drop: false }`
[INFO] [stderr]    Compiling crossbeam-utils v0.8.18
[INFO] [stderr]    Compiling libm v0.2.8
[INFO] [stderr]    Compiling num-traits v0.2.17
[INFO] [stderr]    Compiling proc-macro2 v1.0.76
[INFO] [stderr]    Compiling target-lexicon v0.12.13
[INFO] [stderr]    Compiling rayon-core v1.12.0
[INFO] [stderr]    Compiling serde v1.0.195
[INFO] [stderr]    Compiling jobserver v0.1.27
[INFO] [stderr]    Compiling num-integer v0.1.45
[INFO] [stderr]    Compiling cc v1.0.83
[INFO] [stderr]    Compiling hashbrown v0.14.3
[INFO] [stderr]    Compiling quote v1.0.35
[INFO] [stderr]    Compiling equivalent v1.0.1
[INFO] [stderr]    Compiling either v1.9.0
[INFO] [stderr]    Compiling crossbeam-epoch v0.9.17
[INFO] [stderr]    Compiling syn v1.0.109
[INFO] [stderr]    Compiling crossbeam-queue v0.3.10
[INFO] [stderr]    Compiling crossbeam-channel v0.5.10
[INFO] [stderr]    Compiling indexmap v2.1.0
[INFO] [stderr]    Compiling pyo3-build-config v0.18.3
[INFO] [stderr]    Compiling crossbeam-deque v0.8.4
[INFO] [stderr]    Compiling crossbeam v0.8.3
[INFO] [stderr]    Compiling glob v0.3.1
[INFO] [stderr]    Compiling winnow v0.5.33
[INFO] [stderr]    Compiling rayon v1.8.0
[INFO] [stderr]    Compiling same-file v1.0.6
[INFO] [stderr]    Compiling clang-sys v1.7.0
[INFO] [stderr]    Compiling walkdir v2.4.0
[INFO] [stderr]     Checking getrandom v0.2.11
[INFO] [stderr]    Compiling smallvec v1.11.2
[INFO] [stderr]    Compiling gcc v0.3.55
[INFO] [stderr]    Compiling log v0.4.20
[INFO] [stderr]     Checking rand_core v0.6.4
[INFO] [stderr]    Compiling cfg-expr v0.15.6
[INFO] [stderr]    Compiling aho-corasick v1.1.2
[INFO] [stderr]    Compiling toml_datetime v0.6.5
[INFO] [stderr]    Compiling serde_spanned v0.6.5
[INFO] [stderr]    Compiling rust-crypto v0.2.36
[INFO] [stderr]     Checking num-complex v0.4.4
[INFO] [stderr]    Compiling syn v2.0.48
[INFO] [stderr]    Compiling rand v0.4.6
[INFO] [stderr]    Compiling libloading v0.8.1
[INFO] [stderr]    Compiling toml_edit v0.21.0
[INFO] [stderr]    Compiling num-bigint v0.4.4
[INFO] [stderr]    Compiling slab v0.4.9
[INFO] [stderr]    Compiling version-compare v0.1.1
[INFO] [stderr]    Compiling paste v1.0.14
[INFO] [stderr]    Compiling regex-syntax v0.8.2
[INFO] [stderr]    Compiling jwalk v0.8.1
[INFO] [stderr]    Compiling rand v0.3.23
[INFO] [stderr]    Compiling dircpy v0.3.15
[INFO] [stderr]    Compiling zeromq-src v0.2.6+4.3.4
[INFO] [stderr]    Compiling proc-macro-error-attr v1.0.4
[INFO] [stderr]    Compiling time v0.1.45
[INFO] [stderr]    Compiling num-rational v0.4.1
[INFO] [stderr]    Compiling matrixmultiply v0.3.8
[INFO] [stderr]     Checking futures-sink v0.3.30
[INFO] [stderr]    Compiling rustc-serialize v0.3.25
[INFO] [stderr]    Compiling toml v0.8.8
[INFO] [stderr]    Compiling semver v1.0.21
[INFO] [stderr]     Checking bytemuck v1.14.0
[INFO] [stderr]    Compiling system-deps v6.2.0
[INFO] [stderr]     Checking futures-core v0.3.30
[INFO] [stderr]    Compiling regex-automata v0.4.3
[INFO] [stderr]    Compiling clang v2.0.0
[INFO] [stderr]     Checking futures-channel v0.3.30
[INFO] [stderr]    Compiling zmq-sys v0.12.0
[INFO] [stderr]     Checking safe_arch v0.7.1
[INFO] [stderr]     Checking rand_chacha v0.3.1
[INFO] [stderr]    Compiling pyo3-ffi v0.18.3
[INFO] [stderr]    Compiling proc-macro-error v1.0.4
[INFO] [stderr]    Compiling lock_api v0.4.11
[INFO] [stderr]    Compiling futures-macro v0.3.30
[INFO] [stderr]    Compiling parking_lot_core v0.9.9
[INFO] [stderr]    Compiling regex v1.10.2
[INFO] [stderr]    Compiling md5 v0.4.0
[INFO] [stderr]     Checking futures-task v0.3.30
[INFO] [stderr]    Compiling percent-encoding v2.3.1
[INFO] [stderr]    Compiling maplit v1.0.2
[INFO] [stderr]     Checking rawpointer v0.2.1
[INFO] [stderr]    Compiling typenum v1.17.0
[INFO] [stderr]     Checking pin-project-lite v0.2.13
[INFO] [stderr]     Checking futures-io v0.3.30
[INFO] [stderr]    Compiling dunce v1.0.4
[INFO] [stderr]     Checking pin-utils v0.1.0
[INFO] [stderr]    Compiling opencv-binding-generator v0.56.0
[INFO] [stderr]    Compiling fftw-src v0.2.3
[INFO] [stderr]     Checking futures-util v0.3.30
[INFO] [stderr]     Checking rand v0.8.5
[INFO] [stderr]     Checking wide v0.7.13
[INFO] [stderr]     Checking approx v0.5.1
[INFO] [stderr]    Compiling ahash v0.8.7
[INFO] [stderr]    Compiling cudnn-sys v0.0.3
[INFO] [stderr]    Compiling num-complex v0.2.4
[INFO] [stderr]    Compiling memoffset v0.9.0
[INFO] [stderr]    Compiling num-iter v0.1.43
[INFO] [stderr]    Compiling memoffset v0.8.0
[INFO] [stderr]    Compiling shlex v1.2.0
[INFO] [stderr]     Checking scopeguard v1.2.0
[INFO] [stderr]    Compiling async-trait v0.1.77
[INFO] [stderr]    Compiling unicode-xid v0.0.4
[INFO] [stderr]    Compiling uninitialized v0.0.2
[INFO] [stderr]    Compiling protobuf v2.28.0
[INFO] [stderr]     Checking once_cell v1.19.0
[INFO] [stderr]    Compiling synom v0.11.3
[INFO] [stderr]    Compiling intel-mkl-src v0.2.5
[INFO] [stderr]     Checking simba v0.6.0
[INFO] [stderr]     Checking rand_distr v0.4.3
[INFO] [stderr] error: failed to run custom build command for `fftw-src v0.2.3`
[INFO] [stderr] note: To improve backtraces for build dependencies, set the CARGO_PROFILE_DEV_BUILD_OVERRIDE_DEBUG=true environment variable to enable debug information generation.
[INFO] [stderr] 
[INFO] [stderr] Caused by:
[INFO] [stderr]   process didn't exit successfully: `/opt/rustwide/target/debug/build/fftw-src-6a559174e3ff10f0/build-script-build` (exit status: 101)
[INFO] [stderr]   --- stderr
[INFO] [stderr]   thread 'main' panicked at /opt/rustwide/cargo-home/registry/src/index.crates.io-6f17d22bba15001f/fftw-src-0.2.3/build.rs:70:9:
[INFO] [stderr]   check sum of archive is incorrect
[INFO] [stderr]   stack backtrace:
[INFO] [stderr]      0:     0x564da84e2196 - std::backtrace_rs::backtrace::libunwind::trace::h261606ad26a499c1
[INFO] [stderr]                                  at /rustc/0e09125c6c3c2fd70d7de961bcf0e51575235fad/library/std/src/../../backtrace/src/backtrace/libunwind.rs:104:5
[INFO] [stderr]      1:     0x564da84e2196 - std::backtrace_rs::backtrace::trace_unsynchronized::hd183f0625477fb28
[INFO] [stderr]                                  at /rustc/0e09125c6c3c2fd70d7de961bcf0e51575235fad/library/std/src/../../backtrace/src/backtrace/mod.rs:66:5
[INFO] [stderr]      2:     0x564da84e2196 - std::sys_common::backtrace::_print_fmt::hd7f8fef21b4eda67
[INFO] [stderr]                                  at /rustc/0e09125c6c3c2fd70d7de961bcf0e51575235fad/library/std/src/sys_common/backtrace.rs:68:5
[INFO] [stderr]      3:     0x564da84e2196 - <std::sys_common::backtrace::_print::DisplayBacktrace as core::fmt::Display>::fmt::h623d9b51f2f453f1
[INFO] [stderr]                                  at /rustc/0e09125c6c3c2fd70d7de961bcf0e51575235fad/library/std/src/sys_common/backtrace.rs:44:22
[INFO] [stderr]      4:     0x564da8505aa0 - core::fmt::rt::Argument::fmt::h9f417ac76a86f368
[INFO] [stderr]                                  at /rustc/0e09125c6c3c2fd70d7de961bcf0e51575235fad/library/core/src/fmt/rt.rs:142:9
[INFO] [stderr]      5:     0x564da8505aa0 - core::fmt::write::hc9b6faf4ac2aeff7
[INFO] [stderr]                                  at /rustc/0e09125c6c3c2fd70d7de961bcf0e51575235fad/library/core/src/fmt/mod.rs:1120:17
[INFO] [stderr]      6:     0x564da84dfe5f - std::io::Write::write_fmt::hfead1eee52c2e65e
[INFO] [stderr]                                  at /rustc/0e09125c6c3c2fd70d7de961bcf0e51575235fad/library/std/src/io/mod.rs:1810:15
[INFO] [stderr]      7:     0x564da84e1f74 - std::sys_common::backtrace::_print::hd5d66399c7df88a2
[INFO] [stderr]                                  at /rustc/0e09125c6c3c2fd70d7de961bcf0e51575235fad/library/std/src/sys_common/backtrace.rs:47:5
[INFO] [stderr]      8:     0x564da84e1f74 - std::sys_common::backtrace::print::he81ed2da642d37e5
[INFO] [stderr]                                  at /rustc/0e09125c6c3c2fd70d7de961bcf0e51575235fad/library/std/src/sys_common/backtrace.rs:34:9
[INFO] [stderr]      9:     0x564da84e3557 - std::panicking::default_hook::{{closure}}::h85773f4fa117163d
[INFO] [stderr]     10:     0x564da84e32b9 - std::panicking::default_hook::h6a1694a91d09b278
[INFO] [stderr]                                  at /rustc/0e09125c6c3c2fd70d7de961bcf0e51575235fad/library/std/src/panicking.rs:292:9
[INFO] [stderr]     11:     0x564da84e39e8 - std::panicking::rust_panic_with_hook::h0a7ad96e90f7145b
[INFO] [stderr]                                  at /rustc/0e09125c6c3c2fd70d7de961bcf0e51575235fad/library/std/src/panicking.rs:779:13
[INFO] [stderr]     12:     0x564da84b95ee - std::panicking::begin_panic::{{closure}}::h5fd24fd042a91b0e
[INFO] [stderr]     13:     0x564da84b8ae6 - std::sys_common::backtrace::__rust_end_short_backtrace::h8059461c8e3a278a
[INFO] [stderr]     14:     0x564da84b9577 - std::panicking::begin_panic::h2015e9db4c701a17
[INFO] [stderr]     15:     0x564da84bf2fa - build_script_build::main::hd048ebabdc978a75
[INFO] [stderr]     16:     0x564da84bcd43 - core::ops::function::FnOnce::call_once::h881e30f7c22734fd
[INFO] [stderr]     17:     0x564da84b8af6 - std::sys_common::backtrace::__rust_begin_short_backtrace::h374bbfc7713d5b6e
[INFO] [stderr]     18:     0x564da84bc9c9 - std::rt::lang_start::{{closure}}::h2fbc96852bd56978
[INFO] [stderr]     19:     0x564da84dc471 - core::ops::function::impls::<impl core::ops::function::FnOnce<A> for &F>::call_once::h4eb4c5e1620f29b0
[INFO] [stderr]                                  at /rustc/0e09125c6c3c2fd70d7de961bcf0e51575235fad/library/core/src/ops/function.rs:284:13
[INFO] [stderr]     20:     0x564da84dc471 - std::panicking::try::do_call::h73fd26535faffcdf
[INFO] [stderr]                                  at /rustc/0e09125c6c3c2fd70d7de961bcf0e51575235fad/library/std/src/panicking.rs:552:40
[INFO] [stderr]     21:     0x564da84dc471 - std::panicking::try::h77ff1d98f0fb9f39
[INFO] [stderr]                                  at /rustc/0e09125c6c3c2fd70d7de961bcf0e51575235fad/library/std/src/panicking.rs:516:19
[INFO] [stderr]     22:     0x564da84dc471 - std::panic::catch_unwind::hab3caf2448b95e37
[INFO] [stderr]                                  at /rustc/0e09125c6c3c2fd70d7de961bcf0e51575235fad/library/std/src/panic.rs:142:14
[INFO] [stderr]     23:     0x564da84dc471 - std::rt::lang_start_internal::{{closure}}::h8086711f9c783f78
[INFO] [stderr]                                  at /rustc/0e09125c6c3c2fd70d7de961bcf0e51575235fad/library/std/src/rt.rs:148:48
[INFO] [stderr]     24:     0x564da84dc471 - std::panicking::try::do_call::hf920d4dc291cd6ca
[INFO] [stderr]                                  at /rustc/0e09125c6c3c2fd70d7de961bcf0e51575235fad/library/std/src/panicking.rs:552:40
[INFO] [stderr]     25:     0x564da84dc471 - std::panicking::try::h2b806ccc0a85db74
[INFO] [stderr]                                  at /rustc/0e09125c6c3c2fd70d7de961bcf0e51575235fad/library/std/src/panicking.rs:516:19
[INFO] [stderr]     26:     0x564da84dc471 - std::panic::catch_unwind::h038489539c507df2
[INFO] [stderr]                                  at /rustc/0e09125c6c3c2fd70d7de961bcf0e51575235fad/library/std/src/panic.rs:142:14
[INFO] [stderr]     27:     0x564da84dc471 - std::rt::lang_start_internal::h28503b88912e8a5c
[INFO] [stderr]                                  at /rustc/0e09125c6c3c2fd70d7de961bcf0e51575235fad/library/std/src/rt.rs:148:20
[INFO] [stderr]     28:     0x564da84bc9a7 - std::rt::lang_start::h25022b8e6119156f
[INFO] [stderr]     29:     0x564da84bf995 - main
[INFO] [stderr]     30:     0x7f33494ead90 - <unknown>
[INFO] [stderr]     31:     0x7f33494eae40 - __libc_start_main
[INFO] [stderr]     32:     0x564da84b8925 - _start
[INFO] [stderr]     33:                0x0 - <unknown>
[INFO] [stderr] warning: build failed, waiting for other jobs to finish...
[INFO] [stderr] error: failed to run custom build command for `intel-mkl-src v0.2.5`
[INFO] [stderr] note: To improve backtraces for build dependencies, set the CARGO_PROFILE_DEV_BUILD_OVERRIDE_DEBUG=true environment variable to enable debug information generation.
[INFO] [stderr] 
[INFO] [stderr] Caused by:
[INFO] [stderr]   process didn't exit successfully: `/opt/rustwide/target/debug/build/intel-mkl-src-551f2ed4f2497133/build-script-build` (exit status: 101)
[INFO] [stderr]   --- stdout
[INFO] [stderr]   Downlaod archive
[INFO] [stderr] 
[INFO] [stderr]   --- stderr
[INFO] [stderr]   thread 'main' panicked at /opt/rustwide/cargo-home/registry/src/index.crates.io-6f17d22bba15001f/intel-mkl-src-0.2.5/build.rs:88:13:
[INFO] [stderr]   check sum of downloaded archive is incorrect: md5sum=d41d8cd98f00b204e9800998ecf8427e
[INFO] [stderr]   stack backtrace:
[INFO] [stderr]      0:     0x5641cedd3626 - std::backtrace_rs::backtrace::libunwind::trace::h261606ad26a499c1
[INFO] [stderr]                                  at /rustc/0e09125c6c3c2fd70d7de961bcf0e51575235fad/library/std/src/../../backtrace/src/backtrace/libunwind.rs:104:5
[INFO] [stderr]      1:     0x5641cedd3626 - std::backtrace_rs::backtrace::trace_unsynchronized::hd183f0625477fb28
[INFO] [stderr]                                  at /rustc/0e09125c6c3c2fd70d7de961bcf0e51575235fad/library/std/src/../../backtrace/src/backtrace/mod.rs:66:5
[INFO] [stderr]      2:     0x5641cedd3626 - std::sys_common::backtrace::_print_fmt::hd7f8fef21b4eda67
[INFO] [stderr]                                  at /rustc/0e09125c6c3c2fd70d7de961bcf0e51575235fad/library/std/src/sys_common/backtrace.rs:68:5
[INFO] [stderr]      3:     0x5641cedd3626 - <std::sys_common::backtrace::_print::DisplayBacktrace as core::fmt::Display>::fmt::h623d9b51f2f453f1
[INFO] [stderr]                                  at /rustc/0e09125c6c3c2fd70d7de961bcf0e51575235fad/library/std/src/sys_common/backtrace.rs:44:22
[INFO] [stderr]      4:     0x5641cedf5b80 - core::fmt::rt::Argument::fmt::h9f417ac76a86f368
[INFO] [stderr]                                  at /rustc/0e09125c6c3c2fd70d7de961bcf0e51575235fad/library/core/src/fmt/rt.rs:142:9
[INFO] [stderr]      5:     0x5641cedf5b80 - core::fmt::write::hc9b6faf4ac2aeff7
[INFO] [stderr]                                  at /rustc/0e09125c6c3c2fd70d7de961bcf0e51575235fad/library/core/src/fmt/mod.rs:1120:17
[INFO] [stderr]      6:     0x5641cedd13af - std::io::Write::write_fmt::hfead1eee52c2e65e
[INFO] [stderr]                                  at /rustc/0e09125c6c3c2fd70d7de961bcf0e51575235fad/library/std/src/io/mod.rs:1810:15
[INFO] [stderr]      7:     0x5641cedd3404 - std::sys_common::backtrace::_print::hd5d66399c7df88a2
[INFO] [stderr]                                  at /rustc/0e09125c6c3c2fd70d7de961bcf0e51575235fad/library/std/src/sys_common/backtrace.rs:47:5
[INFO] [stderr]      8:     0x5641cedd3404 - std::sys_common::backtrace::print::he81ed2da642d37e5
[INFO] [stderr]                                  at /rustc/0e09125c6c3c2fd70d7de961bcf0e51575235fad/library/std/src/sys_common/backtrace.rs:34:9
[INFO] [stderr]      9:     0x5641cedd4967 - std::panicking::default_hook::{{closure}}::h85773f4fa117163d
[INFO] [stderr]     10:     0x5641cedd46c9 - std::panicking::default_hook::h6a1694a91d09b278
[INFO] [stderr]                                  at /rustc/0e09125c6c3c2fd70d7de961bcf0e51575235fad/library/std/src/panicking.rs:292:9
[INFO] [stderr]     11:     0x5641cedd4df8 - std::panicking::rust_panic_with_hook::h0a7ad96e90f7145b
[INFO] [stderr]                                  at /rustc/0e09125c6c3c2fd70d7de961bcf0e51575235fad/library/std/src/panicking.rs:779:13
[INFO] [stderr]     12:     0x5641cedd4cd2 - std::panicking::begin_panic_handler::{{closure}}::h7919090525c6485e
[INFO] [stderr]                                  at /rustc/0e09125c6c3c2fd70d7de961bcf0e51575235fad/library/std/src/panicking.rs:657:13
[INFO] [stderr]     13:     0x5641cedd3b26 - std::sys_common::backtrace::__rust_end_short_backtrace::hf3289479464f7dfe
[INFO] [stderr]                                  at /rustc/0e09125c6c3c2fd70d7de961bcf0e51575235fad/library/std/src/sys_common/backtrace.rs:171:18
[INFO] [stderr]     14:     0x5641cedd4a30 - rust_begin_unwind
[INFO] [stderr]                                  at /rustc/0e09125c6c3c2fd70d7de961bcf0e51575235fad/library/std/src/panicking.rs:645:5
[INFO] [stderr]     15:     0x5641ceda81f5 - core::panicking::panic_fmt::hcc9f77c5c132af55
[INFO] [stderr]                                  at /rustc/0e09125c6c3c2fd70d7de961bcf0e51575235fad/library/core/src/panicking.rs:72:14
[INFO] [stderr]     16:     0x5641cedad2e8 - build_script_build::main::ha8a74cad8cc71f8a
[INFO] [stderr]     17:     0x5641ceda9c53 - core::ops::function::FnOnce::call_once::h29e6a25e69325dd7
[INFO] [stderr]     18:     0x5641ceda8e36 - std::sys_common::backtrace::__rust_begin_short_backtrace::hba67fbb2be77faad
[INFO] [stderr]     19:     0x5641ceda9669 - std::rt::lang_start::{{closure}}::hd202e159d6c49cb7
[INFO] [stderr]     20:     0x5641cedcdca1 - core::ops::function::impls::<impl core::ops::function::FnOnce<A> for &F>::call_once::h4eb4c5e1620f29b0
[INFO] [stderr]                                  at /rustc/0e09125c6c3c2fd70d7de961bcf0e51575235fad/library/core/src/ops/function.rs:284:13
[INFO] [stderr]     21:     0x5641cedcdca1 - std::panicking::try::do_call::h73fd26535faffcdf
[INFO] [stderr]                                  at /rustc/0e09125c6c3c2fd70d7de961bcf0e51575235fad/library/std/src/panicking.rs:552:40
[INFO] [stderr]     22:     0x5641cedcdca1 - std::panicking::try::h77ff1d98f0fb9f39
[INFO] [stderr]                                  at /rustc/0e09125c6c3c2fd70d7de961bcf0e51575235fad/library/std/src/panicking.rs:516:19
[INFO] [stderr]     23:     0x5641cedcdca1 - std::panic::catch_unwind::hab3caf2448b95e37
[INFO] [stderr]                                  at /rustc/0e09125c6c3c2fd70d7de961bcf0e51575235fad/library/std/src/panic.rs:142:14
[INFO] [stderr]     24:     0x5641cedcdca1 - std::rt::lang_start_internal::{{closure}}::h8086711f9c783f78
[INFO] [stderr]                                  at /rustc/0e09125c6c3c2fd70d7de961bcf0e51575235fad/library/std/src/rt.rs:148:48
[INFO] [stderr]     25:     0x5641cedcdca1 - std::panicking::try::do_call::hf920d4dc291cd6ca
[INFO] [stderr]                                  at /rustc/0e09125c6c3c2fd70d7de961bcf0e51575235fad/library/std/src/panicking.rs:552:40
[INFO] [stderr]     26:     0x5641cedcdca1 - std::panicking::try::h2b806ccc0a85db74
[INFO] [stderr]                                  at /rustc/0e09125c6c3c2fd70d7de961bcf0e51575235fad/library/std/src/panicking.rs:516:19
[INFO] [stderr]     27:     0x5641cedcdca1 - std::panic::catch_unwind::h038489539c507df2
[INFO] [stderr]                                  at /rustc/0e09125c6c3c2fd70d7de961bcf0e51575235fad/library/std/src/panic.rs:142:14
[INFO] [stderr]     28:     0x5641cedcdca1 - std::rt::lang_start_internal::h28503b88912e8a5c
[INFO] [stderr]                                  at /rustc/0e09125c6c3c2fd70d7de961bcf0e51575235fad/library/std/src/rt.rs:148:20
[INFO] [stderr]     29:     0x5641ceda9647 - std::rt::lang_start::h5312aec4f308f605
[INFO] [stderr]     30:     0x5641cedad555 - main
[INFO] [stderr]     31:     0x7fb872eadd90 - <unknown>
[INFO] [stderr]     32:     0x7fb872eade40 - __libc_start_main
[INFO] [stderr]     33:     0x5641ceda8a15 - _start
[INFO] [stderr]     34:                0x0 - <unknown>
[INFO] running `Command { std: "docker" "inspect" "91341e1affc92ce84da1088e0c562a93196dc54c24060f120d85bb287a29aff9", kill_on_drop: false }`
[INFO] running `Command { std: "docker" "rm" "-f" "91341e1affc92ce84da1088e0c562a93196dc54c24060f120d85bb287a29aff9", kill_on_drop: false }`
[INFO] [stdout] 91341e1affc92ce84da1088e0c562a93196dc54c24060f120d85bb287a29aff9
