[INFO] fetching crate c_rs 0.1.9...
[INFO] documenting c_rs-0.1.9 against 1.75.0 for beta-1.76-rustdoc-1
[INFO] extracting crate c_rs 0.1.9 into /workspace/builds/worker-6-tc1/source
[INFO] validating manifest of crates.io crate c_rs 0.1.9 on toolchain 1.75.0
[INFO] running `Command { std: CARGO_HOME="/workspace/cargo-home" RUSTUP_HOME="/workspace/rustup-home" "/workspace/cargo-home/bin/cargo" "+1.75.0" "metadata" "--manifest-path" "Cargo.toml" "--no-deps", kill_on_drop: false }`
[INFO] started tweaking crates.io crate c_rs 0.1.9
[INFO] finished tweaking crates.io crate c_rs 0.1.9
[INFO] tweaked toml for crates.io crate c_rs 0.1.9 written to /workspace/builds/worker-6-tc1/source/Cargo.toml
[INFO] crate crates.io crate c_rs 0.1.9 already has a lockfile, it will not be regenerated
[INFO] running `Command { std: CARGO_HOME="/workspace/cargo-home" RUSTUP_HOME="/workspace/rustup-home" "/workspace/cargo-home/bin/cargo" "+1.75.0" "fetch" "--manifest-path" "Cargo.toml", kill_on_drop: false }`
[INFO] [stderr]     Updating crates.io index
[INFO] [stderr]  Downloading crates ...
[INFO] [stderr]   Downloaded syntex_pos v0.42.0
[INFO] [stderr]   Downloaded bitflags v0.5.0
[INFO] [stderr]   Downloaded syntex_errors v0.42.0
[INFO] [stderr]   Downloaded winapi-build v0.1.1
[INFO] [stderr]   Downloaded log v0.3.9
[INFO] [stderr]   Downloaded gcc v0.3.55
[INFO] [stderr]   Downloaded rustc-serialize v0.3.24
[INFO] [stderr]   Downloaded unicode-xid v0.0.3
[INFO] [stderr]   Downloaded term v0.4.6
[INFO] [stderr]   Downloaded kernel32-sys v0.2.2
[INFO] [stderr]   Downloaded syntex_syntax v0.42.0
[INFO] [stderr]   Downloaded libc v0.2.125
[INFO] [stderr]   Downloaded winapi v0.2.8
[INFO] [stderr]   Downloaded log v0.4.17
[INFO] running `Command { std: "docker" "create" "-v" "/var/lib/crater-agent-workspace/builds/worker-6-tc1/target:/opt/rustwide/target:rw,Z" "-v" "/var/lib/crater-agent-workspace/builds/worker-6-tc1/source:/opt/rustwide/workdir:ro,Z" "-v" "/var/lib/crater-agent-workspace/cargo-home:/opt/rustwide/cargo-home:ro,Z" "-v" "/var/lib/crater-agent-workspace/rustup-home:/opt/rustwide/rustup-home:ro,Z" "-e" "SOURCE_DIR=/opt/rustwide/workdir" "-e" "CARGO_TARGET_DIR=/opt/rustwide/target" "-e" "CARGO_HOME=/opt/rustwide/cargo-home" "-e" "RUSTUP_HOME=/opt/rustwide/rustup-home" "-w" "/opt/rustwide/workdir" "-m" "1610612736" "--user" "0:0" "--network" "none" "ghcr.io/rust-lang/crates-build-env/linux@sha256:2788e3201cd34a07e3172128adcd8b3090168a8e3bcc40d7c032b9dda1df7d1c" "/opt/rustwide/cargo-home/bin/cargo" "+1.75.0" "metadata" "--no-deps" "--format-version=1", kill_on_drop: false }`
[INFO] [stdout] 1864840fba6d84d9c6132768ae59b31513c03ea74363adc134b5b9035f83c57a
[INFO] running `Command { std: "docker" "start" "-a" "1864840fba6d84d9c6132768ae59b31513c03ea74363adc134b5b9035f83c57a", kill_on_drop: false }`
[INFO] running `Command { std: "docker" "inspect" "1864840fba6d84d9c6132768ae59b31513c03ea74363adc134b5b9035f83c57a", kill_on_drop: false }`
[INFO] running `Command { std: "docker" "rm" "-f" "1864840fba6d84d9c6132768ae59b31513c03ea74363adc134b5b9035f83c57a", kill_on_drop: false }`
[INFO] [stdout] 1864840fba6d84d9c6132768ae59b31513c03ea74363adc134b5b9035f83c57a
[INFO] running `Command { std: "docker" "create" "-v" "/var/lib/crater-agent-workspace/builds/worker-6-tc1/target:/opt/rustwide/target:rw,Z" "-v" "/var/lib/crater-agent-workspace/builds/worker-6-tc1/source:/opt/rustwide/workdir:ro,Z" "-v" "/var/lib/crater-agent-workspace/cargo-home:/opt/rustwide/cargo-home:ro,Z" "-v" "/var/lib/crater-agent-workspace/rustup-home:/opt/rustwide/rustup-home:ro,Z" "-e" "SOURCE_DIR=/opt/rustwide/workdir" "-e" "CARGO_TARGET_DIR=/opt/rustwide/target" "-e" "CARGO_INCREMENTAL=0" "-e" "RUST_BACKTRACE=full" "-e" "RUSTFLAGS=--cap-lints=warn" "-e" "RUSTDOCFLAGS=--cap-lints=warn" "-e" "CARGO_HOME=/opt/rustwide/cargo-home" "-e" "RUSTUP_HOME=/opt/rustwide/rustup-home" "-w" "/opt/rustwide/workdir" "-m" "1610612736" "--user" "0:0" "--network" "none" "ghcr.io/rust-lang/crates-build-env/linux@sha256:2788e3201cd34a07e3172128adcd8b3090168a8e3bcc40d7c032b9dda1df7d1c" "/opt/rustwide/cargo-home/bin/cargo" "+1.75.0" "doc" "--frozen" "--no-deps" "--document-private-items" "--message-format=json", kill_on_drop: false }`
[INFO] [stdout] d0d98dd2d98709cc5380d7b551a70df9912ea7cbfc73d532f1906de795c101ca
[INFO] running `Command { std: "docker" "start" "-a" "d0d98dd2d98709cc5380d7b551a70df9912ea7cbfc73d532f1906de795c101ca", kill_on_drop: false }`
[INFO] [stderr]    Compiling log v0.4.17
[INFO] [stderr]     Checking cfg-if v1.0.0
[INFO] [stderr]    Compiling libc v0.2.125
[INFO] [stderr]     Checking rustc-serialize v0.3.24
[INFO] [stderr]     Checking term v0.4.6
[INFO] [stderr]     Checking unicode-xid v0.0.3
[INFO] [stderr]     Checking log v0.3.9
[INFO] [stderr]     Checking syntex_pos v0.42.0
[INFO] [stderr]     Checking syntex_errors v0.42.0
[INFO] [stderr]  Documenting c_rs v0.1.9 (/opt/rustwide/workdir)
[INFO] [stdout] warning: lint `private_in_public` has been removed: replaced with another group of lints, see RFC <https://rust-lang.github.io/rfcs/2145-type-privacy.html> for more information
[INFO] [stdout]   --> src/lib.rs:11:10
[INFO] [stdout]    |
[INFO] [stdout] 11 | #![allow(private_in_public)]
[INFO] [stdout]    |          ^^^^^^^^^^^^^^^^^
[INFO] [stdout]    |
[INFO] [stdout]    = note: `#[warn(renamed_and_removed_lints)]` on by default
[INFO] [stdout] 
[INFO] [stdout] 
[INFO] [stdout] error[E0554]: `#![feature]` may not be used on the stable release channel
[INFO] [stdout]  --> src/lib.rs:1:12
[INFO] [stdout]   |
[INFO] [stdout] 1 | #![feature(core_ffi_c)]
[INFO] [stdout]   |            ^^^^^^^^^^
[INFO] [stdout] 
[INFO] [stdout] 
[INFO] [stdout] error[E0554]: `#![feature]` may not be used on the stable release channel
[INFO] [stdout]  --> src/lib.rs:2:12
[INFO] [stdout]   |
[INFO] [stdout] 2 | #![feature(slice_internals)]
[INFO] [stdout]   |            ^^^^^^^^^^^^^^^
[INFO] [stdout] 
[INFO] [stdout] 
[INFO] [stdout] error: aborting due to 2 previous errors; 1 warning emitted
[INFO] [stdout] 
[INFO] [stdout] 
[INFO] [stdout] For more information about this error, try `rustc --explain E0554`.
[INFO] [stdout] 
[INFO] [stderr] error: could not document `c_rs`
[INFO] [stderr] 
[INFO] [stderr] Caused by:
[INFO] [stderr]   process didn't exit successfully: `/opt/rustwide/rustup-home/toolchains/1.75.0-x86_64-unknown-linux-gnu/bin/rustdoc --crate-type lib --crate-name c_rs src/lib.rs -o /opt/rustwide/target/doc --error-format=json --json=diagnostic-rendered-ansi,artifacts,future-incompat --document-private-items -C metadata=c44279c122caea7d -L dependency=/opt/rustwide/target/debug/deps --extern syntex_errors=/opt/rustwide/target/debug/deps/libsyntex_errors-3f38e5182a51b68c.rmeta --extern syntex_pos=/opt/rustwide/target/debug/deps/libsyntex_pos-de6e4ad95b37cd9b.rmeta --cap-lints=warn --crate-version 0.1.9` (exit status: 1)
[INFO] running `Command { std: "docker" "inspect" "d0d98dd2d98709cc5380d7b551a70df9912ea7cbfc73d532f1906de795c101ca", kill_on_drop: false }`
[INFO] running `Command { std: "docker" "rm" "-f" "d0d98dd2d98709cc5380d7b551a70df9912ea7cbfc73d532f1906de795c101ca", kill_on_drop: false }`
[INFO] [stdout] d0d98dd2d98709cc5380d7b551a70df9912ea7cbfc73d532f1906de795c101ca
[INFO] documenting c_rs-0.1.9 against beta-2023-12-22 for beta-1.76-rustdoc-1
[INFO] extracting crate c_rs 0.1.9 into /workspace/builds/worker-6-tc2/source
[INFO] validating manifest of crates.io crate c_rs 0.1.9 on toolchain beta-2023-12-22
[INFO] running `Command { std: CARGO_HOME="/workspace/cargo-home" RUSTUP_HOME="/workspace/rustup-home" "/workspace/cargo-home/bin/cargo" "+beta-2023-12-22" "metadata" "--manifest-path" "Cargo.toml" "--no-deps", kill_on_drop: false }`
[INFO] started tweaking crates.io crate c_rs 0.1.9
[INFO] finished tweaking crates.io crate c_rs 0.1.9
[INFO] tweaked toml for crates.io crate c_rs 0.1.9 written to /workspace/builds/worker-6-tc2/source/Cargo.toml
[INFO] crate crates.io crate c_rs 0.1.9 already has a lockfile, it will not be regenerated
[INFO] running `Command { std: CARGO_HOME="/workspace/cargo-home" RUSTUP_HOME="/workspace/rustup-home" "/workspace/cargo-home/bin/cargo" "+beta-2023-12-22" "fetch" "--manifest-path" "Cargo.toml", kill_on_drop: false }`
[INFO] running `Command { std: "docker" "create" "-v" "/var/lib/crater-agent-workspace/builds/worker-6-tc2/target:/opt/rustwide/target:rw,Z" "-v" "/var/lib/crater-agent-workspace/builds/worker-6-tc2/source:/opt/rustwide/workdir:ro,Z" "-v" "/var/lib/crater-agent-workspace/cargo-home:/opt/rustwide/cargo-home:ro,Z" "-v" "/var/lib/crater-agent-workspace/rustup-home:/opt/rustwide/rustup-home:ro,Z" "-e" "SOURCE_DIR=/opt/rustwide/workdir" "-e" "CARGO_TARGET_DIR=/opt/rustwide/target" "-e" "CARGO_HOME=/opt/rustwide/cargo-home" "-e" "RUSTUP_HOME=/opt/rustwide/rustup-home" "-w" "/opt/rustwide/workdir" "-m" "1610612736" "--user" "0:0" "--network" "none" "ghcr.io/rust-lang/crates-build-env/linux@sha256:2788e3201cd34a07e3172128adcd8b3090168a8e3bcc40d7c032b9dda1df7d1c" "/opt/rustwide/cargo-home/bin/cargo" "+beta-2023-12-22" "metadata" "--no-deps" "--format-version=1", kill_on_drop: false }`
[INFO] [stdout] e6c06f974878eb9f94524b4d02600aa6e670e8792064d410a7d308311576dd95
[INFO] running `Command { std: "docker" "start" "-a" "e6c06f974878eb9f94524b4d02600aa6e670e8792064d410a7d308311576dd95", kill_on_drop: false }`
[INFO] running `Command { std: "docker" "inspect" "e6c06f974878eb9f94524b4d02600aa6e670e8792064d410a7d308311576dd95", kill_on_drop: false }`
[INFO] running `Command { std: "docker" "rm" "-f" "e6c06f974878eb9f94524b4d02600aa6e670e8792064d410a7d308311576dd95", kill_on_drop: false }`
[INFO] [stdout] e6c06f974878eb9f94524b4d02600aa6e670e8792064d410a7d308311576dd95
[INFO] running `Command { std: "docker" "create" "-v" "/var/lib/crater-agent-workspace/builds/worker-6-tc2/target:/opt/rustwide/target:rw,Z" "-v" "/var/lib/crater-agent-workspace/builds/worker-6-tc2/source:/opt/rustwide/workdir:ro,Z" "-v" "/var/lib/crater-agent-workspace/cargo-home:/opt/rustwide/cargo-home:ro,Z" "-v" "/var/lib/crater-agent-workspace/rustup-home:/opt/rustwide/rustup-home:ro,Z" "-e" "SOURCE_DIR=/opt/rustwide/workdir" "-e" "CARGO_TARGET_DIR=/opt/rustwide/target" "-e" "CARGO_INCREMENTAL=0" "-e" "RUST_BACKTRACE=full" "-e" "RUSTFLAGS=--cap-lints=warn" "-e" "RUSTDOCFLAGS=--cap-lints=warn" "-e" "CARGO_HOME=/opt/rustwide/cargo-home" "-e" "RUSTUP_HOME=/opt/rustwide/rustup-home" "-w" "/opt/rustwide/workdir" "-m" "1610612736" "--user" "0:0" "--network" "none" "ghcr.io/rust-lang/crates-build-env/linux@sha256:2788e3201cd34a07e3172128adcd8b3090168a8e3bcc40d7c032b9dda1df7d1c" "/opt/rustwide/cargo-home/bin/cargo" "+beta-2023-12-22" "doc" "--frozen" "--no-deps" "--document-private-items" "--message-format=json", kill_on_drop: false }`
[INFO] [stdout] ec009f6117a82fb91b82413fa0c6f6aa277defb1078a833340473a01dcdf0439
[INFO] running `Command { std: "docker" "start" "-a" "ec009f6117a82fb91b82413fa0c6f6aa277defb1078a833340473a01dcdf0439", kill_on_drop: false }`
[INFO] [stderr]    Compiling log v0.4.17
[INFO] [stderr]     Checking cfg-if v1.0.0
[INFO] [stderr]    Compiling libc v0.2.125
[INFO] [stderr]     Checking rustc-serialize v0.3.24
[INFO] [stderr]     Checking term v0.4.6
[INFO] [stderr]     Checking unicode-xid v0.0.3
[INFO] [stdout] error[E0310]: the parameter type `T` may not live long enough
[INFO] [stdout]     --> /opt/rustwide/cargo-home/registry/src/index.crates.io-6f17d22bba15001f/rustc-serialize-0.3.24/src/serialize.rs:1155:5
[INFO] [stdout]      |
[INFO] [stdout] 1155 |     fn decode<D: Decoder>(d: &mut D) -> Result<Cow<'static, T>, D::Error> {
[INFO] [stdout]      |     ^^^^^^^^^^^^^^^^^^^^^^^^^^^^^^^^^^^^^^^^^^^^^^^^^^^^^^^^^^^^^^^^^^^^^
[INFO] [stdout]      |     |
[INFO] [stdout]      |     the parameter type `T` must be valid for the static lifetime...
[INFO] [stdout]      |     ...so that the type `T` will meet its required lifetime bounds...
[INFO] [stdout]      |
[INFO] [stdout] note: ...that is required by this bound
[INFO] [stdout]     --> /rustc/0e09125c6c3c2fd70d7de961bcf0e51575235fad/library/alloc/src/borrow.rs:180:30
[INFO] [stdout] help: consider adding an explicit lifetime bound
[INFO] [stdout]      |
[INFO] [stdout] 1151 | impl<'a, T: ?Sized + 'static> Decodable for Cow<'a, T>
[INFO] [stdout]      |                    +++++++++
[INFO] [stdout] 
[INFO] [stdout] 
[INFO] [stderr]     Checking log v0.3.9
[INFO] [stdout] error: aborting due to 1 previous error
[INFO] [stdout] 
[INFO] [stdout] 
[INFO] [stdout] For more information about this error, try `rustc --explain E0310`.
[INFO] [stdout] 
[INFO] [stderr] error: could not compile `rustc-serialize` (lib) due to 2 previous errors
[INFO] running `Command { std: "docker" "inspect" "ec009f6117a82fb91b82413fa0c6f6aa277defb1078a833340473a01dcdf0439", kill_on_drop: false }`
[INFO] running `Command { std: "docker" "rm" "-f" "ec009f6117a82fb91b82413fa0c6f6aa277defb1078a833340473a01dcdf0439", kill_on_drop: false }`
[INFO] [stdout] ec009f6117a82fb91b82413fa0c6f6aa277defb1078a833340473a01dcdf0439
