[INFO] fetching crate butterfly-fuzz 0.2.2...
[INFO] documenting butterfly-fuzz-0.2.2 against 1.75.0 for beta-1.76-rustdoc-1
[INFO] extracting crate butterfly-fuzz 0.2.2 into /workspace/builds/worker-3-tc1/source
[INFO] validating manifest of crates.io crate butterfly-fuzz 0.2.2 on toolchain 1.75.0
[INFO] running `Command { std: CARGO_HOME="/workspace/cargo-home" RUSTUP_HOME="/workspace/rustup-home" "/workspace/cargo-home/bin/cargo" "+1.75.0" "metadata" "--manifest-path" "Cargo.toml" "--no-deps", kill_on_drop: false }`
[INFO] started tweaking crates.io crate butterfly-fuzz 0.2.2
[INFO] finished tweaking crates.io crate butterfly-fuzz 0.2.2
[INFO] tweaked toml for crates.io crate butterfly-fuzz 0.2.2 written to /workspace/builds/worker-3-tc1/source/Cargo.toml
[INFO] running `Command { std: CARGO_HOME="/workspace/cargo-home" RUSTUP_HOME="/workspace/rustup-home" "/workspace/cargo-home/bin/cargo" "+1.75.0" "generate-lockfile" "--manifest-path" "Cargo.toml", kill_on_drop: false }`
[INFO] [stderr]     Updating crates.io index
[INFO] running `Command { std: CARGO_HOME="/workspace/cargo-home" RUSTUP_HOME="/workspace/rustup-home" "/workspace/cargo-home/bin/cargo" "+1.75.0" "fetch" "--manifest-path" "Cargo.toml", kill_on_drop: false }`
[INFO] [stderr]     Blocking waiting for file lock on package cache
[INFO] [stderr]     Blocking waiting for file lock on package cache
[INFO] [stderr]  Downloading crates ...
[INFO] [stderr]   Downloaded xxhash-rust v0.8.8
[INFO] [stderr]   Downloaded num_enum_derive v0.5.11
[INFO] [stderr]   Downloaded critical-section v1.1.2
[INFO] [stderr]   Downloaded num_enum v0.5.11
[INFO] [stderr]   Downloaded widestring v0.2.2
[INFO] [stderr]   Downloaded atomic-polyfill v1.0.3
[INFO] [stderr]   Downloaded hostname v0.3.1
[INFO] [stderr]   Downloaded embedded-io v0.4.0
[INFO] [stderr]   Downloaded hash32 v0.2.1
[INFO] [stderr]   Downloaded pcap v0.9.2
[INFO] [stderr]   Downloaded heapless v0.7.17
[INFO] [stderr]   Downloaded nix v0.24.3
[INFO] [stderr]   Downloaded windows_aarch64_msvc v0.39.0
[INFO] [stderr]   Downloaded windows_i686_gnu v0.39.0
[INFO] [stderr]   Downloaded windows_i686_msvc v0.39.0
[INFO] [stderr]   Downloaded windows_x86_64_gnu v0.39.0
[INFO] [stderr]   Downloaded libafl_derive v0.8.2
[INFO] [stderr]   Downloaded windows_x86_64_msvc v0.39.0
[INFO] [stderr]   Downloaded tui v0.18.0
[INFO] [stderr]   Downloaded windows v0.39.0
[INFO] [stderr]   Downloaded libafl v0.8.2
[INFO] [stderr]   Downloaded crossterm v0.24.0
[INFO] [stderr]   Downloaded typed-builder v0.10.0
[INFO] [stderr]   Downloaded uds v0.2.7
[INFO] [stderr]   Downloaded libloading v0.6.7
[INFO] [stderr]   Downloaded erased-serde v0.3.31
[INFO] [stderr]   Downloaded miniz_oxide v0.5.4
[INFO] [stderr]   Downloaded concat-idents v1.1.5
[INFO] [stderr]   Downloaded crossterm v0.23.2
[INFO] [stderr]   Downloaded const-random-macro v0.1.16
[INFO] [stderr]   Downloaded const-random v0.1.17
[INFO] [stderr]   Downloaded match_cfg v0.1.0
[INFO] [stderr]   Downloaded intervaltree v0.2.7
[INFO] [stderr]   Downloaded postcard v1.0.8
[INFO] [stderr]   Downloaded cassowary v0.3.0
[INFO] [stderr]   Downloaded tuple_list v0.1.3
[INFO] running `Command { std: "docker" "create" "-v" "/var/lib/crater-agent-workspace/builds/worker-3-tc1/target:/opt/rustwide/target:rw,Z" "-v" "/var/lib/crater-agent-workspace/builds/worker-3-tc1/source:/opt/rustwide/workdir:ro,Z" "-v" "/var/lib/crater-agent-workspace/cargo-home:/opt/rustwide/cargo-home:ro,Z" "-v" "/var/lib/crater-agent-workspace/rustup-home:/opt/rustwide/rustup-home:ro,Z" "-e" "SOURCE_DIR=/opt/rustwide/workdir" "-e" "CARGO_TARGET_DIR=/opt/rustwide/target" "-e" "CARGO_HOME=/opt/rustwide/cargo-home" "-e" "RUSTUP_HOME=/opt/rustwide/rustup-home" "-w" "/opt/rustwide/workdir" "-m" "1610612736" "--user" "0:0" "--network" "none" "ghcr.io/rust-lang/crates-build-env/linux@sha256:2788e3201cd34a07e3172128adcd8b3090168a8e3bcc40d7c032b9dda1df7d1c" "/opt/rustwide/cargo-home/bin/cargo" "+1.75.0" "metadata" "--no-deps" "--format-version=1", kill_on_drop: false }`
[INFO] [stdout] e0d50aacc78f8e2f4596eaf044e20ff8cfe65a0b3d4c3bb7cc9d89b79843a8be
[INFO] running `Command { std: "docker" "start" "-a" "e0d50aacc78f8e2f4596eaf044e20ff8cfe65a0b3d4c3bb7cc9d89b79843a8be", kill_on_drop: false }`
[INFO] running `Command { std: "docker" "inspect" "e0d50aacc78f8e2f4596eaf044e20ff8cfe65a0b3d4c3bb7cc9d89b79843a8be", kill_on_drop: false }`
[INFO] running `Command { std: "docker" "rm" "-f" "e0d50aacc78f8e2f4596eaf044e20ff8cfe65a0b3d4c3bb7cc9d89b79843a8be", kill_on_drop: false }`
[INFO] [stdout] e0d50aacc78f8e2f4596eaf044e20ff8cfe65a0b3d4c3bb7cc9d89b79843a8be
[INFO] running `Command { std: "docker" "create" "-v" "/var/lib/crater-agent-workspace/builds/worker-3-tc1/target:/opt/rustwide/target:rw,Z" "-v" "/var/lib/crater-agent-workspace/builds/worker-3-tc1/source:/opt/rustwide/workdir:ro,Z" "-v" "/var/lib/crater-agent-workspace/cargo-home:/opt/rustwide/cargo-home:ro,Z" "-v" "/var/lib/crater-agent-workspace/rustup-home:/opt/rustwide/rustup-home:ro,Z" "-e" "SOURCE_DIR=/opt/rustwide/workdir" "-e" "CARGO_TARGET_DIR=/opt/rustwide/target" "-e" "CARGO_INCREMENTAL=0" "-e" "RUST_BACKTRACE=full" "-e" "RUSTFLAGS=--cap-lints=warn" "-e" "RUSTDOCFLAGS=--cap-lints=warn" "-e" "CARGO_HOME=/opt/rustwide/cargo-home" "-e" "RUSTUP_HOME=/opt/rustwide/rustup-home" "-w" "/opt/rustwide/workdir" "-m" "1610612736" "--user" "0:0" "--network" "none" "ghcr.io/rust-lang/crates-build-env/linux@sha256:2788e3201cd34a07e3172128adcd8b3090168a8e3bcc40d7c032b9dda1df7d1c" "/opt/rustwide/cargo-home/bin/cargo" "+1.75.0" "doc" "--frozen" "--no-deps" "--document-private-items" "--message-format=json", kill_on_drop: false }`
[INFO] [stdout] 411405ac8586be3fb7cafeecc4585ccbaa05b233ad6fbca48c3907e6b106825e
[INFO] running `Command { std: "docker" "start" "-a" "411405ac8586be3fb7cafeecc4585ccbaa05b233ad6fbca48c3907e6b106825e", kill_on_drop: false }`
[INFO] [stderr]    Compiling libc v0.2.151
[INFO] [stderr]    Compiling serde v1.0.195
[INFO] [stderr]    Compiling cfg-if v1.0.0
[INFO] [stderr]    Compiling proc-macro2 v1.0.76
[INFO] [stderr]    Compiling lock_api v0.4.11
[INFO] [stderr]     Checking scopeguard v1.2.0
[INFO] [stderr]    Compiling syn v1.0.109
[INFO] [stderr]    Compiling signal-hook v0.3.17
[INFO] [stderr]    Compiling parking_lot_core v0.9.9
[INFO] [stderr]     Checking smallvec v1.11.2
[INFO] [stderr]    Compiling tiny-keccak v2.0.2
[INFO] [stderr]    Compiling quote v1.0.35
[INFO] [stderr]    Compiling memchr v2.7.1
[INFO] [stderr]     Checking log v0.4.20
[INFO] [stderr]    Compiling syn v2.0.48
[INFO] [stderr]    Compiling getrandom v0.2.11
[INFO] [stderr]     Checking bitflags v1.3.2
[INFO] [stderr]    Compiling once_cell v1.19.0
[INFO] [stderr]    Compiling regex-syntax v0.8.2
[INFO] [stderr]    Compiling ahash v0.7.7
[INFO] [stderr]    Compiling heapless v0.7.17
[INFO] [stderr]    Compiling aho-corasick v1.1.2
[INFO] [stderr]    Compiling const-random-macro v0.1.16
[INFO] [stderr]    Compiling cc v1.0.83
[INFO] [stderr]     Checking signal-hook-registry v1.4.1
[INFO] [stderr]     Checking mio v0.8.10
[INFO] [stderr]     Checking parking_lot v0.12.1
[INFO] [stderr]    Compiling memoffset v0.6.5
[INFO] [stderr]     Checking signal-hook-mio v0.2.3
[INFO] [stderr]     Checking byteorder v1.5.0
[INFO] [stderr]     Checking const-random v0.1.17
[INFO] [stderr]     Checking spin v0.9.8
[INFO] [stderr]     Checking hash32 v0.2.1
[INFO] [stderr]    Compiling libloading v0.6.7
[INFO] [stderr]    Compiling libm v0.2.8
[INFO] [stderr]    Compiling regex-automata v0.4.3
[INFO] [stderr]    Compiling backtrace v0.3.69
[INFO] [stderr]     Checking gimli v0.28.1
[INFO] [stderr]    Compiling serde_json v1.0.111
[INFO] [stderr]     Checking stable_deref_trait v1.2.0
[INFO] [stderr]    Compiling libafl v0.8.2
[INFO] [stderr]     Checking crossterm v0.23.2
[INFO] [stderr]     Checking miniz_oxide v0.7.1
[INFO] [stderr]     Checking object v0.32.2
[INFO] [stderr]     Checking embedded-io v0.4.0
[INFO] [stderr]     Checking unicode-segmentation v1.10.1
[INFO] [stderr]     Checking match_cfg v0.1.0
[INFO] [stderr]     Checking cassowary v0.3.0
[INFO] [stderr]     Checking ryu v1.0.16
[INFO] [stderr]    Compiling regex v1.10.2
[INFO] [stderr]     Checking itoa v1.0.10
[INFO] [stderr]     Checking unicode-width v0.1.11
[INFO] [stderr]     Checking rustc-demangle v0.1.23
[INFO] [stderr]     Checking addr2line v0.21.0
[INFO] [stderr]    Compiling serde_derive v1.0.195
[INFO] [stderr]     Checking cobs v0.2.3
[INFO] [stderr]    Compiling concat-idents v1.1.5
[INFO] [stderr]     Checking tui v0.18.0
[INFO] [stderr]     Checking hostname v0.3.1
[INFO] [stderr]     Checking nix v0.24.3
[INFO] [stderr]     Checking crossterm v0.24.0
[INFO] [stderr]     Checking miniz_oxide v0.5.4
[INFO] [stderr]     Checking errno v0.2.8
[INFO] [stderr]     Checking wait-timeout v0.2.0
[INFO] [stderr]     Checking uds v0.2.7
[INFO] [stderr]     Checking tuple_list v0.1.3
[INFO] [stderr]     Checking static_assertions v1.1.0
[INFO] [stderr]     Checking rand_core v0.6.4
[INFO] [stderr]     Checking xxhash-rust v0.8.8
[INFO] [stderr]    Compiling num_enum_derive v0.5.11
[INFO] [stderr]    Compiling ctor v0.1.26
[INFO] [stderr]    Compiling libafl_derive v0.8.2
[INFO] [stderr]    Compiling pcap v0.9.2
[INFO] [stderr]    Compiling typed-builder v0.10.0
[INFO] [stderr]     Checking num_enum v0.5.11
[INFO] [stderr]     Checking intervaltree v0.2.7
[INFO] [stderr]     Checking erased-serde v0.3.31
[INFO] [stderr]     Checking bincode v1.3.3
[INFO] [stderr]     Checking hashbrown v0.12.3
[INFO] [stderr]     Checking uuid v1.6.1
[INFO] [stderr]     Checking postcard v1.0.8
[INFO] [stdout] error[E0512]: cannot transmute between types of different sizes, or dependently-sized types
[INFO] [stdout]   --> /opt/rustwide/cargo-home/registry/src/index.crates.io-6f17d22bba15001f/libafl-0.8.2/src/bolts/anymap.rs:48:5
[INFO] [stdout]    |
[INFO] [stdout] 48 |     assert_eq_size!(TypeId, u64);
[INFO] [stdout]    |     ^^^^^^^^^^^^^^^^^^^^^^^^^^^^
[INFO] [stdout]    |
[INFO] [stdout]    = note: source type: `TypeId` (128 bits)
[INFO] [stdout]    = note: target type: `u64` (64 bits)
[INFO] [stdout]    = note: this error originates in the macro `assert_eq_size` (in Nightly builds, run with -Z macro-backtrace for more info)
[INFO] [stdout] 
[INFO] [stdout] 
[INFO] [stdout] error[E0512]: cannot transmute between types of different sizes, or dependently-sized types
[INFO] [stdout]   --> /opt/rustwide/cargo-home/registry/src/index.crates.io-6f17d22bba15001f/libafl-0.8.2/src/bolts/anymap.rs:59:5
[INFO] [stdout]    |
[INFO] [stdout] 59 |     assert_eq_size!(TypeId, u64);
[INFO] [stdout]    |     ^^^^^^^^^^^^^^^^^^^^^^^^^^^^
[INFO] [stdout]    |
[INFO] [stdout]    = note: source type: `TypeId` (128 bits)
[INFO] [stdout]    = note: target type: `u64` (64 bits)
[INFO] [stdout]    = note: this error originates in the macro `assert_eq_size` (in Nightly builds, run with -Z macro-backtrace for more info)
[INFO] [stdout] 
[INFO] [stdout] 
[INFO] [stdout] error: aborting due to 2 previous errors
[INFO] [stdout] 
[INFO] [stdout] 
[INFO] [stdout] For more information about this error, try `rustc --explain E0512`.
[INFO] [stdout] 
[INFO] [stderr] error: could not compile `libafl` (lib) due to 3 previous errors
[INFO] running `Command { std: "docker" "inspect" "411405ac8586be3fb7cafeecc4585ccbaa05b233ad6fbca48c3907e6b106825e", kill_on_drop: false }`
[INFO] running `Command { std: "docker" "rm" "-f" "411405ac8586be3fb7cafeecc4585ccbaa05b233ad6fbca48c3907e6b106825e", kill_on_drop: false }`
[INFO] [stdout] 411405ac8586be3fb7cafeecc4585ccbaa05b233ad6fbca48c3907e6b106825e
[INFO] documenting butterfly-fuzz-0.2.2 against beta-2023-12-22 for beta-1.76-rustdoc-1
[INFO] extracting crate butterfly-fuzz 0.2.2 into /workspace/builds/worker-3-tc2/source
[INFO] validating manifest of crates.io crate butterfly-fuzz 0.2.2 on toolchain beta-2023-12-22
[INFO] running `Command { std: CARGO_HOME="/workspace/cargo-home" RUSTUP_HOME="/workspace/rustup-home" "/workspace/cargo-home/bin/cargo" "+beta-2023-12-22" "metadata" "--manifest-path" "Cargo.toml" "--no-deps", kill_on_drop: false }`
[INFO] started tweaking crates.io crate butterfly-fuzz 0.2.2
[INFO] finished tweaking crates.io crate butterfly-fuzz 0.2.2
[INFO] tweaked toml for crates.io crate butterfly-fuzz 0.2.2 written to /workspace/builds/worker-3-tc2/source/Cargo.toml
[INFO] running `Command { std: CARGO_HOME="/workspace/cargo-home" RUSTUP_HOME="/workspace/rustup-home" "/workspace/cargo-home/bin/cargo" "+beta-2023-12-22" "generate-lockfile" "--manifest-path" "Cargo.toml", kill_on_drop: false }`
[INFO] [stderr]     Updating crates.io index
[INFO] running `Command { std: CARGO_HOME="/workspace/cargo-home" RUSTUP_HOME="/workspace/rustup-home" "/workspace/cargo-home/bin/cargo" "+beta-2023-12-22" "fetch" "--manifest-path" "Cargo.toml", kill_on_drop: false }`
[INFO] running `Command { std: "docker" "create" "-v" "/var/lib/crater-agent-workspace/builds/worker-3-tc2/target:/opt/rustwide/target:rw,Z" "-v" "/var/lib/crater-agent-workspace/builds/worker-3-tc2/source:/opt/rustwide/workdir:ro,Z" "-v" "/var/lib/crater-agent-workspace/cargo-home:/opt/rustwide/cargo-home:ro,Z" "-v" "/var/lib/crater-agent-workspace/rustup-home:/opt/rustwide/rustup-home:ro,Z" "-e" "SOURCE_DIR=/opt/rustwide/workdir" "-e" "CARGO_TARGET_DIR=/opt/rustwide/target" "-e" "CARGO_HOME=/opt/rustwide/cargo-home" "-e" "RUSTUP_HOME=/opt/rustwide/rustup-home" "-w" "/opt/rustwide/workdir" "-m" "1610612736" "--user" "0:0" "--network" "none" "ghcr.io/rust-lang/crates-build-env/linux@sha256:2788e3201cd34a07e3172128adcd8b3090168a8e3bcc40d7c032b9dda1df7d1c" "/opt/rustwide/cargo-home/bin/cargo" "+beta-2023-12-22" "metadata" "--no-deps" "--format-version=1", kill_on_drop: false }`
[INFO] [stdout] 79ed4ff4e4620b0c2cef7c04f6d036063f62c64b7863a722b3f07ad9881fa0ab
[INFO] running `Command { std: "docker" "start" "-a" "79ed4ff4e4620b0c2cef7c04f6d036063f62c64b7863a722b3f07ad9881fa0ab", kill_on_drop: false }`
[INFO] running `Command { std: "docker" "inspect" "79ed4ff4e4620b0c2cef7c04f6d036063f62c64b7863a722b3f07ad9881fa0ab", kill_on_drop: false }`
[INFO] running `Command { std: "docker" "rm" "-f" "79ed4ff4e4620b0c2cef7c04f6d036063f62c64b7863a722b3f07ad9881fa0ab", kill_on_drop: false }`
[INFO] [stdout] 79ed4ff4e4620b0c2cef7c04f6d036063f62c64b7863a722b3f07ad9881fa0ab
[INFO] running `Command { std: "docker" "create" "-v" "/var/lib/crater-agent-workspace/builds/worker-3-tc2/target:/opt/rustwide/target:rw,Z" "-v" "/var/lib/crater-agent-workspace/builds/worker-3-tc2/source:/opt/rustwide/workdir:ro,Z" "-v" "/var/lib/crater-agent-workspace/cargo-home:/opt/rustwide/cargo-home:ro,Z" "-v" "/var/lib/crater-agent-workspace/rustup-home:/opt/rustwide/rustup-home:ro,Z" "-e" "SOURCE_DIR=/opt/rustwide/workdir" "-e" "CARGO_TARGET_DIR=/opt/rustwide/target" "-e" "CARGO_INCREMENTAL=0" "-e" "RUST_BACKTRACE=full" "-e" "RUSTFLAGS=--cap-lints=warn" "-e" "RUSTDOCFLAGS=--cap-lints=warn" "-e" "CARGO_HOME=/opt/rustwide/cargo-home" "-e" "RUSTUP_HOME=/opt/rustwide/rustup-home" "-w" "/opt/rustwide/workdir" "-m" "1610612736" "--user" "0:0" "--network" "none" "ghcr.io/rust-lang/crates-build-env/linux@sha256:2788e3201cd34a07e3172128adcd8b3090168a8e3bcc40d7c032b9dda1df7d1c" "/opt/rustwide/cargo-home/bin/cargo" "+beta-2023-12-22" "doc" "--frozen" "--no-deps" "--document-private-items" "--message-format=json", kill_on_drop: false }`
[INFO] [stdout] 33eec5742635786adc5f2ab9fc8dd89a421efd9f2819663bb3b93bde98aaac24
[INFO] running `Command { std: "docker" "start" "-a" "33eec5742635786adc5f2ab9fc8dd89a421efd9f2819663bb3b93bde98aaac24", kill_on_drop: false }`
[INFO] [stderr]    Compiling libc v0.2.151
[INFO] [stderr]    Compiling serde v1.0.195
[INFO] [stderr]    Compiling cfg-if v1.0.0
[INFO] [stderr]    Compiling proc-macro2 v1.0.76
[INFO] [stderr]    Compiling lock_api v0.4.11
[INFO] [stderr]     Checking scopeguard v1.2.0
[INFO] [stderr]    Compiling syn v1.0.109
[INFO] [stderr]     Checking smallvec v1.11.2
[INFO] [stderr]    Compiling tiny-keccak v2.0.2
[INFO] [stderr]    Compiling signal-hook v0.3.17
[INFO] [stderr]    Compiling parking_lot_core v0.9.9
[INFO] [stderr]     Checking memchr v2.7.1
[INFO] [stderr]     Checking log v0.4.20
[INFO] [stderr]    Compiling quote v1.0.35
[INFO] [stderr]    Compiling getrandom v0.2.11
[INFO] [stderr]     Checking bitflags v1.3.2
[INFO] [stderr]    Compiling syn v2.0.48
[INFO] [stderr]    Compiling once_cell v1.19.0
[INFO] [stderr]    Compiling regex-syntax v0.8.2
[INFO] [stderr]    Compiling ahash v0.7.7
[INFO] [stderr]    Compiling aho-corasick v1.1.2
[INFO] [stderr]    Compiling const-random-macro v0.1.16
[INFO] [stderr]    Compiling cc v1.0.83
[INFO] [stderr]    Compiling heapless v0.7.17
[INFO] [stderr]     Checking signal-hook-registry v1.4.1
[INFO] [stderr]     Checking mio v0.8.10
[INFO] [stderr]     Checking parking_lot v0.12.1
[INFO] [stderr]    Compiling memoffset v0.6.5
[INFO] [stderr]     Checking byteorder v1.5.0
[INFO] [stderr]     Checking signal-hook-mio v0.2.3
[INFO] [stderr]     Checking const-random v0.1.17
[INFO] [stderr]     Checking spin v0.9.8
[INFO] [stderr]     Checking hash32 v0.2.1
[INFO] [stderr]    Compiling libloading v0.6.7
[INFO] [stderr]    Compiling libm v0.2.8
[INFO] [stderr]    Compiling serde_json v1.0.111
[INFO] [stderr]    Compiling backtrace v0.3.69
[INFO] [stderr]     Checking stable_deref_trait v1.2.0
[INFO] [stderr]     Checking gimli v0.28.1
[INFO] [stderr]    Compiling libafl v0.8.2
[INFO] [stderr]    Compiling regex-automata v0.4.3
[INFO] [stderr]     Checking crossterm v0.23.2
[INFO] [stderr]     Checking miniz_oxide v0.7.1
[INFO] [stderr]     Checking object v0.32.2
[INFO] [stderr]     Checking cobs v0.2.3
[INFO] [stderr]     Checking cassowary v0.3.0
[INFO] [stderr]     Checking embedded-io v0.4.0
[INFO] [stderr]     Checking match_cfg v0.1.0
[INFO] [stderr]     Checking unicode-width v0.1.11
[INFO] [stderr]     Checking rustc-demangle v0.1.23
[INFO] [stderr]     Checking unicode-segmentation v1.10.1
[INFO] [stderr]     Checking addr2line v0.21.0
[INFO] [stderr]     Checking ryu v1.0.16
[INFO] [stderr]     Checking itoa v1.0.10
[INFO] [stderr]     Checking hostname v0.3.1
[INFO] [stderr]     Checking nix v0.24.3
[INFO] [stderr]     Checking tui v0.18.0
[INFO] [stderr]    Compiling regex v1.10.2
[INFO] [stderr]     Checking crossterm v0.24.0
[INFO] [stderr]     Checking miniz_oxide v0.5.4
[INFO] [stderr]     Checking wait-timeout v0.2.0
[INFO] [stderr]     Checking uds v0.2.7
[INFO] [stderr]     Checking errno v0.2.8
[INFO] [stderr]    Compiling serde_derive v1.0.195
[INFO] [stderr]    Compiling concat-idents v1.1.5
[INFO] [stderr]     Checking rand_core v0.6.4
[INFO] [stderr]     Checking static_assertions v1.1.0
[INFO] [stderr]     Checking xxhash-rust v0.8.8
[INFO] [stderr]     Checking tuple_list v0.1.3
[INFO] [stderr]    Compiling num_enum_derive v0.5.11
[INFO] [stderr]    Compiling libafl_derive v0.8.2
[INFO] [stderr]    Compiling typed-builder v0.10.0
[INFO] [stderr]    Compiling ctor v0.1.26
[INFO] [stderr]    Compiling pcap v0.9.2
[INFO] [stderr]     Checking num_enum v0.5.11
[INFO] [stderr]     Checking intervaltree v0.2.7
[INFO] [stderr]     Checking erased-serde v0.3.31
[INFO] [stderr]     Checking hashbrown v0.12.3
[INFO] [stderr]     Checking uuid v1.6.1
[INFO] [stderr]     Checking bincode v1.3.3
[INFO] [stderr]     Checking postcard v1.0.8
[INFO] [stdout] error[E0512]: cannot transmute between types of different sizes, or dependently-sized types
[INFO] [stdout]   --> /opt/rustwide/cargo-home/registry/src/index.crates.io-6f17d22bba15001f/libafl-0.8.2/src/bolts/anymap.rs:48:5
[INFO] [stdout]    |
[INFO] [stdout] 48 |     assert_eq_size!(TypeId, u64);
[INFO] [stdout]    |     ^^^^^^^^^^^^^^^^^^^^^^^^^^^^
[INFO] [stdout]    |
[INFO] [stdout]    = note: source type: `TypeId` (128 bits)
[INFO] [stdout]    = note: target type: `u64` (64 bits)
[INFO] [stdout]    = note: this error originates in the macro `assert_eq_size` (in Nightly builds, run with -Z macro-backtrace for more info)
[INFO] [stdout] 
[INFO] [stdout] 
[INFO] [stdout] error[E0512]: cannot transmute between types of different sizes, or dependently-sized types
[INFO] [stdout]   --> /opt/rustwide/cargo-home/registry/src/index.crates.io-6f17d22bba15001f/libafl-0.8.2/src/bolts/anymap.rs:59:5
[INFO] [stdout]    |
[INFO] [stdout] 59 |     assert_eq_size!(TypeId, u64);
[INFO] [stdout]    |     ^^^^^^^^^^^^^^^^^^^^^^^^^^^^
[INFO] [stdout]    |
[INFO] [stdout]    = note: source type: `TypeId` (128 bits)
[INFO] [stdout]    = note: target type: `u64` (64 bits)
[INFO] [stdout]    = note: this error originates in the macro `assert_eq_size` (in Nightly builds, run with -Z macro-backtrace for more info)
[INFO] [stdout] 
[INFO] [stdout] 
[INFO] [stdout] error: aborting due to 2 previous errors
[INFO] [stdout] 
[INFO] [stdout] 
[INFO] [stdout] For more information about this error, try `rustc --explain E0512`.
[INFO] [stdout] 
[INFO] [stderr] error: could not compile `libafl` (lib) due to 3 previous errors
[INFO] running `Command { std: "docker" "inspect" "33eec5742635786adc5f2ab9fc8dd89a421efd9f2819663bb3b93bde98aaac24", kill_on_drop: false }`
[INFO] running `Command { std: "docker" "rm" "-f" "33eec5742635786adc5f2ab9fc8dd89a421efd9f2819663bb3b93bde98aaac24", kill_on_drop: false }`
[INFO] [stdout] 33eec5742635786adc5f2ab9fc8dd89a421efd9f2819663bb3b93bde98aaac24
