[INFO] fetching crate bumaga 0.1.0...
[INFO] documenting bumaga-0.1.0 against 1.75.0 for beta-1.76-rustdoc-1
[INFO] extracting crate bumaga 0.1.0 into /workspace/builds/worker-0-tc1/source
[INFO] validating manifest of crates.io crate bumaga 0.1.0 on toolchain 1.75.0
[INFO] running `Command { std: CARGO_HOME="/workspace/cargo-home" RUSTUP_HOME="/workspace/rustup-home" "/workspace/cargo-home/bin/cargo" "+1.75.0" "metadata" "--manifest-path" "Cargo.toml" "--no-deps", kill_on_drop: false }`
[INFO] started tweaking crates.io crate bumaga 0.1.0
[INFO] finished tweaking crates.io crate bumaga 0.1.0
[INFO] tweaked toml for crates.io crate bumaga 0.1.0 written to /workspace/builds/worker-0-tc1/source/Cargo.toml
[INFO] running `Command { std: CARGO_HOME="/workspace/cargo-home" RUSTUP_HOME="/workspace/rustup-home" "/workspace/cargo-home/bin/cargo" "+1.75.0" "generate-lockfile" "--manifest-path" "Cargo.toml", kill_on_drop: false }`
[INFO] [stderr]     Blocking waiting for file lock on package cache
[INFO] [stderr]     Updating crates.io index
[INFO] running `Command { std: CARGO_HOME="/workspace/cargo-home" RUSTUP_HOME="/workspace/rustup-home" "/workspace/cargo-home/bin/cargo" "+1.75.0" "fetch" "--manifest-path" "Cargo.toml", kill_on_drop: false }`
[INFO] [stderr]     Blocking waiting for file lock on package cache
[INFO] [stderr]  Downloading crates ...
[INFO] [stderr]   Downloaded pest_generator v2.7.6
[INFO] [stderr]   Downloaded pest_meta v2.7.6
[INFO] [stderr]   Downloaded pest_derive v2.7.6
[INFO] [stderr]   Downloaded css-color-parser v0.1.2
[INFO] [stderr]   Downloaded stretch v0.3.2
[INFO] [stderr]   Downloaded untrusted v0.9.0
[INFO] [stderr]   Downloaded sct v0.7.1
[INFO] [stderr]   Downloaded skia-bindings v0.49.1
[INFO] [stderr]   Downloaded pest v2.7.6
[INFO] [stderr]   Downloaded rustls-webpki v0.101.7
[INFO] [stderr]   Downloaded webpki-roots v0.25.3
[INFO] [stderr]   Downloaded ring v0.17.7
[INFO] [stderr]   Downloaded lazy_static v0.1.16
[INFO] [stderr]   Downloaded bindgen v0.59.2
[INFO] [stderr]   Downloaded rustls v0.21.10
[INFO] [stderr]   Downloaded libm v0.1.4
[INFO] [stderr]   Downloaded ureq v2.9.1
[INFO] [stderr]   Downloaded ucd-trie v0.1.6
[INFO] [stderr]   Downloaded env_logger v0.9.3
[INFO] [stderr]   Downloaded skia-safe v0.49.1
[INFO] running `Command { std: "docker" "create" "-v" "/var/lib/crater-agent-workspace/builds/worker-0-tc1/target:/opt/rustwide/target:rw,Z" "-v" "/var/lib/crater-agent-workspace/builds/worker-0-tc1/source:/opt/rustwide/workdir:ro,Z" "-v" "/var/lib/crater-agent-workspace/cargo-home:/opt/rustwide/cargo-home:ro,Z" "-v" "/var/lib/crater-agent-workspace/rustup-home:/opt/rustwide/rustup-home:ro,Z" "-e" "SOURCE_DIR=/opt/rustwide/workdir" "-e" "CARGO_TARGET_DIR=/opt/rustwide/target" "-e" "CARGO_HOME=/opt/rustwide/cargo-home" "-e" "RUSTUP_HOME=/opt/rustwide/rustup-home" "-w" "/opt/rustwide/workdir" "-m" "1610612736" "--user" "0:0" "--network" "none" "ghcr.io/rust-lang/crates-build-env/linux@sha256:2788e3201cd34a07e3172128adcd8b3090168a8e3bcc40d7c032b9dda1df7d1c" "/opt/rustwide/cargo-home/bin/cargo" "+1.75.0" "metadata" "--no-deps" "--format-version=1", kill_on_drop: false }`
[INFO] [stdout] ff9bd2a75b11f23a0ac8ea5a57c384f034a1bb87b08881cd55af532d50460beb
[INFO] running `Command { std: "docker" "start" "-a" "ff9bd2a75b11f23a0ac8ea5a57c384f034a1bb87b08881cd55af532d50460beb", kill_on_drop: false }`
[INFO] running `Command { std: "docker" "inspect" "ff9bd2a75b11f23a0ac8ea5a57c384f034a1bb87b08881cd55af532d50460beb", kill_on_drop: false }`
[INFO] running `Command { std: "docker" "rm" "-f" "ff9bd2a75b11f23a0ac8ea5a57c384f034a1bb87b08881cd55af532d50460beb", kill_on_drop: false }`
[INFO] [stdout] ff9bd2a75b11f23a0ac8ea5a57c384f034a1bb87b08881cd55af532d50460beb
[INFO] running `Command { std: "docker" "create" "-v" "/var/lib/crater-agent-workspace/builds/worker-0-tc1/target:/opt/rustwide/target:rw,Z" "-v" "/var/lib/crater-agent-workspace/builds/worker-0-tc1/source:/opt/rustwide/workdir:ro,Z" "-v" "/var/lib/crater-agent-workspace/cargo-home:/opt/rustwide/cargo-home:ro,Z" "-v" "/var/lib/crater-agent-workspace/rustup-home:/opt/rustwide/rustup-home:ro,Z" "-e" "SOURCE_DIR=/opt/rustwide/workdir" "-e" "CARGO_TARGET_DIR=/opt/rustwide/target" "-e" "CARGO_INCREMENTAL=0" "-e" "RUST_BACKTRACE=full" "-e" "RUSTFLAGS=--cap-lints=warn" "-e" "RUSTDOCFLAGS=--cap-lints=warn" "-e" "CARGO_HOME=/opt/rustwide/cargo-home" "-e" "RUSTUP_HOME=/opt/rustwide/rustup-home" "-w" "/opt/rustwide/workdir" "-m" "1610612736" "--user" "0:0" "--network" "none" "ghcr.io/rust-lang/crates-build-env/linux@sha256:2788e3201cd34a07e3172128adcd8b3090168a8e3bcc40d7c032b9dda1df7d1c" "/opt/rustwide/cargo-home/bin/cargo" "+1.75.0" "doc" "--frozen" "--no-deps" "--document-private-items" "--message-format=json", kill_on_drop: false }`
[INFO] [stdout] 00d796d927491d60ba18b102b33d6a2ae503989482e1ac1bdb68608404df2e0a
[INFO] running `Command { std: "docker" "start" "-a" "00d796d927491d60ba18b102b33d6a2ae503989482e1ac1bdb68608404df2e0a", kill_on_drop: false }`
[INFO] [stderr]    Compiling libc v0.2.151
[INFO] [stderr]    Compiling cfg-if v1.0.0
[INFO] [stderr]    Compiling memchr v2.7.1
[INFO] [stderr]    Compiling rustix v0.38.28
[INFO] [stderr]    Compiling glob v0.3.1
[INFO] [stderr]    Compiling spin v0.9.8
[INFO] [stderr]    Compiling proc-macro2 v1.0.76
[INFO] [stderr]    Compiling linux-raw-sys v0.4.12
[INFO] [stderr]    Compiling tinyvec_macros v0.1.1
[INFO] [stderr]    Compiling bitflags v2.4.1
[INFO] [stderr]    Compiling untrusted v0.9.0
[INFO] [stderr]    Compiling tinyvec v1.6.0
[INFO] [stderr]    Compiling quote v1.0.35
[INFO] [stderr]    Compiling clang-sys v1.7.0
[INFO] [stderr]    Compiling regex-syntax v0.8.2
[INFO] [stderr]    Compiling cc v1.0.83
[INFO] [stderr]    Compiling syn v2.0.48
[INFO] [stderr]    Compiling getrandom v0.2.11
[INFO] [stderr]    Compiling aho-corasick v1.1.2
[INFO] [stderr]    Compiling crc32fast v1.3.2
[INFO] [stderr]    Compiling once_cell v1.19.0
[INFO] [stderr]    Compiling thiserror v1.0.56
[INFO] [stderr]    Compiling log v0.4.20
[INFO] [stderr]    Compiling serde v1.0.195
[INFO] [stderr]    Compiling unicode-normalization v0.1.22
[INFO] [stderr]    Compiling atty v0.2.14
[INFO] [stderr]    Compiling serde_json v1.0.111
[INFO] [stderr]    Compiling minimal-lexical v0.2.1
[INFO] [stderr]    Compiling unicode-bidi v0.3.14
[INFO] [stderr]    Compiling rustls v0.21.10
[INFO] [stderr]    Compiling adler v1.0.2
[INFO] [stderr]    Compiling unicode-width v0.1.11
[INFO] [stderr]    Compiling percent-encoding v2.3.1
[INFO] [stderr]    Compiling textwrap v0.11.0
[INFO] [stderr]    Compiling ring v0.17.7
[INFO] [stderr]    Compiling form_urlencoded v1.2.1
[INFO] [stderr]    Compiling idna v0.5.0
[INFO] [stderr]    Compiling miniz_oxide v0.7.1
[INFO] [stderr]    Compiling nom v7.1.3
[INFO] [stderr]    Compiling libloading v0.8.1
[INFO] [stderr]    Compiling regex-automata v0.4.3
[INFO] [stderr]    Compiling either v1.9.0
[INFO] [stderr]    Compiling humantime v2.1.0
[INFO] [stderr]    Compiling strsim v0.8.0
[INFO] [stderr]    Compiling bindgen v0.59.2
[INFO] [stderr]    Compiling termcolor v1.4.0
[INFO] [stderr]    Compiling thiserror-impl v1.0.56
[INFO] [stderr]    Compiling home v0.5.9
[INFO] [stderr]    Compiling vec_map v0.8.2
[INFO] [stderr]    Compiling ansi_term v0.12.1
[INFO] [stderr]    Compiling which v4.4.2
[INFO] [stderr]    Compiling clap v2.34.0
[INFO] [stderr]    Compiling flate2 v1.0.28
[INFO] [stderr]    Compiling cexpr v0.6.0
[INFO] [stderr]    Compiling url v2.5.0
[INFO] [stderr]    Compiling regex v1.10.2
[INFO] [stderr]    Compiling xattr v1.2.0
[INFO] [stderr]    Compiling filetime v0.2.23
[INFO] [stderr]    Compiling webpki-roots v0.25.3
[INFO] [stderr]    Compiling rustc-hash v1.1.0
[INFO] [stderr]    Compiling base64 v0.21.5
[INFO] [stderr]    Compiling env_logger v0.9.3
[INFO] [stderr]    Compiling shlex v1.2.0
[INFO] [stderr]    Compiling rustls-webpki v0.101.7
[INFO] [stderr]    Compiling sct v0.7.1
[INFO] [stderr]    Compiling peeking_take_while v0.1.2
[INFO] [stderr]    Compiling lazy_static v1.4.0
[INFO] [stderr]    Compiling lazycell v1.3.0
[INFO] [stderr]    Compiling itoa v1.0.10
[INFO] [stderr]    Compiling ryu v1.0.16
[INFO] [stderr]    Compiling tar v0.4.40
[INFO] [stderr]    Compiling toml v0.5.11
[INFO] [stderr]    Compiling heck v0.4.1
[INFO] [stderr]    Compiling ucd-trie v0.1.6
[INFO] [stderr]    Compiling pest v2.7.6
[INFO] [stderr]    Compiling ureq v2.9.1
[INFO] [stderr]    Compiling libm v0.1.4
[INFO] [stderr]    Compiling pest_meta v2.7.6
[INFO] [stderr]    Compiling serde_derive v1.0.195
[INFO] [stderr]    Compiling pest_generator v2.7.6
[INFO] [stderr]     Checking bitflags v1.3.2
[INFO] [stderr]     Checking lazy_static v0.1.16
[INFO] [stderr]     Checking stretch v0.3.2
[INFO] [stderr]     Checking css-color-parser v0.1.2
[INFO] [stderr]    Compiling pest_derive v2.7.6
[INFO] [stderr]    Compiling skia-bindings v0.49.1
[INFO] [stderr] The following warnings were emitted during compilation:
[INFO] [stderr] 
[INFO] [stderr] warning: skia-bindings@0.49.1: The feature 'shaper' has been removed. To use the SkShaper bindings, enable the feature 'textlayout'.
[INFO] [stderr] 
[INFO] [stderr] error: failed to run custom build command for `skia-bindings v0.49.1`
[INFO] [stderr] note: To improve backtraces for build dependencies, set the CARGO_PROFILE_DEV_BUILD_OVERRIDE_DEBUG=true environment variable to enable debug information generation.
[INFO] [stderr] 
[INFO] [stderr] Caused by:
[INFO] [stderr]   process didn't exit successfully: `/opt/rustwide/target/debug/build/skia-bindings-edd0a1ff4b43e699/build-script-build` (exit status: 101)
[INFO] [stderr]   --- stdout
[INFO] [stderr]   cargo:warning=The feature 'shaper' has been removed. To use the SkShaper bindings, enable the feature 'textlayout'.
[INFO] [stderr]   cargo:rerun-if-env-changed=SKIA_DEBUG
[INFO] [stderr]   cargo:rerun-if-env-changed=SKIA_SOURCE_DIR
[INFO] [stderr]   cargo:rerun-if-env-changed=FORCE_SKIA_BUILD
[INFO] [stderr]   cargo:rerun-if-env-changed=FORCE_SKIA_BINARIES_DOWNLOAD
[INFO] [stderr]   TRYING TO DOWNLOAD AND INSTALL SKIA BINARIES: 0.49.1/1fbdb66def62b4d3229f-x86_64-unknown-linux-gnu-textlayout
[INFO] [stderr]   cargo:rerun-if-env-changed=SKIA_BINARIES_URL
[INFO] [stderr]     FROM: https://github.com/rust-skia/skia-binaries/releases/download/0.49.1/skia-binaries-1fbdb66def62b4d3229f-x86_64-unknown-linux-gnu-textlayout.tar.gz
[INFO] [stderr]   DOWNLOAD AND INSTALL FAILED: https://github.com/rust-skia/skia-binaries/releases/download/0.49.1/skia-binaries-1fbdb66def62b4d3229f-x86_64-unknown-linux-gnu-textlayout.tar.gz: Dns Failed: resolve dns name 'github.com:443': failed to lookup address information: Temporary failure in name resolution
[INFO] [stderr]   STARTING A FULL BUILD
[INFO] [stderr]   HOST: x86_64-unknown-linux-gnu
[INFO] [stderr]   cargo:rerun-if-env-changed=OPT_LEVEL
[INFO] [stderr]   cargo:rerun-if-env-changed=CC
[INFO] [stderr]   cargo:rerun-if-env-changed=CXX
[INFO] [stderr]   cargo:rerun-if-env-changed=SKIA_USE_SYSTEM_LIBRARIES
[INFO] [stderr]   cargo:rerun-if-env-changed=SDKROOT
[INFO] [stderr]   cargo:rerun-if-env-changed=SKIA_NINJA_COMMAND
[INFO] [stderr]   cargo:rerun-if-env-changed=SKIA_GN_COMMAND
[INFO] [stderr]   Probing 'python'
[INFO] [stderr]   Probing 'python2'
[INFO] [stderr]   Python 2 found: "python2"
[INFO] [stderr]   Synchronizing Skia dependencies
[INFO] [stderr]   DOWNLOADING: https://codeload.github.com/rust-skia/skia/tar.gz/m100-0.48.7
[INFO] [stderr] 
[INFO] [stderr]   --- stderr
[INFO] [stderr]   thread 'main' panicked at /opt/rustwide/cargo-home/registry/src/index.crates.io-6f17d22bba15001f/skia-bindings-0.49.1/build_support/binary_cache/download.rs:67:35:
[INFO] [stderr]   Failed to download https://codeload.github.com/rust-skia/skia/tar.gz/m100-0.48.7 (https://codeload.github.com/rust-skia/skia/tar.gz/m100-0.48.7: Dns Failed: resolve dns name 'codeload.github.com:443': failed to lookup address information: Temporary failure in name resolution)
[INFO] [stderr]   stack backtrace:
[INFO] [stderr]      0:     0x55826c28abec - std::backtrace_rs::backtrace::libunwind::trace::ha637c64ce894333a
[INFO] [stderr]                                  at /rustc/82e1608dfa6e0b5569232559e3d385fea5a93112/library/std/src/../../backtrace/src/backtrace/libunwind.rs:104:5
[INFO] [stderr]      1:     0x55826c28abec - std::backtrace_rs::backtrace::trace_unsynchronized::h47f62dea28e0c88d
[INFO] [stderr]                                  at /rustc/82e1608dfa6e0b5569232559e3d385fea5a93112/library/std/src/../../backtrace/src/backtrace/mod.rs:66:5
[INFO] [stderr]      2:     0x55826c28abec - std::sys_common::backtrace::_print_fmt::h9eef0abe20ede486
[INFO] [stderr]                                  at /rustc/82e1608dfa6e0b5569232559e3d385fea5a93112/library/std/src/sys_common/backtrace.rs:67:5
[INFO] [stderr]      3:     0x55826c28abec - <std::sys_common::backtrace::_print::DisplayBacktrace as core::fmt::Display>::fmt::hed7f999df88cc644
[INFO] [stderr]                                  at /rustc/82e1608dfa6e0b5569232559e3d385fea5a93112/library/std/src/sys_common/backtrace.rs:44:22
[INFO] [stderr]      4:     0x55826c2bbe00 - core::fmt::rt::Argument::fmt::h1539a9308b8d058d
[INFO] [stderr]                                  at /rustc/82e1608dfa6e0b5569232559e3d385fea5a93112/library/core/src/fmt/rt.rs:142:9
[INFO] [stderr]      5:     0x55826c2bbe00 - core::fmt::write::h3a39390d8560d9c9
[INFO] [stderr]                                  at /rustc/82e1608dfa6e0b5569232559e3d385fea5a93112/library/core/src/fmt/mod.rs:1120:17
[INFO] [stderr]      6:     0x55826c286a7f - std::io::Write::write_fmt::h5fc9997dfe05f882
[INFO] [stderr]                                  at /rustc/82e1608dfa6e0b5569232559e3d385fea5a93112/library/std/src/io/mod.rs:1762:15
[INFO] [stderr]      7:     0x55826c28a9d4 - std::sys_common::backtrace::_print::h894006fb5c6f3d45
[INFO] [stderr]                                  at /rustc/82e1608dfa6e0b5569232559e3d385fea5a93112/library/std/src/sys_common/backtrace.rs:47:5
[INFO] [stderr]      8:     0x55826c28a9d4 - std::sys_common::backtrace::print::h23a2d212c6fff936
[INFO] [stderr]                                  at /rustc/82e1608dfa6e0b5569232559e3d385fea5a93112/library/std/src/sys_common/backtrace.rs:34:9
[INFO] [stderr]      9:     0x55826c28c807 - std::panicking::default_hook::{{closure}}::h8a1d2ee00185001a
[INFO] [stderr]     10:     0x55826c28c56f - std::panicking::default_hook::h6038f2eba384e475
[INFO] [stderr]                                  at /rustc/82e1608dfa6e0b5569232559e3d385fea5a93112/library/std/src/panicking.rs:292:9
[INFO] [stderr]     11:     0x55826c28cc88 - std::panicking::rust_panic_with_hook::h2b5517d590cab22e
[INFO] [stderr]                                  at /rustc/82e1608dfa6e0b5569232559e3d385fea5a93112/library/std/src/panicking.rs:779:13
[INFO] [stderr]     12:     0x55826c28cb6e - std::panicking::begin_panic_handler::{{closure}}::h233112c06e0ef43e
[INFO] [stderr]                                  at /rustc/82e1608dfa6e0b5569232559e3d385fea5a93112/library/std/src/panicking.rs:657:13
[INFO] [stderr]     13:     0x55826c28b0b6 - std::sys_common::backtrace::__rust_end_short_backtrace::h6e893f24d7ebbff8
[INFO] [stderr]                                  at /rustc/82e1608dfa6e0b5569232559e3d385fea5a93112/library/std/src/sys_common/backtrace.rs:170:18
[INFO] [stderr]     14:     0x55826c28c8d2 - rust_begin_unwind
[INFO] [stderr]                                  at /rustc/82e1608dfa6e0b5569232559e3d385fea5a93112/library/std/src/panicking.rs:645:5
[INFO] [stderr]     15:     0x55826ba47035 - core::panicking::panic_fmt::hbf0e066aabfa482c
[INFO] [stderr]                                  at /rustc/82e1608dfa6e0b5569232559e3d385fea5a93112/library/core/src/panicking.rs:72:14
[INFO] [stderr]     16:     0x55826ba77945 - build_script_build::build_support::binary_cache::download::download_dependencies::{{closure}}::h4368aec533b7efe1
[INFO] [stderr]     17:     0x55826ba5814a - core::result::Result<T,E>::unwrap_or_else::h7c896d8df9391a85
[INFO] [stderr]     18:     0x55826ba772fd - build_script_build::build_support::binary_cache::download::download_dependencies::hd1659df4f8de34d2
[INFO] [stderr]     19:     0x55826ba76acc - build_script_build::build_support::binary_cache::download::resolve_dependencies::hff0d049c47022900
[INFO] [stderr]     20:     0x55826ba54074 - build_script_build::build_support::skia::config::build::h7667cf3914b6a13b
[INFO] [stderr]     21:     0x55826ba72a9b - build_script_build::build_from_source::h3119f1bcec9d0ea3
[INFO] [stderr]     22:     0x55826ba7343d - build_script_build::main::haab3b2cb3cc82cdc
[INFO] [stderr]     23:     0x55826ba66243 - core::ops::function::FnOnce::call_once::hb825c320cffe4358
[INFO] [stderr]     24:     0x55826ba7a836 - std::sys_common::backtrace::__rust_begin_short_backtrace::h789535c05d2d99d5
[INFO] [stderr]     25:     0x55826ba7a889 - std::rt::lang_start::{{closure}}::h1be788ff19bdd5c6
[INFO] [stderr]     26:     0x55826c281267 - core::ops::function::impls::<impl core::ops::function::FnOnce<A> for &F>::call_once::hd95060ecd5e1ca24
[INFO] [stderr]                                  at /rustc/82e1608dfa6e0b5569232559e3d385fea5a93112/library/core/src/ops/function.rs:284:13
[INFO] [stderr]     27:     0x55826c281267 - std::panicking::try::do_call::h6e8cf51db32a6e4b
[INFO] [stderr]                                  at /rustc/82e1608dfa6e0b5569232559e3d385fea5a93112/library/std/src/panicking.rs:552:40
[INFO] [stderr]     28:     0x55826c281267 - std::panicking::try::h3a52eefe24fe3c29
[INFO] [stderr]                                  at /rustc/82e1608dfa6e0b5569232559e3d385fea5a93112/library/std/src/panicking.rs:516:19
[INFO] [stderr]     29:     0x55826c281267 - std::panic::catch_unwind::h24c28c23c02c3841
[INFO] [stderr]                                  at /rustc/82e1608dfa6e0b5569232559e3d385fea5a93112/library/std/src/panic.rs:142:14
[INFO] [stderr]     30:     0x55826c281267 - std::rt::lang_start_internal::{{closure}}::h705d3c9cbc06ef47
[INFO] [stderr]                                  at /rustc/82e1608dfa6e0b5569232559e3d385fea5a93112/library/std/src/rt.rs:148:48
[INFO] [stderr]     31:     0x55826c281267 - std::panicking::try::do_call::ha21f52ba13158470
[INFO] [stderr]                                  at /rustc/82e1608dfa6e0b5569232559e3d385fea5a93112/library/std/src/panicking.rs:552:40
[INFO] [stderr]     32:     0x55826c281267 - std::panicking::try::h5581346bf6aeb1f8
[INFO] [stderr]                                  at /rustc/82e1608dfa6e0b5569232559e3d385fea5a93112/library/std/src/panicking.rs:516:19
[INFO] [stderr]     33:     0x55826c281267 - std::panic::catch_unwind::h7919645a6b72e25b
[INFO] [stderr]                                  at /rustc/82e1608dfa6e0b5569232559e3d385fea5a93112/library/std/src/panic.rs:142:14
[INFO] [stderr]     34:     0x55826c281267 - std::rt::lang_start_internal::h12de51168669836e
[INFO] [stderr]                                  at /rustc/82e1608dfa6e0b5569232559e3d385fea5a93112/library/std/src/rt.rs:148:20
[INFO] [stderr]     35:     0x55826ba7a867 - std::rt::lang_start::hef32ed840a002c9d
[INFO] [stderr]     36:     0x55826ba73845 - main
[INFO] [stderr]     37:     0x7fc7aa268d90 - <unknown>
[INFO] [stderr]     38:     0x7fc7aa268e40 - __libc_start_main
[INFO] [stderr]     39:     0x55826ba47905 - _start
[INFO] [stderr]     40:                0x0 - <unknown>
[INFO] [stderr] warning: build failed, waiting for other jobs to finish...
[INFO] running `Command { std: "docker" "inspect" "00d796d927491d60ba18b102b33d6a2ae503989482e1ac1bdb68608404df2e0a", kill_on_drop: false }`
[INFO] running `Command { std: "docker" "rm" "-f" "00d796d927491d60ba18b102b33d6a2ae503989482e1ac1bdb68608404df2e0a", kill_on_drop: false }`
[INFO] [stdout] 00d796d927491d60ba18b102b33d6a2ae503989482e1ac1bdb68608404df2e0a
[INFO] documenting bumaga-0.1.0 against beta-2023-12-22 for beta-1.76-rustdoc-1
[INFO] extracting crate bumaga 0.1.0 into /workspace/builds/worker-0-tc2/source
[INFO] validating manifest of crates.io crate bumaga 0.1.0 on toolchain beta-2023-12-22
[INFO] running `Command { std: CARGO_HOME="/workspace/cargo-home" RUSTUP_HOME="/workspace/rustup-home" "/workspace/cargo-home/bin/cargo" "+beta-2023-12-22" "metadata" "--manifest-path" "Cargo.toml" "--no-deps", kill_on_drop: false }`
[INFO] started tweaking crates.io crate bumaga 0.1.0
[INFO] finished tweaking crates.io crate bumaga 0.1.0
[INFO] tweaked toml for crates.io crate bumaga 0.1.0 written to /workspace/builds/worker-0-tc2/source/Cargo.toml
[INFO] running `Command { std: CARGO_HOME="/workspace/cargo-home" RUSTUP_HOME="/workspace/rustup-home" "/workspace/cargo-home/bin/cargo" "+beta-2023-12-22" "generate-lockfile" "--manifest-path" "Cargo.toml", kill_on_drop: false }`
[INFO] [stderr]     Updating crates.io index
[INFO] running `Command { std: CARGO_HOME="/workspace/cargo-home" RUSTUP_HOME="/workspace/rustup-home" "/workspace/cargo-home/bin/cargo" "+beta-2023-12-22" "fetch" "--manifest-path" "Cargo.toml", kill_on_drop: false }`
[INFO] running `Command { std: "docker" "create" "-v" "/var/lib/crater-agent-workspace/builds/worker-0-tc2/target:/opt/rustwide/target:rw,Z" "-v" "/var/lib/crater-agent-workspace/builds/worker-0-tc2/source:/opt/rustwide/workdir:ro,Z" "-v" "/var/lib/crater-agent-workspace/cargo-home:/opt/rustwide/cargo-home:ro,Z" "-v" "/var/lib/crater-agent-workspace/rustup-home:/opt/rustwide/rustup-home:ro,Z" "-e" "SOURCE_DIR=/opt/rustwide/workdir" "-e" "CARGO_TARGET_DIR=/opt/rustwide/target" "-e" "CARGO_HOME=/opt/rustwide/cargo-home" "-e" "RUSTUP_HOME=/opt/rustwide/rustup-home" "-w" "/opt/rustwide/workdir" "-m" "1610612736" "--user" "0:0" "--network" "none" "ghcr.io/rust-lang/crates-build-env/linux@sha256:2788e3201cd34a07e3172128adcd8b3090168a8e3bcc40d7c032b9dda1df7d1c" "/opt/rustwide/cargo-home/bin/cargo" "+beta-2023-12-22" "metadata" "--no-deps" "--format-version=1", kill_on_drop: false }`
[INFO] [stdout] 409b0e253d8bbd1a974c39f3f5dc6977d07868a4645cdb868b90c98641166b95
[INFO] running `Command { std: "docker" "start" "-a" "409b0e253d8bbd1a974c39f3f5dc6977d07868a4645cdb868b90c98641166b95", kill_on_drop: false }`
[INFO] running `Command { std: "docker" "inspect" "409b0e253d8bbd1a974c39f3f5dc6977d07868a4645cdb868b90c98641166b95", kill_on_drop: false }`
[INFO] running `Command { std: "docker" "rm" "-f" "409b0e253d8bbd1a974c39f3f5dc6977d07868a4645cdb868b90c98641166b95", kill_on_drop: false }`
[INFO] [stdout] 409b0e253d8bbd1a974c39f3f5dc6977d07868a4645cdb868b90c98641166b95
[INFO] running `Command { std: "docker" "create" "-v" "/var/lib/crater-agent-workspace/builds/worker-0-tc2/target:/opt/rustwide/target:rw,Z" "-v" "/var/lib/crater-agent-workspace/builds/worker-0-tc2/source:/opt/rustwide/workdir:ro,Z" "-v" "/var/lib/crater-agent-workspace/cargo-home:/opt/rustwide/cargo-home:ro,Z" "-v" "/var/lib/crater-agent-workspace/rustup-home:/opt/rustwide/rustup-home:ro,Z" "-e" "SOURCE_DIR=/opt/rustwide/workdir" "-e" "CARGO_TARGET_DIR=/opt/rustwide/target" "-e" "CARGO_INCREMENTAL=0" "-e" "RUST_BACKTRACE=full" "-e" "RUSTFLAGS=--cap-lints=warn" "-e" "RUSTDOCFLAGS=--cap-lints=warn" "-e" "CARGO_HOME=/opt/rustwide/cargo-home" "-e" "RUSTUP_HOME=/opt/rustwide/rustup-home" "-w" "/opt/rustwide/workdir" "-m" "1610612736" "--user" "0:0" "--network" "none" "ghcr.io/rust-lang/crates-build-env/linux@sha256:2788e3201cd34a07e3172128adcd8b3090168a8e3bcc40d7c032b9dda1df7d1c" "/opt/rustwide/cargo-home/bin/cargo" "+beta-2023-12-22" "doc" "--frozen" "--no-deps" "--document-private-items" "--message-format=json", kill_on_drop: false }`
[INFO] [stdout] 580fcf3f41b6e7427ffe196c8cc308fc79b882e738c123c3351ae51d55d99e4d
[INFO] running `Command { std: "docker" "start" "-a" "580fcf3f41b6e7427ffe196c8cc308fc79b882e738c123c3351ae51d55d99e4d", kill_on_drop: false }`
[INFO] [stderr]    Compiling libc v0.2.151
[INFO] [stderr]    Compiling cfg-if v1.0.0
[INFO] [stderr]    Compiling memchr v2.7.1
[INFO] [stderr]    Compiling rustix v0.38.28
[INFO] [stderr]    Compiling bitflags v2.4.1
[INFO] [stderr]    Compiling spin v0.9.8
[INFO] [stderr]    Compiling proc-macro2 v1.0.76
[INFO] [stderr]    Compiling glob v0.3.1
[INFO] [stderr]    Compiling tinyvec_macros v0.1.1
[INFO] [stderr]    Compiling untrusted v0.9.0
[INFO] [stderr]    Compiling linux-raw-sys v0.4.12
[INFO] [stderr]    Compiling tinyvec v1.6.0
[INFO] [stderr]    Compiling regex-syntax v0.8.2
[INFO] [stderr]    Compiling aho-corasick v1.1.2
[INFO] [stderr]    Compiling clang-sys v1.7.0
[INFO] [stderr]    Compiling quote v1.0.35
[INFO] [stderr]    Compiling syn v2.0.48
[INFO] [stderr]    Compiling serde v1.0.195
[INFO] [stderr]    Compiling cc v1.0.83
[INFO] [stderr]    Compiling getrandom v0.2.11
[INFO] [stderr]    Compiling thiserror v1.0.56
[INFO] [stderr]    Compiling crc32fast v1.3.2
[INFO] [stderr]    Compiling log v0.4.20
[INFO] [stderr]    Compiling once_cell v1.19.0
[INFO] [stderr]    Compiling unicode-normalization v0.1.22
[INFO] [stderr]    Compiling atty v0.2.14
[INFO] [stderr]    Compiling unicode-width v0.1.11
[INFO] [stderr]    Compiling unicode-bidi v0.3.14
[INFO] [stderr]    Compiling serde_json v1.0.111
[INFO] [stderr]    Compiling rustls v0.21.10
[INFO] [stderr]    Compiling percent-encoding v2.3.1
[INFO] [stderr]    Compiling minimal-lexical v0.2.1
[INFO] [stderr]    Compiling adler v1.0.2
[INFO] [stderr]    Compiling form_urlencoded v1.2.1
[INFO] [stderr]    Compiling miniz_oxide v0.7.1
[INFO] [stderr]    Compiling idna v0.5.0
[INFO] [stderr]    Compiling nom v7.1.3
[INFO] [stderr]    Compiling ring v0.17.7
[INFO] [stderr]    Compiling regex-automata v0.4.3
[INFO] [stderr]    Compiling textwrap v0.11.0
[INFO] [stderr]    Compiling libloading v0.8.1
[INFO] [stderr]    Compiling humantime v2.1.0
[INFO] [stderr]    Compiling bindgen v0.59.2
[INFO] [stderr]    Compiling termcolor v1.4.0
[INFO] [stderr]    Compiling either v1.9.0
[INFO] [stderr]    Compiling thiserror-impl v1.0.56
[INFO] [stderr]    Compiling ansi_term v0.12.1
[INFO] [stderr]    Compiling home v0.5.9
[INFO] [stderr]    Compiling vec_map v0.8.2
[INFO] [stderr]    Compiling strsim v0.8.0
[INFO] [stderr]    Compiling which v4.4.2
[INFO] [stderr]    Compiling clap v2.34.0
[INFO] [stderr]    Compiling cexpr v0.6.0
[INFO] [stderr]    Compiling flate2 v1.0.28
[INFO] [stderr]    Compiling regex v1.10.2
[INFO] [stderr]    Compiling xattr v1.2.0
[INFO] [stderr]    Compiling url v2.5.0
[INFO] [stderr]    Compiling env_logger v0.9.3
[INFO] [stderr]    Compiling filetime v0.2.23
[INFO] [stderr]    Compiling webpki-roots v0.25.3
[INFO] [stderr]    Compiling base64 v0.21.5
[INFO] [stderr]    Compiling shlex v1.2.0
[INFO] [stderr]    Compiling lazy_static v1.4.0
[INFO] [stderr]    Compiling rustc-hash v1.1.0
[INFO] [stderr]    Compiling peeking_take_while v0.1.2
[INFO] [stderr]    Compiling itoa v1.0.10
[INFO] [stderr]    Compiling lazycell v1.3.0
[INFO] [stderr]    Compiling ryu v1.0.16
[INFO] [stderr]    Compiling tar v0.4.40
[INFO] [stderr]    Compiling heck v0.4.1
[INFO] [stderr]    Compiling toml v0.5.11
[INFO] [stderr]    Compiling sct v0.7.1
[INFO] [stderr]    Compiling rustls-webpki v0.101.7
[INFO] [stderr]    Compiling ucd-trie v0.1.6
[INFO] [stderr]    Compiling pest v2.7.6
[INFO] [stderr]    Compiling libm v0.1.4
[INFO] [stderr]    Compiling serde_derive v1.0.195
[INFO] [stderr]    Compiling pest_meta v2.7.6
[INFO] [stderr]     Checking lazy_static v0.1.16
[INFO] [stderr]    Compiling pest_generator v2.7.6
[INFO] [stderr]     Checking bitflags v1.3.2
[INFO] [stderr]     Checking stretch v0.3.2
[INFO] [stderr]    Compiling ureq v2.9.1
[INFO] [stderr]     Checking css-color-parser v0.1.2
[INFO] [stderr]    Compiling pest_derive v2.7.6
[INFO] [stderr]    Compiling skia-bindings v0.49.1
[INFO] [stderr] The following warnings were emitted during compilation:
[INFO] [stderr] 
[INFO] [stderr] warning: skia-bindings@0.49.1: The feature 'shaper' has been removed. To use the SkShaper bindings, enable the feature 'textlayout'.
[INFO] [stderr] 
[INFO] [stderr] error: failed to run custom build command for `skia-bindings v0.49.1`
[INFO] [stderr] note: To improve backtraces for build dependencies, set the CARGO_PROFILE_DEV_BUILD_OVERRIDE_DEBUG=true environment variable to enable debug information generation.
[INFO] [stderr] 
[INFO] [stderr] Caused by:
[INFO] [stderr]   process didn't exit successfully: `/opt/rustwide/target/debug/build/skia-bindings-12cbb8fc3a8aa710/build-script-build` (exit status: 101)
[INFO] [stderr]   --- stdout
[INFO] [stderr]   cargo:warning=The feature 'shaper' has been removed. To use the SkShaper bindings, enable the feature 'textlayout'.
[INFO] [stderr]   cargo:rerun-if-env-changed=SKIA_DEBUG
[INFO] [stderr]   cargo:rerun-if-env-changed=SKIA_SOURCE_DIR
[INFO] [stderr]   cargo:rerun-if-env-changed=FORCE_SKIA_BUILD
[INFO] [stderr]   cargo:rerun-if-env-changed=FORCE_SKIA_BINARIES_DOWNLOAD
[INFO] [stderr]   TRYING TO DOWNLOAD AND INSTALL SKIA BINARIES: 0.49.1/1fbdb66def62b4d3229f-x86_64-unknown-linux-gnu-textlayout
[INFO] [stderr]   cargo:rerun-if-env-changed=SKIA_BINARIES_URL
[INFO] [stderr]     FROM: https://github.com/rust-skia/skia-binaries/releases/download/0.49.1/skia-binaries-1fbdb66def62b4d3229f-x86_64-unknown-linux-gnu-textlayout.tar.gz
[INFO] [stderr]   DOWNLOAD AND INSTALL FAILED: https://github.com/rust-skia/skia-binaries/releases/download/0.49.1/skia-binaries-1fbdb66def62b4d3229f-x86_64-unknown-linux-gnu-textlayout.tar.gz: Dns Failed: resolve dns name 'github.com:443': failed to lookup address information: Temporary failure in name resolution
[INFO] [stderr]   STARTING A FULL BUILD
[INFO] [stderr]   HOST: x86_64-unknown-linux-gnu
[INFO] [stderr]   cargo:rerun-if-env-changed=OPT_LEVEL
[INFO] [stderr]   cargo:rerun-if-env-changed=CC
[INFO] [stderr]   cargo:rerun-if-env-changed=CXX
[INFO] [stderr]   cargo:rerun-if-env-changed=SKIA_USE_SYSTEM_LIBRARIES
[INFO] [stderr]   cargo:rerun-if-env-changed=SDKROOT
[INFO] [stderr]   cargo:rerun-if-env-changed=SKIA_NINJA_COMMAND
[INFO] [stderr]   cargo:rerun-if-env-changed=SKIA_GN_COMMAND
[INFO] [stderr]   Probing 'python'
[INFO] [stderr]   Probing 'python2'
[INFO] [stderr]   Python 2 found: "python2"
[INFO] [stderr]   Synchronizing Skia dependencies
[INFO] [stderr]   DOWNLOADING: https://codeload.github.com/rust-skia/skia/tar.gz/m100-0.48.7
[INFO] [stderr] 
[INFO] [stderr]   --- stderr
[INFO] [stderr]   thread 'main' panicked at /opt/rustwide/cargo-home/registry/src/index.crates.io-6f17d22bba15001f/skia-bindings-0.49.1/build_support/binary_cache/download.rs:67:35:
[INFO] [stderr]   Failed to download https://codeload.github.com/rust-skia/skia/tar.gz/m100-0.48.7 (https://codeload.github.com/rust-skia/skia/tar.gz/m100-0.48.7: Dns Failed: resolve dns name 'codeload.github.com:443': failed to lookup address information: Temporary failure in name resolution)
[INFO] [stderr]   stack backtrace:
[INFO] [stderr]      0:     0x556281a83066 - std::backtrace_rs::backtrace::libunwind::trace::h261606ad26a499c1
[INFO] [stderr]                                  at /rustc/0e09125c6c3c2fd70d7de961bcf0e51575235fad/library/std/src/../../backtrace/src/backtrace/libunwind.rs:104:5
[INFO] [stderr]      1:     0x556281a83066 - std::backtrace_rs::backtrace::trace_unsynchronized::hd183f0625477fb28
[INFO] [stderr]                                  at /rustc/0e09125c6c3c2fd70d7de961bcf0e51575235fad/library/std/src/../../backtrace/src/backtrace/mod.rs:66:5
[INFO] [stderr]      2:     0x556281a83066 - std::sys_common::backtrace::_print_fmt::hd7f8fef21b4eda67
[INFO] [stderr]                                  at /rustc/0e09125c6c3c2fd70d7de961bcf0e51575235fad/library/std/src/sys_common/backtrace.rs:68:5
[INFO] [stderr]      3:     0x556281a83066 - <std::sys_common::backtrace::_print::DisplayBacktrace as core::fmt::Display>::fmt::h623d9b51f2f453f1
[INFO] [stderr]                                  at /rustc/0e09125c6c3c2fd70d7de961bcf0e51575235fad/library/std/src/sys_common/backtrace.rs:44:22
[INFO] [stderr]      4:     0x556281ab35b0 - core::fmt::rt::Argument::fmt::h9f417ac76a86f368
[INFO] [stderr]                                  at /rustc/0e09125c6c3c2fd70d7de961bcf0e51575235fad/library/core/src/fmt/rt.rs:142:9
[INFO] [stderr]      5:     0x556281ab35b0 - core::fmt::write::hc9b6faf4ac2aeff7
[INFO] [stderr]                                  at /rustc/0e09125c6c3c2fd70d7de961bcf0e51575235fad/library/core/src/fmt/mod.rs:1120:17
[INFO] [stderr]      6:     0x556281a7f06f - std::io::Write::write_fmt::hfead1eee52c2e65e
[INFO] [stderr]                                  at /rustc/0e09125c6c3c2fd70d7de961bcf0e51575235fad/library/std/src/io/mod.rs:1810:15
[INFO] [stderr]      7:     0x556281a82e44 - std::sys_common::backtrace::_print::hd5d66399c7df88a2
[INFO] [stderr]                                  at /rustc/0e09125c6c3c2fd70d7de961bcf0e51575235fad/library/std/src/sys_common/backtrace.rs:47:5
[INFO] [stderr]      8:     0x556281a82e44 - std::sys_common::backtrace::print::he81ed2da642d37e5
[INFO] [stderr]                                  at /rustc/0e09125c6c3c2fd70d7de961bcf0e51575235fad/library/std/src/sys_common/backtrace.rs:34:9
[INFO] [stderr]      9:     0x556281a84d77 - std::panicking::default_hook::{{closure}}::h85773f4fa117163d
[INFO] [stderr]     10:     0x556281a84ad9 - std::panicking::default_hook::h6a1694a91d09b278
[INFO] [stderr]                                  at /rustc/0e09125c6c3c2fd70d7de961bcf0e51575235fad/library/std/src/panicking.rs:292:9
[INFO] [stderr]     11:     0x556281a85208 - std::panicking::rust_panic_with_hook::h0a7ad96e90f7145b
[INFO] [stderr]                                  at /rustc/0e09125c6c3c2fd70d7de961bcf0e51575235fad/library/std/src/panicking.rs:779:13
[INFO] [stderr]     12:     0x556281a850e2 - std::panicking::begin_panic_handler::{{closure}}::h7919090525c6485e
[INFO] [stderr]                                  at /rustc/0e09125c6c3c2fd70d7de961bcf0e51575235fad/library/std/src/panicking.rs:657:13
[INFO] [stderr]     13:     0x556281a83566 - std::sys_common::backtrace::__rust_end_short_backtrace::hf3289479464f7dfe
[INFO] [stderr]                                  at /rustc/0e09125c6c3c2fd70d7de961bcf0e51575235fad/library/std/src/sys_common/backtrace.rs:171:18
[INFO] [stderr]     14:     0x556281a84e40 - rust_begin_unwind
[INFO] [stderr]                                  at /rustc/0e09125c6c3c2fd70d7de961bcf0e51575235fad/library/std/src/panicking.rs:645:5
[INFO] [stderr]     15:     0x5562812260b5 - core::panicking::panic_fmt::hcc9f77c5c132af55
[INFO] [stderr]                                  at /rustc/0e09125c6c3c2fd70d7de961bcf0e51575235fad/library/core/src/panicking.rs:72:14
[INFO] [stderr]     16:     0x5562812466c5 - build_script_build::build_support::binary_cache::download::download_dependencies::{{closure}}::h9693d520653dc74b
[INFO] [stderr]     17:     0x556281231510 - core::result::Result<T,E>::unwrap_or_else::h4440825669e8d05c
[INFO] [stderr]     18:     0x55628124606d - build_script_build::build_support::binary_cache::download::download_dependencies::h2d285373c67f2564
[INFO] [stderr]     19:     0x55628124583c - build_script_build::build_support::binary_cache::download::resolve_dependencies::hb5c90cc51b2c37e9
[INFO] [stderr]     20:     0x55628125cfe4 - build_script_build::build_support::skia::config::build::h789b31c612d0166b
[INFO] [stderr]     21:     0x556281241bfb - build_script_build::build_from_source::h00c0942777ca55f2
[INFO] [stderr]     22:     0x5562812425af - build_script_build::main::h61e9a79ed26aa831
[INFO] [stderr]     23:     0x556281239f73 - core::ops::function::FnOnce::call_once::he08cb2e1446a3adf
[INFO] [stderr]     24:     0x556281231126 - std::sys_common::backtrace::__rust_begin_short_backtrace::hdf9a07542ed2dd5e
[INFO] [stderr]     25:     0x556281253b29 - std::rt::lang_start::{{closure}}::h00455a88fe9915e8
[INFO] [stderr]     26:     0x556281a79471 - core::ops::function::impls::<impl core::ops::function::FnOnce<A> for &F>::call_once::h4eb4c5e1620f29b0
[INFO] [stderr]                                  at /rustc/0e09125c6c3c2fd70d7de961bcf0e51575235fad/library/core/src/ops/function.rs:284:13
[INFO] [stderr]     27:     0x556281a79471 - std::panicking::try::do_call::h73fd26535faffcdf
[INFO] [stderr]                                  at /rustc/0e09125c6c3c2fd70d7de961bcf0e51575235fad/library/std/src/panicking.rs:552:40
[INFO] [stderr]     28:     0x556281a79471 - std::panicking::try::h77ff1d98f0fb9f39
[INFO] [stderr]                                  at /rustc/0e09125c6c3c2fd70d7de961bcf0e51575235fad/library/std/src/panicking.rs:516:19
[INFO] [stderr]     29:     0x556281a79471 - std::panic::catch_unwind::hab3caf2448b95e37
[INFO] [stderr]                                  at /rustc/0e09125c6c3c2fd70d7de961bcf0e51575235fad/library/std/src/panic.rs:142:14
[INFO] [stderr]     30:     0x556281a79471 - std::rt::lang_start_internal::{{closure}}::h8086711f9c783f78
[INFO] [stderr]                                  at /rustc/0e09125c6c3c2fd70d7de961bcf0e51575235fad/library/std/src/rt.rs:148:48
[INFO] [stderr]     31:     0x556281a79471 - std::panicking::try::do_call::hf920d4dc291cd6ca
[INFO] [stderr]                                  at /rustc/0e09125c6c3c2fd70d7de961bcf0e51575235fad/library/std/src/panicking.rs:552:40
[INFO] [stderr]     32:     0x556281a79471 - std::panicking::try::h2b806ccc0a85db74
[INFO] [stderr]                                  at /rustc/0e09125c6c3c2fd70d7de961bcf0e51575235fad/library/std/src/panicking.rs:516:19
[INFO] [stderr]     33:     0x556281a79471 - std::panic::catch_unwind::h038489539c507df2
[INFO] [stderr]                                  at /rustc/0e09125c6c3c2fd70d7de961bcf0e51575235fad/library/std/src/panic.rs:142:14
[INFO] [stderr]     34:     0x556281a79471 - std::rt::lang_start_internal::h28503b88912e8a5c
[INFO] [stderr]                                  at /rustc/0e09125c6c3c2fd70d7de961bcf0e51575235fad/library/std/src/rt.rs:148:20
[INFO] [stderr]     35:     0x556281253b07 - std::rt::lang_start::hddb1473ffe41cbd8
[INFO] [stderr]     36:     0x5562812429d5 - main
[INFO] [stderr]     37:     0x7fea82d03d90 - <unknown>
[INFO] [stderr]     38:     0x7fea82d03e40 - __libc_start_main
[INFO] [stderr]     39:     0x556281226995 - _start
[INFO] [stderr]     40:                0x0 - <unknown>
[INFO] [stderr] warning: build failed, waiting for other jobs to finish...
[INFO] running `Command { std: "docker" "inspect" "580fcf3f41b6e7427ffe196c8cc308fc79b882e738c123c3351ae51d55d99e4d", kill_on_drop: false }`
[INFO] running `Command { std: "docker" "rm" "-f" "580fcf3f41b6e7427ffe196c8cc308fc79b882e738c123c3351ae51d55d99e4d", kill_on_drop: false }`
[INFO] [stdout] 580fcf3f41b6e7427ffe196c8cc308fc79b882e738c123c3351ae51d55d99e4d
