[INFO] fetching crate brush_contracts 1.8.0...
[INFO] documenting brush_contracts-1.8.0 against 1.75.0 for beta-1.76-rustdoc-1
[INFO] extracting crate brush_contracts 1.8.0 into /workspace/builds/worker-3-tc1/source
[INFO] validating manifest of crates.io crate brush_contracts 1.8.0 on toolchain 1.75.0
[INFO] running `Command { std: CARGO_HOME="/workspace/cargo-home" RUSTUP_HOME="/workspace/rustup-home" "/workspace/cargo-home/bin/cargo" "+1.75.0" "metadata" "--manifest-path" "Cargo.toml" "--no-deps", kill_on_drop: false }`
[INFO] started tweaking crates.io crate brush_contracts 1.8.0
[INFO] finished tweaking crates.io crate brush_contracts 1.8.0
[INFO] tweaked toml for crates.io crate brush_contracts 1.8.0 written to /workspace/builds/worker-3-tc1/source/Cargo.toml
[INFO] running `Command { std: CARGO_HOME="/workspace/cargo-home" RUSTUP_HOME="/workspace/rustup-home" "/workspace/cargo-home/bin/cargo" "+1.75.0" "generate-lockfile" "--manifest-path" "Cargo.toml", kill_on_drop: false }`
[INFO] [stderr]     Updating crates.io index
[INFO] running `Command { std: CARGO_HOME="/workspace/cargo-home" RUSTUP_HOME="/workspace/rustup-home" "/workspace/cargo-home/bin/cargo" "+1.75.0" "fetch" "--manifest-path" "Cargo.toml", kill_on_drop: false }`
[INFO] [stderr]  Downloading crates ...
[INFO] [stderr]   Downloaded brush_contracts_derive v1.8.0
[INFO] [stderr]   Downloaded heck v0.4.1
[INFO] [stderr]   Downloaded ink_allocator v3.4.0
[INFO] [stderr]   Downloaded synstructure v0.12.6
[INFO] [stderr]   Downloaded semver v0.11.0
[INFO] [stderr]   Downloaded ink_lang_macro v3.4.0
[INFO] [stderr]   Downloaded ink_engine v3.4.0
[INFO] [stderr]   Downloaded brush_lang_macro v1.8.0
[INFO] [stderr]   Downloaded brush_lang v1.8.0
[INFO] [stderr]   Downloaded unwrap v1.2.1
[INFO] [stderr]   Downloaded fs2 v0.4.3
[INFO] [stderr]   Downloaded ink_metadata v3.4.0
[INFO] [stderr]   Downloaded ink_prelude v3.4.0
[INFO] [stderr]   Downloaded camino v1.1.6
[INFO] [stderr]   Downloaded cargo-platform v0.1.6
[INFO] [stderr]   Downloaded ink_storage_derive v3.4.0
[INFO] [stderr]   Downloaded ink_primitives v3.4.0
[INFO] [stderr]   Downloaded pest v2.7.6
[INFO] [stderr]   Downloaded ink_lang_ir v3.4.0
[INFO] [stderr]   Downloaded ink_lang_codegen v3.4.0
[INFO] [stderr]   Downloaded ink_env v3.4.0
[INFO] [stderr]   Downloaded impl-serde v0.3.2
[INFO] [stderr]   Downloaded blake2 v0.9.2
[INFO] [stderr]   Downloaded ucd-trie v0.1.6
[INFO] [stderr]   Downloaded ink_lang v3.4.0
[INFO] [stderr]   Downloaded cargo_metadata v0.13.1
[INFO] [stderr]   Downloaded ink_storage v3.4.0
[INFO] [stderr]   Downloaded array-init v2.1.0
[INFO] [stderr]   Downloaded semver-parser v0.10.2
[INFO] [stderr]   Downloaded brush_lang_codegen v1.8.0
[INFO] [stderr]   Downloaded rlibc v1.0.0
[INFO] running `Command { std: "docker" "create" "-v" "/var/lib/crater-agent-workspace/builds/worker-3-tc1/target:/opt/rustwide/target:rw,Z" "-v" "/var/lib/crater-agent-workspace/builds/worker-3-tc1/source:/opt/rustwide/workdir:ro,Z" "-v" "/var/lib/crater-agent-workspace/cargo-home:/opt/rustwide/cargo-home:ro,Z" "-v" "/var/lib/crater-agent-workspace/rustup-home:/opt/rustwide/rustup-home:ro,Z" "-e" "SOURCE_DIR=/opt/rustwide/workdir" "-e" "CARGO_TARGET_DIR=/opt/rustwide/target" "-e" "CARGO_HOME=/opt/rustwide/cargo-home" "-e" "RUSTUP_HOME=/opt/rustwide/rustup-home" "-w" "/opt/rustwide/workdir" "-m" "1610612736" "--user" "0:0" "--network" "none" "ghcr.io/rust-lang/crates-build-env/linux@sha256:2788e3201cd34a07e3172128adcd8b3090168a8e3bcc40d7c032b9dda1df7d1c" "/opt/rustwide/cargo-home/bin/cargo" "+1.75.0" "metadata" "--no-deps" "--format-version=1", kill_on_drop: false }`
[INFO] [stdout] aa6eb705203e0d443f6d841425379dc37bbd8dbc52dd273ae4a33597148904c9
[INFO] running `Command { std: "docker" "start" "-a" "aa6eb705203e0d443f6d841425379dc37bbd8dbc52dd273ae4a33597148904c9", kill_on_drop: false }`
[INFO] running `Command { std: "docker" "inspect" "aa6eb705203e0d443f6d841425379dc37bbd8dbc52dd273ae4a33597148904c9", kill_on_drop: false }`
[INFO] running `Command { std: "docker" "rm" "-f" "aa6eb705203e0d443f6d841425379dc37bbd8dbc52dd273ae4a33597148904c9", kill_on_drop: false }`
[INFO] [stdout] aa6eb705203e0d443f6d841425379dc37bbd8dbc52dd273ae4a33597148904c9
[INFO] running `Command { std: "docker" "create" "-v" "/var/lib/crater-agent-workspace/builds/worker-3-tc1/target:/opt/rustwide/target:rw,Z" "-v" "/var/lib/crater-agent-workspace/builds/worker-3-tc1/source:/opt/rustwide/workdir:ro,Z" "-v" "/var/lib/crater-agent-workspace/cargo-home:/opt/rustwide/cargo-home:ro,Z" "-v" "/var/lib/crater-agent-workspace/rustup-home:/opt/rustwide/rustup-home:ro,Z" "-e" "SOURCE_DIR=/opt/rustwide/workdir" "-e" "CARGO_TARGET_DIR=/opt/rustwide/target" "-e" "CARGO_INCREMENTAL=0" "-e" "RUST_BACKTRACE=full" "-e" "RUSTFLAGS=--cap-lints=warn" "-e" "RUSTDOCFLAGS=--cap-lints=warn" "-e" "CARGO_HOME=/opt/rustwide/cargo-home" "-e" "RUSTUP_HOME=/opt/rustwide/rustup-home" "-w" "/opt/rustwide/workdir" "-m" "1610612736" "--user" "0:0" "--network" "none" "ghcr.io/rust-lang/crates-build-env/linux@sha256:2788e3201cd34a07e3172128adcd8b3090168a8e3bcc40d7c032b9dda1df7d1c" "/opt/rustwide/cargo-home/bin/cargo" "+1.75.0" "doc" "--frozen" "--no-deps" "--document-private-items" "--message-format=json", kill_on_drop: false }`
[INFO] [stdout] b408174fa4908eec9984b66b53cb2b817be81f1710116a6babace6c1f0bf216d
[INFO] running `Command { std: "docker" "start" "-a" "b408174fa4908eec9984b66b53cb2b817be81f1710116a6babace6c1f0bf216d", kill_on_drop: false }`
[INFO] [stderr]    Compiling toml_datetime v0.6.3
[INFO] [stderr]    Compiling libc v0.2.151
[INFO] [stderr]    Compiling subtle v2.5.0
[INFO] [stderr]    Compiling serde v1.0.195
[INFO] [stderr]    Compiling generic-array v0.14.7
[INFO] [stderr]    Compiling num-traits v0.2.17
[INFO] [stderr]    Compiling thiserror v1.0.56
[INFO] [stderr]    Compiling ink_prelude v3.4.0
[INFO] [stderr]    Compiling syn v2.0.48
[INFO] [stderr]    Compiling ucd-trie v0.1.6
[INFO] [stderr]    Compiling derive_more v0.99.17
[INFO] [stderr]    Compiling synstructure v0.12.6
[INFO] [stderr]     Checking arrayvec v0.7.4
[INFO] [stderr]    Compiling serde_json v1.0.111
[INFO] [stderr]    Compiling camino v1.1.6
[INFO] [stderr]    Compiling toml_edit v0.20.2
[INFO] [stderr]    Compiling toml_edit v0.19.15
[INFO] [stderr]    Compiling heck v0.4.1
[INFO] [stderr]    Compiling unicode-segmentation v1.10.1
[INFO] [stderr]    Compiling opaque-debug v0.3.0
[INFO] [stderr]    Compiling ink_allocator v3.4.0
[INFO] [stderr]    Compiling unwrap v1.2.1
[INFO] [stderr]    Compiling array-init v2.1.0
[INFO] [stderr]    Compiling heck v0.3.3
[INFO] [stderr]    Compiling ink_storage_derive v3.4.0
[INFO] [stderr]     Checking crypto-common v0.1.6
[INFO] [stderr]     Checking block-buffer v0.10.4
[INFO] [stderr]     Checking digest v0.10.7
[INFO] [stderr]    Compiling digest v0.9.0
[INFO] [stderr]    Compiling crypto-mac v0.8.0
[INFO] [stderr]     Checking getrandom v0.2.11
[INFO] [stderr]    Compiling blake2 v0.9.2
[INFO] [stderr]     Checking sha3 v0.10.8
[INFO] [stderr]     Checking sha2 v0.10.8
[INFO] [stderr]     Checking rand_core v0.6.4
[INFO] [stderr]     Checking blake2 v0.10.6
[INFO] [stderr]     Checking rand_chacha v0.3.1
[INFO] [stderr]    Compiling cc v1.0.83
[INFO] [stderr]    Compiling fs2 v0.4.3
[INFO] [stderr]    Compiling ink_lang_ir v3.4.0
[INFO] [stderr]     Checking rand v0.8.5
[INFO] [stderr]    Compiling proc-macro-crate v1.3.1
[INFO] [stderr]    Compiling proc-macro-crate v2.0.1
[INFO] [stderr]    Compiling secp256k1-sys v0.6.1
[INFO] [stderr]    Compiling scale-info-derive v2.10.0
[INFO] [stderr]    Compiling serde_derive v1.0.195
[INFO] [stderr]    Compiling thiserror-impl v1.0.56
[INFO] [stderr]    Compiling parity-scale-codec-derive v3.6.9
[INFO] [stderr]    Compiling pest v2.7.6
[INFO] [stderr]    Compiling semver-parser v0.10.2
[INFO] [stderr]    Compiling secp256k1 v0.24.3
[INFO] [stderr]     Checking parity-scale-codec v3.6.9
[INFO] [stderr]     Checking impl-serde v0.3.2
[INFO] [stderr]    Compiling cargo-platform v0.1.6
[INFO] [stderr]    Compiling semver v0.11.0
[INFO] [stderr]     Checking scale-info v2.10.0
[INFO] [stderr]     Checking ink_engine v3.4.0
[INFO] [stderr]    Compiling ink_lang_codegen v3.4.0
[INFO] [stderr]    Compiling cargo_metadata v0.13.1
[INFO] [stderr]     Checking ink_primitives v3.4.0
[INFO] [stderr]     Checking ink_metadata v3.4.0
[INFO] [stderr]    Compiling brush_lang_codegen v1.8.0
[INFO] [stdout] error[E0554]: `#![feature]` may not be used on the stable release channel
[INFO] [stdout]   --> /opt/rustwide/cargo-home/registry/src/index.crates.io-6f17d22bba15001f/brush_lang_codegen-1.8.0/src/lib.rs:22:12
[INFO] [stdout]    |
[INFO] [stdout] 22 | #![feature(drain_filter)]
[INFO] [stdout]    |            ^^^^^^^^^^^^
[INFO] [stdout] 
[INFO] [stdout] 
[INFO] [stdout] error[E0635]: unknown feature `drain_filter`
[INFO] [stdout]   --> /opt/rustwide/cargo-home/registry/src/index.crates.io-6f17d22bba15001f/brush_lang_codegen-1.8.0/src/lib.rs:22:12
[INFO] [stdout]    |
[INFO] [stdout] 22 | #![feature(drain_filter)]
[INFO] [stdout]    |            ^^^^^^^^^^^^
[INFO] [stdout] 
[INFO] [stdout] 
[INFO] [stdout] error[E0599]: no method named `drain_filter` found for mutable reference `&mut Vec<Attribute>` in the current scope
[INFO] [stdout]    --> /opt/rustwide/cargo-home/registry/src/index.crates.io-6f17d22bba15001f/brush_lang_codegen-1.8.0/src/internal.rs:303:11
[INFO] [stdout]     |
[INFO] [stdout] 303 |     attrs.drain_filter(|attr| is_attr(&vec![attr.clone()], ident)).collect()
[INFO] [stdout]     |           ^^^^^^^^^^^^ method not found in `&mut Vec<Attribute>`
[INFO] [stdout] 
[INFO] [stdout] 
[INFO] [stdout] error: aborting due to 3 previous errors
[INFO] [stdout] 
[INFO] [stdout] 
[INFO] [stdout] Some errors have detailed explanations: E0554, E0599, E0635.
[INFO] [stdout] 
[INFO] [stdout] For more information about an error, try `rustc --explain E0554`.
[INFO] [stdout] 
[INFO] [stderr] error: could not compile `brush_lang_codegen` (lib) due to 4 previous errors
[INFO] [stderr] warning: build failed, waiting for other jobs to finish...
[INFO] running `Command { std: "docker" "inspect" "b408174fa4908eec9984b66b53cb2b817be81f1710116a6babace6c1f0bf216d", kill_on_drop: false }`
[INFO] running `Command { std: "docker" "rm" "-f" "b408174fa4908eec9984b66b53cb2b817be81f1710116a6babace6c1f0bf216d", kill_on_drop: false }`
[INFO] [stdout] b408174fa4908eec9984b66b53cb2b817be81f1710116a6babace6c1f0bf216d
[INFO] documenting brush_contracts-1.8.0 against beta-2023-12-22 for beta-1.76-rustdoc-1
[INFO] extracting crate brush_contracts 1.8.0 into /workspace/builds/worker-3-tc2/source
[INFO] validating manifest of crates.io crate brush_contracts 1.8.0 on toolchain beta-2023-12-22
[INFO] running `Command { std: CARGO_HOME="/workspace/cargo-home" RUSTUP_HOME="/workspace/rustup-home" "/workspace/cargo-home/bin/cargo" "+beta-2023-12-22" "metadata" "--manifest-path" "Cargo.toml" "--no-deps", kill_on_drop: false }`
[INFO] started tweaking crates.io crate brush_contracts 1.8.0
[INFO] finished tweaking crates.io crate brush_contracts 1.8.0
[INFO] tweaked toml for crates.io crate brush_contracts 1.8.0 written to /workspace/builds/worker-3-tc2/source/Cargo.toml
[INFO] running `Command { std: CARGO_HOME="/workspace/cargo-home" RUSTUP_HOME="/workspace/rustup-home" "/workspace/cargo-home/bin/cargo" "+beta-2023-12-22" "generate-lockfile" "--manifest-path" "Cargo.toml", kill_on_drop: false }`
[INFO] [stderr]     Updating crates.io index
[INFO] running `Command { std: CARGO_HOME="/workspace/cargo-home" RUSTUP_HOME="/workspace/rustup-home" "/workspace/cargo-home/bin/cargo" "+beta-2023-12-22" "fetch" "--manifest-path" "Cargo.toml", kill_on_drop: false }`
[INFO] running `Command { std: "docker" "create" "-v" "/var/lib/crater-agent-workspace/builds/worker-3-tc2/target:/opt/rustwide/target:rw,Z" "-v" "/var/lib/crater-agent-workspace/builds/worker-3-tc2/source:/opt/rustwide/workdir:ro,Z" "-v" "/var/lib/crater-agent-workspace/cargo-home:/opt/rustwide/cargo-home:ro,Z" "-v" "/var/lib/crater-agent-workspace/rustup-home:/opt/rustwide/rustup-home:ro,Z" "-e" "SOURCE_DIR=/opt/rustwide/workdir" "-e" "CARGO_TARGET_DIR=/opt/rustwide/target" "-e" "CARGO_HOME=/opt/rustwide/cargo-home" "-e" "RUSTUP_HOME=/opt/rustwide/rustup-home" "-w" "/opt/rustwide/workdir" "-m" "1610612736" "--user" "0:0" "--network" "none" "ghcr.io/rust-lang/crates-build-env/linux@sha256:2788e3201cd34a07e3172128adcd8b3090168a8e3bcc40d7c032b9dda1df7d1c" "/opt/rustwide/cargo-home/bin/cargo" "+beta-2023-12-22" "metadata" "--no-deps" "--format-version=1", kill_on_drop: false }`
[INFO] [stdout] 1e53cd5f6028e7bfc7d7622b1ef9f0051efea7aaaa8baf7004612b99ba16c090
[INFO] running `Command { std: "docker" "start" "-a" "1e53cd5f6028e7bfc7d7622b1ef9f0051efea7aaaa8baf7004612b99ba16c090", kill_on_drop: false }`
[INFO] running `Command { std: "docker" "inspect" "1e53cd5f6028e7bfc7d7622b1ef9f0051efea7aaaa8baf7004612b99ba16c090", kill_on_drop: false }`
[INFO] running `Command { std: "docker" "rm" "-f" "1e53cd5f6028e7bfc7d7622b1ef9f0051efea7aaaa8baf7004612b99ba16c090", kill_on_drop: false }`
[INFO] [stdout] 1e53cd5f6028e7bfc7d7622b1ef9f0051efea7aaaa8baf7004612b99ba16c090
[INFO] running `Command { std: "docker" "create" "-v" "/var/lib/crater-agent-workspace/builds/worker-3-tc2/target:/opt/rustwide/target:rw,Z" "-v" "/var/lib/crater-agent-workspace/builds/worker-3-tc2/source:/opt/rustwide/workdir:ro,Z" "-v" "/var/lib/crater-agent-workspace/cargo-home:/opt/rustwide/cargo-home:ro,Z" "-v" "/var/lib/crater-agent-workspace/rustup-home:/opt/rustwide/rustup-home:ro,Z" "-e" "SOURCE_DIR=/opt/rustwide/workdir" "-e" "CARGO_TARGET_DIR=/opt/rustwide/target" "-e" "CARGO_INCREMENTAL=0" "-e" "RUST_BACKTRACE=full" "-e" "RUSTFLAGS=--cap-lints=warn" "-e" "RUSTDOCFLAGS=--cap-lints=warn" "-e" "CARGO_HOME=/opt/rustwide/cargo-home" "-e" "RUSTUP_HOME=/opt/rustwide/rustup-home" "-w" "/opt/rustwide/workdir" "-m" "1610612736" "--user" "0:0" "--network" "none" "ghcr.io/rust-lang/crates-build-env/linux@sha256:2788e3201cd34a07e3172128adcd8b3090168a8e3bcc40d7c032b9dda1df7d1c" "/opt/rustwide/cargo-home/bin/cargo" "+beta-2023-12-22" "doc" "--frozen" "--no-deps" "--document-private-items" "--message-format=json", kill_on_drop: false }`
[INFO] [stdout] d6fc18ed95c48a4225d42e6978e3e5615d530dd493244be775e3eeb09188aa5d
[INFO] running `Command { std: "docker" "start" "-a" "d6fc18ed95c48a4225d42e6978e3e5615d530dd493244be775e3eeb09188aa5d", kill_on_drop: false }`
[INFO] [stderr]    Compiling proc-macro2 v1.0.76
[INFO] [stderr]    Compiling libc v0.2.151
[INFO] [stderr]    Compiling toml_datetime v0.6.3
[INFO] [stderr]    Compiling subtle v2.5.0
[INFO] [stderr]    Compiling serde v1.0.195
[INFO] [stderr]    Compiling generic-array v0.14.7
[INFO] [stderr]    Compiling num-traits v0.2.17
[INFO] [stderr]    Compiling thiserror v1.0.56
[INFO] [stderr]    Compiling ink_prelude v3.4.0
[INFO] [stderr]    Compiling ucd-trie v0.1.6
[INFO] [stderr]     Checking arrayvec v0.7.4
[INFO] [stderr]    Compiling camino v1.1.6
[INFO] [stderr]    Compiling serde_json v1.0.111
[INFO] [stderr]    Compiling heck v0.4.1
[INFO] [stderr]    Compiling opaque-debug v0.3.0
[INFO] [stderr]    Compiling toml_edit v0.20.2
[INFO] [stderr]    Compiling toml_edit v0.19.15
[INFO] [stderr]    Compiling unicode-segmentation v1.10.1
[INFO] [stderr]    Compiling ink_allocator v3.4.0
[INFO] [stderr]    Compiling unwrap v1.2.1
[INFO] [stderr]    Compiling array-init v2.1.0
[INFO] [stderr]    Compiling quote v1.0.35
[INFO] [stderr]    Compiling heck v0.3.3
[INFO] [stderr]    Compiling block-buffer v0.10.4
[INFO] [stderr]    Compiling crypto-common v0.1.6
[INFO] [stderr]    Compiling digest v0.9.0
[INFO] [stderr]    Compiling crypto-mac v0.8.0
[INFO] [stderr]    Compiling syn v2.0.48
[INFO] [stderr]    Compiling syn v1.0.109
[INFO] [stderr]    Compiling digest v0.10.7
[INFO] [stderr]    Compiling blake2 v0.9.2
[INFO] [stderr]     Checking getrandom v0.2.11
[INFO] [stderr]    Compiling blake2 v0.10.6
[INFO] [stderr]    Compiling sha3 v0.10.8
[INFO] [stderr]    Compiling sha2 v0.10.8
[INFO] [stderr]     Checking rand_core v0.6.4
[INFO] [stderr]     Checking rand_chacha v0.3.1
[INFO] [stderr]    Compiling cc v1.0.83
[INFO] [stderr]    Compiling fs2 v0.4.3
[INFO] [stderr]     Checking rand v0.8.5
[INFO] [stderr]    Compiling proc-macro-crate v2.0.1
[INFO] [stderr]    Compiling proc-macro-crate v1.3.1
[INFO] [stderr]    Compiling secp256k1-sys v0.6.1
[INFO] [stderr]    Compiling serde_derive v1.0.195
[INFO] [stderr]    Compiling thiserror-impl v1.0.56
[INFO] [stderr]    Compiling pest v2.7.6
[INFO] [stderr]    Compiling synstructure v0.12.6
[INFO] [stderr]    Compiling ink_lang_ir v3.4.0
[INFO] [stderr]    Compiling semver-parser v0.10.2
[INFO] [stderr]    Compiling secp256k1 v0.24.3
[INFO] [stderr]    Compiling impl-trait-for-tuples v0.2.2
[INFO] [stderr]    Compiling parity-scale-codec-derive v3.6.9
[INFO] [stderr]    Compiling derive_more v0.99.17
[INFO] [stderr]    Compiling scale-info-derive v2.10.0
[INFO] [stderr]    Compiling ink_storage_derive v3.4.0
[INFO] [stderr]     Checking impl-serde v0.3.2
[INFO] [stderr]    Compiling cargo-platform v0.1.6
[INFO] [stderr]    Compiling semver v0.11.0
[INFO] [stderr]    Compiling parity-scale-codec v3.6.9
[INFO] [stderr]     Checking scale-info v2.10.0
[INFO] [stderr]     Checking ink_engine v3.4.0
[INFO] [stderr]    Compiling ink_lang_codegen v3.4.0
[INFO] [stderr]    Compiling cargo_metadata v0.13.1
[INFO] [stderr]     Checking ink_primitives v3.4.0
[INFO] [stderr]     Checking ink_metadata v3.4.0
[INFO] [stderr]    Compiling brush_lang_codegen v1.8.0
[INFO] [stdout] error[E0554]: `#![feature]` may not be used on the beta release channel
[INFO] [stdout]   --> /opt/rustwide/cargo-home/registry/src/index.crates.io-6f17d22bba15001f/brush_lang_codegen-1.8.0/src/lib.rs:22:12
[INFO] [stdout]    |
[INFO] [stdout] 22 | #![feature(drain_filter)]
[INFO] [stdout]    |            ^^^^^^^^^^^^
[INFO] [stdout] 
[INFO] [stdout] 
[INFO] [stdout] error[E0635]: unknown feature `drain_filter`
[INFO] [stdout]   --> /opt/rustwide/cargo-home/registry/src/index.crates.io-6f17d22bba15001f/brush_lang_codegen-1.8.0/src/lib.rs:22:12
[INFO] [stdout]    |
[INFO] [stdout] 22 | #![feature(drain_filter)]
[INFO] [stdout]    |            ^^^^^^^^^^^^
[INFO] [stdout] 
[INFO] [stdout] 
[INFO] [stdout] error[E0599]: no method named `drain_filter` found for mutable reference `&mut Vec<Attribute>` in the current scope
[INFO] [stdout]    --> /opt/rustwide/cargo-home/registry/src/index.crates.io-6f17d22bba15001f/brush_lang_codegen-1.8.0/src/internal.rs:303:11
[INFO] [stdout]     |
[INFO] [stdout] 303 |     attrs.drain_filter(|attr| is_attr(&vec![attr.clone()], ident)).collect()
[INFO] [stdout]     |           ^^^^^^^^^^^^ method not found in `&mut Vec<Attribute>`
[INFO] [stdout] 
[INFO] [stdout] 
[INFO] [stdout] error: aborting due to 3 previous errors
[INFO] [stdout] 
[INFO] [stdout] 
[INFO] [stdout] Some errors have detailed explanations: E0554, E0599, E0635.
[INFO] [stdout] 
[INFO] [stdout] For more information about an error, try `rustc --explain E0554`.
[INFO] [stdout] 
[INFO] [stderr] error: could not compile `brush_lang_codegen` (lib) due to 4 previous errors
[INFO] [stderr] warning: build failed, waiting for other jobs to finish...
[INFO] running `Command { std: "docker" "inspect" "d6fc18ed95c48a4225d42e6978e3e5615d530dd493244be775e3eeb09188aa5d", kill_on_drop: false }`
[INFO] running `Command { std: "docker" "rm" "-f" "d6fc18ed95c48a4225d42e6978e3e5615d530dd493244be775e3eeb09188aa5d", kill_on_drop: false }`
[INFO] [stdout] d6fc18ed95c48a4225d42e6978e3e5615d530dd493244be775e3eeb09188aa5d
