[INFO] fetching crate botx-api-framework 0.1.8...
[INFO] documenting botx-api-framework-0.1.8 against 1.75.0 for beta-1.76-rustdoc-1
[INFO] extracting crate botx-api-framework 0.1.8 into /workspace/builds/worker-4-tc1/source
[INFO] validating manifest of crates.io crate botx-api-framework 0.1.8 on toolchain 1.75.0
[INFO] running `Command { std: CARGO_HOME="/workspace/cargo-home" RUSTUP_HOME="/workspace/rustup-home" "/workspace/cargo-home/bin/cargo" "+1.75.0" "metadata" "--manifest-path" "Cargo.toml" "--no-deps", kill_on_drop: false }`
[INFO] started tweaking crates.io crate botx-api-framework 0.1.8
[INFO] removed 3 missing examples
[INFO] finished tweaking crates.io crate botx-api-framework 0.1.8
[INFO] tweaked toml for crates.io crate botx-api-framework 0.1.8 written to /workspace/builds/worker-4-tc1/source/Cargo.toml
[INFO] crate crates.io crate botx-api-framework 0.1.8 already has a lockfile, it will not be regenerated
[INFO] running `Command { std: CARGO_HOME="/workspace/cargo-home" RUSTUP_HOME="/workspace/rustup-home" "/workspace/cargo-home/bin/cargo" "+1.75.0" "fetch" "--manifest-path" "Cargo.toml", kill_on_drop: false }`
[INFO] [stderr]     Updating crates.io index
[INFO] [stderr]     Blocking waiting for file lock on package cache
[INFO] [stderr]  Downloading crates ...
[INFO] [stderr]   Downloaded security-framework-sys v2.9.0
[INFO] [stderr]   Downloaded async-lock v2.7.0
[INFO] [stderr]   Downloaded smallvec v1.11.0
[INFO] [stderr]   Downloaded derive_builder v0.12.0
[INFO] [stderr]   Downloaded zstd v0.12.4
[INFO] [stderr]   Downloaded async-trait-with-sync v0.1.36
[INFO] [stderr]   Downloaded jobserver v0.1.26
[INFO] [stderr]   Downloaded thiserror-impl v1.0.43
[INFO] [stderr]   Downloaded percent-encoding v2.3.0
[INFO] [stderr]   Downloaded url v2.4.0
[INFO] [stderr]   Downloaded form_urlencoded v1.2.0
[INFO] [stderr]   Downloaded regex v1.9.1
[INFO] [stderr]   Downloaded zstd-sys v2.0.8+zstd.1.5.5
[INFO] [stderr]   Downloaded regex-automata v0.3.3
[INFO] [stderr]   Downloaded web-sys v0.3.64
[INFO] [stderr]   Downloaded botx-api v0.1.7
[INFO] [stderr]   Downloaded tokio v1.29.1
[INFO] [stderr]   Downloaded csv v1.2.2
[INFO] [stderr]   Downloaded brotli v3.3.4
[INFO] [stderr]   Downloaded linux-raw-sys v0.3.8
[INFO] [stderr]   Downloaded serde_json v1.0.103
[INFO] [stderr]   Downloaded gimli v0.27.3
[INFO] [stderr]   Downloaded syn v2.0.26
[INFO] [stderr]   Downloaded object v0.31.1
[INFO] [stderr]   Downloaded rustix v0.38.4
[INFO] [stderr]   Downloaded brotli-decompressor v2.3.4
[INFO] [stderr]   Downloaded actix-web v4.3.1
[INFO] [stderr]   Downloaded openssl v0.10.55
[INFO] [stderr]   Downloaded serde_derive v1.0.173
[INFO] [stderr]   Downloaded uuid v1.4.1
[INFO] [stderr]   Downloaded backtrace v0.3.68
[INFO] [stderr]   Downloaded h2 v0.3.20
[INFO] [stderr]   Downloaded rustix v0.37.23
[INFO] [stderr]   Downloaded regex-syntax v0.7.4
[INFO] [stderr]   Downloaded zstd-safe v6.0.6
[INFO] [stderr]   Downloaded futures-micro v0.5.0
[INFO] [stderr]   Downloaded wasm-bindgen-futures v0.4.37
[INFO] [stderr]   Downloaded sha2 v0.10.7
[INFO] [stderr]   Downloaded alloc-stdlib v0.2.2
[INFO] [stderr]   Downloaded botx-api-framework-codegen v0.1.0
[INFO] [stderr]   Downloaded semver v1.0.18
[INFO] [stderr]   Downloaded pin-project-lite v0.2.10
[INFO] [stderr]   Downloaded quote v1.0.31
[INFO] [stderr]   Downloaded paste v1.0.14
[INFO] [stderr]   Downloaded actix-service v2.0.2
[INFO] [stderr]   Downloaded tempfile v3.6.0
[INFO] [stderr]   Downloaded derive_builder_core v0.12.0
[INFO] [stderr]   Downloaded derive_more v0.99.17
[INFO] [stderr]   Downloaded easy-ext v1.0.1
[INFO] [stderr]   Downloaded unicode-ident v1.0.11
[INFO] [stderr]   Downloaded addr2line v0.20.0
[INFO] [stderr]   Downloaded env_logger v0.10.0
[INFO] [stderr]   Downloaded thiserror v1.0.43
[INFO] [stderr]   Downloaded proc-macro2 v1.0.66
[INFO] [stderr]   Downloaded serde v1.0.173
[INFO] [stderr]   Downloaded actix-http v3.3.1
[INFO] [stderr]   Downloaded actix-web-codegen v4.2.0
[INFO] [stderr]   Downloaded language-tags v0.3.2
[INFO] [stderr]   Downloaded time-macros v0.2.10
[INFO] [stderr]   Downloaded time v0.3.23
[INFO] [stderr]   Downloaded base64 v0.21.2
[INFO] [stderr]   Downloaded security-framework v2.9.1
[INFO] [stderr]   Downloaded actix-files v0.6.2
[INFO] [stderr]   Downloaded actix-macros v0.2.4
[INFO] [stderr]   Downloaded anyhow v1.0.72
[INFO] [stderr]   Downloaded actix-utils v3.0.1
[INFO] [stderr]   Downloaded bytestring v1.3.0
[INFO] [stderr]   Downloaded local-channel v0.1.3
[INFO] [stderr]   Downloaded sha1 v0.10.5
[INFO] [stderr]   Downloaded convert_case v0.4.0
[INFO] [stderr]   Downloaded derive_builder_macro v0.12.0
[INFO] [stderr]   Downloaded actix-rt v2.8.0
[INFO] [stderr]   Downloaded actix-router v0.5.1
[INFO] [stderr]   Downloaded cookie v0.16.2
[INFO] [stderr]   Downloaded async-oneshot v0.5.0
[INFO] [stderr]   Downloaded derive-new v0.5.9
[INFO] [stderr]   Downloaded anthill-di v1.2.4
[INFO] [stderr]   Downloaded csv-core v0.1.10
[INFO] [stderr]   Downloaded openssl-sys v0.9.90
[INFO] [stderr]   Downloaded http-range v0.1.5
[INFO] [stderr]   Downloaded actix-codec v0.5.1
[INFO] [stderr]   Downloaded alloc-no-stdlib v2.0.4
[INFO] [stderr]   Downloaded actix-server v2.2.0
[INFO] [stderr]   Downloaded anthill-di-derive v1.2.4
[INFO] [stderr]   Downloaded ipnet v2.8.0
[INFO] [stderr]   Downloaded io-lifetimes v1.0.11
[INFO] [stderr]   Downloaded askama_escape v0.10.3
[INFO] [stderr]   Downloaded local-waker v0.1.3
[INFO] running `Command { std: "docker" "create" "-v" "/var/lib/crater-agent-workspace/builds/worker-4-tc1/target:/opt/rustwide/target:rw,Z" "-v" "/var/lib/crater-agent-workspace/builds/worker-4-tc1/source:/opt/rustwide/workdir:ro,Z" "-v" "/var/lib/crater-agent-workspace/cargo-home:/opt/rustwide/cargo-home:ro,Z" "-v" "/var/lib/crater-agent-workspace/rustup-home:/opt/rustwide/rustup-home:ro,Z" "-e" "SOURCE_DIR=/opt/rustwide/workdir" "-e" "CARGO_TARGET_DIR=/opt/rustwide/target" "-e" "CARGO_HOME=/opt/rustwide/cargo-home" "-e" "RUSTUP_HOME=/opt/rustwide/rustup-home" "-w" "/opt/rustwide/workdir" "-m" "1610612736" "--user" "0:0" "--network" "none" "ghcr.io/rust-lang/crates-build-env/linux@sha256:2788e3201cd34a07e3172128adcd8b3090168a8e3bcc40d7c032b9dda1df7d1c" "/opt/rustwide/cargo-home/bin/cargo" "+1.75.0" "metadata" "--no-deps" "--format-version=1", kill_on_drop: false }`
[INFO] [stdout] 2fdc3ba44c907e7db68fc0b069365909485be6bc7287e45a98f7ae84cf4dcd71
[INFO] running `Command { std: "docker" "start" "-a" "2fdc3ba44c907e7db68fc0b069365909485be6bc7287e45a98f7ae84cf4dcd71", kill_on_drop: false }`
[INFO] running `Command { std: "docker" "inspect" "2fdc3ba44c907e7db68fc0b069365909485be6bc7287e45a98f7ae84cf4dcd71", kill_on_drop: false }`
[INFO] running `Command { std: "docker" "rm" "-f" "2fdc3ba44c907e7db68fc0b069365909485be6bc7287e45a98f7ae84cf4dcd71", kill_on_drop: false }`
[INFO] [stdout] 2fdc3ba44c907e7db68fc0b069365909485be6bc7287e45a98f7ae84cf4dcd71
[INFO] running `Command { std: "docker" "create" "-v" "/var/lib/crater-agent-workspace/builds/worker-4-tc1/target:/opt/rustwide/target:rw,Z" "-v" "/var/lib/crater-agent-workspace/builds/worker-4-tc1/source:/opt/rustwide/workdir:ro,Z" "-v" "/var/lib/crater-agent-workspace/cargo-home:/opt/rustwide/cargo-home:ro,Z" "-v" "/var/lib/crater-agent-workspace/rustup-home:/opt/rustwide/rustup-home:ro,Z" "-e" "SOURCE_DIR=/opt/rustwide/workdir" "-e" "CARGO_TARGET_DIR=/opt/rustwide/target" "-e" "CARGO_INCREMENTAL=0" "-e" "RUST_BACKTRACE=full" "-e" "RUSTFLAGS=--cap-lints=warn" "-e" "RUSTDOCFLAGS=--cap-lints=warn" "-e" "CARGO_HOME=/opt/rustwide/cargo-home" "-e" "RUSTUP_HOME=/opt/rustwide/rustup-home" "-w" "/opt/rustwide/workdir" "-m" "1610612736" "--user" "0:0" "--network" "none" "ghcr.io/rust-lang/crates-build-env/linux@sha256:2788e3201cd34a07e3172128adcd8b3090168a8e3bcc40d7c032b9dda1df7d1c" "/opt/rustwide/cargo-home/bin/cargo" "+1.75.0" "doc" "--frozen" "--no-deps" "--document-private-items" "--message-format=json", kill_on_drop: false }`
[INFO] [stdout] 0b79d3fd13cb1d64ae43dbe927f5dda39d183d19179466cb06d39024b8861cce
[INFO] running `Command { std: "docker" "start" "-a" "0b79d3fd13cb1d64ae43dbe927f5dda39d183d19179466cb06d39024b8861cce", kill_on_drop: false }`
[INFO] [stderr]    Compiling libc v0.2.147
[INFO] [stderr]    Compiling proc-macro2 v1.0.66
[INFO] [stderr]    Compiling unicode-ident v1.0.11
[INFO] [stderr]     Checking cfg-if v1.0.0
[INFO] [stderr]    Compiling autocfg v1.1.0
[INFO] [stderr]    Compiling version_check v0.9.4
[INFO] [stderr]     Checking pin-project-lite v0.2.10
[INFO] [stderr]    Compiling pkg-config v0.3.27
[INFO] [stderr]     Checking once_cell v1.18.0
[INFO] [stderr]     Checking bytes v1.4.0
[INFO] [stderr]    Compiling memchr v2.5.0
[INFO] [stderr]    Compiling syn v1.0.109
[INFO] [stderr]     Checking log v0.4.19
[INFO] [stderr]    Compiling lock_api v0.4.10
[INFO] [stderr]    Compiling futures-core v0.3.28
[INFO] [stderr]    Compiling parking_lot_core v0.9.8
[INFO] [stderr]     Checking scopeguard v1.2.0
[INFO] [stderr]     Checking smallvec v1.11.0
[INFO] [stderr]    Compiling tokio v1.29.1
[INFO] [stderr]     Checking itoa v1.0.9
[INFO] [stderr]    Compiling serde v1.0.173
[INFO] [stderr]    Compiling serde_derive v1.0.173
[INFO] [stderr]    Compiling quote v1.0.31
[INFO] [stderr]     Checking tracing-core v0.1.31
[INFO] [stderr]    Compiling futures-task v0.3.28
[INFO] [stderr]    Compiling syn v2.0.26
[INFO] [stderr]    Compiling typenum v1.16.0
[INFO] [stderr]     Checking tracing v0.1.37
[INFO] [stderr]    Compiling generic-array v0.14.7
[INFO] [stderr]    Compiling futures-util v0.3.28
[INFO] [stderr]    Compiling fnv v1.0.7
[INFO] [stderr]     Checking futures-sink v0.3.28
[INFO] [stderr]     Checking pin-utils v0.1.0
[INFO] [stderr]     Checking http v0.2.9
[INFO] [stderr]     Checking mio v0.8.8
[INFO] [stderr]     Checking parking_lot v0.12.1
[INFO] [stderr]    Compiling jobserver v0.1.26
[INFO] [stderr]     Checking socket2 v0.4.9
[INFO] [stderr]     Checking num_cpus v1.16.0
[INFO] [stderr]     Checking signal-hook-registry v1.4.1
[INFO] [stderr]    Compiling cc v1.0.79
[INFO] [stderr]     Checking getrandom v0.2.10
[INFO] [stderr]    Compiling slab v0.4.8
[INFO] [stderr]    Compiling indexmap v1.9.3
[INFO] [stderr]     Checking bitflags v1.3.2
[INFO] [stderr]    Compiling unicase v2.6.0
[INFO] [stderr]     Checking percent-encoding v2.3.0
[INFO] [stderr]     Checking hashbrown v0.12.3
[INFO] [stderr]    Compiling httparse v1.8.0
[INFO] [stderr]     Checking tinyvec_macros v0.1.1
[INFO] [stderr]     Checking subtle v2.5.0
[INFO] [stderr]     Checking tinyvec v1.6.0
[INFO] [stderr]    Compiling openssl-sys v0.9.90
[INFO] [stderr]     Checking block-buffer v0.10.4
[INFO] [stderr]     Checking crypto-common v0.1.6
[INFO] [stderr]    Compiling zstd-sys v2.0.8+zstd.1.5.5
[INFO] [stderr]     Checking digest v0.10.7
[INFO] [stderr]    Compiling openssl v0.10.55
[INFO] [stderr]     Checking ryu v1.0.15
[INFO] [stderr]    Compiling strsim v0.10.0
[INFO] [stderr]    Compiling ident_case v1.0.1
[INFO] [stderr]     Checking httpdate v1.0.2
[INFO] [stderr]    Compiling paste v1.0.14
[INFO] [stderr]     Checking foreign-types-shared v0.1.1
[INFO] [stderr]     Checking foreign-types v0.3.2
[INFO] [stderr]     Checking unicode-normalization v0.1.22
[INFO] [stderr]    Compiling aho-corasick v1.0.2
[INFO] [stderr]     Checking form_urlencoded v1.2.0
[INFO] [stderr]     Checking local-waker v0.1.3
[INFO] [stderr]    Compiling futures-channel v0.3.28
[INFO] [stderr]     Checking alloc-no-stdlib v2.0.4
[INFO] [stderr]     Checking unicode-bidi v0.3.13
[INFO] [stderr]    Compiling serde_json v1.0.103
[INFO] [stderr]     Checking mime v0.3.17
[INFO] [stderr]     Checking cpufeatures v0.2.9
[INFO] [stderr]    Compiling zstd-safe v6.0.6
[INFO] [stderr]    Compiling crc32fast v1.3.2
[INFO] [stderr]    Compiling darling_core v0.14.4
[INFO] [stderr]    Compiling regex-syntax v0.7.4
[INFO] [stderr]    Compiling native-tls v0.2.11
[INFO] [stderr]     Checking idna v0.4.0
[INFO] [stderr]    Compiling tokio-macros v2.1.0
[INFO] [stderr]    Compiling openssl-macros v0.1.1
[INFO] [stderr]     Checking alloc-stdlib v0.2.2
[INFO] [stderr]    Compiling mime_guess v2.0.4
[INFO] [stderr]    Compiling regex-automata v0.3.3
[INFO] [stderr]     Checking rand_core v0.6.4
[INFO] [stderr]    Compiling ahash v0.8.3
[INFO] [stderr]     Checking encoding_rs v0.8.32
[INFO] [stderr]     Checking try-lock v0.2.4
[INFO] [stderr]     Checking ppv-lite86 v0.2.17
[INFO] [stderr]     Checking adler v1.0.2
[INFO] [stderr]    Compiling time-core v0.1.1
[INFO] [stderr]     Checking base64 v0.21.2
[INFO] [stderr]     Checking openssl-probe v0.1.5
[INFO] [stderr]    Compiling time-macros v0.2.10
[INFO] [stderr]     Checking rand_chacha v0.3.1
[INFO] [stderr]     Checking miniz_oxide v0.7.1
[INFO] [stderr]    Compiling regex v1.9.1
[INFO] [stderr]    Compiling darling_macro v0.14.4
[INFO] [stderr]     Checking want v0.3.1
[INFO] [stderr]     Checking actix-service v2.0.2
[INFO] [stderr]     Checking brotli-decompressor v2.3.4
[INFO] [stderr]    Compiling darling v0.14.4
[INFO] [stderr]     Checking url v2.4.0
[INFO] [stderr]    Compiling bytestring v1.3.0
[INFO] [stderr]     Checking serde_urlencoded v0.7.1
[INFO] [stderr]     Checking actix-utils v3.0.1
[INFO] [stderr]     Checking http-body v0.4.5
[INFO] [stderr]    Compiling num-traits v0.2.15
[INFO] [stderr]    Compiling cookie v0.16.2
[INFO] [stderr]    Compiling ahash v0.7.6
[INFO] [stderr]    Compiling convert_case v0.4.0
[INFO] [stderr]    Compiling thiserror v1.0.43
[INFO] [stderr]     Checking tower-service v0.3.2
[INFO] [stderr]    Compiling anyhow v1.0.72
[INFO] [stderr]     Checking time v0.3.23
[INFO] [stderr]    Compiling derive_more v0.99.17
[INFO] [stderr]     Checking brotli v3.3.4
[INFO] [stderr]     Checking flate2 v1.0.26
[INFO] [stderr]     Checking tokio-util v0.7.8
[INFO] [stderr]     Checking actix-rt v2.8.0
[INFO] [stderr]     Checking tokio-native-tls v0.3.1
[INFO] [stderr]    Compiling derive_builder_core v0.12.0
[INFO] [stderr]     Checking h2 v0.3.20
[INFO] [stderr]     Checking actix-codec v0.5.1
[INFO] [stderr]     Checking rand v0.8.5
[INFO] [stderr]    Compiling thiserror-impl v1.0.43
[INFO] [stderr]     Checking sha1 v0.10.5
[INFO] [stderr]     Checking local-channel v0.1.3
[INFO] [stderr]     Checking language-tags v0.3.2
[INFO] [stderr]     Checking actix-router v0.5.1
[INFO] [stderr]    Compiling derive_builder_macro v0.12.0
[INFO] [stderr]     Checking actix-server v2.2.0
[INFO] [stderr]    Compiling derive-new v0.5.9
[INFO] [stderr]    Compiling async-trait-with-sync v0.1.36
[INFO] [stderr]    Compiling actix-macros v0.2.4
[INFO] [stderr]     Checking time v0.1.45
[INFO] [stderr]     Checking csv-core v0.1.10
[INFO] [stderr]     Checking iana-time-zone v0.1.57
[INFO] [stderr]     Checking ipnet v2.8.0
[INFO] [stderr]     Checking event-listener v2.5.3
[INFO] [stderr]    Compiling actix-web-codegen v4.2.0
[INFO] [stderr]     Checking async-lock v2.7.0
[INFO] [stderr]     Checking chrono v0.4.26
[INFO] [stderr]     Checking csv v1.2.2
[INFO] [stderr]     Checking derive_builder v0.12.0
[INFO] [stderr]     Checking sha2 v0.10.7
[INFO] [stderr]     Checking uuid v1.4.1
[INFO] [stderr]     Checking hmac v0.12.1
[INFO] [stderr]     Checking hyper v0.14.27
[INFO] [stderr]     Checking futures-micro v0.5.0
[INFO] [stderr]     Checking askama_escape v0.10.3
[INFO] [stderr]    Compiling easy-ext v1.0.1
[INFO] [stderr]     Checking http-range v0.1.5
[INFO] [stderr]     Checking async-oneshot v0.5.0
[INFO] [stderr]    Compiling anthill-di-derive v1.2.4
[INFO] [stderr]    Compiling botx-api-framework-codegen v0.1.0
[INFO] [stderr]     Checking anthill-di v1.2.4
[INFO] [stdout] error[E0554]: `#![feature]` may not be used on the stable release channel
[INFO] [stdout]  --> /opt/rustwide/cargo-home/registry/src/index.crates.io-6f17d22bba15001f/anthill-di-1.2.4/src/lib.rs:1:1
[INFO] [stdout]   |
[INFO] [stdout] 1 | #![feature(unsize)]
[INFO] [stdout]   | ^^^^^^^^^^^^^^^^^^^
[INFO] [stdout] 
[INFO] [stdout] 
[INFO] [stdout] error[E0554]: `#![feature]` may not be used on the stable release channel
[INFO] [stdout]  --> /opt/rustwide/cargo-home/registry/src/index.crates.io-6f17d22bba15001f/anthill-di-1.2.4/src/lib.rs:2:1
[INFO] [stdout]   |
[INFO] [stdout] 2 | #![feature(downcast_unchecked)]
[INFO] [stdout]   | ^^^^^^^^^^^^^^^^^^^^^^^^^^^^^^^
[INFO] [stdout] 
[INFO] [stdout] 
[INFO] [stdout] error[E0554]: `#![feature]` may not be used on the stable release channel
[INFO] [stdout]  --> /opt/rustwide/cargo-home/registry/src/index.crates.io-6f17d22bba15001f/anthill-di-1.2.4/src/lib.rs:3:1
[INFO] [stdout]   |
[INFO] [stdout] 3 | #![feature(box_into_inner)]
[INFO] [stdout]   | ^^^^^^^^^^^^^^^^^^^^^^^^^^^
[INFO] [stdout] 
[INFO] [stdout] 
[INFO] [stdout] error[E0554]: `#![feature]` may not be used on the stable release channel
[INFO] [stdout]  --> /opt/rustwide/cargo-home/registry/src/index.crates.io-6f17d22bba15001f/anthill-di-1.2.4/src/lib.rs:4:1
[INFO] [stdout]   |
[INFO] [stdout] 4 | #![feature(coerce_unsized)]
[INFO] [stdout]   | ^^^^^^^^^^^^^^^^^^^^^^^^^^^
[INFO] [stdout] 
[INFO] [stdout] 
[INFO] [stdout] error[E0554]: `#![feature]` may not be used on the stable release channel
[INFO] [stdout]  --> /opt/rustwide/cargo-home/registry/src/index.crates.io-6f17d22bba15001f/anthill-di-1.2.4/src/lib.rs:5:1
[INFO] [stdout]   |
[INFO] [stdout] 5 | #![feature(trait_alias)]
[INFO] [stdout]   | ^^^^^^^^^^^^^^^^^^^^^^^^
[INFO] [stdout] 
[INFO] [stdout] 
[INFO] [stdout] error[E0554]: `#![feature]` may not be used on the stable release channel
[INFO] [stdout]  --> /opt/rustwide/cargo-home/registry/src/index.crates.io-6f17d22bba15001f/anthill-di-1.2.4/src/lib.rs:1:12
[INFO] [stdout]   |
[INFO] [stdout] 1 | #![feature(unsize)]
[INFO] [stdout]   |            ^^^^^^
[INFO] [stdout] 
[INFO] [stdout] 
[INFO] [stdout] error[E0554]: `#![feature]` may not be used on the stable release channel
[INFO] [stdout]  --> /opt/rustwide/cargo-home/registry/src/index.crates.io-6f17d22bba15001f/anthill-di-1.2.4/src/lib.rs:2:12
[INFO] [stdout]   |
[INFO] [stdout] 2 | #![feature(downcast_unchecked)]
[INFO] [stdout]   |            ^^^^^^^^^^^^^^^^^^
[INFO] [stdout] 
[INFO] [stdout] 
[INFO] [stdout] error[E0554]: `#![feature]` may not be used on the stable release channel
[INFO] [stdout]  --> /opt/rustwide/cargo-home/registry/src/index.crates.io-6f17d22bba15001f/anthill-di-1.2.4/src/lib.rs:3:12
[INFO] [stdout]   |
[INFO] [stdout] 3 | #![feature(box_into_inner)]
[INFO] [stdout]   |            ^^^^^^^^^^^^^^
[INFO] [stdout] 
[INFO] [stdout] 
[INFO] [stdout] error[E0554]: `#![feature]` may not be used on the stable release channel
[INFO] [stdout]  --> /opt/rustwide/cargo-home/registry/src/index.crates.io-6f17d22bba15001f/anthill-di-1.2.4/src/lib.rs:4:12
[INFO] [stdout]   |
[INFO] [stdout] 4 | #![feature(coerce_unsized)]
[INFO] [stdout]   |            ^^^^^^^^^^^^^^
[INFO] [stdout] 
[INFO] [stdout] 
[INFO] [stdout] error: aborting due to 9 previous errors
[INFO] [stdout] 
[INFO] [stdout] 
[INFO] [stdout] For more information about this error, try `rustc --explain E0554`.
[INFO] [stdout] 
[INFO] [stderr] error: could not compile `anthill-di` (lib) due to 10 previous errors
[INFO] [stderr] warning: build failed, waiting for other jobs to finish...
[INFO] running `Command { std: "docker" "inspect" "0b79d3fd13cb1d64ae43dbe927f5dda39d183d19179466cb06d39024b8861cce", kill_on_drop: false }`
[INFO] running `Command { std: "docker" "rm" "-f" "0b79d3fd13cb1d64ae43dbe927f5dda39d183d19179466cb06d39024b8861cce", kill_on_drop: false }`
[INFO] [stdout] 0b79d3fd13cb1d64ae43dbe927f5dda39d183d19179466cb06d39024b8861cce
