[INFO] fetching crate bot-api-example 0.1.1...
[INFO] documenting bot-api-example-0.1.1 against 1.75.0 for beta-1.76-rustdoc-1
[INFO] extracting crate bot-api-example 0.1.1 into /workspace/builds/worker-2-tc1/source
[INFO] validating manifest of crates.io crate bot-api-example 0.1.1 on toolchain 1.75.0
[INFO] running `Command { std: CARGO_HOME="/workspace/cargo-home" RUSTUP_HOME="/workspace/rustup-home" "/workspace/cargo-home/bin/cargo" "+1.75.0" "metadata" "--manifest-path" "Cargo.toml" "--no-deps", kill_on_drop: false }`
[INFO] started tweaking crates.io crate bot-api-example 0.1.1
[INFO] finished tweaking crates.io crate bot-api-example 0.1.1
[INFO] tweaked toml for crates.io crate bot-api-example 0.1.1 written to /workspace/builds/worker-2-tc1/source/Cargo.toml
[INFO] crate crates.io crate bot-api-example 0.1.1 already has a lockfile, it will not be regenerated
[INFO] running `Command { std: CARGO_HOME="/workspace/cargo-home" RUSTUP_HOME="/workspace/rustup-home" "/workspace/cargo-home/bin/cargo" "+1.75.0" "fetch" "--manifest-path" "Cargo.toml", kill_on_drop: false }`
[INFO] [stderr]     Updating crates.io index
[INFO] [stderr]  Downloading crates ...
[INFO] [stderr]   Downloaded wasm-bindgen-shared v0.2.85
[INFO] [stderr]   Downloaded windows-targets v0.48.0
[INFO] [stderr]   Downloaded quote v1.0.27
[INFO] [stderr]   Downloaded windows-targets v0.42.2
[INFO] [stderr]   Downloaded errno v0.3.1
[INFO] [stderr]   Downloaded core-foundation-sys v0.8.4
[INFO] [stderr]   Downloaded serde v1.0.162
[INFO] [stderr]   Downloaded android_system_properties v0.1.5
[INFO] [stderr]   Downloaded bytestring v1.3.0
[INFO] [stderr]   Downloaded cxxbridge-macro v1.0.94
[INFO] [stderr]   Downloaded language-tags v0.3.2
[INFO] [stderr]   Downloaded zstd-safe v6.0.5+zstd.1.5.4
[INFO] [stderr]   Downloaded tokio-util v0.7.8
[INFO] [stderr]   Downloaded http-range v0.1.5
[INFO] [stderr]   Downloaded darling_macro v0.14.4
[INFO] [stderr]   Downloaded windows_aarch64_gnullvm v0.42.2
[INFO] [stderr]   Downloaded want v0.3.0
[INFO] [stderr]   Downloaded alloc-stdlib v0.2.2
[INFO] [stderr]   Downloaded paste v1.0.12
[INFO] [stderr]   Downloaded tokio-native-tls v0.3.1
[INFO] [stderr]   Downloaded sha2 v0.10.6
[INFO] [stderr]   Downloaded futures-channel v0.3.28
[INFO] [stderr]   Downloaded derive_more v0.99.17
[INFO] [stderr]   Downloaded openssl v0.10.52
[INFO] [stderr]   Downloaded windows-sys v0.48.0
[INFO] [stderr]   Downloaded brotli-decompressor v2.3.4
[INFO] [stderr]   Downloaded zstd-sys v2.0.8+zstd.1.5.5
[INFO] [stderr]   Downloaded linux-raw-sys v0.3.7
[INFO] [stderr]   Downloaded botx-api-framework-codegen v0.1.0
[INFO] [stderr]   Downloaded anthill-di-derive v1.2.4
[INFO] [stderr]   Downloaded windows v0.48.0
[INFO] [stderr]   Downloaded botx-api-framework v0.1.4
[INFO] [stderr]   Downloaded botx-api v0.1.3
[INFO] [stderr]   Downloaded windows_i686_msvc v0.48.0
[INFO] [stderr]   Downloaded windows_i686_gnu v0.48.0
[INFO] [stderr]   Downloaded windows_x86_64_msvc v0.42.2
[INFO] [stderr]   Downloaded libc v0.2.144
[INFO] [stderr]   Downloaded windows_aarch64_msvc v0.48.0
[INFO] [stderr]   Downloaded windows_i686_gnu v0.42.2
[INFO] [stderr]   Downloaded brotli v3.3.4
[INFO] [stderr]   Downloaded csv v1.2.2
[INFO] [stderr]   Downloaded futures-util v0.3.28
[INFO] [stderr]   Downloaded hyper v0.14.26
[INFO] [stderr]   Downloaded wasm-bindgen v0.2.85
[INFO] [stderr]   Downloaded openssl-sys v0.9.87
[INFO] [stderr]   Downloaded actix-web v4.3.1
[INFO] [stderr]   Downloaded tokio v1.28.1
[INFO] [stderr]   Downloaded tracing-core v0.1.30
[INFO] [stderr]   Downloaded hmac v0.12.1
[INFO] [stderr]   Downloaded http-body v0.4.5
[INFO] [stderr]   Downloaded socket2 v0.4.9
[INFO] [stderr]   Downloaded winreg v0.10.1
[INFO] [stderr]   Downloaded windows_aarch64_gnullvm v0.48.0
[INFO] [stderr]   Downloaded convert_case v0.4.0
[INFO] [stderr]   Downloaded actix-files v0.6.2
[INFO] [stderr]   Downloaded time-macros v0.2.9
[INFO] [stderr]   Downloaded sha1 v0.10.5
[INFO] [stderr]   Downloaded async-lock v2.7.0
[INFO] [stderr]   Downloaded actix-server v2.2.0
[INFO] [stderr]   Downloaded chrono v0.4.24
[INFO] [stderr]   Downloaded askama_escape v0.10.3
[INFO] [stderr]   Downloaded alloc-no-stdlib v2.0.4
[INFO] [stderr]   Downloaded actix-http v3.3.1
[INFO] [stderr]   Downloaded actix-utils v3.0.1
[INFO] [stderr]   Downloaded time v0.3.21
[INFO] [stderr]   Downloaded futures-micro v0.5.0
[INFO] [stderr]   Downloaded anthill-di v1.2.4
[INFO] [stderr]   Downloaded futures-core v0.3.28
[INFO] [stderr]   Downloaded reqwest v0.11.17
[INFO] [stderr]   Downloaded cxx v1.0.94
[INFO] [stderr]   Downloaded windows_x86_64_gnu v0.48.0
[INFO] [stderr]   Downloaded async-trait-with-sync v0.1.36
[INFO] [stderr]   Downloaded local-channel v0.1.3
[INFO] [stderr]   Downloaded wasm-bindgen-futures v0.4.35
[INFO] [stderr]   Downloaded pkg-config v0.3.27
[INFO] [stderr]   Downloaded ident_case v1.0.1
[INFO] [stderr]   Downloaded cpufeatures v0.2.7
[INFO] [stderr]   Downloaded zstd v0.12.3+zstd.1.5.2
[INFO] [stderr]   Downloaded scratch v1.0.5
[INFO] [stderr]   Downloaded hyper-tls v0.5.0
[INFO] [stderr]   Downloaded uuid v1.3.2
[INFO] [stderr]   Downloaded parking_lot_core v0.9.7
[INFO] [stderr]   Downloaded easy-ext v1.0.1
[INFO] [stderr]   Downloaded wasm-bindgen-macro v0.2.85
[INFO] [stderr]   Downloaded thiserror-impl v1.0.40
[INFO] [stderr]   Downloaded windows_x86_64_msvc v0.48.0
[INFO] [stderr]   Downloaded ipnet v2.7.2
[INFO] [stderr]   Downloaded iana-time-zone v0.1.56
[INFO] [stderr]   Downloaded wasm-bindgen-backend v0.2.85
[INFO] [stderr]   Downloaded cxx-build v1.0.94
[INFO] [stderr]   Downloaded js-sys v0.3.62
[INFO] [stderr]   Downloaded darling_core v0.14.4
[INFO] [stderr]   Downloaded rustc_version v0.4.0
[INFO] [stderr]   Downloaded smallvec v1.10.0
[INFO] [stderr]   Downloaded bytes v1.4.0
[INFO] [stderr]   Downloaded derive_builder_core v0.12.0
[INFO] [stderr]   Downloaded flate2 v1.0.26
[INFO] [stderr]   Downloaded actix-web-codegen v4.2.0
[INFO] [stderr]   Downloaded ahash v0.7.6
[INFO] [stderr]   Downloaded time-core v0.1.1
[INFO] [stderr]   Downloaded anyhow v1.0.71
[INFO] [stderr]   Downloaded derive-new v0.5.9
[INFO] [stderr]   Downloaded csv-core v0.1.10
[INFO] [stderr]   Downloaded futures-task v0.3.28
[INFO] [stderr]   Downloaded tracing v0.1.37
[INFO] [stderr]   Downloaded try-lock v0.2.4
[INFO] [stderr]   Downloaded thiserror v1.0.40
[INFO] [stderr]   Downloaded derive_builder v0.12.0
[INFO] [stderr]   Downloaded wasm-bindgen-macro-support v0.2.85
[INFO] [stderr]   Downloaded rustix v0.37.19
[INFO] [stderr]   Downloaded dotenv v0.15.0
[INFO] [stderr]   Downloaded jobserver v0.1.26
[INFO] [stderr]   Downloaded actix-router v0.5.1
[INFO] [stderr]   Downloaded httpdate v1.0.2
[INFO] [stderr]   Downloaded redox_syscall v0.3.5
[INFO] [stderr]   Downloaded io-lifetimes v1.0.10
[INFO] [stderr]   Downloaded windows_x86_64_gnullvm v0.42.2
[INFO] [stderr]   Downloaded getrandom v0.2.9
[INFO] [stderr]   Downloaded serde_derive v1.0.162
[INFO] [stderr]   Downloaded bumpalo v3.12.2
[INFO] [stderr]   Downloaded tempfile v3.5.0
[INFO] [stderr]   Downloaded proc-macro2 v1.0.56
[INFO] [stderr]   Downloaded digest v0.10.6
[INFO] [stderr]   Downloaded link-cplusplus v1.0.8
[INFO] [stderr]   Downloaded num-integer v0.1.45
[INFO] [stderr]   Downloaded futures-sink v0.3.28
[INFO] [stderr]   Downloaded is-terminal v0.4.7
[INFO] [stderr]   Downloaded env_logger v0.10.0
[INFO] [stderr]   Downloaded iana-time-zone-haiku v0.1.1
[INFO] [stderr]   Downloaded lock_api v0.4.9
[INFO] [stderr]   Downloaded parking_lot v0.12.1
[INFO] [stderr]   Downloaded http v0.2.9
[INFO] [stderr]   Downloaded derive_builder_macro v0.12.0
[INFO] [stderr]   Downloaded signal-hook-registry v1.4.1
[INFO] [stderr]   Downloaded semver v1.0.17
[INFO] [stderr]   Downloaded windows_x86_64_gnullvm v0.48.0
[INFO] [stderr]   Downloaded humantime v2.1.0
[INFO] [stderr]   Downloaded cxxbridge-flags v1.0.94
[INFO] [stderr]   Downloaded actix-codec v0.5.0
[INFO] [stderr]   Downloaded actix-macros v0.2.3
[INFO] [stderr]   Downloaded actix-rt v2.8.0
[INFO] [stderr]   Downloaded actix-service v2.0.2
[INFO] [stderr]   Downloaded cookie v0.16.2
[INFO] [stderr]   Downloaded async-oneshot v0.5.0
[INFO] [stderr]   Downloaded h2 v0.3.18
[INFO] [stderr]   Downloaded web-sys v0.3.62
[INFO] [stderr]   Downloaded windows_aarch64_msvc v0.42.2
[INFO] [stderr]   Downloaded windows_i686_msvc v0.42.2
[INFO] [stderr]   Downloaded local-waker v0.1.3
[INFO] [stderr]   Downloaded serde_json v1.0.96
[INFO] [stderr]   Downloaded codespan-reporting v0.11.1
[INFO] [stderr]   Downloaded tokio-macros v2.1.0
[INFO] [stderr]   Downloaded syn v2.0.15
[INFO] [stderr]   Downloaded darling v0.14.4
[INFO] [stderr]   Downloaded windows_x86_64_gnu v0.42.2
[INFO] running `Command { std: "docker" "create" "-v" "/var/lib/crater-agent-workspace/builds/worker-2-tc1/target:/opt/rustwide/target:rw,Z" "-v" "/var/lib/crater-agent-workspace/builds/worker-2-tc1/source:/opt/rustwide/workdir:ro,Z" "-v" "/var/lib/crater-agent-workspace/cargo-home:/opt/rustwide/cargo-home:ro,Z" "-v" "/var/lib/crater-agent-workspace/rustup-home:/opt/rustwide/rustup-home:ro,Z" "-e" "SOURCE_DIR=/opt/rustwide/workdir" "-e" "CARGO_TARGET_DIR=/opt/rustwide/target" "-e" "CARGO_HOME=/opt/rustwide/cargo-home" "-e" "RUSTUP_HOME=/opt/rustwide/rustup-home" "-w" "/opt/rustwide/workdir" "-m" "1610612736" "--user" "0:0" "--network" "none" "ghcr.io/rust-lang/crates-build-env/linux@sha256:2788e3201cd34a07e3172128adcd8b3090168a8e3bcc40d7c032b9dda1df7d1c" "/opt/rustwide/cargo-home/bin/cargo" "+1.75.0" "metadata" "--no-deps" "--format-version=1", kill_on_drop: false }`
[INFO] [stdout] 639e56ed0cf0a739aa964496eb2ecca92ed3a4b30590344b6138d89f830b2ade
[INFO] running `Command { std: "docker" "start" "-a" "639e56ed0cf0a739aa964496eb2ecca92ed3a4b30590344b6138d89f830b2ade", kill_on_drop: false }`
[INFO] running `Command { std: "docker" "inspect" "639e56ed0cf0a739aa964496eb2ecca92ed3a4b30590344b6138d89f830b2ade", kill_on_drop: false }`
[INFO] running `Command { std: "docker" "rm" "-f" "639e56ed0cf0a739aa964496eb2ecca92ed3a4b30590344b6138d89f830b2ade", kill_on_drop: false }`
[INFO] [stdout] 639e56ed0cf0a739aa964496eb2ecca92ed3a4b30590344b6138d89f830b2ade
[INFO] running `Command { std: "docker" "create" "-v" "/var/lib/crater-agent-workspace/builds/worker-2-tc1/target:/opt/rustwide/target:rw,Z" "-v" "/var/lib/crater-agent-workspace/builds/worker-2-tc1/source:/opt/rustwide/workdir:ro,Z" "-v" "/var/lib/crater-agent-workspace/cargo-home:/opt/rustwide/cargo-home:ro,Z" "-v" "/var/lib/crater-agent-workspace/rustup-home:/opt/rustwide/rustup-home:ro,Z" "-e" "SOURCE_DIR=/opt/rustwide/workdir" "-e" "CARGO_TARGET_DIR=/opt/rustwide/target" "-e" "CARGO_INCREMENTAL=0" "-e" "RUST_BACKTRACE=full" "-e" "RUSTFLAGS=--cap-lints=warn" "-e" "RUSTDOCFLAGS=--cap-lints=warn" "-e" "CARGO_HOME=/opt/rustwide/cargo-home" "-e" "RUSTUP_HOME=/opt/rustwide/rustup-home" "-w" "/opt/rustwide/workdir" "-m" "1610612736" "--user" "0:0" "--network" "none" "ghcr.io/rust-lang/crates-build-env/linux@sha256:2788e3201cd34a07e3172128adcd8b3090168a8e3bcc40d7c032b9dda1df7d1c" "/opt/rustwide/cargo-home/bin/cargo" "+1.75.0" "doc" "--frozen" "--no-deps" "--document-private-items" "--message-format=json", kill_on_drop: false }`
[INFO] [stdout] 3f9a5bb772240aeaa6027838359925b0c2aa4578beb12894ad0d382fccd1b557
[INFO] running `Command { std: "docker" "start" "-a" "3f9a5bb772240aeaa6027838359925b0c2aa4578beb12894ad0d382fccd1b557", kill_on_drop: false }`
[INFO] [stderr]    Compiling libc v0.2.144
[INFO] [stderr]    Compiling proc-macro2 v1.0.56
[INFO] [stderr]    Compiling unicode-ident v1.0.8
[INFO] [stderr]    Compiling quote v1.0.27
[INFO] [stderr]     Checking cfg-if v1.0.0
[INFO] [stderr]    Compiling autocfg v1.1.0
[INFO] [stderr]    Compiling version_check v0.9.4
[INFO] [stderr]    Compiling log v0.4.17
[INFO] [stderr]     Checking pin-project-lite v0.2.9
[INFO] [stderr]    Compiling syn v1.0.109
[INFO] [stderr]    Compiling pkg-config v0.3.27
[INFO] [stderr]     Checking bytes v1.4.0
[INFO] [stderr]     Checking once_cell v1.17.1
[INFO] [stderr]    Compiling futures-core v0.3.28
[INFO] [stderr]    Compiling lock_api v0.4.9
[INFO] [stderr]    Compiling parking_lot_core v0.9.7
[INFO] [stderr]    Compiling memchr v2.5.0
[INFO] [stderr]     Checking scopeguard v1.1.0
[INFO] [stderr]     Checking smallvec v1.10.0
[INFO] [stderr]    Compiling tokio v1.28.1
[INFO] [stderr]     Checking itoa v1.0.6
[INFO] [stderr]    Compiling serde_derive v1.0.162
[INFO] [stderr]    Compiling serde v1.0.162
[INFO] [stderr]     Checking tracing-core v0.1.30
[INFO] [stderr]     Checking bitflags v1.3.2
[INFO] [stderr]    Compiling futures-task v0.3.28
[INFO] [stderr]    Compiling typenum v1.16.0
[INFO] [stderr]    Compiling syn v2.0.15
[INFO] [stderr]     Checking tracing v0.1.37
[INFO] [stderr]    Compiling generic-array v0.14.7
[INFO] [stderr]    Compiling futures-util v0.3.28
[INFO] [stderr]    Compiling fnv v1.0.7
[INFO] [stderr]     Checking mio v0.8.6
[INFO] [stderr]     Checking signal-hook-registry v1.4.1
[INFO] [stderr]     Checking num_cpus v1.15.0
[INFO] [stderr]     Checking parking_lot v0.12.1
[INFO] [stderr]    Compiling jobserver v0.1.26
[INFO] [stderr]     Checking socket2 v0.4.9
[INFO] [stderr]    Compiling cc v1.0.79
[INFO] [stderr]     Checking futures-sink v0.3.28
[INFO] [stderr]     Checking pin-utils v0.1.0
[INFO] [stderr]     Checking getrandom v0.2.9
[INFO] [stderr]    Compiling slab v0.4.8
[INFO] [stderr]     Checking http v0.2.9
[INFO] [stderr]    Compiling indexmap v1.9.3
[INFO] [stderr]    Compiling unicase v2.6.0
[INFO] [stderr]     Checking percent-encoding v2.2.0
[INFO] [stderr]     Checking hashbrown v0.12.3
[INFO] [stderr]     Checking subtle v2.4.1
[INFO] [stderr]    Compiling openssl v0.10.52
[INFO] [stderr]    Compiling ident_case v1.0.1
[INFO] [stderr]     Checking foreign-types-shared v0.1.1
[INFO] [stderr]     Checking ryu v1.0.13
[INFO] [stderr]     Checking httpdate v1.0.2
[INFO] [stderr]    Compiling strsim v0.10.0
[INFO] [stderr]    Compiling paste v1.0.12
[INFO] [stderr]     Checking crypto-common v0.1.6
[INFO] [stderr]     Checking block-buffer v0.10.4
[INFO] [stderr]    Compiling openssl-sys v0.9.87
[INFO] [stderr]    Compiling zstd-sys v2.0.8+zstd.1.5.5
[INFO] [stderr]     Checking digest v0.10.6
[INFO] [stderr]     Checking foreign-types v0.3.2
[INFO] [stderr]     Checking form_urlencoded v1.1.0
[INFO] [stderr]    Compiling native-tls v0.2.11
[INFO] [stderr]    Compiling futures-channel v0.3.28
[INFO] [stderr]     Checking local-waker v0.1.3
[INFO] [stderr]     Checking alloc-no-stdlib v2.0.4
[INFO] [stderr]    Compiling zstd-safe v6.0.5+zstd.1.5.4
[INFO] [stderr]     Checking unicode-bidi v0.3.13
[INFO] [stderr]    Compiling serde_json v1.0.96
[INFO] [stderr]     Checking cpufeatures v0.2.7
[INFO] [stderr]    Compiling crc32fast v1.3.2
[INFO] [stderr]     Checking mime v0.3.17
[INFO] [stderr]     Checking idna v0.3.0
[INFO] [stderr]     Checking alloc-stdlib v0.2.2
[INFO] [stderr]    Compiling aho-corasick v1.0.1
[INFO] [stderr]    Compiling darling_core v0.14.4
[INFO] [stderr]    Compiling mime_guess v2.0.4
[INFO] [stderr]     Checking rand_core v0.6.4
[INFO] [stderr]    Compiling num-traits v0.2.15
[INFO] [stderr]    Compiling ahash v0.8.3
[INFO] [stderr]     Checking encoding_rs v0.8.32
[INFO] [stderr]    Compiling tokio-macros v2.1.0
[INFO] [stderr]    Compiling openssl-macros v0.1.1
[INFO] [stderr]     Checking openssl-probe v0.1.5
[INFO] [stderr]     Checking try-lock v0.2.4
[INFO] [stderr]     Checking base64 v0.21.0
[INFO] [stderr]    Compiling time-core v0.1.1
[INFO] [stderr]     Checking adler v1.0.2
[INFO] [stderr]     Checking regex-syntax v0.7.1
[INFO] [stderr]     Checking ppv-lite86 v0.2.17
[INFO] [stderr]     Checking rand_chacha v0.3.1
[INFO] [stderr]     Checking miniz_oxide v0.7.1
[INFO] [stderr]    Compiling darling_macro v0.14.4
[INFO] [stderr]    Compiling time-macros v0.2.9
[INFO] [stderr]     Checking regex v1.8.1
[INFO] [stderr]    Compiling darling v0.14.4
[INFO] [stderr]     Checking want v0.3.0
[INFO] [stderr]     Checking actix-service v2.0.2
[INFO] [stderr]     Checking url v2.3.1
[INFO] [stderr]     Checking brotli-decompressor v2.3.4
[INFO] [stderr]    Compiling bytestring v1.3.0
[INFO] [stderr]     Checking tokio-util v0.7.8
[INFO] [stderr]     Checking actix-rt v2.8.0
[INFO] [stderr]     Checking actix-utils v3.0.1
[INFO] [stderr]     Checking http-body v0.4.5
[INFO] [stderr]    Compiling num-integer v0.1.45
[INFO] [stderr]    Compiling cookie v0.16.2
[INFO] [stderr]    Compiling ahash v0.7.6
[INFO] [stderr]    Compiling convert_case v0.4.0
[INFO] [stderr]    Compiling anyhow v1.0.71
[INFO] [stderr]     Checking tower-service v0.3.2
[INFO] [stderr]     Checking h2 v0.3.18
[INFO] [stderr]    Compiling thiserror v1.0.40
[INFO] [stderr]    Compiling io-lifetimes v1.0.10
[INFO] [stderr]     Checking time v0.3.21
[INFO] [stderr]    Compiling derive_more v0.99.17
[INFO] [stderr]     Checking brotli v3.3.4
[INFO] [stderr]     Checking actix-codec v0.5.0
[INFO] [stderr]     Checking tokio-native-tls v0.3.1
[INFO] [stderr]     Checking flate2 v1.0.26
[INFO] [stderr]    Compiling derive_builder_core v0.12.0
[INFO] [stderr]     Checking rand v0.8.5
[INFO] [stderr]    Compiling thiserror-impl v1.0.40
[INFO] [stderr]     Checking serde_urlencoded v0.7.1
[INFO] [stderr]     Checking sha1 v0.10.5
[INFO] [stderr]     Checking local-channel v0.1.3
[INFO] [stderr]    Compiling actix-router v0.5.1
[INFO] [stderr]     Checking language-tags v0.3.2
[INFO] [stderr]    Compiling rustix v0.37.19
[INFO] [stderr]    Compiling derive_builder_macro v0.12.0
[INFO] [stderr]     Checking hyper v0.14.26
[INFO] [stderr]    Compiling actix-web-codegen v4.2.0
[INFO] [stderr]     Checking actix-server v2.2.0
[INFO] [stderr]    Compiling actix-macros v0.2.3
[INFO] [stderr]    Compiling derive-new v0.5.9
[INFO] [stderr]    Compiling async-trait-with-sync v0.1.36
[INFO] [stderr]     Checking csv-core v0.1.10
[INFO] [stderr]     Checking time v0.1.45
[INFO] [stderr]     Checking ipnet v2.7.2
[INFO] [stderr]     Checking linux-raw-sys v0.3.7
[INFO] [stderr]     Checking iana-time-zone v0.1.56
[INFO] [stderr]     Checking event-listener v2.5.3
[INFO] [stderr]     Checking chrono v0.4.24
[INFO] [stderr]     Checking csv v1.2.2
[INFO] [stderr]     Checking async-lock v2.7.0
[INFO] [stderr]     Checking derive_builder v0.12.0
[INFO] [stderr]     Checking uuid v1.3.2
[INFO] [stderr]     Checking sha2 v0.10.6
[INFO] [stderr]     Checking hmac v0.12.1
[INFO] [stderr]     Checking futures-micro v0.5.0
[INFO] [stderr]     Checking askama_escape v0.10.3
[INFO] [stderr]    Compiling easy-ext v1.0.1
[INFO] [stderr]     Checking http-range v0.1.5
[INFO] [stderr]     Checking async-oneshot v0.5.0
[INFO] [stderr]     Checking anthill-di v1.2.4
[INFO] [stderr]    Compiling anthill-di-derive v1.2.4
[INFO] [stderr]    Compiling botx-api-framework-codegen v0.1.0
[INFO] [stdout] error[E0554]: `#![feature]` may not be used on the stable release channel
[INFO] [stdout]  --> /opt/rustwide/cargo-home/registry/src/index.crates.io-6f17d22bba15001f/anthill-di-1.2.4/src/lib.rs:1:1
[INFO] [stdout]   |
[INFO] [stdout] 1 | #![feature(unsize)]
[INFO] [stdout]   | ^^^^^^^^^^^^^^^^^^^
[INFO] [stdout] 
[INFO] [stdout] 
[INFO] [stdout] error[E0554]: `#![feature]` may not be used on the stable release channel
[INFO] [stdout]  --> /opt/rustwide/cargo-home/registry/src/index.crates.io-6f17d22bba15001f/anthill-di-1.2.4/src/lib.rs:2:1
[INFO] [stdout]   |
[INFO] [stdout] 2 | #![feature(downcast_unchecked)]
[INFO] [stdout]   | ^^^^^^^^^^^^^^^^^^^^^^^^^^^^^^^
[INFO] [stdout] 
[INFO] [stdout] 
[INFO] [stdout] error[E0554]: `#![feature]` may not be used on the stable release channel
[INFO] [stdout]  --> /opt/rustwide/cargo-home/registry/src/index.crates.io-6f17d22bba15001f/anthill-di-1.2.4/src/lib.rs:3:1
[INFO] [stdout]   |
[INFO] [stdout] 3 | #![feature(box_into_inner)]
[INFO] [stdout]   | ^^^^^^^^^^^^^^^^^^^^^^^^^^^
[INFO] [stdout] 
[INFO] [stdout] 
[INFO] [stdout] error[E0554]: `#![feature]` may not be used on the stable release channel
[INFO] [stdout]  --> /opt/rustwide/cargo-home/registry/src/index.crates.io-6f17d22bba15001f/anthill-di-1.2.4/src/lib.rs:4:1
[INFO] [stdout]   |
[INFO] [stdout] 4 | #![feature(coerce_unsized)]
[INFO] [stdout]   | ^^^^^^^^^^^^^^^^^^^^^^^^^^^
[INFO] [stdout] 
[INFO] [stdout] 
[INFO] [stdout] error[E0554]: `#![feature]` may not be used on the stable release channel
[INFO] [stdout]  --> /opt/rustwide/cargo-home/registry/src/index.crates.io-6f17d22bba15001f/anthill-di-1.2.4/src/lib.rs:5:1
[INFO] [stdout]   |
[INFO] [stdout] 5 | #![feature(trait_alias)]
[INFO] [stdout]   | ^^^^^^^^^^^^^^^^^^^^^^^^
[INFO] [stdout] 
[INFO] [stdout] 
[INFO] [stdout] error[E0554]: `#![feature]` may not be used on the stable release channel
[INFO] [stdout]  --> /opt/rustwide/cargo-home/registry/src/index.crates.io-6f17d22bba15001f/anthill-di-1.2.4/src/lib.rs:1:12
[INFO] [stdout]   |
[INFO] [stdout] 1 | #![feature(unsize)]
[INFO] [stdout]   |            ^^^^^^
[INFO] [stdout] 
[INFO] [stdout] 
[INFO] [stdout] error[E0554]: `#![feature]` may not be used on the stable release channel
[INFO] [stdout]  --> /opt/rustwide/cargo-home/registry/src/index.crates.io-6f17d22bba15001f/anthill-di-1.2.4/src/lib.rs:2:12
[INFO] [stdout]   |
[INFO] [stdout] 2 | #![feature(downcast_unchecked)]
[INFO] [stdout]   |            ^^^^^^^^^^^^^^^^^^
[INFO] [stdout] 
[INFO] [stdout] 
[INFO] [stdout] error[E0554]: `#![feature]` may not be used on the stable release channel
[INFO] [stdout]  --> /opt/rustwide/cargo-home/registry/src/index.crates.io-6f17d22bba15001f/anthill-di-1.2.4/src/lib.rs:3:12
[INFO] [stdout]   |
[INFO] [stdout] 3 | #![feature(box_into_inner)]
[INFO] [stdout]   |            ^^^^^^^^^^^^^^
[INFO] [stdout] 
[INFO] [stdout] 
[INFO] [stdout] error[E0554]: `#![feature]` may not be used on the stable release channel
[INFO] [stdout]  --> /opt/rustwide/cargo-home/registry/src/index.crates.io-6f17d22bba15001f/anthill-di-1.2.4/src/lib.rs:4:12
[INFO] [stdout]   |
[INFO] [stdout] 4 | #![feature(coerce_unsized)]
[INFO] [stdout]   |            ^^^^^^^^^^^^^^
[INFO] [stdout] 
[INFO] [stdout] 
[INFO] [stderr]     Checking termcolor v1.2.0
[INFO] [stderr]     Checking humantime v2.1.0
[INFO] [stderr]     Checking dotenv v0.15.0
[INFO] [stdout] error: aborting due to 9 previous errors
[INFO] [stdout] 
[INFO] [stdout] 
[INFO] [stdout] For more information about this error, try `rustc --explain E0554`.
[INFO] [stdout] 
[INFO] [stderr] error: could not compile `anthill-di` (lib) due to 10 previous errors
[INFO] [stderr] warning: build failed, waiting for other jobs to finish...
[INFO] running `Command { std: "docker" "inspect" "3f9a5bb772240aeaa6027838359925b0c2aa4578beb12894ad0d382fccd1b557", kill_on_drop: false }`
[INFO] running `Command { std: "docker" "rm" "-f" "3f9a5bb772240aeaa6027838359925b0c2aa4578beb12894ad0d382fccd1b557", kill_on_drop: false }`
[INFO] [stdout] 3f9a5bb772240aeaa6027838359925b0c2aa4578beb12894ad0d382fccd1b557
[INFO] documenting bot-api-example-0.1.1 against beta-2023-12-22 for beta-1.76-rustdoc-1
[INFO] extracting crate bot-api-example 0.1.1 into /workspace/builds/worker-2-tc2/source
[INFO] validating manifest of crates.io crate bot-api-example 0.1.1 on toolchain beta-2023-12-22
[INFO] running `Command { std: CARGO_HOME="/workspace/cargo-home" RUSTUP_HOME="/workspace/rustup-home" "/workspace/cargo-home/bin/cargo" "+beta-2023-12-22" "metadata" "--manifest-path" "Cargo.toml" "--no-deps", kill_on_drop: false }`
[INFO] started tweaking crates.io crate bot-api-example 0.1.1
[INFO] finished tweaking crates.io crate bot-api-example 0.1.1
[INFO] tweaked toml for crates.io crate bot-api-example 0.1.1 written to /workspace/builds/worker-2-tc2/source/Cargo.toml
[INFO] crate crates.io crate bot-api-example 0.1.1 already has a lockfile, it will not be regenerated
[INFO] running `Command { std: CARGO_HOME="/workspace/cargo-home" RUSTUP_HOME="/workspace/rustup-home" "/workspace/cargo-home/bin/cargo" "+beta-2023-12-22" "fetch" "--manifest-path" "Cargo.toml", kill_on_drop: false }`
[INFO] running `Command { std: "docker" "create" "-v" "/var/lib/crater-agent-workspace/builds/worker-2-tc2/target:/opt/rustwide/target:rw,Z" "-v" "/var/lib/crater-agent-workspace/builds/worker-2-tc2/source:/opt/rustwide/workdir:ro,Z" "-v" "/var/lib/crater-agent-workspace/cargo-home:/opt/rustwide/cargo-home:ro,Z" "-v" "/var/lib/crater-agent-workspace/rustup-home:/opt/rustwide/rustup-home:ro,Z" "-e" "SOURCE_DIR=/opt/rustwide/workdir" "-e" "CARGO_TARGET_DIR=/opt/rustwide/target" "-e" "CARGO_HOME=/opt/rustwide/cargo-home" "-e" "RUSTUP_HOME=/opt/rustwide/rustup-home" "-w" "/opt/rustwide/workdir" "-m" "1610612736" "--user" "0:0" "--network" "none" "ghcr.io/rust-lang/crates-build-env/linux@sha256:2788e3201cd34a07e3172128adcd8b3090168a8e3bcc40d7c032b9dda1df7d1c" "/opt/rustwide/cargo-home/bin/cargo" "+beta-2023-12-22" "metadata" "--no-deps" "--format-version=1", kill_on_drop: false }`
[INFO] [stdout] 30f591c750b16221a51b79a7e35a6be5ce10e2401ef8196f232293b19cd80175
[INFO] running `Command { std: "docker" "start" "-a" "30f591c750b16221a51b79a7e35a6be5ce10e2401ef8196f232293b19cd80175", kill_on_drop: false }`
[INFO] running `Command { std: "docker" "inspect" "30f591c750b16221a51b79a7e35a6be5ce10e2401ef8196f232293b19cd80175", kill_on_drop: false }`
[INFO] running `Command { std: "docker" "rm" "-f" "30f591c750b16221a51b79a7e35a6be5ce10e2401ef8196f232293b19cd80175", kill_on_drop: false }`
[INFO] [stdout] 30f591c750b16221a51b79a7e35a6be5ce10e2401ef8196f232293b19cd80175
[INFO] running `Command { std: "docker" "create" "-v" "/var/lib/crater-agent-workspace/builds/worker-2-tc2/target:/opt/rustwide/target:rw,Z" "-v" "/var/lib/crater-agent-workspace/builds/worker-2-tc2/source:/opt/rustwide/workdir:ro,Z" "-v" "/var/lib/crater-agent-workspace/cargo-home:/opt/rustwide/cargo-home:ro,Z" "-v" "/var/lib/crater-agent-workspace/rustup-home:/opt/rustwide/rustup-home:ro,Z" "-e" "SOURCE_DIR=/opt/rustwide/workdir" "-e" "CARGO_TARGET_DIR=/opt/rustwide/target" "-e" "CARGO_INCREMENTAL=0" "-e" "RUST_BACKTRACE=full" "-e" "RUSTFLAGS=--cap-lints=warn" "-e" "RUSTDOCFLAGS=--cap-lints=warn" "-e" "CARGO_HOME=/opt/rustwide/cargo-home" "-e" "RUSTUP_HOME=/opt/rustwide/rustup-home" "-w" "/opt/rustwide/workdir" "-m" "1610612736" "--user" "0:0" "--network" "none" "ghcr.io/rust-lang/crates-build-env/linux@sha256:2788e3201cd34a07e3172128adcd8b3090168a8e3bcc40d7c032b9dda1df7d1c" "/opt/rustwide/cargo-home/bin/cargo" "+beta-2023-12-22" "doc" "--frozen" "--no-deps" "--document-private-items" "--message-format=json", kill_on_drop: false }`
[INFO] [stdout] ce4fc257ca0ce715708ed9bad907582911c2ab1d04bb4386fbb6fccd2b379b18
[INFO] running `Command { std: "docker" "start" "-a" "ce4fc257ca0ce715708ed9bad907582911c2ab1d04bb4386fbb6fccd2b379b18", kill_on_drop: false }`
[INFO] [stderr]    Compiling libc v0.2.144
[INFO] [stderr]    Compiling proc-macro2 v1.0.56
[INFO] [stderr]    Compiling quote v1.0.27
[INFO] [stderr]    Compiling unicode-ident v1.0.8
[INFO] [stderr]     Checking cfg-if v1.0.0
[INFO] [stderr]    Compiling autocfg v1.1.0
[INFO] [stderr]    Compiling version_check v0.9.4
[INFO] [stderr]    Compiling log v0.4.17
[INFO] [stderr]     Checking pin-project-lite v0.2.9
[INFO] [stderr]    Compiling syn v1.0.109
[INFO] [stderr]    Compiling pkg-config v0.3.27
[INFO] [stderr]     Checking bytes v1.4.0
[INFO] [stderr]     Checking once_cell v1.17.1
[INFO] [stderr]    Compiling lock_api v0.4.9
[INFO] [stderr]    Compiling parking_lot_core v0.9.7
[INFO] [stderr]    Compiling memchr v2.5.0
[INFO] [stderr]    Compiling futures-core v0.3.28
[INFO] [stderr]     Checking scopeguard v1.1.0
[INFO] [stderr]     Checking smallvec v1.10.0
[INFO] [stderr]    Compiling tokio v1.28.1
[INFO] [stderr]    Compiling serde_derive v1.0.162
[INFO] [stderr]     Checking itoa v1.0.6
[INFO] [stderr]    Compiling syn v2.0.15
[INFO] [stderr]    Compiling serde v1.0.162
[INFO] [stderr]     Checking tracing-core v0.1.30
[INFO] [stderr]    Compiling futures-task v0.3.28
[INFO] [stderr]     Checking bitflags v1.3.2
[INFO] [stderr]    Compiling typenum v1.16.0
[INFO] [stderr]    Compiling generic-array v0.14.7
[INFO] [stderr]    Compiling fnv v1.0.7
[INFO] [stderr]     Checking tracing v0.1.37
[INFO] [stderr]    Compiling futures-util v0.3.28
[INFO] [stderr]     Checking signal-hook-registry v1.4.1
[INFO] [stderr]     Checking num_cpus v1.15.0
[INFO] [stderr]    Compiling jobserver v0.1.26
[INFO] [stderr]     Checking socket2 v0.4.9
[INFO] [stderr]     Checking parking_lot v0.12.1
[INFO] [stderr]     Checking mio v0.8.6
[INFO] [stderr]    Compiling cc v1.0.79
[INFO] [stderr]     Checking pin-utils v0.1.0
[INFO] [stderr]     Checking futures-sink v0.3.28
[INFO] [stderr]     Checking http v0.2.9
[INFO] [stderr]     Checking getrandom v0.2.9
[INFO] [stderr]    Compiling indexmap v1.9.3
[INFO] [stderr]    Compiling slab v0.4.8
[INFO] [stderr]    Compiling unicase v2.6.0
[INFO] [stderr]     Checking hashbrown v0.12.3
[INFO] [stderr]     Checking percent-encoding v2.2.0
[INFO] [stderr]     Checking subtle v2.4.1
[INFO] [stderr]     Checking ryu v1.0.13
[INFO] [stderr]     Checking httpdate v1.0.2
[INFO] [stderr]    Compiling paste v1.0.12
[INFO] [stderr]    Compiling ident_case v1.0.1
[INFO] [stderr]    Compiling openssl-sys v0.9.87
[INFO] [stderr]    Compiling zstd-sys v2.0.8+zstd.1.5.5
[INFO] [stderr]     Checking crypto-common v0.1.6
[INFO] [stderr]     Checking block-buffer v0.10.4
[INFO] [stderr]    Compiling strsim v0.10.0
[INFO] [stderr]     Checking digest v0.10.6
[INFO] [stderr]     Checking foreign-types-shared v0.1.1
[INFO] [stderr]    Compiling openssl v0.10.52
[INFO] [stderr]     Checking foreign-types v0.3.2
[INFO] [stderr]     Checking form_urlencoded v1.1.0
[INFO] [stderr]     Checking unicode-bidi v0.3.13
[INFO] [stderr]     Checking alloc-no-stdlib v2.0.4
[INFO] [stderr]     Checking cpufeatures v0.2.7
[INFO] [stderr]    Compiling serde_json v1.0.96
[INFO] [stderr]    Compiling native-tls v0.2.11
[INFO] [stderr]     Checking mime v0.3.17
[INFO] [stderr]     Checking local-waker v0.1.3
[INFO] [stderr]    Compiling crc32fast v1.3.2
[INFO] [stderr]    Compiling futures-channel v0.3.28
[INFO] [stderr]    Compiling zstd-safe v6.0.5+zstd.1.5.4
[INFO] [stderr]    Compiling darling_core v0.14.4
[INFO] [stderr]    Compiling aho-corasick v1.0.1
[INFO] [stderr]     Checking idna v0.3.0
[INFO] [stderr]     Checking alloc-stdlib v0.2.2
[INFO] [stderr]    Compiling mime_guess v2.0.4
[INFO] [stderr]     Checking rand_core v0.6.4
[INFO] [stderr]    Compiling num-traits v0.2.15
[INFO] [stderr]    Compiling ahash v0.8.3
[INFO] [stderr]     Checking encoding_rs v0.8.32
[INFO] [stderr]     Checking ppv-lite86 v0.2.17
[INFO] [stderr]     Checking base64 v0.21.0
[INFO] [stderr]     Checking regex-syntax v0.7.1
[INFO] [stderr]    Compiling time-core v0.1.1
[INFO] [stderr]     Checking adler v1.0.2
[INFO] [stderr]     Checking openssl-probe v0.1.5
[INFO] [stderr]    Compiling tokio-macros v2.1.0
[INFO] [stderr]    Compiling openssl-macros v0.1.1
[INFO] [stderr]     Checking try-lock v0.2.4
[INFO] [stderr]     Checking want v0.3.0
[INFO] [stderr]     Checking rand_chacha v0.3.1
[INFO] [stderr]     Checking miniz_oxide v0.7.1
[INFO] [stderr]    Compiling darling_macro v0.14.4
[INFO] [stderr]     Checking regex v1.8.1
[INFO] [stderr]    Compiling time-macros v0.2.9
[INFO] [stderr]    Compiling darling v0.14.4
[INFO] [stderr]     Checking actix-service v2.0.2
[INFO] [stderr]     Checking url v2.3.1
[INFO] [stderr]     Checking brotli-decompressor v2.3.4
[INFO] [stderr]    Compiling bytestring v1.3.0
[INFO] [stderr]     Checking actix-utils v3.0.1
[INFO] [stderr]     Checking http-body v0.4.5
[INFO] [stderr]    Compiling num-integer v0.1.45
[INFO] [stderr]    Compiling ahash v0.7.6
[INFO] [stderr]    Compiling cookie v0.16.2
[INFO] [stderr]    Compiling thiserror v1.0.40
[INFO] [stderr]     Checking tower-service v0.3.2
[INFO] [stderr]    Compiling anyhow v1.0.71
[INFO] [stderr]    Compiling io-lifetimes v1.0.10
[INFO] [stderr]    Compiling convert_case v0.4.0
[INFO] [stderr]     Checking time v0.3.21
[INFO] [stderr]     Checking brotli v3.3.4
[INFO] [stderr]    Compiling derive_more v0.99.17
[INFO] [stderr]     Checking flate2 v1.0.26
[INFO] [stderr]     Checking tokio-util v0.7.8
[INFO] [stderr]     Checking actix-rt v2.8.0
[INFO] [stderr]     Checking h2 v0.3.18
[INFO] [stderr]     Checking actix-codec v0.5.0
[INFO] [stderr]     Checking tokio-native-tls v0.3.1
[INFO] [stderr]    Compiling derive_builder_core v0.12.0
[INFO] [stderr]     Checking rand v0.8.5
[INFO] [stderr]    Compiling thiserror-impl v1.0.40
[INFO] [stderr]     Checking local-channel v0.1.3
[INFO] [stderr]     Checking sha1 v0.10.5
[INFO] [stderr]     Checking language-tags v0.3.2
[INFO] [stderr]    Compiling rustix v0.37.19
[INFO] [stderr]    Compiling derive_builder_macro v0.12.0
[INFO] [stderr]     Checking actix-server v2.2.0
[INFO] [stderr]     Checking serde_urlencoded v0.7.1
[INFO] [stderr]     Checking actix-router v0.5.1
[INFO] [stderr]    Compiling async-trait-with-sync v0.1.36
[INFO] [stderr]    Compiling actix-macros v0.2.3
[INFO] [stderr]    Compiling derive-new v0.5.9
[INFO] [stderr]     Checking csv-core v0.1.10
[INFO] [stderr]     Checking time v0.1.45
[INFO] [stderr]     Checking ipnet v2.7.2
[INFO] [stderr]     Checking linux-raw-sys v0.3.7
[INFO] [stderr]     Checking event-listener v2.5.3
[INFO] [stderr]     Checking iana-time-zone v0.1.56
[INFO] [stderr]     Checking chrono v0.4.24
[INFO] [stderr]     Checking async-lock v2.7.0
[INFO] [stderr]    Compiling actix-web-codegen v4.2.0
[INFO] [stderr]     Checking csv v1.2.2
[INFO] [stderr]     Checking derive_builder v0.12.0
[INFO] [stderr]     Checking uuid v1.3.2
[INFO] [stderr]     Checking sha2 v0.10.6
[INFO] [stderr]     Checking hyper v0.14.26
[INFO] [stderr]     Checking hmac v0.12.1
[INFO] [stderr]     Checking futures-micro v0.5.0
[INFO] [stderr]     Checking askama_escape v0.10.3
[INFO] [stderr]     Checking anthill-di v1.2.4
[INFO] [stderr]     Checking http-range v0.1.5
[INFO] [stderr]    Compiling easy-ext v1.0.1
[INFO] [stderr]     Checking async-oneshot v0.5.0
[INFO] [stderr]    Compiling anthill-di-derive v1.2.4
[INFO] [stdout] error[E0554]: `#![feature]` may not be used on the beta release channel
[INFO] [stdout]  --> /opt/rustwide/cargo-home/registry/src/index.crates.io-6f17d22bba15001f/anthill-di-1.2.4/src/lib.rs:1:1
[INFO] [stdout]   |
[INFO] [stdout] 1 | #![feature(unsize)]
[INFO] [stdout]   | ^^^^^^^^^^^^^^^^^^^
[INFO] [stdout] 
[INFO] [stdout] 
[INFO] [stdout] error[E0554]: `#![feature]` may not be used on the beta release channel
[INFO] [stdout]  --> /opt/rustwide/cargo-home/registry/src/index.crates.io-6f17d22bba15001f/anthill-di-1.2.4/src/lib.rs:2:1
[INFO] [stdout]   |
[INFO] [stdout] 2 | #![feature(downcast_unchecked)]
[INFO] [stdout]   | ^^^^^^^^^^^^^^^^^^^^^^^^^^^^^^^
[INFO] [stdout] 
[INFO] [stdout] 
[INFO] [stdout] error[E0554]: `#![feature]` may not be used on the beta release channel
[INFO] [stdout]  --> /opt/rustwide/cargo-home/registry/src/index.crates.io-6f17d22bba15001f/anthill-di-1.2.4/src/lib.rs:3:1
[INFO] [stdout]   |
[INFO] [stdout] 3 | #![feature(box_into_inner)]
[INFO] [stdout]   | ^^^^^^^^^^^^^^^^^^^^^^^^^^^
[INFO] [stdout] 
[INFO] [stdout] 
[INFO] [stdout] error[E0554]: `#![feature]` may not be used on the beta release channel
[INFO] [stdout]  --> /opt/rustwide/cargo-home/registry/src/index.crates.io-6f17d22bba15001f/anthill-di-1.2.4/src/lib.rs:4:1
[INFO] [stdout]   |
[INFO] [stdout] 4 | #![feature(coerce_unsized)]
[INFO] [stdout]   | ^^^^^^^^^^^^^^^^^^^^^^^^^^^
[INFO] [stdout] 
[INFO] [stdout] 
[INFO] [stdout] error[E0554]: `#![feature]` may not be used on the beta release channel
[INFO] [stdout]  --> /opt/rustwide/cargo-home/registry/src/index.crates.io-6f17d22bba15001f/anthill-di-1.2.4/src/lib.rs:5:1
[INFO] [stdout]   |
[INFO] [stdout] 5 | #![feature(trait_alias)]
[INFO] [stdout]   | ^^^^^^^^^^^^^^^^^^^^^^^^
[INFO] [stdout] 
[INFO] [stdout] 
[INFO] [stderr]    Compiling botx-api-framework-codegen v0.1.0
[INFO] [stdout] error[E0554]: `#![feature]` may not be used on the beta release channel
[INFO] [stdout]  --> /opt/rustwide/cargo-home/registry/src/index.crates.io-6f17d22bba15001f/anthill-di-1.2.4/src/lib.rs:1:12
[INFO] [stdout]   |
[INFO] [stdout] 1 | #![feature(unsize)]
[INFO] [stdout]   |            ^^^^^^
[INFO] [stdout] 
[INFO] [stdout] 
[INFO] [stdout] error[E0554]: `#![feature]` may not be used on the beta release channel
[INFO] [stdout]  --> /opt/rustwide/cargo-home/registry/src/index.crates.io-6f17d22bba15001f/anthill-di-1.2.4/src/lib.rs:2:12
[INFO] [stdout]   |
[INFO] [stdout] 2 | #![feature(downcast_unchecked)]
[INFO] [stdout]   |            ^^^^^^^^^^^^^^^^^^
[INFO] [stdout] 
[INFO] [stdout] 
[INFO] [stdout] error[E0554]: `#![feature]` may not be used on the beta release channel
[INFO] [stdout]  --> /opt/rustwide/cargo-home/registry/src/index.crates.io-6f17d22bba15001f/anthill-di-1.2.4/src/lib.rs:3:12
[INFO] [stdout]   |
[INFO] [stdout] 3 | #![feature(box_into_inner)]
[INFO] [stdout]   |            ^^^^^^^^^^^^^^
[INFO] [stdout] 
[INFO] [stdout] 
[INFO] [stdout] error[E0554]: `#![feature]` may not be used on the beta release channel
[INFO] [stdout]  --> /opt/rustwide/cargo-home/registry/src/index.crates.io-6f17d22bba15001f/anthill-di-1.2.4/src/lib.rs:4:12
[INFO] [stdout]   |
[INFO] [stdout] 4 | #![feature(coerce_unsized)]
[INFO] [stdout]   |            ^^^^^^^^^^^^^^
[INFO] [stdout] 
[INFO] [stdout] 
[INFO] [stderr]     Checking humantime v2.1.0
[INFO] [stdout] error: aborting due to 9 previous errors
[INFO] [stdout] 
[INFO] [stdout] 
[INFO] [stdout] For more information about this error, try `rustc --explain E0554`.
[INFO] [stdout] 
[INFO] [stderr] error: could not compile `anthill-di` (lib) due to 10 previous errors
[INFO] [stderr] warning: build failed, waiting for other jobs to finish...
[INFO] running `Command { std: "docker" "inspect" "ce4fc257ca0ce715708ed9bad907582911c2ab1d04bb4386fbb6fccd2b379b18", kill_on_drop: false }`
[INFO] running `Command { std: "docker" "rm" "-f" "ce4fc257ca0ce715708ed9bad907582911c2ab1d04bb4386fbb6fccd2b379b18", kill_on_drop: false }`
[INFO] [stdout] ce4fc257ca0ce715708ed9bad907582911c2ab1d04bb4386fbb6fccd2b379b18
