[INFO] fetching crate blih 0.1.4...
[INFO] documenting blih-0.1.4 against 1.75.0 for beta-1.76-rustdoc-1
[INFO] extracting crate blih 0.1.4 into /workspace/builds/worker-4-tc1/source
[INFO] validating manifest of crates.io crate blih 0.1.4 on toolchain 1.75.0
[INFO] running `Command { std: CARGO_HOME="/workspace/cargo-home" RUSTUP_HOME="/workspace/rustup-home" "/workspace/cargo-home/bin/cargo" "+1.75.0" "metadata" "--manifest-path" "Cargo.toml" "--no-deps", kill_on_drop: false }`
[INFO] started tweaking crates.io crate blih 0.1.4
[INFO] finished tweaking crates.io crate blih 0.1.4
[INFO] tweaked toml for crates.io crate blih 0.1.4 written to /workspace/builds/worker-4-tc1/source/Cargo.toml
[INFO] crate crates.io crate blih 0.1.4 already has a lockfile, it will not be regenerated
[INFO] running `Command { std: CARGO_HOME="/workspace/cargo-home" RUSTUP_HOME="/workspace/rustup-home" "/workspace/cargo-home/bin/cargo" "+1.75.0" "fetch" "--manifest-path" "Cargo.toml", kill_on_drop: false }`
[INFO] [stderr]     Blocking waiting for file lock on package cache
[INFO] [stderr]     Updating crates.io index
[INFO] [stderr]     Blocking waiting for file lock on package cache
[INFO] [stderr]  Downloading crates ...
[INFO] [stderr]   Downloaded rpassword v4.0.5
[INFO] [stderr]   Downloaded rustc-serialize v0.3.24
[INFO] [stderr]   Downloaded once_cell v1.4.0
[INFO] [stderr]   Downloaded wasm-bindgen-shared v0.2.64
[INFO] [stderr]   Downloaded wasm-bindgen-macro v0.2.64
[INFO] [stderr]   Downloaded yaml-rust v0.3.5
[INFO] [stderr]   Downloaded wasm-bindgen-futures v0.4.14
[INFO] [stderr]   Downloaded blih_rs v0.2.0
[INFO] [stderr]   Downloaded hex v0.4.2
[INFO] [stderr]   Downloaded pin-project-lite v0.1.7
[INFO] [stderr]   Downloaded generator v0.6.21
[INFO] [stderr]   Downloaded cc v1.0.57
[INFO] [stderr]   Downloaded indexmap v1.4.0
[INFO] [stderr]   Downloaded syn v1.0.33
[INFO] [stderr]   Downloaded encoding_rs v0.8.23
[INFO] [stderr]   Downloaded rust-crypto v0.2.36
[INFO] [stderr]   Downloaded web-sys v0.3.41
[INFO] [stderr]   Downloaded h2 v0.2.5
[INFO] [stderr]   Downloaded bytes v0.5.5
[INFO] [stderr]   Downloaded hermit-abi v0.1.14
[INFO] [stderr]   Downloaded proc-macro2 v1.0.18
[INFO] [stderr]   Downloaded wasm-bindgen-macro-support v0.2.64
[INFO] [stderr]   Downloaded bumpalo v3.4.0
[INFO] [stderr]   Downloaded wasm-bindgen v0.2.64
[INFO] [stderr]   Downloaded reqwest v0.10.6
[INFO] [stderr]   Downloaded hyper v0.13.6
[INFO] [stderr]   Downloaded loom v0.3.4
[INFO] [stderr]   Downloaded js-sys v0.3.41
[INFO] [stderr]   Downloaded socket2 v0.3.12
[INFO] [stderr]   Downloaded hyper-tls v0.4.1
[INFO] [stderr]   Downloaded wasm-bindgen-backend v0.2.64
[INFO] [stderr]   Downloaded gcc v0.3.55
[INFO] [stderr]   Downloaded scoped-tls v0.1.2
[INFO] [stderr]   Downloaded futures-io v0.3.5
[INFO] [stderr]   Downloaded dtoa v0.4.6
[INFO] running `Command { std: "docker" "create" "-v" "/var/lib/crater-agent-workspace/builds/worker-4-tc1/target:/opt/rustwide/target:rw,Z" "-v" "/var/lib/crater-agent-workspace/builds/worker-4-tc1/source:/opt/rustwide/workdir:ro,Z" "-v" "/var/lib/crater-agent-workspace/cargo-home:/opt/rustwide/cargo-home:ro,Z" "-v" "/var/lib/crater-agent-workspace/rustup-home:/opt/rustwide/rustup-home:ro,Z" "-e" "SOURCE_DIR=/opt/rustwide/workdir" "-e" "CARGO_TARGET_DIR=/opt/rustwide/target" "-e" "CARGO_HOME=/opt/rustwide/cargo-home" "-e" "RUSTUP_HOME=/opt/rustwide/rustup-home" "-w" "/opt/rustwide/workdir" "-m" "1610612736" "--user" "0:0" "--network" "none" "ghcr.io/rust-lang/crates-build-env/linux@sha256:2788e3201cd34a07e3172128adcd8b3090168a8e3bcc40d7c032b9dda1df7d1c" "/opt/rustwide/cargo-home/bin/cargo" "+1.75.0" "metadata" "--no-deps" "--format-version=1", kill_on_drop: false }`
[INFO] [stdout] 8190bd56ad86b4c7fa283b3ccfddb546e3e1075d602a0b7752a4a872c9e549a1
[INFO] running `Command { std: "docker" "start" "-a" "8190bd56ad86b4c7fa283b3ccfddb546e3e1075d602a0b7752a4a872c9e549a1", kill_on_drop: false }`
[INFO] running `Command { std: "docker" "inspect" "8190bd56ad86b4c7fa283b3ccfddb546e3e1075d602a0b7752a4a872c9e549a1", kill_on_drop: false }`
[INFO] running `Command { std: "docker" "rm" "-f" "8190bd56ad86b4c7fa283b3ccfddb546e3e1075d602a0b7752a4a872c9e549a1", kill_on_drop: false }`
[INFO] [stdout] 8190bd56ad86b4c7fa283b3ccfddb546e3e1075d602a0b7752a4a872c9e549a1
[INFO] running `Command { std: "docker" "create" "-v" "/var/lib/crater-agent-workspace/builds/worker-4-tc1/target:/opt/rustwide/target:rw,Z" "-v" "/var/lib/crater-agent-workspace/builds/worker-4-tc1/source:/opt/rustwide/workdir:ro,Z" "-v" "/var/lib/crater-agent-workspace/cargo-home:/opt/rustwide/cargo-home:ro,Z" "-v" "/var/lib/crater-agent-workspace/rustup-home:/opt/rustwide/rustup-home:ro,Z" "-e" "SOURCE_DIR=/opt/rustwide/workdir" "-e" "CARGO_TARGET_DIR=/opt/rustwide/target" "-e" "CARGO_INCREMENTAL=0" "-e" "RUST_BACKTRACE=full" "-e" "RUSTFLAGS=--cap-lints=warn" "-e" "RUSTDOCFLAGS=--cap-lints=warn" "-e" "CARGO_HOME=/opt/rustwide/cargo-home" "-e" "RUSTUP_HOME=/opt/rustwide/rustup-home" "-w" "/opt/rustwide/workdir" "-m" "1610612736" "--user" "0:0" "--network" "none" "ghcr.io/rust-lang/crates-build-env/linux@sha256:2788e3201cd34a07e3172128adcd8b3090168a8e3bcc40d7c032b9dda1df7d1c" "/opt/rustwide/cargo-home/bin/cargo" "+1.75.0" "doc" "--frozen" "--no-deps" "--document-private-items" "--message-format=json", kill_on_drop: false }`
[INFO] [stdout] 29a86c3be581fbc45050c2c103733aec90d4635e28be271237f804cc10acbcae
[INFO] running `Command { std: "docker" "start" "-a" "29a86c3be581fbc45050c2c103733aec90d4635e28be271237f804cc10acbcae", kill_on_drop: false }`
[INFO] [stderr]    Compiling libc v0.2.71
[INFO] [stderr]    Compiling autocfg v1.0.0
[INFO] [stderr]    Compiling log v0.4.8
[INFO] [stderr]    Compiling proc-macro2 v1.0.18
[INFO] [stderr]    Compiling memchr v2.3.3
[INFO] [stderr]    Compiling pkg-config v0.3.17
[INFO] [stderr]    Compiling cc v1.0.57
[INFO] [stderr]    Compiling syn v1.0.33
[INFO] [stderr]     Checking bytes v0.5.5
[INFO] [stderr]     Checking futures-core v0.3.5
[INFO] [stderr]    Compiling pin-project-internal v0.4.22
[INFO] [stderr]    Compiling unicase v2.6.0
[INFO] [stderr]     Checking pin-project-lite v0.1.7
[INFO] [stderr]    Compiling openssl v0.10.30
[INFO] [stderr]     Checking once_cell v1.4.0
[INFO] [stderr]    Compiling native-tls v0.2.4
[INFO] [stderr]     Checking futures-sink v0.3.5
[INFO] [stderr]     Checking tinyvec v0.3.3
[INFO] [stderr]     Checking futures-io v0.3.5
[INFO] [stderr]     Checking futures-task v0.3.5
[INFO] [stderr]    Compiling serde v1.0.114
[INFO] [stderr]     Checking try-lock v0.2.2
[INFO] [stderr]     Checking openssl-probe v0.1.2
[INFO] [stderr]     Checking futures-channel v0.3.5
[INFO] [stderr]    Compiling encoding_rs v0.8.23
[INFO] [stderr]    Compiling gcc v0.3.55
[INFO] [stderr]     Checking http v0.2.1
[INFO] [stderr]    Compiling indexmap v1.4.0
[INFO] [stderr]     Checking unicode-normalization v0.1.13
[INFO] [stderr]     Checking dtoa v0.4.6
[INFO] [stderr]     Checking want v0.3.0
[INFO] [stderr]     Checking mime v0.3.16
[INFO] [stderr]     Checking rustc-serialize v0.3.24
[INFO] [stderr]     Checking textwrap v0.11.0
[INFO] [stderr]     Checking json v0.12.4
[INFO] [stderr]    Compiling mime_guess v2.0.3
[INFO] [stderr]     Checking yaml-rust v0.3.5
[INFO] [stderr]     Checking hex v0.4.2
[INFO] [stderr]    Compiling quote v1.0.7
[INFO] [stderr]     Checking clap v2.33.1
[INFO] [stderr]    Compiling rust-crypto v0.2.36
[INFO] [stderr]    Compiling openssl-sys v0.9.58
[INFO] [stderr]     Checking iovec v0.1.4
[INFO] [stderr]     Checking net2 v0.2.34
[INFO] [stderr]     Checking num_cpus v1.13.0
[INFO] [stderr]     Checking time v0.1.43
[INFO] [stderr]     Checking socket2 v0.3.12
[INFO] [stderr]     Checking idna v0.2.0
[INFO] [stderr]     Checking rand v0.4.6
[INFO] [stderr]     Checking mio v0.6.22
[INFO] [stderr]     Checking rpassword v4.0.5
[INFO] [stdout] error[E0512]: cannot transmute between types of different sizes, or dependently-sized types
[INFO] [stdout]    --> /opt/rustwide/cargo-home/registry/src/index.crates.io-6f17d22bba15001f/socket2-0.3.12/src/sockaddr.rs:176:9
[INFO] [stdout]     |
[INFO] [stdout] 176 |         mem::transmute::<SocketAddrV4, sockaddr_in>(v4);
[INFO] [stdout]     |         ^^^^^^^^^^^^^^^^^^^^^^^^^^^^^^^^^^^^^^^^^^^
[INFO] [stdout]     |
[INFO] [stdout]     = note: source type: `SocketAddrV4` (48 bits)
[INFO] [stdout]     = note: target type: `sockaddr_in` (128 bits)
[INFO] [stdout] 
[INFO] [stdout] 
[INFO] [stdout] error: aborting due to previous error
[INFO] [stdout] 
[INFO] [stdout] 
[INFO] [stdout] For more information about this error, try `rustc --explain E0512`.
[INFO] [stdout] 
[INFO] [stderr] error: could not compile `socket2` (lib) due to 2 previous errors
[INFO] [stderr] warning: build failed, waiting for other jobs to finish...
[INFO] running `Command { std: "docker" "inspect" "29a86c3be581fbc45050c2c103733aec90d4635e28be271237f804cc10acbcae", kill_on_drop: false }`
[INFO] running `Command { std: "docker" "rm" "-f" "29a86c3be581fbc45050c2c103733aec90d4635e28be271237f804cc10acbcae", kill_on_drop: false }`
[INFO] [stdout] 29a86c3be581fbc45050c2c103733aec90d4635e28be271237f804cc10acbcae
[INFO] documenting blih-0.1.4 against beta-2023-12-22 for beta-1.76-rustdoc-1
[INFO] extracting crate blih 0.1.4 into /workspace/builds/worker-4-tc2/source
[INFO] validating manifest of crates.io crate blih 0.1.4 on toolchain beta-2023-12-22
[INFO] running `Command { std: CARGO_HOME="/workspace/cargo-home" RUSTUP_HOME="/workspace/rustup-home" "/workspace/cargo-home/bin/cargo" "+beta-2023-12-22" "metadata" "--manifest-path" "Cargo.toml" "--no-deps", kill_on_drop: false }`
[INFO] started tweaking crates.io crate blih 0.1.4
[INFO] finished tweaking crates.io crate blih 0.1.4
[INFO] tweaked toml for crates.io crate blih 0.1.4 written to /workspace/builds/worker-4-tc2/source/Cargo.toml
[INFO] crate crates.io crate blih 0.1.4 already has a lockfile, it will not be regenerated
[INFO] running `Command { std: CARGO_HOME="/workspace/cargo-home" RUSTUP_HOME="/workspace/rustup-home" "/workspace/cargo-home/bin/cargo" "+beta-2023-12-22" "fetch" "--manifest-path" "Cargo.toml", kill_on_drop: false }`
[INFO] running `Command { std: "docker" "create" "-v" "/var/lib/crater-agent-workspace/builds/worker-4-tc2/target:/opt/rustwide/target:rw,Z" "-v" "/var/lib/crater-agent-workspace/builds/worker-4-tc2/source:/opt/rustwide/workdir:ro,Z" "-v" "/var/lib/crater-agent-workspace/cargo-home:/opt/rustwide/cargo-home:ro,Z" "-v" "/var/lib/crater-agent-workspace/rustup-home:/opt/rustwide/rustup-home:ro,Z" "-e" "SOURCE_DIR=/opt/rustwide/workdir" "-e" "CARGO_TARGET_DIR=/opt/rustwide/target" "-e" "CARGO_HOME=/opt/rustwide/cargo-home" "-e" "RUSTUP_HOME=/opt/rustwide/rustup-home" "-w" "/opt/rustwide/workdir" "-m" "1610612736" "--user" "0:0" "--network" "none" "ghcr.io/rust-lang/crates-build-env/linux@sha256:2788e3201cd34a07e3172128adcd8b3090168a8e3bcc40d7c032b9dda1df7d1c" "/opt/rustwide/cargo-home/bin/cargo" "+beta-2023-12-22" "metadata" "--no-deps" "--format-version=1", kill_on_drop: false }`
[INFO] [stdout] 48ade28e4366098db99ce77e16b164146e77d26b9322512dc4e4e8ee5feace62
[INFO] running `Command { std: "docker" "start" "-a" "48ade28e4366098db99ce77e16b164146e77d26b9322512dc4e4e8ee5feace62", kill_on_drop: false }`
[INFO] running `Command { std: "docker" "inspect" "48ade28e4366098db99ce77e16b164146e77d26b9322512dc4e4e8ee5feace62", kill_on_drop: false }`
[INFO] running `Command { std: "docker" "rm" "-f" "48ade28e4366098db99ce77e16b164146e77d26b9322512dc4e4e8ee5feace62", kill_on_drop: false }`
[INFO] [stdout] 48ade28e4366098db99ce77e16b164146e77d26b9322512dc4e4e8ee5feace62
[INFO] running `Command { std: "docker" "create" "-v" "/var/lib/crater-agent-workspace/builds/worker-4-tc2/target:/opt/rustwide/target:rw,Z" "-v" "/var/lib/crater-agent-workspace/builds/worker-4-tc2/source:/opt/rustwide/workdir:ro,Z" "-v" "/var/lib/crater-agent-workspace/cargo-home:/opt/rustwide/cargo-home:ro,Z" "-v" "/var/lib/crater-agent-workspace/rustup-home:/opt/rustwide/rustup-home:ro,Z" "-e" "SOURCE_DIR=/opt/rustwide/workdir" "-e" "CARGO_TARGET_DIR=/opt/rustwide/target" "-e" "CARGO_INCREMENTAL=0" "-e" "RUST_BACKTRACE=full" "-e" "RUSTFLAGS=--cap-lints=warn" "-e" "RUSTDOCFLAGS=--cap-lints=warn" "-e" "CARGO_HOME=/opt/rustwide/cargo-home" "-e" "RUSTUP_HOME=/opt/rustwide/rustup-home" "-w" "/opt/rustwide/workdir" "-m" "1610612736" "--user" "0:0" "--network" "none" "ghcr.io/rust-lang/crates-build-env/linux@sha256:2788e3201cd34a07e3172128adcd8b3090168a8e3bcc40d7c032b9dda1df7d1c" "/opt/rustwide/cargo-home/bin/cargo" "+beta-2023-12-22" "doc" "--frozen" "--no-deps" "--document-private-items" "--message-format=json", kill_on_drop: false }`
[INFO] [stdout] 38593742abb5c773d8d88186c4b9c172a0eea738de043631c945f2131f614595
[INFO] running `Command { std: "docker" "start" "-a" "38593742abb5c773d8d88186c4b9c172a0eea738de043631c945f2131f614595", kill_on_drop: false }`
[INFO] [stderr]    Compiling libc v0.2.71
[INFO] [stderr]    Compiling autocfg v1.0.0
[INFO] [stderr]    Compiling log v0.4.8
[INFO] [stderr]    Compiling proc-macro2 v1.0.18
[INFO] [stderr]    Compiling cc v1.0.57
[INFO] [stderr]    Compiling memchr v2.3.3
[INFO] [stderr]    Compiling pkg-config v0.3.17
[INFO] [stderr]    Compiling syn v1.0.33
[INFO] [stderr]     Checking futures-core v0.3.5
[INFO] [stderr]     Checking bytes v0.5.5
[INFO] [stderr]    Compiling pin-project-internal v0.4.22
[INFO] [stderr]     Checking pin-project-lite v0.1.7
[INFO] [stderr]    Compiling unicase v2.6.0
[INFO] [stderr]    Compiling openssl v0.10.30
[INFO] [stderr]     Checking once_cell v1.4.0
[INFO] [stderr]     Checking futures-io v0.3.5
[INFO] [stderr]     Checking futures-sink v0.3.5
[INFO] [stderr]    Compiling native-tls v0.2.4
[INFO] [stderr]     Checking tinyvec v0.3.3
[INFO] [stderr]    Compiling serde v1.0.114
[INFO] [stderr]     Checking futures-task v0.3.5
[INFO] [stderr]     Checking try-lock v0.2.2
[INFO] [stderr]     Checking openssl-probe v0.1.2
[INFO] [stderr]    Compiling indexmap v1.4.0
[INFO] [stderr]     Checking futures-channel v0.3.5
[INFO] [stderr]    Compiling encoding_rs v0.8.23
[INFO] [stderr]     Checking unicode-normalization v0.1.13
[INFO] [stderr]    Compiling gcc v0.3.55
[INFO] [stderr]     Checking http v0.2.1
[INFO] [stderr]     Checking mime v0.3.16
[INFO] [stderr]     Checking want v0.3.0
[INFO] [stderr]     Checking dtoa v0.4.6
[INFO] [stderr]     Checking rustc-serialize v0.3.24
[INFO] [stderr]     Checking textwrap v0.11.0
[INFO] [stderr]     Checking json v0.12.4
[INFO] [stderr]     Checking yaml-rust v0.3.5
[INFO] [stderr]    Compiling mime_guess v2.0.3
[INFO] [stderr]     Checking hex v0.4.2
[INFO] [stdout] error[E0310]: the parameter type `T` may not live long enough
[INFO] [stdout]     --> /opt/rustwide/cargo-home/registry/src/index.crates.io-6f17d22bba15001f/rustc-serialize-0.3.24/src/serialize.rs:1155:5
[INFO] [stdout]      |
[INFO] [stdout] 1155 |     fn decode<D: Decoder>(d: &mut D) -> Result<Cow<'static, T>, D::Error> {
[INFO] [stdout]      |     ^^^^^^^^^^^^^^^^^^^^^^^^^^^^^^^^^^^^^^^^^^^^^^^^^^^^^^^^^^^^^^^^^^^^^
[INFO] [stdout]      |     |
[INFO] [stdout]      |     the parameter type `T` must be valid for the static lifetime...
[INFO] [stdout]      |     ...so that the type `T` will meet its required lifetime bounds...
[INFO] [stdout]      |
[INFO] [stdout] note: ...that is required by this bound
[INFO] [stdout]     --> /rustc/0e09125c6c3c2fd70d7de961bcf0e51575235fad/library/alloc/src/borrow.rs:180:30
[INFO] [stdout] help: consider adding an explicit lifetime bound
[INFO] [stdout]      |
[INFO] [stdout] 1151 | impl<'a, T: ?Sized + 'static> Decodable for Cow<'a, T>
[INFO] [stdout]      |                    +++++++++
[INFO] [stdout] 
[INFO] [stdout] 
[INFO] [stderr]    Compiling openssl-sys v0.9.58
[INFO] [stderr]    Compiling quote v1.0.7
[INFO] [stderr]     Checking clap v2.33.1
[INFO] [stderr]     Checking iovec v0.1.4
[INFO] [stderr]     Checking net2 v0.2.34
[INFO] [stderr]     Checking num_cpus v1.13.0
[INFO] [stderr]     Checking time v0.1.43
[INFO] [stderr]     Checking socket2 v0.3.12
[INFO] [stderr]    Compiling rust-crypto v0.2.36
[INFO] [stderr]     Checking rand v0.4.6
[INFO] [stderr]     Checking rpassword v4.0.5
[INFO] [stdout] error[E0512]: cannot transmute between types of different sizes, or dependently-sized types
[INFO] [stdout]    --> /opt/rustwide/cargo-home/registry/src/index.crates.io-6f17d22bba15001f/socket2-0.3.12/src/sockaddr.rs:176:9
[INFO] [stdout]     |
[INFO] [stdout] 176 |         mem::transmute::<SocketAddrV4, sockaddr_in>(v4);
[INFO] [stdout]     |         ^^^^^^^^^^^^^^^^^^^^^^^^^^^^^^^^^^^^^^^^^^^
[INFO] [stdout]     |
[INFO] [stdout]     = note: source type: `SocketAddrV4` (48 bits)
[INFO] [stdout]     = note: target type: `sockaddr_in` (128 bits)
[INFO] [stdout] 
[INFO] [stdout] 
[INFO] [stderr]     Checking idna v0.2.0
[INFO] [stdout] error: aborting due to 1 previous error
[INFO] [stdout] 
[INFO] [stdout] 
[INFO] [stdout] For more information about this error, try `rustc --explain E0512`.
[INFO] [stdout] 
[INFO] [stderr] error: could not compile `socket2` (lib) due to 2 previous errors
[INFO] [stderr] warning: build failed, waiting for other jobs to finish...
[INFO] [stdout] error: aborting due to 1 previous error
[INFO] [stdout] 
[INFO] [stdout] 
[INFO] [stdout] For more information about this error, try `rustc --explain E0310`.
[INFO] [stdout] 
[INFO] [stderr] error: could not compile `rustc-serialize` (lib) due to 2 previous errors
[INFO] running `Command { std: "docker" "inspect" "38593742abb5c773d8d88186c4b9c172a0eea738de043631c945f2131f614595", kill_on_drop: false }`
[INFO] running `Command { std: "docker" "rm" "-f" "38593742abb5c773d8d88186c4b9c172a0eea738de043631c945f2131f614595", kill_on_drop: false }`
[INFO] [stdout] 38593742abb5c773d8d88186c4b9c172a0eea738de043631c945f2131f614595
