[INFO] fetching crate bitcoin-poly1305 0.1.16-alpha.0...
[INFO] documenting bitcoin-poly1305-0.1.16-alpha.0 against 1.75.0 for beta-1.76-rustdoc-1
[INFO] extracting crate bitcoin-poly1305 0.1.16-alpha.0 into /workspace/builds/worker-3-tc1/source
[INFO] validating manifest of crates.io crate bitcoin-poly1305 0.1.16-alpha.0 on toolchain 1.75.0
[INFO] running `Command { std: CARGO_HOME="/workspace/cargo-home" RUSTUP_HOME="/workspace/rustup-home" "/workspace/cargo-home/bin/cargo" "+1.75.0" "metadata" "--manifest-path" "Cargo.toml" "--no-deps", kill_on_drop: false }`
[INFO] started tweaking crates.io crate bitcoin-poly1305 0.1.16-alpha.0
[INFO] finished tweaking crates.io crate bitcoin-poly1305 0.1.16-alpha.0
[INFO] tweaked toml for crates.io crate bitcoin-poly1305 0.1.16-alpha.0 written to /workspace/builds/worker-3-tc1/source/Cargo.toml
[INFO] running `Command { std: CARGO_HOME="/workspace/cargo-home" RUSTUP_HOME="/workspace/rustup-home" "/workspace/cargo-home/bin/cargo" "+1.75.0" "generate-lockfile" "--manifest-path" "Cargo.toml", kill_on_drop: false }`
[INFO] [stderr]     Updating crates.io index
[INFO] running `Command { std: CARGO_HOME="/workspace/cargo-home" RUSTUP_HOME="/workspace/rustup-home" "/workspace/cargo-home/bin/cargo" "+1.75.0" "fetch" "--manifest-path" "Cargo.toml", kill_on_drop: false }`
[INFO] [stderr]     Blocking waiting for file lock on package cache
[INFO] running `Command { std: "docker" "create" "-v" "/var/lib/crater-agent-workspace/builds/worker-3-tc1/target:/opt/rustwide/target:rw,Z" "-v" "/var/lib/crater-agent-workspace/builds/worker-3-tc1/source:/opt/rustwide/workdir:ro,Z" "-v" "/var/lib/crater-agent-workspace/cargo-home:/opt/rustwide/cargo-home:ro,Z" "-v" "/var/lib/crater-agent-workspace/rustup-home:/opt/rustwide/rustup-home:ro,Z" "-e" "SOURCE_DIR=/opt/rustwide/workdir" "-e" "CARGO_TARGET_DIR=/opt/rustwide/target" "-e" "CARGO_HOME=/opt/rustwide/cargo-home" "-e" "RUSTUP_HOME=/opt/rustwide/rustup-home" "-w" "/opt/rustwide/workdir" "-m" "1610612736" "--user" "0:0" "--network" "none" "ghcr.io/rust-lang/crates-build-env/linux@sha256:2788e3201cd34a07e3172128adcd8b3090168a8e3bcc40d7c032b9dda1df7d1c" "/opt/rustwide/cargo-home/bin/cargo" "+1.75.0" "metadata" "--no-deps" "--format-version=1", kill_on_drop: false }`
[INFO] [stdout] d14bcec4be9c74c7094277de60adfdd3ba6e683b86ea5d84f444e0bb3fa40360
[INFO] running `Command { std: "docker" "start" "-a" "d14bcec4be9c74c7094277de60adfdd3ba6e683b86ea5d84f444e0bb3fa40360", kill_on_drop: false }`
[INFO] running `Command { std: "docker" "inspect" "d14bcec4be9c74c7094277de60adfdd3ba6e683b86ea5d84f444e0bb3fa40360", kill_on_drop: false }`
[INFO] running `Command { std: "docker" "rm" "-f" "d14bcec4be9c74c7094277de60adfdd3ba6e683b86ea5d84f444e0bb3fa40360", kill_on_drop: false }`
[INFO] [stdout] d14bcec4be9c74c7094277de60adfdd3ba6e683b86ea5d84f444e0bb3fa40360
[INFO] running `Command { std: "docker" "create" "-v" "/var/lib/crater-agent-workspace/builds/worker-3-tc1/target:/opt/rustwide/target:rw,Z" "-v" "/var/lib/crater-agent-workspace/builds/worker-3-tc1/source:/opt/rustwide/workdir:ro,Z" "-v" "/var/lib/crater-agent-workspace/cargo-home:/opt/rustwide/cargo-home:ro,Z" "-v" "/var/lib/crater-agent-workspace/rustup-home:/opt/rustwide/rustup-home:ro,Z" "-e" "SOURCE_DIR=/opt/rustwide/workdir" "-e" "CARGO_TARGET_DIR=/opt/rustwide/target" "-e" "CARGO_INCREMENTAL=0" "-e" "RUST_BACKTRACE=full" "-e" "RUSTFLAGS=--cap-lints=warn" "-e" "RUSTDOCFLAGS=--cap-lints=warn" "-e" "CARGO_HOME=/opt/rustwide/cargo-home" "-e" "RUSTUP_HOME=/opt/rustwide/rustup-home" "-w" "/opt/rustwide/workdir" "-m" "1610612736" "--user" "0:0" "--network" "none" "ghcr.io/rust-lang/crates-build-env/linux@sha256:2788e3201cd34a07e3172128adcd8b3090168a8e3bcc40d7c032b9dda1df7d1c" "/opt/rustwide/cargo-home/bin/cargo" "+1.75.0" "doc" "--frozen" "--no-deps" "--document-private-items" "--message-format=json", kill_on_drop: false }`
[INFO] [stdout] 24677458f6711ff09d362e331ac5927cba0011bae1b1f2d8c603ac72a24a72b0
[INFO] running `Command { std: "docker" "start" "-a" "24677458f6711ff09d362e331ac5927cba0011bae1b1f2d8c603ac72a24a72b0", kill_on_drop: false }`
[INFO] [stderr]    Compiling syn v1.0.109
[INFO] [stderr]    Compiling serde v1.0.195
[INFO] [stderr]    Compiling either v1.9.0
[INFO] [stderr]    Compiling termcolor v1.4.0
[INFO] [stderr]    Compiling ahash v0.7.7
[INFO] [stderr]    Compiling num-traits v0.2.17
[INFO] [stderr]    Compiling gimli v0.28.1
[INFO] [stderr]    Compiling adler v1.0.2
[INFO] [stderr]    Compiling object v0.32.2
[INFO] [stderr]    Compiling rustc-demangle v0.1.23
[INFO] [stderr]    Compiling getrandom v0.2.11
[INFO] [stderr]    Compiling atty v0.2.14
[INFO] [stderr]    Compiling regex v1.10.2
[INFO] [stderr]    Compiling backtrace v0.3.69
[INFO] [stderr]    Compiling syn v2.0.48
[INFO] [stderr]    Compiling miniz_oxide v0.7.1
[INFO] [stderr]    Compiling serde_json v1.0.111
[INFO] [stderr]    Compiling term v0.4.6
[INFO] [stderr]    Compiling semver-parser v0.7.0
[INFO] [stderr]    Compiling itertools v0.8.2
[INFO] [stderr]    Compiling semver v0.9.0
[INFO] [stderr]    Compiling pathdiff v0.1.0
[INFO] [stderr]    Compiling dunce v1.0.4
[INFO] [stderr]    Compiling term-painter v0.2.4
[INFO] [stderr]    Compiling shell-words v0.1.0
[INFO] [stderr]    Compiling glob v0.3.1
[INFO] [stderr]    Compiling quick-error v1.2.3
[INFO] [stderr]    Compiling humantime v1.3.0
[INFO] [stderr]    Compiling rustix v0.38.28
[INFO] [stderr]    Compiling sqlite3-src v0.2.12
[INFO] [stderr]    Compiling linux-raw-sys v0.4.12
[INFO] [stderr]    Compiling bitflags v2.4.1
[INFO] [stderr]    Compiling os_str_bytes v6.6.1
[INFO] [stderr]    Compiling hashbrown v0.12.3
[INFO] [stderr]    Compiling env_logger v0.7.1
[INFO] [stderr]    Compiling nom v7.1.3
[INFO] [stderr]    Compiling rand_core v0.6.4
[INFO] [stderr]    Compiling clang-sys v1.7.0
[INFO] [stderr]    Compiling home v0.5.9
[INFO] [stderr]    Compiling humantime v2.1.0
[INFO] [stderr]    Compiling textwrap v0.16.0
[INFO] [stderr]    Compiling clap_lex v0.2.4
[INFO] [stderr]    Compiling strsim v0.10.0
[INFO] [stderr]    Compiling bindgen v0.60.1
[INFO] [stderr]    Compiling rand_chacha v0.3.1
[INFO] [stderr]    Compiling env_logger v0.9.3
[INFO] [stderr]    Compiling num-bigint v0.4.4
[INFO] [stderr]    Compiling peeking_take_while v0.1.2
[INFO] [stderr]    Compiling lazycell v1.3.0
[INFO] [stderr]    Compiling shlex v1.2.0
[INFO] [stderr]    Compiling indexmap v1.9.3
[INFO] [stderr]    Compiling rand v0.8.5
[INFO] [stderr]    Compiling memoffset v0.6.5
[INFO] [stderr]    Compiling phf_shared v0.10.0
[INFO] [stderr]    Compiling libc-stdhandle v0.1.0
[INFO] [stderr]    Compiling clap v3.2.25
[INFO] [stderr]    Compiling priority-queue v1.3.2
[INFO] [stderr]    Compiling sqlite3-sys v0.12.0
[INFO] [stderr]    Compiling crossbeam-epoch v0.9.17
[INFO] [stderr]    Compiling openssl-sys v0.9.98
[INFO] [stderr]    Compiling cpp_core v0.6.0
[INFO] [stderr]    Compiling powerfmt v0.2.0
[INFO] [stderr]    Compiling smallvec v1.11.2
[INFO] [stderr]    Compiling crossbeam-channel v0.5.10
[INFO] [stderr]    Compiling crossbeam-queue v0.3.10
[INFO] [stderr]    Compiling crossbeam-deque v0.8.4
[INFO] [stderr]    Compiling parking_lot_core v0.9.9
[INFO] [stderr]    Compiling phf_generator v0.10.0
[INFO] [stderr]    Compiling raw-cpuid v10.7.0
[INFO] [stderr]    Compiling addr2line v0.21.0
[INFO] [stderr]    Compiling cexpr v0.6.0
[INFO] [stderr]    Compiling static_assertions v1.1.0
[INFO] [stderr]    Compiling num-integer v0.1.45
[INFO] [stderr]    Compiling num-complex v0.4.4
[INFO] [stderr]    Compiling indoc v1.0.9
[INFO] [stderr]    Compiling poison v0.1.0
[INFO] [stderr]    Compiling crossbeam v0.8.3
[INFO] [stderr]    Compiling shared-mutex v0.3.1
[INFO] [stderr]    Compiling parking_lot v0.12.1
[INFO] [stderr]    Compiling nix v0.24.3
[INFO] [stderr]    Compiling num-iter v0.1.43
[INFO] [stderr]    Compiling sqlite v0.25.3
[INFO] [stderr]    Compiling sqlite3 v0.24.0
[INFO] [stderr]    Compiling quanta v0.9.3
[INFO] [stderr]    Compiling pnet_sys v0.31.0
[INFO] [stderr]    Compiling fs2 v0.4.3
[INFO] [stderr]    Compiling errno v0.2.8
[INFO] [stderr]    Compiling socket2 v0.4.10
[INFO] [stderr]    Compiling atomic-take v1.1.0
[INFO] [stderr]    Compiling integer-encoding v3.0.4
[INFO] [stderr]    Compiling time-point v0.1.1
[INFO] [stderr]    Compiling bitset v0.1.2
[INFO] [stderr]    Compiling comparator v0.3.0
[INFO] [stderr]    Compiling atomic_float v0.1.0
[INFO] [stderr]    Compiling const-default v1.0.0
[INFO] [stderr]    Compiling winapi v0.2.8
[INFO] [stderr]    Compiling atomic v0.5.3
[INFO] [stderr]    Compiling float-ord v0.3.2
[INFO] [stderr]    Compiling multiset v0.0.5
[INFO] [stderr]    Compiling which v4.4.2
[INFO] [stderr]    Compiling cpp_common v0.5.9
[INFO] [stderr]    Compiling cpp_build v0.5.9
[INFO] [stderr]    Compiling num-rational v0.4.1
[INFO] [stderr]    Compiling num v0.4.1
[INFO] [stderr]    Compiling synstructure v0.12.6
[INFO] [stderr]    Compiling serde_derive v1.0.195
[INFO] [stderr]    Compiling qttypes v0.2.11
[INFO] [stderr]    Compiling cpp_macros v0.5.9
[INFO] [stderr]    Compiling qmetaobject v0.2.10
[INFO] [stderr]    Compiling thiserror-impl v1.0.56
[INFO] [stderr]    Compiling failure_derive v0.1.8
[INFO] [stderr]    Compiling qt_macros v0.1.1
[INFO] [stderr]    Compiling qmetaobject_impl v0.2.10
[INFO] [stderr]    Compiling phf_macros v0.10.0
[INFO] [stderr]    Compiling modular-bitfield-impl v0.11.2
[INFO] [stderr]    Compiling derivative v2.2.0
[INFO] [stderr]    Compiling try-catch v0.2.2
[INFO] [stderr]    Compiling delegate v0.7.0
[INFO] [stderr]    Compiling cpp v0.5.9
[INFO] [stderr]    Compiling failure v0.1.8
[INFO] [stderr]    Compiling thiserror v1.0.56
[INFO] [stderr]    Compiling phf v0.10.1
[INFO] [stderr]    Compiling modular-bitfield v0.11.2
[INFO] [stderr]    Compiling libevent-sys v0.2.6
[INFO] [stderr]     Checking deranged v0.3.11
[INFO] [stderr]     Checking serde-big-array v0.4.1
[INFO] [stderr]     Checking multimap v0.8.3
[INFO] [stderr]     Checking tinyvec v1.6.0
[INFO] [stderr]    Compiling bincode v1.3.3
[INFO] [stderr]    Compiling toml v0.4.10
[INFO] [stderr]     Checking time v0.3.31
[INFO] [stderr]    Compiling ritual_common v0.4.0
[INFO] [stderr]    Compiling ritual_build v0.4.0
[INFO] [stderr]    Compiling qt_ritual_common v0.4.0
[INFO] [stderr]    Compiling qt_ritual_build v0.5.0
[INFO] [stderr]    Compiling qt_core v0.5.0
[INFO] [stderr]    Compiling qt_gui v0.5.0
[INFO] [stderr]    Compiling libevent v0.1.0
[INFO] [stderr]     Checking bitcoin-imports v0.1.16-alpha.0
[INFO] [stdout] error[E0554]: `#![feature]` may not be used on the stable release channel
[INFO] [stdout]  --> /opt/rustwide/cargo-home/registry/src/index.crates.io-6f17d22bba15001f/bitcoin-imports-0.1.16-alpha.0/src/lib.rs:1:1
[INFO] [stdout]   |
[INFO] [stdout] 1 | #![feature(test)]
[INFO] [stdout]   | ^^^^^^^^^^^^^^^^^
[INFO] [stdout] 
[INFO] [stdout] 
[INFO] [stdout] error[E0554]: `#![feature]` may not be used on the stable release channel
[INFO] [stdout]  --> /opt/rustwide/cargo-home/registry/src/index.crates.io-6f17d22bba15001f/bitcoin-imports-0.1.16-alpha.0/src/lib.rs:2:1
[INFO] [stdout]   |
[INFO] [stdout] 2 | #![feature(generic_associated_types)]
[INFO] [stdout]   | ^^^^^^^^^^^^^^^^^^^^^^^^^^^^^^^^^^^^^ help: remove the attribute
[INFO] [stdout]   |
[INFO] [stdout]   = help: the feature `generic_associated_types` has been stable since `1.65.0` and no longer requires an attribute to enable
[INFO] [stdout] 
[INFO] [stdout] 
[INFO] [stdout] error[E0554]: `#![feature]` may not be used on the stable release channel
[INFO] [stdout]  --> /opt/rustwide/cargo-home/registry/src/index.crates.io-6f17d22bba15001f/bitcoin-imports-0.1.16-alpha.0/src/lib.rs:3:1
[INFO] [stdout]   |
[INFO] [stdout] 3 | #![feature(exact_size_is_empty)]
[INFO] [stdout]   | ^^^^^^^^^^^^^^^^^^^^^^^^^^^^^^^^
[INFO] [stdout] 
[INFO] [stdout] 
[INFO] [stdout] error[E0554]: `#![feature]` may not be used on the stable release channel
[INFO] [stdout]  --> /opt/rustwide/cargo-home/registry/src/index.crates.io-6f17d22bba15001f/bitcoin-imports-0.1.16-alpha.0/src/lib.rs:1:12
[INFO] [stdout]   |
[INFO] [stdout] 1 | #![feature(test)]
[INFO] [stdout]   |            ^^^^
[INFO] [stdout] 
[INFO] [stdout] 
[INFO] [stdout] error[E0554]: `#![feature]` may not be used on the stable release channel
[INFO] [stdout]  --> /opt/rustwide/cargo-home/registry/src/index.crates.io-6f17d22bba15001f/bitcoin-imports-0.1.16-alpha.0/src/lib.rs:3:12
[INFO] [stdout]   |
[INFO] [stdout] 3 | #![feature(exact_size_is_empty)]
[INFO] [stdout]   |            ^^^^^^^^^^^^^^^^^^^
[INFO] [stdout] 
[INFO] [stdout] 
[INFO] [stdout] error: aborting due to 5 previous errors
[INFO] [stdout] 
[INFO] [stdout] 
[INFO] [stdout] For more information about this error, try `rustc --explain E0554`.
[INFO] [stdout] 
[INFO] [stderr] error: could not compile `bitcoin-imports` (lib) due to 6 previous errors
[INFO] [stderr] warning: build failed, waiting for other jobs to finish...
[INFO] running `Command { std: "docker" "inspect" "24677458f6711ff09d362e331ac5927cba0011bae1b1f2d8c603ac72a24a72b0", kill_on_drop: false }`
[INFO] running `Command { std: "docker" "rm" "-f" "24677458f6711ff09d362e331ac5927cba0011bae1b1f2d8c603ac72a24a72b0", kill_on_drop: false }`
[INFO] [stdout] 24677458f6711ff09d362e331ac5927cba0011bae1b1f2d8c603ac72a24a72b0
[INFO] documenting bitcoin-poly1305-0.1.16-alpha.0 against beta-2023-12-22 for beta-1.76-rustdoc-1
[INFO] extracting crate bitcoin-poly1305 0.1.16-alpha.0 into /workspace/builds/worker-3-tc2/source
[INFO] validating manifest of crates.io crate bitcoin-poly1305 0.1.16-alpha.0 on toolchain beta-2023-12-22
[INFO] running `Command { std: CARGO_HOME="/workspace/cargo-home" RUSTUP_HOME="/workspace/rustup-home" "/workspace/cargo-home/bin/cargo" "+beta-2023-12-22" "metadata" "--manifest-path" "Cargo.toml" "--no-deps", kill_on_drop: false }`
[INFO] started tweaking crates.io crate bitcoin-poly1305 0.1.16-alpha.0
[INFO] finished tweaking crates.io crate bitcoin-poly1305 0.1.16-alpha.0
[INFO] tweaked toml for crates.io crate bitcoin-poly1305 0.1.16-alpha.0 written to /workspace/builds/worker-3-tc2/source/Cargo.toml
[INFO] running `Command { std: CARGO_HOME="/workspace/cargo-home" RUSTUP_HOME="/workspace/rustup-home" "/workspace/cargo-home/bin/cargo" "+beta-2023-12-22" "generate-lockfile" "--manifest-path" "Cargo.toml", kill_on_drop: false }`
[INFO] [stderr]     Updating crates.io index
[INFO] running `Command { std: CARGO_HOME="/workspace/cargo-home" RUSTUP_HOME="/workspace/rustup-home" "/workspace/cargo-home/bin/cargo" "+beta-2023-12-22" "fetch" "--manifest-path" "Cargo.toml", kill_on_drop: false }`
[INFO] running `Command { std: "docker" "create" "-v" "/var/lib/crater-agent-workspace/builds/worker-3-tc2/target:/opt/rustwide/target:rw,Z" "-v" "/var/lib/crater-agent-workspace/builds/worker-3-tc2/source:/opt/rustwide/workdir:ro,Z" "-v" "/var/lib/crater-agent-workspace/cargo-home:/opt/rustwide/cargo-home:ro,Z" "-v" "/var/lib/crater-agent-workspace/rustup-home:/opt/rustwide/rustup-home:ro,Z" "-e" "SOURCE_DIR=/opt/rustwide/workdir" "-e" "CARGO_TARGET_DIR=/opt/rustwide/target" "-e" "CARGO_HOME=/opt/rustwide/cargo-home" "-e" "RUSTUP_HOME=/opt/rustwide/rustup-home" "-w" "/opt/rustwide/workdir" "-m" "1610612736" "--user" "0:0" "--network" "none" "ghcr.io/rust-lang/crates-build-env/linux@sha256:2788e3201cd34a07e3172128adcd8b3090168a8e3bcc40d7c032b9dda1df7d1c" "/opt/rustwide/cargo-home/bin/cargo" "+beta-2023-12-22" "metadata" "--no-deps" "--format-version=1", kill_on_drop: false }`
[INFO] [stdout] be98f9bbb1f75abe37464cb35d6a3d67cdc6619a6d7a5ab9733de9bbb1cc7cc9
[INFO] running `Command { std: "docker" "start" "-a" "be98f9bbb1f75abe37464cb35d6a3d67cdc6619a6d7a5ab9733de9bbb1cc7cc9", kill_on_drop: false }`
[INFO] running `Command { std: "docker" "inspect" "be98f9bbb1f75abe37464cb35d6a3d67cdc6619a6d7a5ab9733de9bbb1cc7cc9", kill_on_drop: false }`
[INFO] running `Command { std: "docker" "rm" "-f" "be98f9bbb1f75abe37464cb35d6a3d67cdc6619a6d7a5ab9733de9bbb1cc7cc9", kill_on_drop: false }`
[INFO] [stdout] be98f9bbb1f75abe37464cb35d6a3d67cdc6619a6d7a5ab9733de9bbb1cc7cc9
[INFO] running `Command { std: "docker" "create" "-v" "/var/lib/crater-agent-workspace/builds/worker-3-tc2/target:/opt/rustwide/target:rw,Z" "-v" "/var/lib/crater-agent-workspace/builds/worker-3-tc2/source:/opt/rustwide/workdir:ro,Z" "-v" "/var/lib/crater-agent-workspace/cargo-home:/opt/rustwide/cargo-home:ro,Z" "-v" "/var/lib/crater-agent-workspace/rustup-home:/opt/rustwide/rustup-home:ro,Z" "-e" "SOURCE_DIR=/opt/rustwide/workdir" "-e" "CARGO_TARGET_DIR=/opt/rustwide/target" "-e" "CARGO_INCREMENTAL=0" "-e" "RUST_BACKTRACE=full" "-e" "RUSTFLAGS=--cap-lints=warn" "-e" "RUSTDOCFLAGS=--cap-lints=warn" "-e" "CARGO_HOME=/opt/rustwide/cargo-home" "-e" "RUSTUP_HOME=/opt/rustwide/rustup-home" "-w" "/opt/rustwide/workdir" "-m" "1610612736" "--user" "0:0" "--network" "none" "ghcr.io/rust-lang/crates-build-env/linux@sha256:2788e3201cd34a07e3172128adcd8b3090168a8e3bcc40d7c032b9dda1df7d1c" "/opt/rustwide/cargo-home/bin/cargo" "+beta-2023-12-22" "doc" "--frozen" "--no-deps" "--document-private-items" "--message-format=json", kill_on_drop: false }`
[INFO] [stdout] d728e2d51da68def1b606a9f55ef10060a85690a1820be24aff52609d34dfae5
[INFO] running `Command { std: "docker" "start" "-a" "d728e2d51da68def1b606a9f55ef10060a85690a1820be24aff52609d34dfae5", kill_on_drop: false }`
[INFO] [stderr]    Compiling syn v1.0.109
[INFO] [stderr]    Compiling serde v1.0.195
[INFO] [stderr]    Compiling either v1.9.0
[INFO] [stderr]    Compiling termcolor v1.4.0
[INFO] [stderr]    Compiling ahash v0.7.7
[INFO] [stderr]    Compiling num-traits v0.2.17
[INFO] [stderr]    Compiling gimli v0.28.1
[INFO] [stderr]    Compiling adler v1.0.2
[INFO] [stderr]    Compiling object v0.32.2
[INFO] [stderr]    Compiling rustc-demangle v0.1.23
[INFO] [stderr]    Compiling getrandom v0.2.11
[INFO] [stderr]    Compiling atty v0.2.14
[INFO] [stderr]    Compiling backtrace v0.3.69
[INFO] [stderr]    Compiling syn v2.0.48
[INFO] [stderr]    Compiling serde_json v1.0.111
[INFO] [stderr]    Compiling term v0.4.6
[INFO] [stderr]    Compiling semver-parser v0.7.0
[INFO] [stderr]    Compiling miniz_oxide v0.7.1
[INFO] [stderr]    Compiling shell-words v0.1.0
[INFO] [stderr]    Compiling itertools v0.8.2
[INFO] [stderr]    Compiling dunce v1.0.4
[INFO] [stderr]    Compiling pathdiff v0.1.0
[INFO] [stderr]    Compiling glob v0.3.1
[INFO] [stderr]    Compiling quick-error v1.2.3
[INFO] [stderr]    Compiling semver v0.9.0
[INFO] [stderr]    Compiling humantime v1.3.0
[INFO] [stderr]    Compiling rustix v0.38.28
[INFO] [stderr]    Compiling term-painter v0.2.4
[INFO] [stderr]    Compiling sqlite3-src v0.2.12
[INFO] [stderr]    Compiling linux-raw-sys v0.4.12
[INFO] [stderr]    Compiling hashbrown v0.12.3
[INFO] [stderr]    Compiling env_logger v0.7.1
[INFO] [stderr]    Compiling bitflags v2.4.1
[INFO] [stderr]    Compiling os_str_bytes v6.6.1
[INFO] [stderr]    Compiling clang-sys v1.7.0
[INFO] [stderr]    Compiling nom v7.1.3
[INFO] [stderr]    Compiling rand_core v0.6.4
[INFO] [stderr]    Compiling textwrap v0.16.0
[INFO] [stderr]    Compiling home v0.5.9
[INFO] [stderr]    Compiling strsim v0.10.0
[INFO] [stderr]    Compiling clap_lex v0.2.4
[INFO] [stderr]    Compiling bindgen v0.60.1
[INFO] [stderr]    Compiling humantime v2.1.0
[INFO] [stderr]    Compiling rand_chacha v0.3.1
[INFO] [stderr]    Compiling num-bigint v0.4.4
[INFO] [stderr]    Compiling lazycell v1.3.0
[INFO] [stderr]    Compiling env_logger v0.9.3
[INFO] [stderr]    Compiling shlex v1.2.0
[INFO] [stderr]    Compiling peeking_take_while v0.1.2
[INFO] [stderr]    Compiling rand v0.8.5
[INFO] [stderr]    Compiling memoffset v0.6.5
[INFO] [stderr]    Compiling phf_shared v0.10.0
[INFO] [stderr]    Compiling indexmap v1.9.3
[INFO] [stderr]    Compiling libc-stdhandle v0.1.0
[INFO] [stderr]    Compiling priority-queue v1.3.2
[INFO] [stderr]    Compiling sqlite3-sys v0.12.0
[INFO] [stderr]    Compiling clap v3.2.25
[INFO] [stderr]    Compiling crossbeam-epoch v0.9.17
[INFO] [stderr]    Compiling openssl-sys v0.9.98
[INFO] [stderr]    Compiling cpp_core v0.6.0
[INFO] [stderr]    Compiling powerfmt v0.2.0
[INFO] [stderr]    Compiling smallvec v1.11.2
[INFO] [stderr]    Compiling crossbeam-queue v0.3.10
[INFO] [stderr]    Compiling crossbeam-channel v0.5.10
[INFO] [stderr]    Compiling raw-cpuid v10.7.0
[INFO] [stderr]    Compiling phf_generator v0.10.0
[INFO] [stderr]    Compiling num-integer v0.1.45
[INFO] [stderr]    Compiling parking_lot_core v0.9.9
[INFO] [stderr]    Compiling crossbeam-deque v0.8.4
[INFO] [stderr]    Compiling num-complex v0.4.4
[INFO] [stderr]    Compiling poison v0.1.0
[INFO] [stderr]    Compiling indoc v1.0.9
[INFO] [stderr]    Compiling static_assertions v1.1.0
[INFO] [stderr]    Compiling crossbeam v0.8.3
[INFO] [stderr]    Compiling parking_lot v0.12.1
[INFO] [stderr]    Compiling shared-mutex v0.3.1
[INFO] [stderr]    Compiling which v4.4.2
[INFO] [stderr]    Compiling num-iter v0.1.43
[INFO] [stderr]    Compiling cexpr v0.6.0
[INFO] [stderr]    Compiling nix v0.24.3
[INFO] [stderr]    Compiling sqlite3 v0.24.0
[INFO] [stderr]    Compiling sqlite v0.25.3
[INFO] [stderr]    Compiling socket2 v0.4.10
[INFO] [stderr]    Compiling pnet_sys v0.31.0
[INFO] [stderr]    Compiling fs2 v0.4.3
[INFO] [stderr]    Compiling quanta v0.9.3
[INFO] [stderr]    Compiling addr2line v0.21.0
[INFO] [stderr]    Compiling errno v0.2.8
[INFO] [stderr]    Compiling winapi v0.2.8
[INFO] [stderr]    Compiling bitset v0.1.2
[INFO] [stderr]    Compiling comparator v0.3.0
[INFO] [stderr]    Compiling const-default v1.0.0
[INFO] [stderr]    Compiling integer-encoding v3.0.4
[INFO] [stderr]    Compiling atomic v0.5.3
[INFO] [stderr]    Compiling multiset v0.0.5
[INFO] [stderr]    Compiling float-ord v0.3.2
[INFO] [stderr]    Compiling atomic_float v0.1.0
[INFO] [stderr]    Compiling atomic-take v1.1.0
[INFO] [stderr]    Compiling time-point v0.1.1
[INFO] [stderr]    Compiling cpp_common v0.5.9
[INFO] [stderr]    Compiling num-rational v0.4.1
[INFO] [stderr]    Compiling cpp_build v0.5.9
[INFO] [stderr]    Compiling num v0.4.1
[INFO] [stderr]    Compiling synstructure v0.12.6
[INFO] [stderr]    Compiling serde_derive v1.0.195
[INFO] [stderr]    Compiling qttypes v0.2.11
[INFO] [stderr]    Compiling cpp_macros v0.5.9
[INFO] [stderr]    Compiling qmetaobject v0.2.10
[INFO] [stderr]    Compiling thiserror-impl v1.0.56
[INFO] [stderr]    Compiling failure_derive v0.1.8
[INFO] [stderr]    Compiling qt_macros v0.1.1
[INFO] [stderr]    Compiling modular-bitfield-impl v0.11.2
[INFO] [stderr]    Compiling phf_macros v0.10.0
[INFO] [stderr]    Compiling qmetaobject_impl v0.2.10
[INFO] [stderr]    Compiling try-catch v0.2.2
[INFO] [stderr]    Compiling delegate v0.7.0
[INFO] [stderr]    Compiling derivative v2.2.0
[INFO] [stderr]    Compiling thiserror v1.0.56
[INFO] [stderr]    Compiling cpp v0.5.9
[INFO] [stderr]    Compiling failure v0.1.8
[INFO] [stderr]    Compiling phf v0.10.1
[INFO] [stderr]    Compiling modular-bitfield v0.11.2
[INFO] [stderr]    Compiling libevent-sys v0.2.6
[INFO] [stderr]     Checking deranged v0.3.11
[INFO] [stderr]     Checking serde-big-array v0.4.1
[INFO] [stderr]     Checking tinyvec v1.6.0
[INFO] [stderr]     Checking multimap v0.8.3
[INFO] [stderr]    Compiling bincode v1.3.3
[INFO] [stderr]    Compiling toml v0.4.10
[INFO] [stderr]     Checking time v0.3.31
[INFO] [stderr]    Compiling ritual_common v0.4.0
[INFO] [stderr]    Compiling ritual_build v0.4.0
[INFO] [stderr]    Compiling qt_ritual_common v0.4.0
[INFO] [stderr]    Compiling qt_ritual_build v0.5.0
[INFO] [stderr]    Compiling qt_core v0.5.0
[INFO] [stderr]    Compiling qt_gui v0.5.0
[INFO] [stderr]    Compiling libevent v0.1.0
[INFO] [stderr]     Checking bitcoin-imports v0.1.16-alpha.0
[INFO] [stdout] error[E0554]: `#![feature]` may not be used on the beta release channel
[INFO] [stdout]  --> /opt/rustwide/cargo-home/registry/src/index.crates.io-6f17d22bba15001f/bitcoin-imports-0.1.16-alpha.0/src/lib.rs:1:1
[INFO] [stdout]   |
[INFO] [stdout] 1 | #![feature(test)]
[INFO] [stdout]   | ^^^^^^^^^^^^^^^^^
[INFO] [stdout] 
[INFO] [stdout] 
[INFO] [stdout] error[E0554]: `#![feature]` may not be used on the beta release channel
[INFO] [stdout]  --> /opt/rustwide/cargo-home/registry/src/index.crates.io-6f17d22bba15001f/bitcoin-imports-0.1.16-alpha.0/src/lib.rs:2:1
[INFO] [stdout]   |
[INFO] [stdout] 2 | #![feature(generic_associated_types)]
[INFO] [stdout]   | ^^^^^^^^^^^^^^^^^^^^^^^^^^^^^^^^^^^^^ help: remove the attribute
[INFO] [stdout]   |
[INFO] [stdout]   = help: the feature `generic_associated_types` has been stable since `1.65.0` and no longer requires an attribute to enable
[INFO] [stdout] 
[INFO] [stdout] 
[INFO] [stdout] error[E0554]: `#![feature]` may not be used on the beta release channel
[INFO] [stdout]  --> /opt/rustwide/cargo-home/registry/src/index.crates.io-6f17d22bba15001f/bitcoin-imports-0.1.16-alpha.0/src/lib.rs:3:1
[INFO] [stdout]   |
[INFO] [stdout] 3 | #![feature(exact_size_is_empty)]
[INFO] [stdout]   | ^^^^^^^^^^^^^^^^^^^^^^^^^^^^^^^^
[INFO] [stdout] 
[INFO] [stdout] 
[INFO] [stdout] error[E0554]: `#![feature]` may not be used on the beta release channel
[INFO] [stdout]  --> /opt/rustwide/cargo-home/registry/src/index.crates.io-6f17d22bba15001f/bitcoin-imports-0.1.16-alpha.0/src/lib.rs:1:12
[INFO] [stdout]   |
[INFO] [stdout] 1 | #![feature(test)]
[INFO] [stdout]   |            ^^^^
[INFO] [stdout] 
[INFO] [stdout] 
[INFO] [stdout] error[E0554]: `#![feature]` may not be used on the beta release channel
[INFO] [stdout]  --> /opt/rustwide/cargo-home/registry/src/index.crates.io-6f17d22bba15001f/bitcoin-imports-0.1.16-alpha.0/src/lib.rs:3:12
[INFO] [stdout]   |
[INFO] [stdout] 3 | #![feature(exact_size_is_empty)]
[INFO] [stdout]   |            ^^^^^^^^^^^^^^^^^^^
[INFO] [stdout] 
[INFO] [stdout] 
[INFO] [stdout] error: aborting due to 5 previous errors
[INFO] [stdout] 
[INFO] [stdout] 
[INFO] [stdout] For more information about this error, try `rustc --explain E0554`.
[INFO] [stdout] 
[INFO] [stderr] error: could not compile `bitcoin-imports` (lib) due to 6 previous errors
[INFO] [stderr] warning: build failed, waiting for other jobs to finish...
[INFO] running `Command { std: "docker" "inspect" "d728e2d51da68def1b606a9f55ef10060a85690a1820be24aff52609d34dfae5", kill_on_drop: false }`
[INFO] running `Command { std: "docker" "rm" "-f" "d728e2d51da68def1b606a9f55ef10060a85690a1820be24aff52609d34dfae5", kill_on_drop: false }`
[INFO] [stdout] d728e2d51da68def1b606a9f55ef10060a85690a1820be24aff52609d34dfae5
