[INFO] fetching crate bevy_tiled_prototype 0.2.5...
[INFO] documenting bevy_tiled_prototype-0.2.5 against 1.75.0 for beta-1.76-rustdoc-1
[INFO] extracting crate bevy_tiled_prototype 0.2.5 into /workspace/builds/worker-0-tc1/source
[INFO] validating manifest of crates.io crate bevy_tiled_prototype 0.2.5 on toolchain 1.75.0
[INFO] running `Command { std: CARGO_HOME="/workspace/cargo-home" RUSTUP_HOME="/workspace/rustup-home" "/workspace/cargo-home/bin/cargo" "+1.75.0" "metadata" "--manifest-path" "Cargo.toml" "--no-deps", kill_on_drop: false }`
[INFO] started tweaking crates.io crate bevy_tiled_prototype 0.2.5
[INFO] finished tweaking crates.io crate bevy_tiled_prototype 0.2.5
[INFO] tweaked toml for crates.io crate bevy_tiled_prototype 0.2.5 written to /workspace/builds/worker-0-tc1/source/Cargo.toml
[INFO] crate crates.io crate bevy_tiled_prototype 0.2.5 already has a lockfile, it will not be regenerated
[INFO] running `Command { std: CARGO_HOME="/workspace/cargo-home" RUSTUP_HOME="/workspace/rustup-home" "/workspace/cargo-home/bin/cargo" "+1.75.0" "fetch" "--manifest-path" "Cargo.toml", kill_on_drop: false }`
[INFO] [stderr]     Updating crates.io index
[INFO] [stderr]  Downloading crates ...
[INFO] [stderr]   Downloaded raw-window-handle v0.3.3
[INFO] [stderr]   Downloaded wasm-bindgen-backend v0.2.69
[INFO] [stderr]   Downloaded wasm-bindgen-macro-support v0.2.69
[INFO] [stderr]   Downloaded async-task v4.0.3
[INFO] [stderr]   Downloaded wasm-bindgen v0.2.69
[INFO] [stderr]   Downloaded fsevent v2.0.2
[INFO] [stderr]   Downloaded event-listener v2.5.1
[INFO] [stderr]   Downloaded ttf-parser v0.12.0
[INFO] [stderr]   Downloaded shaderc v0.7.2
[INFO] [stderr]   Downloaded gfx-auxil v0.8.0
[INFO] [stderr]   Downloaded wgpu-types v0.7.0
[INFO] [stderr]   Downloaded bevy_ui v0.5.0
[INFO] [stderr]   Downloaded futures-io v0.3.13
[INFO] [stderr]   Downloaded tracing v0.1.25
[INFO] [stderr]   Downloaded metal v0.21.0
[INFO] [stderr]   Downloaded naga v0.3.2
[INFO] [stderr]   Downloaded wgpu-core v0.7.1
[INFO] [stderr]   Downloaded shaderc-sys v0.7.2
[INFO] [stderr]   Downloaded wgpu v0.7.0
[INFO] [stderr]   Downloaded tracing-subscriber v0.2.17
[INFO] [stderr]   Downloaded mio v0.7.10
[INFO] [stderr]   Downloaded console_error_panic_hook v0.1.6
[INFO] [stderr]   Downloaded tracing-wasm v0.2.0
[INFO] [stderr]   Downloaded ron v0.6.4
[INFO] [stderr]   Downloaded bevy_asset v0.5.0
[INFO] [stderr]   Downloaded hexasphere v3.2.0
[INFO] [stderr]   Downloaded glam v0.13.0
[INFO] [stderr]   Downloaded erased-serde v0.3.13
[INFO] [stderr]   Downloaded serde_derive v1.0.124
[INFO] [stderr]   Downloaded rle-decode-fast v1.0.1
[INFO] [stderr]   Downloaded gpu-alloc v0.3.0
[INFO] [stderr]   Downloaded core-graphics v0.22.2
[INFO] [stderr]   Downloaded js-sys v0.3.46
[INFO] [stderr]   Downloaded wasm-bindgen-macro v0.2.69
[INFO] [stderr]   Downloaded owned_ttf_parser v0.12.0
[INFO] [stderr]   Downloaded ab_glyph v0.2.10
[INFO] [stderr]   Downloaded inotify v0.9.2
[INFO] [stderr]   Downloaded bevy-glsl-to-spirv v0.2.1
[INFO] [stderr]   Downloaded notify v5.0.0-pre.6
[INFO] [stderr]   Downloaded tiled v0.9.4
[INFO] [stderr]   Downloaded regex-automata v0.1.9
[INFO] [stderr]   Downloaded glow v0.7.2
[INFO] [stderr]   Downloaded gfx-backend-metal v0.7.0
[INFO] [stderr]   Downloaded ash v0.31.0
[INFO] [stderr]   Downloaded spirv_cross v0.23.1
[INFO] [stderr]   Downloaded web-sys v0.3.46
[INFO] [stderr]   Downloaded regex-syntax v0.6.23
[INFO] [stderr]   Downloaded bumpalo v3.6.1
[INFO] [stderr]   Downloaded regex v1.4.5
[INFO] [stderr]   Downloaded libc v0.2.89
[INFO] [stderr]   Downloaded gfx-backend-vulkan v0.7.0
[INFO] [stderr]   Downloaded ndk-sys v0.2.1
[INFO] [stderr]   Downloaded crossbeam-channel v0.5.0
[INFO] [stderr]   Downloaded gfx-hal v0.7.0
[INFO] [stderr]   Downloaded serde_json v1.0.64
[INFO] [stderr]   Downloaded sharded-slab v0.1.1
[INFO] [stderr]   Downloaded spirv-reflect v0.2.3
[INFO] [stderr]   Downloaded gfx-backend-dx11 v0.7.0
[INFO] [stderr]   Downloaded gfx-backend-dx12 v0.7.0
[INFO] [stderr]   Downloaded gfx-backend-gl v0.7.1
[INFO] [stderr]   Downloaded euclid v0.22.2
[INFO] [stderr]   Downloaded futures-lite v1.11.3
[INFO] [stderr]   Downloaded ahash v0.7.2
[INFO] [stderr]   Downloaded bevy_pbr v0.5.0
[INFO] [stderr]   Downloaded crossbeam-utils v0.8.3
[INFO] [stderr]   Downloaded slotmap v0.4.0
[INFO] [stderr]   Downloaded xml-rs v0.8.3
[INFO] [stderr]   Downloaded libflate v0.1.27
[INFO] [stderr]   Downloaded serde v1.0.124
[INFO] [stderr]   Downloaded indexmap v1.6.2
[INFO] [stderr]   Downloaded anyhow v1.0.38
[INFO] [stderr]   Downloaded bevy_render v0.5.0
[INFO] [stderr]   Downloaded guillotiere v0.6.0
[INFO] [stderr]   Downloaded rectangle-pack v0.3.0
[INFO] [stderr]   Downloaded bevy_wgpu v0.5.0
[INFO] [stderr]   Downloaded thunderdome v0.3.0
[INFO] [stderr]   Downloaded d3d12 v0.3.2
[INFO] [stderr]   Downloaded fastrand v1.4.0
[INFO] [stderr]   Downloaded khronos-egl v3.0.2
[INFO] [stderr]   Downloaded pin-project-lite v0.2.6
[INFO] [stderr]   Downloaded tracing-attributes v0.1.15
[INFO] [stderr]   Downloaded parking_lot_core v0.8.3
[INFO] [stderr]   Downloaded thiserror v1.0.24
[INFO] [stderr]   Downloaded spirv_headers v1.5.0
[INFO] [stderr]   Downloaded jobserver v0.1.21
[INFO] [stderr]   Downloaded walkdir v2.3.1
[INFO] [stderr]   Downloaded bytemuck v1.5.1
[INFO] [stderr]   Downloaded cmake v0.1.45
[INFO] [stderr]   Downloaded vec-arena v1.0.0
[INFO] [stderr]   Downloaded async-executor v1.4.0
[INFO] [stderr]   Downloaded bevy_sprite v0.5.0
[INFO] [stderr]   Downloaded bevy_text v0.5.0
[INFO] [stderr]   Downloaded anymap v0.12.1
[INFO] [stderr]   Downloaded gfx-backend-empty v0.7.0
[INFO] [stderr]   Downloaded storage-map v0.3.0
[INFO] [stderr]   Downloaded thread_local v1.1.3
[INFO] [stderr]   Downloaded futures-core v0.3.13
[INFO] [stderr]   Downloaded wasm-bindgen-futures v0.4.19
[INFO] [stderr]   Downloaded fixedbitset v0.4.0
[INFO] [stderr]   Downloaded tracing-serde v0.1.2
[INFO] [stderr]   Downloaded ab_glyph_rasterizer v0.1.4
[INFO] [stderr]   Downloaded filetime v0.2.14
[INFO] [stderr]   Downloaded fsevent-sys v3.0.2
[INFO] [stderr]   Downloaded wasm-bindgen-shared v0.2.69
[INFO] [stderr]   Downloaded crc32fast v1.2.1
[INFO] [stderr]   Downloaded thiserror-impl v1.0.24
[INFO] [stderr]   Downloaded gpu-descriptor v0.1.1
[INFO] [stderr]   Downloaded cache-padded v1.1.1
[INFO] [stderr]   Downloaded glyph_brush_layout v0.2.1
[INFO] running `Command { std: "docker" "create" "-v" "/var/lib/crater-agent-workspace/builds/worker-0-tc1/target:/opt/rustwide/target:rw,Z" "-v" "/var/lib/crater-agent-workspace/builds/worker-0-tc1/source:/opt/rustwide/workdir:ro,Z" "-v" "/var/lib/crater-agent-workspace/cargo-home:/opt/rustwide/cargo-home:ro,Z" "-v" "/var/lib/crater-agent-workspace/rustup-home:/opt/rustwide/rustup-home:ro,Z" "-e" "SOURCE_DIR=/opt/rustwide/workdir" "-e" "CARGO_TARGET_DIR=/opt/rustwide/target" "-e" "CARGO_HOME=/opt/rustwide/cargo-home" "-e" "RUSTUP_HOME=/opt/rustwide/rustup-home" "-w" "/opt/rustwide/workdir" "-m" "1610612736" "--user" "0:0" "--network" "none" "ghcr.io/rust-lang/crates-build-env/linux@sha256:2788e3201cd34a07e3172128adcd8b3090168a8e3bcc40d7c032b9dda1df7d1c" "/opt/rustwide/cargo-home/bin/cargo" "+1.75.0" "metadata" "--no-deps" "--format-version=1", kill_on_drop: false }`
[INFO] [stdout] 5123ea1265361d34085aaac4ac54efce02040b7b0d2235d9e665814e8c27ca8b
[INFO] running `Command { std: "docker" "start" "-a" "5123ea1265361d34085aaac4ac54efce02040b7b0d2235d9e665814e8c27ca8b", kill_on_drop: false }`
[INFO] running `Command { std: "docker" "inspect" "5123ea1265361d34085aaac4ac54efce02040b7b0d2235d9e665814e8c27ca8b", kill_on_drop: false }`
[INFO] running `Command { std: "docker" "rm" "-f" "5123ea1265361d34085aaac4ac54efce02040b7b0d2235d9e665814e8c27ca8b", kill_on_drop: false }`
[INFO] [stdout] 5123ea1265361d34085aaac4ac54efce02040b7b0d2235d9e665814e8c27ca8b
[INFO] running `Command { std: "docker" "create" "-v" "/var/lib/crater-agent-workspace/builds/worker-0-tc1/target:/opt/rustwide/target:rw,Z" "-v" "/var/lib/crater-agent-workspace/builds/worker-0-tc1/source:/opt/rustwide/workdir:ro,Z" "-v" "/var/lib/crater-agent-workspace/cargo-home:/opt/rustwide/cargo-home:ro,Z" "-v" "/var/lib/crater-agent-workspace/rustup-home:/opt/rustwide/rustup-home:ro,Z" "-e" "SOURCE_DIR=/opt/rustwide/workdir" "-e" "CARGO_TARGET_DIR=/opt/rustwide/target" "-e" "CARGO_INCREMENTAL=0" "-e" "RUST_BACKTRACE=full" "-e" "RUSTFLAGS=--cap-lints=warn" "-e" "RUSTDOCFLAGS=--cap-lints=warn" "-e" "CARGO_HOME=/opt/rustwide/cargo-home" "-e" "RUSTUP_HOME=/opt/rustwide/rustup-home" "-w" "/opt/rustwide/workdir" "-m" "1610612736" "--user" "0:0" "--network" "none" "ghcr.io/rust-lang/crates-build-env/linux@sha256:2788e3201cd34a07e3172128adcd8b3090168a8e3bcc40d7c032b9dda1df7d1c" "/opt/rustwide/cargo-home/bin/cargo" "+1.75.0" "doc" "--frozen" "--no-deps" "--document-private-items" "--message-format=json", kill_on_drop: false }`
[INFO] [stdout] 7f77f2ed3717144aacccf21a9a3384d873f7f979cc63d5ae4e439bd5bc2515ce
[INFO] running `Command { std: "docker" "start" "-a" "7f77f2ed3717144aacccf21a9a3384d873f7f979cc63d5ae4e439bd5bc2515ce", kill_on_drop: false }`
[INFO] [stderr]    Compiling libc v0.2.89
[INFO] [stderr]    Compiling proc-macro2 v1.0.24
[INFO] [stderr]    Compiling unicode-xid v0.2.1
[INFO] [stderr]    Compiling syn v1.0.65
[INFO] [stderr]    Compiling autocfg v1.0.1
[INFO] [stderr]    Compiling serde_derive v1.0.124
[INFO] [stderr]    Compiling serde v1.0.124
[INFO] [stderr]    Compiling bitflags v1.2.1
[INFO] [stderr]    Compiling getrandom v0.2.2
[INFO] [stderr]     Checking pin-project-lite v0.2.6
[INFO] [stderr]    Compiling log v0.4.14
[INFO] [stderr]    Compiling memchr v2.3.4
[INFO] [stderr]     Checking instant v0.1.9
[INFO] [stderr]     Checking tracing-core v0.1.17
[INFO] [stderr]     Checking fxhash v0.2.1
[INFO] [stderr]     Checking once_cell v1.7.2
[INFO] [stderr]     Checking lock_api v0.4.2
[INFO] [stderr]    Compiling version_check v0.9.3
[INFO] [stderr]     Checking cache-padded v1.1.1
[INFO] [stderr]     Checking futures-core v0.3.13
[INFO] [stderr]     Checking concurrent-queue v1.2.2
[INFO] [stderr]     Checking fastrand v1.4.0
[INFO] [stderr]     Checking futures-io v0.3.13
[INFO] [stderr]     Checking event-listener v2.5.1
[INFO] [stderr]     Checking vec-arena v1.0.0
[INFO] [stderr]     Checking async-task v4.0.3
[INFO] [stderr]     Checking ppv-lite86 v0.2.10
[INFO] [stderr]     Checking fixedbitset v0.4.0
[INFO] [stderr]    Compiling ryu v1.0.5
[INFO] [stderr]     Checking regex-syntax v0.6.23
[INFO] [stderr]    Compiling serde_json v1.0.64
[INFO] [stderr]     Checking itoa v0.4.7
[INFO] [stderr]    Compiling ahash v0.7.2
[INFO] [stderr]     Checking ahash v0.4.7
[INFO] [stderr]     Checking tracing-log v0.1.2
[INFO] [stderr]     Checking thread_local v1.1.3
[INFO] [stderr]     Checking async-channel v1.6.1
[INFO] [stderr]     Checking sharded-slab v0.1.1
[INFO] [stderr]    Compiling num-traits v0.2.14
[INFO] [stderr]    Compiling num-integer v0.1.44
[INFO] [stderr]    Compiling crossbeam-utils v0.8.3
[INFO] [stderr]    Compiling indexmap v1.6.2
[INFO] [stderr]     Checking adler32 v1.2.0
[INFO] [stderr]     Checking hashbrown v0.9.1
[INFO] [stderr]    Compiling crc32fast v1.2.1
[INFO] [stderr]     Checking futures-lite v1.11.3
[INFO] [stderr]     Checking aho-corasick v0.7.15
[INFO] [stderr]     Checking fixedbitset v0.2.0
[INFO] [stderr]    Compiling quote v1.0.9
[INFO] [stderr]    Compiling anyhow v1.0.38
[INFO] [stderr]     Checking bit-vec v0.6.3
[INFO] [stderr]     Checking walkdir v2.3.1
[INFO] [stderr]    Compiling jobserver v0.1.21
[INFO] [stderr]     Checking num_cpus v1.13.0
[INFO] [stderr]     Checking inotify-sys v0.1.5
[INFO] [stderr]     Checking raw-window-handle v0.3.3
[INFO] [stderr]     Checking inotify v0.9.2
[INFO] [stderr]     Checking filetime v0.2.14
[INFO] [stderr]     Checking mio v0.7.10
[INFO] [stderr]     Checking rand_core v0.6.2
[INFO] [stderr]    Compiling num-iter v0.1.42
[INFO] [stderr]    Compiling num-rational v0.3.2
[INFO] [stderr]     Checking anymap v0.12.1
[INFO] [stderr]    Compiling cc v1.0.67
[INFO] [stderr]     Checking bit-set v0.5.2
[INFO] [stderr]     Checking async-executor v1.4.0
[INFO] [stderr]     Checking miniz_oxide v0.3.7
[INFO] [stderr]     Checking rand_chacha v0.3.0
[INFO] [stderr]     Checking deflate v0.8.6
[INFO] [stderr]    Compiling bevy-glsl-to-spirv v0.2.1
[INFO] [stderr]     Checking libloading v0.6.7
[INFO] [stderr]     Checking petgraph v0.5.1
[INFO] [stderr]     Checking bevy_tasks v0.5.0
[INFO] [stderr]     Checking color_quant v1.1.0
[INFO] [stderr]     Checking bytemuck v1.5.1
[INFO] [stderr]    Compiling khronos-egl v3.0.2
[INFO] [stderr]     Checking ttf-parser v0.12.0
[INFO] [stderr]     Checking rand v0.8.3
[INFO] [stderr]     Checking spirv_headers v1.5.0
[INFO] [stderr]     Checking crossbeam-channel v0.5.0
[INFO] [stderr]     Checking arrayvec v0.5.2
[INFO] [stderr]    Compiling cfg_aliases v0.1.1
[INFO] [stderr]     Checking ash v0.31.0
[INFO] [stderr]     Checking regex-automata v0.1.9
[INFO] [stderr]     Checking regex v1.4.5
[INFO] [stderr]     Checking png v0.16.8
[INFO] [stderr]    Compiling wgpu-core v0.7.1
[INFO] [stderr]     Checking euclid v0.22.2
[INFO] [stderr]     Checking gpu-descriptor-types v0.1.1
[INFO] [stderr]     Checking chrono v0.4.19
[INFO] [stderr]     Checking gpu-alloc-types v0.2.0
[INFO] [stderr]     Checking notify v5.0.0-pre.6
[INFO] [stderr]     Checking matchers v0.0.1
[INFO] [stderr]    Compiling libm v0.1.4
[INFO] [stderr]     Checking image v0.23.14
[INFO] [stderr]     Checking inplace_it v0.3.3
[INFO] [stderr]     Checking glow v0.7.2
[INFO] [stderr]     Checking ab_glyph_rasterizer v0.1.4
[INFO] [stderr]     Checking svg_fmt v0.4.1
[INFO] [stderr]     Checking approx v0.4.0
[INFO] [stderr]    Compiling spirv-reflect v0.2.3
[INFO] [stderr]    Compiling spirv_cross v0.23.1
[INFO] [stderr]     Checking wgpu-types v0.7.0
[INFO] [stderr]     Checking xi-unicode v0.3.0
[INFO] [stderr]     Checking rectangle-pack v0.3.0
[INFO] [stderr]     Checking guillotiere v0.6.0
[INFO] [stderr]     Checking winit v0.24.0
[INFO] [stderr]     Checking rle-decode-fast v1.0.1
[INFO] [stdout] error: Please select a feature to build for unix: `x11`, `wayland`
[INFO] [stdout]   --> /opt/rustwide/cargo-home/registry/src/index.crates.io-6f17d22bba15001f/winit-0.24.0/src/platform_impl/linux/mod.rs:10:1
[INFO] [stdout]    |
[INFO] [stdout] 10 | compile_error!("Please select a feature to build for unix: `x11`, `wayland`");
[INFO] [stdout]    | ^^^^^^^^^^^^^^^^^^^^^^^^^^^^^^^^^^^^^^^^^^^^^^^^^^^^^^^^^^^^^^^^^^^^^^^^^^^^^
[INFO] [stdout] 
[INFO] [stdout] 
[INFO] [stderr]     Checking take_mut v0.2.2
[INFO] [stderr]     Checking base64 v0.10.1
[INFO] [stderr]     Checking xml-rs v0.8.3
[INFO] [stdout] error[E0392]: parameter `T` is never used
[INFO] [stdout]   --> /opt/rustwide/cargo-home/registry/src/index.crates.io-6f17d22bba15001f/winit-0.24.0/src/event_loop.rs:32:22
[INFO] [stdout]    |
[INFO] [stdout] 32 | pub struct EventLoop<T: 'static> {
[INFO] [stdout]    |                      ^ unused parameter
[INFO] [stdout]    |
[INFO] [stdout]    = help: consider removing `T`, referring to it in a field, or using a marker such as `PhantomData`
[INFO] [stdout] 
[INFO] [stdout] 
[INFO] [stdout] error[E0392]: parameter `T` is never used
[INFO] [stdout]   --> /opt/rustwide/cargo-home/registry/src/index.crates.io-6f17d22bba15001f/winit-0.24.0/src/event_loop.rs:43:34
[INFO] [stdout]    |
[INFO] [stdout] 43 | pub struct EventLoopWindowTarget<T: 'static> {
[INFO] [stdout]    |                                  ^ unused parameter
[INFO] [stdout]    |
[INFO] [stdout]    = help: consider removing `T`, referring to it in a field, or using a marker such as `PhantomData`
[INFO] [stdout] 
[INFO] [stdout] 
[INFO] [stdout] error[E0392]: parameter `T` is never used
[INFO] [stdout]    --> /opt/rustwide/cargo-home/registry/src/index.crates.io-6f17d22bba15001f/winit-0.24.0/src/event_loop.rs:196:27
[INFO] [stdout]     |
[INFO] [stdout] 196 | pub struct EventLoopProxy<T: 'static> {
[INFO] [stdout]     |                           ^ unused parameter
[INFO] [stdout]     |
[INFO] [stdout]     = help: consider removing `T`, referring to it in a field, or using a marker such as `PhantomData`
[INFO] [stdout] 
[INFO] [stdout] 
[INFO] [stdout] error[E0392]: parameter `T` is never used
[INFO] [stdout]    --> /opt/rustwide/cargo-home/registry/src/index.crates.io-6f17d22bba15001f/winit-0.24.0/src/platform_impl/linux/mod.rs:532:20
[INFO] [stdout]     |
[INFO] [stdout] 532 | pub enum EventLoop<T: 'static> {
[INFO] [stdout]     |                    ^ unused parameter
[INFO] [stdout]     |
[INFO] [stdout]     = help: consider removing `T`, referring to it in a field, or using a marker such as `PhantomData`
[INFO] [stdout] 
[INFO] [stdout] 
[INFO] [stdout] error[E0392]: parameter `T` is never used
[INFO] [stdout]    --> /opt/rustwide/cargo-home/registry/src/index.crates.io-6f17d22bba15001f/winit-0.24.0/src/platform_impl/linux/mod.rs:539:25
[INFO] [stdout]     |
[INFO] [stdout] 539 | pub enum EventLoopProxy<T: 'static> {
[INFO] [stdout]     |                         ^ unused parameter
[INFO] [stdout]     |
[INFO] [stdout]     = help: consider removing `T`, referring to it in a field, or using a marker such as `PhantomData`
[INFO] [stdout] 
[INFO] [stdout] 
[INFO] [stdout] error[E0392]: parameter `T` is never used
[INFO] [stdout]    --> /opt/rustwide/cargo-home/registry/src/index.crates.io-6f17d22bba15001f/winit-0.24.0/src/platform_impl/linux/mod.rs:666:32
[INFO] [stdout]     |
[INFO] [stdout] 666 | pub enum EventLoopWindowTarget<T> {
[INFO] [stdout]     |                                ^ unused parameter
[INFO] [stdout]     |
[INFO] [stdout]     = help: consider removing `T`, referring to it in a field, or using a marker such as `PhantomData`
[INFO] [stdout]     = help: if you intended `T` to be a const parameter, use `const T: usize` instead
[INFO] [stdout] 
[INFO] [stdout] 
[INFO] [stdout] error[E0282]: type annotations needed
[INFO] [stdout]    --> /opt/rustwide/cargo-home/registry/src/index.crates.io-6f17d22bba15001f/winit-0.24.0/src/event_loop.rs:176:9
[INFO] [stdout]     |
[INFO] [stdout] 176 |         self.p
[INFO] [stdout]     |         ^^^^^^ cannot infer type for type parameter `T`
[INFO] [stdout] 
[INFO] [stdout] 
[INFO] [stderr]     Checking libflate v0.1.27
[INFO] [stdout] error[E0282]: type annotations needed
[INFO] [stdout]    --> /opt/rustwide/cargo-home/registry/src/index.crates.io-6f17d22bba15001f/winit-0.24.0/src/event_loop.rs:133:9
[INFO] [stdout]     |
[INFO] [stdout] 133 | /         EventLoop {
[INFO] [stdout] 134 | |             event_loop: platform_impl::EventLoop::new(),
[INFO] [stdout] 135 | |             _marker: ::std::marker::PhantomData,
[INFO] [stdout] 136 | |         }
[INFO] [stdout]     | |_________^ cannot infer type of the type parameter `T` declared on the struct `EventLoop`
[INFO] [stdout]     |
[INFO] [stdout] help: consider specifying the generic argument
[INFO] [stdout]     |
[INFO] [stdout] 133 |         EventLoop::<T> {
[INFO] [stdout]     |                  +++++
[INFO] [stdout] 
[INFO] [stdout] 
[INFO] [stdout] error[E0282]: type annotations needed
[INFO] [stdout]    --> /opt/rustwide/cargo-home/registry/src/index.crates.io-6f17d22bba15001f/winit-0.24.0/src/event_loop.rs:159:9
[INFO] [stdout]     |
[INFO] [stdout] 159 | /         EventLoopProxy {
[INFO] [stdout] 160 | |             event_loop_proxy: self.event_loop.create_proxy(),
[INFO] [stdout] 161 | |         }
[INFO] [stdout]     | |_________^ cannot infer type of the type parameter `T` declared on the struct `EventLoopProxy`
[INFO] [stdout]     |
[INFO] [stdout] help: consider specifying the generic argument
[INFO] [stdout]     |
[INFO] [stdout] 159 |         EventLoopProxy::<T> {
[INFO] [stdout]     |                       +++++
[INFO] [stdout] 
[INFO] [stdout] 
[INFO] [stdout] error[E0282]: type annotations needed
[INFO] [stdout]    --> /opt/rustwide/cargo-home/registry/src/index.crates.io-6f17d22bba15001f/winit-0.24.0/src/event_loop.rs:168:9
[INFO] [stdout]     |
[INFO] [stdout] 168 |         self.event_loop.window_target()
[INFO] [stdout]     |         ^^^^^^^^^^^^^^^ cannot infer type for type parameter `T`
[INFO] [stdout] 
[INFO] [stdout] 
[INFO] [stdout] error[E0282]: type annotations needed
[INFO] [stdout]    --> /opt/rustwide/cargo-home/registry/src/index.crates.io-6f17d22bba15001f/winit-0.24.0/src/event_loop.rs:191:9
[INFO] [stdout]     |
[INFO] [stdout] 191 |         self.p.primary_monitor()
[INFO] [stdout]     |         ^^^^^^ cannot infer type for type parameter `T`
[INFO] [stdout] 
[INFO] [stdout] 
[INFO] [stdout] error[E0308]: mismatched types
[INFO] [stdout]    --> /opt/rustwide/cargo-home/registry/src/index.crates.io-6f17d22bba15001f/winit-0.24.0/src/platform_impl/linux/mod.rs:144:30
[INFO] [stdout]     |
[INFO] [stdout] 144 |     pub unsafe fn dummy() -> Self {
[INFO] [stdout]     |                   -----      ^^^^ expected `WindowId`, found `()`
[INFO] [stdout]     |                   |
[INFO] [stdout]     |                   implicitly returns `()` as its body has no tail or `return` expression
[INFO] [stdout] 
[INFO] [stdout] 
[INFO] [stdout] error[E0308]: mismatched types
[INFO] [stdout]    --> /opt/rustwide/cargo-home/registry/src/index.crates.io-6f17d22bba15001f/winit-0.24.0/src/platform_impl/linux/mod.rs:161:30
[INFO] [stdout]     |
[INFO] [stdout] 161 |     pub unsafe fn dummy() -> Self {
[INFO] [stdout]     |                   -----      ^^^^ expected `DeviceId`, found `()`
[INFO] [stdout]     |                   |
[INFO] [stdout]     |                   implicitly returns `()` as its body has no tail or `return` expression
[INFO] [stdout] 
[INFO] [stdout] 
[INFO] [stdout] error[E0282]: type annotations needed
[INFO] [stdout]    --> /opt/rustwide/cargo-home/registry/src/index.crates.io-6f17d22bba15001f/winit-0.24.0/src/platform_impl/linux/mod.rs:556:9
[INFO] [stdout]     |
[INFO] [stdout] 556 |         EventLoop::new_any_thread()
[INFO] [stdout]     |         ^^^^^^^^^^^^^^^^^^^^^^^^^ cannot infer type of the type parameter `T` declared on the enum `EventLoop`
[INFO] [stdout]     |
[INFO] [stdout] help: consider specifying the generic argument
[INFO] [stdout]     |
[INFO] [stdout] 556 |         EventLoop::<T>::new_any_thread()
[INFO] [stdout]     |                  +++++
[INFO] [stdout] 
[INFO] [stdout] 
[INFO] [stdout] error[E0282]: type annotations needed
[INFO] [stdout]    --> /opt/rustwide/cargo-home/registry/src/index.crates.io-6f17d22bba15001f/winit-0.24.0/src/window.rs:333:9
[INFO] [stdout]     |
[INFO] [stdout] 333 |         platform_impl::Window::new(&window_target.p, self.window, self.platform_specific).map(
[INFO] [stdout]     |         ^^^^^^^^^^^^^^^^^^^^^^^^^^ cannot infer type of the type parameter `T` declared on the associated function `new`
[INFO] [stdout]     |
[INFO] [stdout] help: consider specifying the generic argument
[INFO] [stdout]     |
[INFO] [stdout] 333 |         platform_impl::Window::new::<T>(&window_target.p, self.window, self.platform_specific).map(
[INFO] [stdout]     |                                   +++++
[INFO] [stdout] 
[INFO] [stdout] 
[INFO] [stdout] error[E0282]: type annotations needed
[INFO] [stdout]    --> /opt/rustwide/cargo-home/registry/src/index.crates.io-6f17d22bba15001f/winit-0.24.0/src/window.rs:359:17
[INFO] [stdout]     |
[INFO] [stdout] 359 |         builder.build(event_loop)
[INFO] [stdout]     |                 ^^^^^ cannot infer type of the type parameter `T` declared on the method `build`
[INFO] [stdout]     |
[INFO] [stdout] help: consider specifying the generic argument
[INFO] [stdout]     |
[INFO] [stdout] 359 |         builder.build::<T>(event_loop)
[INFO] [stdout]     |                      +++++
[INFO] [stdout] 
[INFO] [stdout] 
[INFO] [stdout] error[E0282]: type annotations needed
[INFO] [stdout]    --> /opt/rustwide/cargo-home/registry/src/index.crates.io-6f17d22bba15001f/winit-0.24.0/src/platform/unix.rs:148:5
[INFO] [stdout]     |
[INFO] [stdout] 148 | /     EventLoop {
[INFO] [stdout] 149 | |         event_loop,
[INFO] [stdout] 150 | |         _marker: std::marker::PhantomData,
[INFO] [stdout] 151 | |     }
[INFO] [stdout]     | |_____^ cannot infer type of the type parameter `T` declared on the struct `EventLoop`
[INFO] [stdout]     |
[INFO] [stdout] help: consider specifying the generic argument
[INFO] [stdout]     |
[INFO] [stdout] 148 |     EventLoop::<T> {
[INFO] [stdout]     |              +++++
[INFO] [stdout] 
[INFO] [stdout] 
[INFO] [stdout] error[E0282]: type annotations needed
[INFO] [stdout]    --> /opt/rustwide/cargo-home/registry/src/index.crates.io-6f17d22bba15001f/winit-0.24.0/src/platform/unix.rs:157:9
[INFO] [stdout]     |
[INFO] [stdout] 157 |         wrap_ev(LinuxEventLoop::new_any_thread())
[INFO] [stdout]     |         ^^^^^^^ cannot infer type of the type parameter `T` declared on the function `wrap_ev`
[INFO] [stdout]     |
[INFO] [stdout] help: consider specifying the generic argument
[INFO] [stdout]     |
[INFO] [stdout] 157 |         wrap_ev::<T>(LinuxEventLoop::new_any_thread())
[INFO] [stdout]     |                +++++
[INFO] [stdout] 
[INFO] [stdout] 
[INFO] [stdout] error: aborting due to 19 previous errors
[INFO] [stdout] 
[INFO] [stdout] 
[INFO] [stdout] Some errors have detailed explanations: E0282, E0308, E0392.
[INFO] [stdout] 
[INFO] [stdout] For more information about an error, try `rustc --explain E0282`.
[INFO] [stdout] 
[INFO] [stderr] error: could not compile `winit` (lib) due to 20 previous errors
[INFO] [stderr] warning: build failed, waiting for other jobs to finish...
[INFO] [stderr] error: could not compile `ash` (lib)
[INFO] [stderr] 
[INFO] [stderr] Caused by:
[INFO] [stderr]   process didn't exit successfully: `/opt/rustwide/rustup-home/toolchains/1.75.0-x86_64-unknown-linux-gnu/bin/rustc --crate-name ash --edition=2018 /opt/rustwide/cargo-home/registry/src/index.crates.io-6f17d22bba15001f/ash-0.31.0/src/lib.rs --error-format=json --json=diagnostic-rendered-ansi,artifacts,future-incompat --crate-type lib --emit=dep-info,metadata -C embed-bitcode=no -C debuginfo=2 --cfg 'feature="default"' --cfg 'feature="libloading"' -C metadata=ed9413a72f598a23 -C extra-filename=-ed9413a72f598a23 --out-dir /opt/rustwide/target/debug/deps -L dependency=/opt/rustwide/target/debug/deps --extern libloading=/opt/rustwide/target/debug/deps/liblibloading-0bacd5606ca2f2bb.rmeta --cap-lints allow --cap-lints=warn` (signal: 9, SIGKILL: kill)
[INFO] [stderr] error: could not compile `syn` (lib)
[INFO] [stderr] 
[INFO] [stderr] Caused by:
[INFO] [stderr]   process didn't exit successfully: `/opt/rustwide/rustup-home/toolchains/1.75.0-x86_64-unknown-linux-gnu/bin/rustc --crate-name syn --edition=2018 /opt/rustwide/cargo-home/registry/src/index.crates.io-6f17d22bba15001f/syn-1.0.65/src/lib.rs --error-format=json --json=diagnostic-rendered-ansi,artifacts,future-incompat --crate-type lib --emit=dep-info,metadata,link -C embed-bitcode=no --cfg 'feature="clone-impls"' --cfg 'feature="default"' --cfg 'feature="derive"' --cfg 'feature="extra-traits"' --cfg 'feature="full"' --cfg 'feature="parsing"' --cfg 'feature="printing"' --cfg 'feature="proc-macro"' --cfg 'feature="quote"' --cfg 'feature="visit"' --cfg 'feature="visit-mut"' -C metadata=d9f790675111730d -C extra-filename=-d9f790675111730d --out-dir /opt/rustwide/target/debug/deps -L dependency=/opt/rustwide/target/debug/deps --extern proc_macro2=/opt/rustwide/target/debug/deps/libproc_macro2-f9978c0dfe462258.rmeta --extern quote=/opt/rustwide/target/debug/deps/libquote-3ae71f645b732643.rmeta --extern unicode_xid=/opt/rustwide/target/debug/deps/libunicode_xid-8b1902d8f4db6927.rmeta --cap-lints allow --cap-lints=warn --cfg syn_disable_nightly_tests` (signal: 9, SIGKILL: kill)
[INFO] running `Command { std: "docker" "inspect" "7f77f2ed3717144aacccf21a9a3384d873f7f979cc63d5ae4e439bd5bc2515ce", kill_on_drop: false }`
[INFO] running `Command { std: "docker" "rm" "-f" "7f77f2ed3717144aacccf21a9a3384d873f7f979cc63d5ae4e439bd5bc2515ce", kill_on_drop: false }`
[INFO] [stdout] 7f77f2ed3717144aacccf21a9a3384d873f7f979cc63d5ae4e439bd5bc2515ce
[INFO] documenting bevy_tiled_prototype-0.2.5 against beta-2023-12-22 for beta-1.76-rustdoc-1
[INFO] extracting crate bevy_tiled_prototype 0.2.5 into /workspace/builds/worker-0-tc2/source
[INFO] validating manifest of crates.io crate bevy_tiled_prototype 0.2.5 on toolchain beta-2023-12-22
[INFO] running `Command { std: CARGO_HOME="/workspace/cargo-home" RUSTUP_HOME="/workspace/rustup-home" "/workspace/cargo-home/bin/cargo" "+beta-2023-12-22" "metadata" "--manifest-path" "Cargo.toml" "--no-deps", kill_on_drop: false }`
[INFO] started tweaking crates.io crate bevy_tiled_prototype 0.2.5
[INFO] finished tweaking crates.io crate bevy_tiled_prototype 0.2.5
[INFO] tweaked toml for crates.io crate bevy_tiled_prototype 0.2.5 written to /workspace/builds/worker-0-tc2/source/Cargo.toml
[INFO] crate crates.io crate bevy_tiled_prototype 0.2.5 already has a lockfile, it will not be regenerated
[INFO] running `Command { std: CARGO_HOME="/workspace/cargo-home" RUSTUP_HOME="/workspace/rustup-home" "/workspace/cargo-home/bin/cargo" "+beta-2023-12-22" "fetch" "--manifest-path" "Cargo.toml", kill_on_drop: false }`
[INFO] running `Command { std: "docker" "create" "-v" "/var/lib/crater-agent-workspace/builds/worker-0-tc2/target:/opt/rustwide/target:rw,Z" "-v" "/var/lib/crater-agent-workspace/builds/worker-0-tc2/source:/opt/rustwide/workdir:ro,Z" "-v" "/var/lib/crater-agent-workspace/cargo-home:/opt/rustwide/cargo-home:ro,Z" "-v" "/var/lib/crater-agent-workspace/rustup-home:/opt/rustwide/rustup-home:ro,Z" "-e" "SOURCE_DIR=/opt/rustwide/workdir" "-e" "CARGO_TARGET_DIR=/opt/rustwide/target" "-e" "CARGO_HOME=/opt/rustwide/cargo-home" "-e" "RUSTUP_HOME=/opt/rustwide/rustup-home" "-w" "/opt/rustwide/workdir" "-m" "1610612736" "--user" "0:0" "--network" "none" "ghcr.io/rust-lang/crates-build-env/linux@sha256:2788e3201cd34a07e3172128adcd8b3090168a8e3bcc40d7c032b9dda1df7d1c" "/opt/rustwide/cargo-home/bin/cargo" "+beta-2023-12-22" "metadata" "--no-deps" "--format-version=1", kill_on_drop: false }`
[INFO] [stdout] 051547605df8142b1ffa45064ab8fa6c6c5b4bbefb07f6222cb1ce9e4d852053
[INFO] running `Command { std: "docker" "start" "-a" "051547605df8142b1ffa45064ab8fa6c6c5b4bbefb07f6222cb1ce9e4d852053", kill_on_drop: false }`
[INFO] running `Command { std: "docker" "inspect" "051547605df8142b1ffa45064ab8fa6c6c5b4bbefb07f6222cb1ce9e4d852053", kill_on_drop: false }`
[INFO] running `Command { std: "docker" "rm" "-f" "051547605df8142b1ffa45064ab8fa6c6c5b4bbefb07f6222cb1ce9e4d852053", kill_on_drop: false }`
[INFO] [stdout] 051547605df8142b1ffa45064ab8fa6c6c5b4bbefb07f6222cb1ce9e4d852053
[INFO] running `Command { std: "docker" "create" "-v" "/var/lib/crater-agent-workspace/builds/worker-0-tc2/target:/opt/rustwide/target:rw,Z" "-v" "/var/lib/crater-agent-workspace/builds/worker-0-tc2/source:/opt/rustwide/workdir:ro,Z" "-v" "/var/lib/crater-agent-workspace/cargo-home:/opt/rustwide/cargo-home:ro,Z" "-v" "/var/lib/crater-agent-workspace/rustup-home:/opt/rustwide/rustup-home:ro,Z" "-e" "SOURCE_DIR=/opt/rustwide/workdir" "-e" "CARGO_TARGET_DIR=/opt/rustwide/target" "-e" "CARGO_INCREMENTAL=0" "-e" "RUST_BACKTRACE=full" "-e" "RUSTFLAGS=--cap-lints=warn" "-e" "RUSTDOCFLAGS=--cap-lints=warn" "-e" "CARGO_HOME=/opt/rustwide/cargo-home" "-e" "RUSTUP_HOME=/opt/rustwide/rustup-home" "-w" "/opt/rustwide/workdir" "-m" "1610612736" "--user" "0:0" "--network" "none" "ghcr.io/rust-lang/crates-build-env/linux@sha256:2788e3201cd34a07e3172128adcd8b3090168a8e3bcc40d7c032b9dda1df7d1c" "/opt/rustwide/cargo-home/bin/cargo" "+beta-2023-12-22" "doc" "--frozen" "--no-deps" "--document-private-items" "--message-format=json", kill_on_drop: false }`
[INFO] [stdout] 4988f52d3e10349e8895bc7e3e0c29b04dc8faf2d7668fa8f30ee03cdb48a9ef
[INFO] running `Command { std: "docker" "start" "-a" "4988f52d3e10349e8895bc7e3e0c29b04dc8faf2d7668fa8f30ee03cdb48a9ef", kill_on_drop: false }`
[INFO] [stderr]    Compiling libc v0.2.89
[INFO] [stderr]    Compiling proc-macro2 v1.0.24
[INFO] [stderr]    Compiling unicode-xid v0.2.1
[INFO] [stderr]    Compiling syn v1.0.65
[INFO] [stderr]    Compiling autocfg v1.0.1
[INFO] [stderr]    Compiling serde_derive v1.0.124
[INFO] [stderr]    Compiling serde v1.0.124
[INFO] [stderr]    Compiling bitflags v1.2.1
[INFO] [stderr]    Compiling getrandom v0.2.2
[INFO] [stderr]     Checking pin-project-lite v0.2.6
[INFO] [stderr]    Compiling log v0.4.14
[INFO] [stderr]     Checking once_cell v1.7.2
[INFO] [stderr]    Compiling memchr v2.3.4
[INFO] [stderr]     Checking instant v0.1.9
[INFO] [stderr]     Checking tracing-core v0.1.17
[INFO] [stderr]     Checking fxhash v0.2.1
[INFO] [stderr]     Checking lock_api v0.4.2
[INFO] [stderr]    Compiling version_check v0.9.3
[INFO] [stderr]     Checking futures-core v0.3.13
[INFO] [stderr]     Checking cache-padded v1.1.1
[INFO] [stderr]     Checking futures-io v0.3.13
[INFO] [stderr]     Checking fastrand v1.4.0
[INFO] [stderr]     Checking concurrent-queue v1.2.2
[INFO] [stderr]     Checking ppv-lite86 v0.2.10
[INFO] [stderr]     Checking event-listener v2.5.1
[INFO] [stderr]     Checking async-task v4.0.3
[INFO] [stderr]     Checking vec-arena v1.0.0
[INFO] [stderr]     Checking fixedbitset v0.4.0
[INFO] [stderr]    Compiling ryu v1.0.5
[INFO] [stderr]     Checking regex-syntax v0.6.23
[INFO] [stderr]    Compiling num-traits v0.2.14
[INFO] [stderr]    Compiling ahash v0.7.2
[INFO] [stderr]    Compiling num-integer v0.1.44
[INFO] [stderr]    Compiling serde_json v1.0.64
[INFO] [stderr]     Checking async-channel v1.6.1
[INFO] [stderr]     Checking itoa v0.4.7
[INFO] [stderr]     Checking ahash v0.4.7
[INFO] [stderr]     Checking tracing-log v0.1.2
[INFO] [stderr]    Compiling indexmap v1.6.2
[INFO] [stderr]    Compiling crossbeam-utils v0.8.3
[INFO] [stderr]     Checking thread_local v1.1.3
[INFO] [stderr]     Checking futures-lite v1.11.3
[INFO] [stderr]     Checking aho-corasick v0.7.15
[INFO] [stderr]     Checking sharded-slab v0.1.1
[INFO] [stderr]    Compiling crc32fast v1.2.1
[INFO] [stderr]     Checking hashbrown v0.9.1
[INFO] [stderr]     Checking adler32 v1.2.0
[INFO] [stderr]    Compiling anyhow v1.0.38
[INFO] [stderr]     Checking bit-vec v0.6.3
[INFO] [stderr]     Checking fixedbitset v0.2.0
[INFO] [stderr]    Compiling jobserver v0.1.21
[INFO] [stderr]     Checking bit-set v0.5.2
[INFO] [stderr]     Checking walkdir v2.3.1
[INFO] [stderr]    Compiling quote v1.0.9
[INFO] [stderr]    Compiling num-iter v0.1.42
[INFO] [stderr]    Compiling num-rational v0.3.2
[INFO] [stderr]     Checking anymap v0.12.1
[INFO] [stderr]     Checking miniz_oxide v0.3.7
[INFO] [stderr]    Compiling cc v1.0.67
[INFO] [stderr]     Checking spirv_headers v1.5.0
[INFO] [stderr]     Checking deflate v0.8.6
[INFO] [stderr]    Compiling bevy-glsl-to-spirv v0.2.1
[INFO] [stderr]     Checking num_cpus v1.13.0
[INFO] [stderr]     Checking chrono v0.4.19
[INFO] [stderr]     Checking inotify-sys v0.1.5
[INFO] [stderr]     Checking raw-window-handle v0.3.3
[INFO] [stderr]     Checking mio v0.7.10
[INFO] [stderr]     Checking rand_core v0.6.2
[INFO] [stderr]     Checking crossbeam-channel v0.5.0
[INFO] [stderr]     Checking filetime v0.2.14
[INFO] [stderr]     Checking inotify v0.9.2
[INFO] [stderr]     Checking rand_chacha v0.3.0
[INFO] [stderr]     Checking libloading v0.6.7
[INFO] [stderr]     Checking regex-automata v0.1.9
[INFO] [stderr]     Checking regex v1.4.5
[INFO] [stderr]     Checking async-executor v1.4.0
[INFO] [stderr]     Checking color_quant v1.1.0
[INFO] [stderr]     Checking bytemuck v1.5.1
[INFO] [stderr]     Checking png v0.16.8
[INFO] [stderr]    Compiling khronos-egl v3.0.2
[INFO] [stderr]     Checking rand v0.8.3
[INFO] [stderr]     Checking arrayvec v0.5.2
[INFO] [stderr]     Checking petgraph v0.5.1
[INFO] [stderr]    Compiling cfg_aliases v0.1.1
[INFO] [stderr]     Checking bevy_tasks v0.5.0
[INFO] [stderr]     Checking ttf-parser v0.12.0
[INFO] [stderr]    Compiling wgpu-core v0.7.1
[INFO] [stderr]     Checking notify v5.0.0-pre.6
[INFO] [stderr]     Checking ash v0.31.0
[INFO] [stderr]     Checking euclid v0.22.2
[INFO] [stderr]     Checking gpu-descriptor-types v0.1.1
[INFO] [stderr]     Checking gpu-alloc-types v0.2.0
[INFO] [stderr]    Compiling libm v0.1.4
[INFO] [stderr]     Checking glow v0.7.2
[INFO] [stderr]     Checking inplace_it v0.3.3
[INFO] [stderr]     Checking matchers v0.0.1
[INFO] [stderr]     Checking image v0.23.14
[INFO] [stderr]     Checking svg_fmt v0.4.1
[INFO] [stderr]     Checking ab_glyph_rasterizer v0.1.4
[INFO] [stderr]     Checking approx v0.4.0
[INFO] [stderr]     Checking wgpu-types v0.7.0
[INFO] [stderr]     Checking xi-unicode v0.3.0
[INFO] [stderr]     Checking rectangle-pack v0.3.0
[INFO] [stderr]    Compiling spirv-reflect v0.2.3
[INFO] [stderr]    Compiling spirv_cross v0.23.1
[INFO] [stderr]     Checking winit v0.24.0
[INFO] [stderr]     Checking take_mut v0.2.2
[INFO] [stderr]     Checking rle-decode-fast v1.0.1
[INFO] [stdout] error: Please select a feature to build for unix: `x11`, `wayland`
[INFO] [stdout]   --> /opt/rustwide/cargo-home/registry/src/index.crates.io-6f17d22bba15001f/winit-0.24.0/src/platform_impl/linux/mod.rs:10:1
[INFO] [stdout]    |
[INFO] [stdout] 10 | compile_error!("Please select a feature to build for unix: `x11`, `wayland`");
[INFO] [stdout]    | ^^^^^^^^^^^^^^^^^^^^^^^^^^^^^^^^^^^^^^^^^^^^^^^^^^^^^^^^^^^^^^^^^^^^^^^^^^^^^
[INFO] [stdout] 
[INFO] [stdout] 
[INFO] [stderr]     Checking base64 v0.10.1
[INFO] [stderr]     Checking libflate v0.1.27
[INFO] [stderr]     Checking guillotiere v0.6.0
[INFO] [stderr]     Checking owned_ttf_parser v0.12.0
[INFO] [stdout] error[E0392]: parameter `T` is never used
[INFO] [stdout]   --> /opt/rustwide/cargo-home/registry/src/index.crates.io-6f17d22bba15001f/winit-0.24.0/src/event_loop.rs:32:22
[INFO] [stdout]    |
[INFO] [stdout] 32 | pub struct EventLoop<T: 'static> {
[INFO] [stdout]    |                      ^ unused parameter
[INFO] [stdout]    |
[INFO] [stdout]    = help: consider removing `T`, referring to it in a field, or using a marker such as `PhantomData`
[INFO] [stdout] 
[INFO] [stdout] 
[INFO] [stdout] error[E0392]: parameter `T` is never used
[INFO] [stdout]   --> /opt/rustwide/cargo-home/registry/src/index.crates.io-6f17d22bba15001f/winit-0.24.0/src/event_loop.rs:43:34
[INFO] [stdout]    |
[INFO] [stdout] 43 | pub struct EventLoopWindowTarget<T: 'static> {
[INFO] [stdout]    |                                  ^ unused parameter
[INFO] [stdout]    |
[INFO] [stdout]    = help: consider removing `T`, referring to it in a field, or using a marker such as `PhantomData`
[INFO] [stdout] 
[INFO] [stdout] 
[INFO] [stdout] error[E0392]: parameter `T` is never used
[INFO] [stdout]    --> /opt/rustwide/cargo-home/registry/src/index.crates.io-6f17d22bba15001f/winit-0.24.0/src/event_loop.rs:196:27
[INFO] [stdout]     |
[INFO] [stdout] 196 | pub struct EventLoopProxy<T: 'static> {
[INFO] [stdout]     |                           ^ unused parameter
[INFO] [stdout]     |
[INFO] [stdout]     = help: consider removing `T`, referring to it in a field, or using a marker such as `PhantomData`
[INFO] [stdout] 
[INFO] [stdout] 
[INFO] [stdout] error[E0392]: parameter `T` is never used
[INFO] [stdout]    --> /opt/rustwide/cargo-home/registry/src/index.crates.io-6f17d22bba15001f/winit-0.24.0/src/platform_impl/linux/mod.rs:532:20
[INFO] [stdout]     |
[INFO] [stdout] 532 | pub enum EventLoop<T: 'static> {
[INFO] [stdout]     |                    ^ unused parameter
[INFO] [stdout]     |
[INFO] [stdout]     = help: consider removing `T`, referring to it in a field, or using a marker such as `PhantomData`
[INFO] [stdout] 
[INFO] [stdout] 
[INFO] [stdout] error[E0392]: parameter `T` is never used
[INFO] [stdout]    --> /opt/rustwide/cargo-home/registry/src/index.crates.io-6f17d22bba15001f/winit-0.24.0/src/platform_impl/linux/mod.rs:539:25
[INFO] [stdout]     |
[INFO] [stdout] 539 | pub enum EventLoopProxy<T: 'static> {
[INFO] [stdout]     |                         ^ unused parameter
[INFO] [stdout]     |
[INFO] [stdout]     = help: consider removing `T`, referring to it in a field, or using a marker such as `PhantomData`
[INFO] [stdout] 
[INFO] [stdout] 
[INFO] [stdout] error[E0392]: parameter `T` is never used
[INFO] [stdout]    --> /opt/rustwide/cargo-home/registry/src/index.crates.io-6f17d22bba15001f/winit-0.24.0/src/platform_impl/linux/mod.rs:666:32
[INFO] [stdout]     |
[INFO] [stdout] 666 | pub enum EventLoopWindowTarget<T> {
[INFO] [stdout]     |                                ^ unused parameter
[INFO] [stdout]     |
[INFO] [stdout]     = help: consider removing `T`, referring to it in a field, or using a marker such as `PhantomData`
[INFO] [stdout]     = help: if you intended `T` to be a const parameter, use `const T: usize` instead
[INFO] [stdout] 
[INFO] [stdout] 
[INFO] [stdout] error[E0282]: type annotations needed
[INFO] [stdout]    --> /opt/rustwide/cargo-home/registry/src/index.crates.io-6f17d22bba15001f/winit-0.24.0/src/event_loop.rs:176:9
[INFO] [stdout]     |
[INFO] [stdout] 176 |         self.p
[INFO] [stdout]     |         ^^^^^^ cannot infer type for type parameter `T`
[INFO] [stdout] 
[INFO] [stdout] 
[INFO] [stderr]     Checking ab_glyph v0.2.10
[INFO] [stdout] error[E0282]: type annotations needed
[INFO] [stdout]    --> /opt/rustwide/cargo-home/registry/src/index.crates.io-6f17d22bba15001f/winit-0.24.0/src/event_loop.rs:133:9
[INFO] [stdout]     |
[INFO] [stdout] 133 | /         EventLoop {
[INFO] [stdout] 134 | |             event_loop: platform_impl::EventLoop::new(),
[INFO] [stdout] 135 | |             _marker: ::std::marker::PhantomData,
[INFO] [stdout] 136 | |         }
[INFO] [stdout]     | |_________^ cannot infer type of the type parameter `T` declared on the struct `EventLoop`
[INFO] [stdout]     |
[INFO] [stdout] help: consider specifying the generic argument
[INFO] [stdout]     |
[INFO] [stdout] 133 |         EventLoop::<T> {
[INFO] [stdout]     |                  +++++
[INFO] [stdout] 
[INFO] [stdout] 
[INFO] [stdout] error[E0282]: type annotations needed
[INFO] [stdout]    --> /opt/rustwide/cargo-home/registry/src/index.crates.io-6f17d22bba15001f/winit-0.24.0/src/event_loop.rs:159:9
[INFO] [stdout]     |
[INFO] [stdout] 159 | /         EventLoopProxy {
[INFO] [stdout] 160 | |             event_loop_proxy: self.event_loop.create_proxy(),
[INFO] [stdout] 161 | |         }
[INFO] [stdout]     | |_________^ cannot infer type of the type parameter `T` declared on the struct `EventLoopProxy`
[INFO] [stdout]     |
[INFO] [stdout] help: consider specifying the generic argument
[INFO] [stdout]     |
[INFO] [stdout] 159 |         EventLoopProxy::<T> {
[INFO] [stdout]     |                       +++++
[INFO] [stdout] 
[INFO] [stdout] 
[INFO] [stdout] error[E0282]: type annotations needed
[INFO] [stdout]    --> /opt/rustwide/cargo-home/registry/src/index.crates.io-6f17d22bba15001f/winit-0.24.0/src/event_loop.rs:168:9
[INFO] [stdout]     |
[INFO] [stdout] 168 |         self.event_loop.window_target()
[INFO] [stdout]     |         ^^^^^^^^^^^^^^^ cannot infer type for type parameter `T`
[INFO] [stdout] 
[INFO] [stdout] 
[INFO] [stdout] error[E0282]: type annotations needed
[INFO] [stdout]    --> /opt/rustwide/cargo-home/registry/src/index.crates.io-6f17d22bba15001f/winit-0.24.0/src/event_loop.rs:191:9
[INFO] [stdout]     |
[INFO] [stdout] 191 |         self.p.primary_monitor()
[INFO] [stdout]     |         ^^^^^^ cannot infer type for type parameter `T`
[INFO] [stdout] 
[INFO] [stdout] 
[INFO] [stdout] error[E0308]: mismatched types
[INFO] [stdout]    --> /opt/rustwide/cargo-home/registry/src/index.crates.io-6f17d22bba15001f/winit-0.24.0/src/platform_impl/linux/mod.rs:144:30
[INFO] [stdout]     |
[INFO] [stdout] 144 |     pub unsafe fn dummy() -> Self {
[INFO] [stdout]     |                   -----      ^^^^ expected `WindowId`, found `()`
[INFO] [stdout]     |                   |
[INFO] [stdout]     |                   implicitly returns `()` as its body has no tail or `return` expression
[INFO] [stdout] 
[INFO] [stdout] 
[INFO] [stdout] error[E0308]: mismatched types
[INFO] [stdout]    --> /opt/rustwide/cargo-home/registry/src/index.crates.io-6f17d22bba15001f/winit-0.24.0/src/platform_impl/linux/mod.rs:161:30
[INFO] [stdout]     |
[INFO] [stdout] 161 |     pub unsafe fn dummy() -> Self {
[INFO] [stdout]     |                   -----      ^^^^ expected `DeviceId`, found `()`
[INFO] [stdout]     |                   |
[INFO] [stdout]     |                   implicitly returns `()` as its body has no tail or `return` expression
[INFO] [stdout] 
[INFO] [stdout] 
[INFO] [stdout] error[E0282]: type annotations needed
[INFO] [stdout]    --> /opt/rustwide/cargo-home/registry/src/index.crates.io-6f17d22bba15001f/winit-0.24.0/src/platform_impl/linux/mod.rs:556:9
[INFO] [stdout]     |
[INFO] [stdout] 556 |         EventLoop::new_any_thread()
[INFO] [stdout]     |         ^^^^^^^^^^^^^^^^^^^^^^^^^ cannot infer type of the type parameter `T` declared on the enum `EventLoop`
[INFO] [stdout]     |
[INFO] [stdout] help: consider specifying the generic argument
[INFO] [stdout]     |
[INFO] [stdout] 556 |         EventLoop::<T>::new_any_thread()
[INFO] [stdout]     |                  +++++
[INFO] [stdout] 
[INFO] [stdout] 
[INFO] [stdout] error[E0282]: type annotations needed
[INFO] [stdout]    --> /opt/rustwide/cargo-home/registry/src/index.crates.io-6f17d22bba15001f/winit-0.24.0/src/window.rs:333:9
[INFO] [stdout]     |
[INFO] [stdout] 333 |         platform_impl::Window::new(&window_target.p, self.window, self.platform_specific).map(
[INFO] [stdout]     |         ^^^^^^^^^^^^^^^^^^^^^^^^^^ cannot infer type of the type parameter `T` declared on the associated function `new`
[INFO] [stdout]     |
[INFO] [stdout] help: consider specifying the generic argument
[INFO] [stdout]     |
[INFO] [stdout] 333 |         platform_impl::Window::new::<T>(&window_target.p, self.window, self.platform_specific).map(
[INFO] [stdout]     |                                   +++++
[INFO] [stdout] 
[INFO] [stdout] 
[INFO] [stdout] error[E0282]: type annotations needed
[INFO] [stdout]    --> /opt/rustwide/cargo-home/registry/src/index.crates.io-6f17d22bba15001f/winit-0.24.0/src/window.rs:359:17
[INFO] [stdout]     |
[INFO] [stdout] 359 |         builder.build(event_loop)
[INFO] [stdout]     |                 ^^^^^ cannot infer type of the type parameter `T` declared on the method `build`
[INFO] [stdout]     |
[INFO] [stdout] help: consider specifying the generic argument
[INFO] [stdout]     |
[INFO] [stdout] 359 |         builder.build::<T>(event_loop)
[INFO] [stdout]     |                      +++++
[INFO] [stdout] 
[INFO] [stdout] 
[INFO] [stdout] error[E0282]: type annotations needed
[INFO] [stdout]    --> /opt/rustwide/cargo-home/registry/src/index.crates.io-6f17d22bba15001f/winit-0.24.0/src/platform/unix.rs:148:5
[INFO] [stdout]     |
[INFO] [stdout] 148 | /     EventLoop {
[INFO] [stdout] 149 | |         event_loop,
[INFO] [stdout] 150 | |         _marker: std::marker::PhantomData,
[INFO] [stdout] 151 | |     }
[INFO] [stdout]     | |_____^ cannot infer type of the type parameter `T` declared on the struct `EventLoop`
[INFO] [stdout]     |
[INFO] [stdout] help: consider specifying the generic argument
[INFO] [stdout]     |
[INFO] [stdout] 148 |     EventLoop::<T> {
[INFO] [stdout]     |              +++++
[INFO] [stdout] 
[INFO] [stdout] 
[INFO] [stdout] error[E0282]: type annotations needed
[INFO] [stdout]    --> /opt/rustwide/cargo-home/registry/src/index.crates.io-6f17d22bba15001f/winit-0.24.0/src/platform/unix.rs:157:9
[INFO] [stdout]     |
[INFO] [stdout] 157 |         wrap_ev(LinuxEventLoop::new_any_thread())
[INFO] [stdout]     |         ^^^^^^^ cannot infer type of the type parameter `T` declared on the function `wrap_ev`
[INFO] [stdout]     |
[INFO] [stdout] help: consider specifying the generic argument
[INFO] [stdout]     |
[INFO] [stdout] 157 |         wrap_ev::<T>(LinuxEventLoop::new_any_thread())
[INFO] [stdout]     |                +++++
[INFO] [stdout] 
[INFO] [stdout] 
[INFO] [stdout] error: aborting due to 19 previous errors
[INFO] [stdout] 
[INFO] [stdout] 
[INFO] [stdout] Some errors have detailed explanations: E0282, E0308, E0392.
[INFO] [stdout] 
[INFO] [stdout] For more information about an error, try `rustc --explain E0282`.
[INFO] [stdout] 
[INFO] [stderr] error: could not compile `winit` (lib) due to 20 previous errors
[INFO] [stderr] warning: build failed, waiting for other jobs to finish...
[INFO] running `Command { std: "docker" "inspect" "4988f52d3e10349e8895bc7e3e0c29b04dc8faf2d7668fa8f30ee03cdb48a9ef", kill_on_drop: false }`
[INFO] running `Command { std: "docker" "rm" "-f" "4988f52d3e10349e8895bc7e3e0c29b04dc8faf2d7668fa8f30ee03cdb48a9ef", kill_on_drop: false }`
[INFO] [stdout] 4988f52d3e10349e8895bc7e3e0c29b04dc8faf2d7668fa8f30ee03cdb48a9ef
