[INFO] fetching crate basic_deno_ts_module_loader 0.1.1...
[INFO] documenting basic_deno_ts_module_loader-0.1.1 against 1.75.0 for beta-1.76-rustdoc-1
[INFO] extracting crate basic_deno_ts_module_loader 0.1.1 into /workspace/builds/worker-7-tc1/source
[INFO] validating manifest of crates.io crate basic_deno_ts_module_loader 0.1.1 on toolchain 1.75.0
[INFO] running `Command { std: CARGO_HOME="/workspace/cargo-home" RUSTUP_HOME="/workspace/rustup-home" "/workspace/cargo-home/bin/cargo" "+1.75.0" "metadata" "--manifest-path" "Cargo.toml" "--no-deps", kill_on_drop: false }`
[INFO] started tweaking crates.io crate basic_deno_ts_module_loader 0.1.1
[INFO] finished tweaking crates.io crate basic_deno_ts_module_loader 0.1.1
[INFO] tweaked toml for crates.io crate basic_deno_ts_module_loader 0.1.1 written to /workspace/builds/worker-7-tc1/source/Cargo.toml
[INFO] running `Command { std: CARGO_HOME="/workspace/cargo-home" RUSTUP_HOME="/workspace/rustup-home" "/workspace/cargo-home/bin/cargo" "+1.75.0" "generate-lockfile" "--manifest-path" "Cargo.toml", kill_on_drop: false }`
[INFO] [stderr]     Updating crates.io index
[INFO] running `Command { std: CARGO_HOME="/workspace/cargo-home" RUSTUP_HOME="/workspace/rustup-home" "/workspace/cargo-home/bin/cargo" "+1.75.0" "fetch" "--manifest-path" "Cargo.toml", kill_on_drop: false }`
[INFO] [stderr]  Downloading crates ...
[INFO] [stderr]   Downloaded serde_derive v1.0.164
[INFO] [stderr]   Downloaded netif v0.1.6
[INFO] [stderr]   Downloaded tokio-socks v0.5.1
[INFO] [stderr]   Downloaded notify v5.0.0
[INFO] [stderr]   Downloaded fs3 v0.5.0
[INFO] [stderr]   Downloaded flate2 v1.0.24
[INFO] [stderr]   Downloaded elliptic-curve v0.13.8
[INFO] [stderr]   Downloaded string_cache_codegen v0.5.2
[INFO] [stderr]   Downloaded is-macro v0.2.2
[INFO] [stderr]   Downloaded winres v0.1.12
[INFO] [stderr]   Downloaded dlopen v0.1.8
[INFO] [stderr]   Downloaded new_debug_unreachable v1.0.4
[INFO] [stderr]   Downloaded unic-ucd-version v0.9.0
[INFO] [stderr]   Downloaded nix v0.24.2
[INFO] [stderr]   Downloaded lexical-write-integer v0.8.5
[INFO] [stderr]   Downloaded cache_control v0.2.0
[INFO] [stderr]   Downloaded swc_ecma_codegen_macros v0.7.2
[INFO] [stderr]   Downloaded swc_visit v0.5.6
[INFO] [stderr]   Downloaded libffi v3.2.0
[INFO] [stderr]   Downloaded swc_eq_ignore_macros v0.1.1
[INFO] [stderr]   Downloaded vte_generate_state_changes v0.1.1
[INFO] [stderr]   Downloaded vte v0.11.1
[INFO] [stderr]   Downloaded secp256k1 v0.27.0
[INFO] [stderr]   Downloaded p384 v0.11.2
[INFO] [stderr]   Downloaded libz-sys v1.1.12
[INFO] [stderr]   Downloaded secp256k1-sys v0.8.1
[INFO] [stderr]   Downloaded deno_core v0.195.0
[INFO] [stderr]   Downloaded swc_ecma_visit v0.90.5
[INFO] [stderr]   Downloaded deno_fetch v0.136.0
[INFO] [stderr]   Downloaded deno_napi v0.42.0
[INFO] [stderr]   Downloaded swc_ecma_transforms_proposal v0.161.22
[INFO] [stderr]   Downloaded deno_ops v0.73.0
[INFO] [stderr]   Downloaded deno_semver v0.2.2
[INFO] [stderr]   Downloaded deno_kv v0.20.0
[INFO] [stderr]   Downloaded deno_fs v0.22.0
[INFO] [stderr]   Downloaded deno_url v0.112.0
[INFO] [stderr]   Downloaded deno_websocket v0.117.0
[INFO] [stderr]   Downloaded serde_v8 v0.106.0
[INFO] [stderr]   Downloaded deno_webstorage v0.107.0
[INFO] [stderr]   Downloaded fastwebsockets v0.3.1
[INFO] [stderr]   Downloaded swc_ecma_transforms_typescript v0.177.23
[INFO] [stderr]   Downloaded from_variant v0.1.5
[INFO] [stderr]   Downloaded deno_http v0.107.0
[INFO] [stderr]   Downloaded deno_webidl v0.112.0
[INFO] [stderr]   Downloaded v8 v0.74.3
[INFO] [stderr]   Downloaded swc_ecma_transforms_base v0.127.18
[INFO] [stderr]   Downloaded deno_web v0.143.0
[INFO] [stderr]   Downloaded deno_runtime v0.120.0
[INFO] [stderr]   Downloaded deno_node v0.49.0
[INFO] [stderr]   Downloaded deno_npm v0.9.1
[INFO] [stderr]   Downloaded swc_ecma_loader v0.43.14
[INFO] [stderr]   Downloaded deno_broadcast_channel v0.106.0
[INFO] [stderr]   Downloaded deno_tls v0.99.0
[INFO] [stderr]   Downloaded deno_cache v0.44.0
[INFO] [stderr]   Downloaded deno_crypto v0.126.0
[INFO] [stderr]   Downloaded deno_io v0.22.0
[INFO] [stderr]   Downloaded deno_net v0.104.0
[INFO] [stderr]   Downloaded libsqlite3-sys v0.26.0
[INFO] [stderr]   Downloaded libffi-sys v2.3.0
[INFO] [stderr]   Downloaded curve25519-dalek v2.1.3
[INFO] [stderr]   Downloaded hyper v1.0.0-rc.3
[INFO] [stderr]   Downloaded swc_ecma_parser v0.134.12
[INFO] [stderr]   Downloaded lexical-parse-float v0.8.5
[INFO] [stderr]   Downloaded lexical-util v0.8.5
[INFO] [stderr]   Downloaded swc_common v0.31.12
[INFO] [stderr]   Downloaded dynasm v1.2.3
[INFO] [stderr]   Downloaded p256 v0.11.1
[INFO] [stderr]   Downloaded lexical-write-float v0.8.5
[INFO] [stderr]   Downloaded p224 v0.13.2
[INFO] [stderr]   Downloaded monch v0.4.3
[INFO] [stderr]   Downloaded miniz_oxide v0.5.4
[INFO] [stderr]   Downloaded deno_ffi v0.99.0
[INFO] [stderr]   Downloaded brotli v3.4.0
[INFO] [stderr]   Downloaded async-compression v0.4.5
[INFO] [stderr]   Downloaded ast_node v0.9.4
[INFO] [stderr]   Downloaded swc_ecma_ast v0.104.5
[INFO] [stderr]   Downloaded aes v0.8.2
[INFO] [stderr]   Downloaded cbc v0.1.2
[INFO] [stderr]   Downloaded crypto-bigint v0.5.5
[INFO] [stderr]   Downloaded x25519-dalek v2.0.0
[INFO] [stderr]   Downloaded Inflector v0.11.4
[INFO] [stderr]   Downloaded swc_visit_macros v0.5.7
[INFO] [stderr]   Downloaded deno_console v0.112.0
[INFO] [stderr]   Downloaded aes-kw v0.2.1
[INFO] [stderr]   Downloaded lexical v6.1.1
[INFO] [stderr]   Downloaded ordered-float v2.10.1
[INFO] [stderr]   Downloaded better_scoped_tls v0.1.1
[INFO] [stderr]   Downloaded phf_macros v0.10.0
[INFO] [stderr]   Downloaded memmem v0.1.1
[INFO] [stderr]   Downloaded console_static_text v0.8.1
[INFO] [stderr]   Downloaded siphasher v0.3.11
[INFO] [stderr]   Downloaded swc_ecma_transforms_react v0.173.20
[INFO] [stderr]   Downloaded data-url v0.2.0
[INFO] [stderr]   Downloaded precomputed-hash v0.1.1
[INFO] [stderr]   Downloaded dynasmrt v1.2.3
[INFO] [stderr]   Downloaded block-modes v0.9.1
[INFO] [stderr]   Downloaded rsa v0.7.2
[INFO] [stderr]   Downloaded lazy-regex-proc_macros v2.4.1
[INFO] [stderr]   Downloaded serde_repr v0.1.9
[INFO] [stderr]   Downloaded lazy-regex v2.5.0
[INFO] [stderr]   Downloaded primeorder v0.13.6
[INFO] [stderr]   Downloaded urlpattern v0.2.0
[INFO] [stderr]   Downloaded rusqlite v0.29.0
[INFO] [stderr]   Downloaded x509-parser v0.15.1
[INFO] [stderr]   Downloaded trust-dns-resolver v0.22.0
[INFO] [stderr]   Downloaded pmutil v0.5.3
[INFO] [stderr]   Downloaded sourcemap v6.4.1
[INFO] [stderr]   Downloaded dsa v0.6.2
[INFO] [stderr]   Downloaded dprint-swc-ext v0.10.0
[INFO] [stderr]   Downloaded swc_ecma_codegen v0.139.17
[INFO] [stderr]   Downloaded swc_ecma_transforms_classes v0.116.18
[INFO] [stderr]   Downloaded swc_config_macro v0.1.1
[INFO] [stderr]   Downloaded swc_config v0.1.5
[INFO] [stderr]   Downloaded data-url v0.3.1
[INFO] [stderr]   Downloaded deno_media_type v0.1.2
[INFO] [stderr]   Downloaded md4 v0.10.2
[INFO] [stderr]   Downloaded p256 v0.13.2
[INFO] [stderr]   Downloaded rfc6979 v0.4.0
[INFO] [stderr]   Downloaded ff v0.13.0
[INFO] [stderr]   Downloaded group v0.13.0
[INFO] [stderr]   Downloaded base16ct v0.2.0
[INFO] [stderr]   Downloaded sec1 v0.7.3
[INFO] [stderr]   Downloaded path-clean v0.1.0
[INFO] [stderr]   Downloaded ripemd v0.1.3
[INFO] [stderr]   Downloaded pbkdf2 v0.12.2
[INFO] [stderr]   Downloaded asn1-rs-derive v0.4.0
[INFO] [stderr]   Downloaded asn1-rs-impl v0.1.0
[INFO] [stderr]   Downloaded enum-as-inner v0.5.1
[INFO] [stderr]   Downloaded text_lines v0.6.0
[INFO] [stderr]   Downloaded deno_ast v0.27.3
[INFO] [stderr]   Downloaded lexical-parse-integer v0.8.6
[INFO] [stderr]   Downloaded lexical-core v0.8.5
[INFO] [stderr]   Downloaded serde v1.0.164
[INFO] [stderr]   Downloaded salsa20 v0.10.2
[INFO] [stderr]   Downloaded block-padding v0.3.3
[INFO] [stderr]   Downloaded hashlink v0.8.1
[INFO] [stderr]   Downloaded asn1-rs v0.5.2
[INFO] [stderr]   Downloaded alloc-no-stdlib v2.0.4
[INFO] [stderr]   Downloaded async-trait v0.1.69
[INFO] [stderr]   Downloaded rusticata-macros v4.1.0
[INFO] [stderr]   Downloaded smartstring v1.0.1
[INFO] [stderr]   Downloaded typed-arena v2.0.2
[INFO] [stderr]   Downloaded swc_macros_common v0.3.7
[INFO] [stderr]   Downloaded phf_generator v0.10.0
[INFO] [stderr]   Downloaded http-body v1.0.0-rc.2
[INFO] [stderr]   Downloaded phf_shared v0.10.0
[INFO] [stderr]   Downloaded phf v0.10.1
[INFO] [stderr]   Downloaded serde_bytes v0.11.10
[INFO] [stderr]   Downloaded unic-char-range v0.9.0
[INFO] [stderr]   Downloaded ecb v0.1.1
[INFO] [stderr]   Downloaded string_enum v0.4.0
[INFO] [stderr]   Downloaded fly-accept-encoding v0.2.0
[INFO] [stderr]   Downloaded trust-dns-proto v0.22.0
[INFO] [stderr]   Downloaded webpki-roots v0.22.6
[INFO] [stderr]   Downloaded swc_ecma_transforms_macros v0.5.1
[INFO] [stderr]   Downloaded swc_ecma_utils v0.117.13
[INFO] [stderr]   Downloaded pkcs1 v0.4.1
[INFO] [stderr]   Downloaded unic-ucd-ident v0.9.0
[INFO] [stderr]   Downloaded sha-1 v0.10.0
[INFO] [stderr]   Downloaded deno-proc-macro-rules v0.3.2
[INFO] [stderr]   Downloaded unic-char-property v0.9.0
[INFO] [stderr]   Downloaded fslock v0.1.8
[INFO] [stderr]   Downloaded tokio-metrics v0.2.2
[INFO] [stderr]   Downloaded fwdansi v1.1.0
[INFO] [stderr]   Downloaded syn v2.0.18
[INFO] [stderr]   Downloaded if_chain v1.0.2
[INFO] [stderr]   Downloaded scrypt v0.11.0
[INFO] [stderr]   Downloaded unicode-id v0.3.4
[INFO] [stderr]   Downloaded der-parser v8.2.0
[INFO] [stderr]   Downloaded password-hash v0.5.0
[INFO] [stderr]   Downloaded ntapi v0.4.1
[INFO] [stderr]   Downloaded oid-registry v0.6.1
[INFO] [stderr]   Downloaded log v0.4.19
[INFO] [stderr]   Downloaded serde_json v1.0.99
[INFO] [stderr]   Downloaded alloc-stdlib v0.2.2
[INFO] [stderr]   Downloaded ecdsa v0.16.9
[INFO] [stderr]   Downloaded p384 v0.13.0
[INFO] [stderr]   Downloaded pem-rfc7468 v0.6.0
[INFO] [stderr]   Downloaded unic-common v0.9.0
[INFO] [stderr]   Downloaded proc-macro-hack v0.5.20+deprecated
[INFO] [stderr]   Downloaded string_cache v0.8.7
[INFO] [stderr]   Downloaded triomphe v0.1.11
[INFO] [stderr]   Downloaded swc_atoms v0.5.6
[INFO] [stderr]   Downloaded dlopen_derive v0.1.4
[INFO] [stderr]   Downloaded displaydoc v0.2.4
[INFO] [stderr]   Downloaded deno-proc-macro-rules-macros v0.3.2
[INFO] [stderr]   Downloaded brotli-decompressor v2.5.1
[INFO] [stderr]   Downloaded curve25519-dalek-derive v0.1.0
[INFO] [stderr]   Downloaded tokio v1.32.1
[INFO] running `Command { std: "docker" "create" "-v" "/var/lib/crater-agent-workspace/builds/worker-7-tc1/target:/opt/rustwide/target:rw,Z" "-v" "/var/lib/crater-agent-workspace/builds/worker-7-tc1/source:/opt/rustwide/workdir:ro,Z" "-v" "/var/lib/crater-agent-workspace/cargo-home:/opt/rustwide/cargo-home:ro,Z" "-v" "/var/lib/crater-agent-workspace/rustup-home:/opt/rustwide/rustup-home:ro,Z" "-e" "SOURCE_DIR=/opt/rustwide/workdir" "-e" "CARGO_TARGET_DIR=/opt/rustwide/target" "-e" "CARGO_HOME=/opt/rustwide/cargo-home" "-e" "RUSTUP_HOME=/opt/rustwide/rustup-home" "-w" "/opt/rustwide/workdir" "-m" "1610612736" "--user" "0:0" "--network" "none" "ghcr.io/rust-lang/crates-build-env/linux@sha256:2788e3201cd34a07e3172128adcd8b3090168a8e3bcc40d7c032b9dda1df7d1c" "/opt/rustwide/cargo-home/bin/cargo" "+1.75.0" "metadata" "--no-deps" "--format-version=1", kill_on_drop: false }`
[INFO] [stdout] f71f66a779bb162e0c9ca65c48db821451783f3c17e88fca4dd046c0ab144b8f
[INFO] running `Command { std: "docker" "start" "-a" "f71f66a779bb162e0c9ca65c48db821451783f3c17e88fca4dd046c0ab144b8f", kill_on_drop: false }`
[INFO] running `Command { std: "docker" "inspect" "f71f66a779bb162e0c9ca65c48db821451783f3c17e88fca4dd046c0ab144b8f", kill_on_drop: false }`
[INFO] running `Command { std: "docker" "rm" "-f" "f71f66a779bb162e0c9ca65c48db821451783f3c17e88fca4dd046c0ab144b8f", kill_on_drop: false }`
[INFO] [stdout] f71f66a779bb162e0c9ca65c48db821451783f3c17e88fca4dd046c0ab144b8f
[INFO] running `Command { std: "docker" "create" "-v" "/var/lib/crater-agent-workspace/builds/worker-7-tc1/target:/opt/rustwide/target:rw,Z" "-v" "/var/lib/crater-agent-workspace/builds/worker-7-tc1/source:/opt/rustwide/workdir:ro,Z" "-v" "/var/lib/crater-agent-workspace/cargo-home:/opt/rustwide/cargo-home:ro,Z" "-v" "/var/lib/crater-agent-workspace/rustup-home:/opt/rustwide/rustup-home:ro,Z" "-e" "SOURCE_DIR=/opt/rustwide/workdir" "-e" "CARGO_TARGET_DIR=/opt/rustwide/target" "-e" "CARGO_INCREMENTAL=0" "-e" "RUST_BACKTRACE=full" "-e" "RUSTFLAGS=--cap-lints=warn" "-e" "RUSTDOCFLAGS=--cap-lints=warn" "-e" "CARGO_HOME=/opt/rustwide/cargo-home" "-e" "RUSTUP_HOME=/opt/rustwide/rustup-home" "-w" "/opt/rustwide/workdir" "-m" "1610612736" "--user" "0:0" "--network" "none" "ghcr.io/rust-lang/crates-build-env/linux@sha256:2788e3201cd34a07e3172128adcd8b3090168a8e3bcc40d7c032b9dda1df7d1c" "/opt/rustwide/cargo-home/bin/cargo" "+1.75.0" "doc" "--frozen" "--no-deps" "--document-private-items" "--message-format=json", kill_on_drop: false }`
[INFO] [stdout] 31cd269df71f595e802c78fb132fbafe439608bec2870afe9541748dc926effb
[INFO] running `Command { std: "docker" "start" "-a" "31cd269df71f595e802c78fb132fbafe439608bec2870afe9541748dc926effb", kill_on_drop: false }`
[INFO] [stderr]    Compiling libc v0.2.151
[INFO] [stderr]    Compiling version_check v0.9.4
[INFO] [stderr]    Compiling cfg-if v1.0.0
[INFO] [stderr]    Compiling serde v1.0.164
[INFO] [stderr]    Compiling typenum v1.17.0
[INFO] [stderr]    Compiling syn v1.0.109
[INFO] [stderr]    Compiling parking_lot_core v0.9.9
[INFO] [stderr]    Compiling memchr v2.7.1
[INFO] [stderr]    Compiling libm v0.2.8
[INFO] [stderr]    Compiling once_cell v1.19.0
[INFO] [stderr]    Compiling regex-syntax v0.8.2
[INFO] [stderr]    Compiling serde_json v1.0.99
[INFO] [stderr]    Compiling proc-macro2 v1.0.76
[INFO] [stderr]    Compiling lock_api v0.4.11
[INFO] [stderr]    Compiling num-traits v0.2.17
[INFO] [stderr]    Compiling num-integer v0.1.45
[INFO] [stderr]    Compiling num-bigint v0.4.4
[INFO] [stderr]    Compiling slab v0.4.9
[INFO] [stderr]    Compiling ppv-lite86 v0.2.17
[INFO] [stderr]    Compiling hashbrown v0.14.3
[INFO] [stderr]    Compiling generic-array v0.14.7
[INFO] [stderr]    Compiling ahash v0.7.7
[INFO] [stderr]    Compiling thiserror v1.0.40
[INFO] [stderr]    Compiling equivalent v1.0.1
[INFO] [stderr]    Compiling either v1.9.0
[INFO] [stderr]    Compiling bitflags v2.4.1
[INFO] [stderr]     Checking smallvec v1.11.2
[INFO] [stderr]    Compiling quote v1.0.35
[INFO] [stderr]    Compiling aho-corasick v1.1.2
[INFO] [stderr]    Compiling indexmap v1.9.3
[INFO] [stderr]    Compiling pin-project-lite v0.2.13
[INFO] [stderr]     Checking scopeguard v1.2.0
[INFO] [stderr]    Compiling itoa v1.0.10
[INFO] [stderr]    Compiling subtle v2.5.0
[INFO] [stderr]    Compiling spin v0.5.2
[INFO] [stderr]    Compiling syn v2.0.18
[INFO] [stderr]    Compiling lazy_static v1.4.0
[INFO] [stderr]    Compiling rustix v0.38.28
[INFO] [stderr]    Compiling anyhow v1.0.79
[INFO] [stderr]    Compiling indexmap v2.1.0
[INFO] [stderr]    Compiling linux-raw-sys v0.4.12
[INFO] [stderr]    Compiling tinyvec_macros v0.1.1
[INFO] [stderr]    Compiling heck v0.4.1
[INFO] [stderr]    Compiling home v0.5.9
[INFO] [stderr]    Compiling tinyvec v1.6.0
[INFO] [stderr]    Compiling bitflags v1.3.2
[INFO] [stderr]    Compiling const-oid v0.9.6
[INFO] [stderr]    Compiling unicode-bidi v0.3.14
[INFO] [stderr]    Compiling percent-encoding v2.3.0
[INFO] [stderr]    Compiling rustversion v1.0.14
[INFO] [stderr]    Compiling form_urlencoded v1.2.1
[INFO] [stderr]     Checking getrandom v0.2.11
[INFO] [stderr]     Checking rand_core v0.6.4
[INFO] [stderr]    Compiling cc v1.0.83
[INFO] [stderr]     Checking parking_lot v0.12.1
[INFO] [stderr]    Compiling fslock v0.1.8
[INFO] [stderr]    Compiling unicode-normalization v0.1.22
[INFO] [stderr]     Checking rand_chacha v0.3.1
[INFO] [stderr]    Compiling regex-automata v0.4.3
[INFO] [stderr]    Compiling rand v0.8.5
[INFO] [stderr]    Compiling idna v0.4.0
[INFO] [stderr]     Checking num_cpus v1.16.0
[INFO] [stderr]    Compiling toml_datetime v0.6.5
[INFO] [stderr]    Compiling winnow v0.5.33
[INFO] [stderr]    Compiling siphasher v0.3.11
[INFO] [stderr]     Checking bytes v1.5.0
[INFO] [stderr]     Checking log v0.4.19
[INFO] [stderr]    Compiling which v4.4.2
[INFO] [stderr]    Compiling phf_shared v0.10.0
[INFO] [stderr]    Compiling ryu v1.0.16
[INFO] [stderr]     Checking futures-core v0.3.30
[INFO] [stderr]    Compiling data-encoding v2.5.0
[INFO] [stderr]     Checking mio v0.8.10
[INFO] [stderr]    Compiling phf_generator v0.10.0
[INFO] [stderr]     Checking signal-hook-registry v1.4.1
[INFO] [stderr]     Checking socket2 v0.5.5
[INFO] [stderr]     Checking futures-sink v0.3.30
[INFO] [stderr]    Compiling if_chain v1.0.2
[INFO] [stderr]    Compiling unicode-id v0.3.4
[INFO] [stderr]     Checking futures-channel v0.3.30
[INFO] [stderr]    Compiling v8 v0.74.3
[INFO] [stderr]     Checking pin-utils v0.1.0
[INFO] [stderr]     Checking futures-task v0.3.30
[INFO] [stderr]     Checking futures-io v0.3.30
[INFO] [stderr]    Compiling string_cache_codegen v0.5.2
[INFO] [stderr]    Compiling ring v0.17.7
[INFO] [stderr]    Compiling async-trait v0.1.69
[INFO] [stderr]    Compiling hashbrown v0.12.3
[INFO] [stderr]    Compiling tracing-core v0.1.32
[INFO] [stderr]    Compiling pkg-config v0.3.28
[INFO] [stderr]    Compiling vcpkg v0.2.15
[INFO] [stderr]    Compiling base64ct v1.6.0
[INFO] [stderr]    Compiling cpufeatures v0.2.12
[INFO] [stderr]    Compiling swc_atoms v0.5.6
[INFO] [stderr]    Compiling crc32fast v1.3.2
[INFO] [stderr]    Compiling httparse v1.8.0
[INFO] [stderr]    Compiling psm v0.1.21
[INFO] [stderr]    Compiling rustls v0.21.10
[INFO] [stderr]    Compiling regex v1.10.2
[INFO] [stderr]    Compiling toml_edit v0.19.15
[INFO] [stderr]    Compiling stacker v0.1.15
[INFO] [stderr]    Compiling smartstring v1.0.1
[INFO] [stderr]    Compiling proc-macro-hack v0.5.20+deprecated
[INFO] [stderr]    Compiling stable_deref_trait v1.2.0
[INFO] [stderr]    Compiling precomputed-hash v0.1.1
[INFO] [stderr]    Compiling new_debug_unreachable v1.0.4
[INFO] [stderr]    Compiling static_assertions v1.1.0
[INFO] [stderr]    Compiling untrusted v0.9.0
[INFO] [stderr]    Compiling encoding_rs v0.8.31
[INFO] [stderr]    Compiling scoped-tls v1.0.1
[INFO] [stderr]    Compiling rustc-hash v1.1.0
[INFO] [stderr]    Compiling spin v0.9.8
[INFO] [stderr]    Compiling lexical-util v0.8.5
[INFO] [stderr]    Compiling better_scoped_tls v0.1.1
[INFO] [stderr]    Compiling fnv v1.0.7
[INFO] [stderr]    Compiling unicode-width v0.1.11
[INFO] [stderr]    Compiling num-iter v0.1.43
[INFO] [stderr]    Compiling Inflector v0.11.4
[INFO] [stderr]    Compiling http v0.2.11
[INFO] [stderr]    Compiling windows_x86_64_gnu v0.48.5
[INFO] [stderr]    Compiling pmutil v0.5.3
[INFO] [stderr]    Compiling semver v1.0.21
[INFO] [stderr]    Compiling time-core v0.1.1
[INFO] [stderr]    Compiling time-macros v0.2.12
[INFO] [stderr]    Compiling pem-rfc7468 v0.6.0
[INFO] [stderr]    Compiling pem-rfc7468 v0.7.0
[INFO] [stderr]    Compiling unicode-xid v0.2.4
[INFO] [stderr]    Compiling swc_macros_common v0.3.7
[INFO] [stderr]    Compiling semver-parser v0.7.0
[INFO] [stderr]    Compiling synstructure v0.12.6
[INFO] [stderr]    Compiling lexical-parse-integer v0.8.6
[INFO] [stderr]    Compiling lexical-write-integer v0.8.5
[INFO] [stderr]    Compiling semver v0.9.0
[INFO] [stderr]    Compiling libsqlite3-sys v0.26.0
[INFO] [stderr]    Compiling memoffset v0.6.5
[INFO] [stderr]    Compiling num-bigint-dig v0.8.4
[INFO] [stderr]    Compiling byteorder v1.5.0
[INFO] [stderr]    Compiling adler v1.0.2
[INFO] [stderr]    Compiling miniz_oxide v0.5.4
[INFO] [stderr]    Compiling rustc_version v0.2.3
[INFO] [stderr]    Compiling lexical-write-float v0.8.5
[INFO] [stderr]    Compiling lexical-parse-float v0.8.5
[INFO] [stderr]    Compiling rustc_version v0.4.0
[INFO] [stderr]    Compiling proc-macro-crate v1.3.1
[INFO] [stderr]    Compiling platforms v3.3.0
[INFO] [stderr]    Compiling try-lock v0.2.5
[INFO] [stderr]    Compiling base64 v0.21.5
[INFO] [stderr]    Compiling fs3 v0.5.0
[INFO] [stderr]    Compiling want v0.3.1
[INFO] [stderr]    Compiling curve25519-dalek v4.1.1
[INFO] [stderr]    Compiling flate2 v1.0.24
[INFO] [stderr]    Compiling lexical-core v0.8.5
[INFO] [stderr]    Compiling openssl-sys v0.9.98
[INFO] [stderr]    Compiling ring v0.16.20
[INFO] [stderr]     Checking openssl-probe v0.1.5
[INFO] [stderr]    Compiling alloc-no-stdlib v2.0.4
[INFO] [stderr]    Compiling getrandom v0.1.16
[INFO] [stderr]    Compiling proc-macro2 v0.4.30
[INFO] [stderr]    Compiling httpdate v1.0.3
[INFO] [stderr]    Compiling alloc-stdlib v0.2.2
[INFO] [stderr]    Compiling lexical v6.1.1
[INFO] [stderr]    Compiling rustls-pemfile v1.0.4
[INFO] [stderr]    Compiling http-body v0.4.6
[INFO] [stderr]    Compiling ff v0.13.0
[INFO] [stderr]    Compiling proc-macro-error-attr v1.0.4
[INFO] [stderr]    Compiling tower-service v0.3.2
[INFO] [stderr]    Compiling unicode-xid v0.1.0
[INFO] [stderr]    Compiling base16ct v0.2.0
[INFO] [stderr]    Compiling ipnet v2.9.0
[INFO] [stderr]    Compiling typed-arena v2.0.2
[INFO] [stderr]    Compiling zeroize_derive v1.4.2
[INFO] [stderr]    Compiling serde_derive v1.0.164
[INFO] [stderr]    Compiling tokio-macros v2.1.0
[INFO] [stderr]    Compiling futures-macro v0.3.30
[INFO] [stderr]    Compiling thiserror-impl v1.0.40
[INFO] [stderr]    Compiling tracing-attributes v0.1.27
[INFO] [stderr]    Compiling pin-project-internal v1.1.3
[INFO] [stderr]    Compiling deno-proc-macro-rules-macros v0.3.2
[INFO] [stderr]    Compiling displaydoc v0.2.4
[INFO] [stderr]     Checking sct v0.7.1
[INFO] [stderr]    Compiling rustls-webpki v0.101.7
[INFO] [stderr]    Compiling derive_more v0.99.17
[INFO] [stderr]    Compiling zeroize v1.7.0
[INFO] [stderr]    Compiling lazy-regex-proc_macros v2.4.1
[INFO] [stderr]    Compiling strum_macros v0.24.3
[INFO] [stderr]    Compiling deno-proc-macro-rules v0.3.2
[INFO] [stderr]     Checking tokio v1.32.1
[INFO] [stderr]    Compiling futures-util v0.3.30
[INFO] [stderr]     Checking crypto-common v0.1.6
[INFO] [stderr]    Compiling block-buffer v0.10.4
[INFO] [stderr]    Compiling digest v0.10.7
[INFO] [stderr]    Compiling swc_visit_macros v0.5.7
[INFO] [stderr]    Compiling from_variant v0.1.5
[INFO] [stderr]    Compiling swc_eq_ignore_macros v0.1.1
[INFO] [stderr]    Compiling ast_node v0.9.4
[INFO] [stderr]    Compiling is-macro v0.2.2
[INFO] [stderr]    Compiling tracing v0.1.40
[INFO] [stderr]    Compiling string_enum v0.4.0
[INFO] [stderr]    Compiling pin-project v1.1.3
[INFO] [stderr]    Compiling hmac v0.12.1
[INFO] [stderr]    Compiling lazy-regex v2.5.0
[INFO] [stderr]    Compiling phf_macros v0.10.0
[INFO] [stderr]    Compiling hkdf v0.12.4
[INFO] [stderr]    Compiling block-padding v0.3.3
[INFO] [stderr]    Compiling inout v0.1.3
[INFO] [stderr]    Compiling der v0.7.8
[INFO] [stderr]    Compiling der v0.6.1
[INFO] [stderr] The following warnings were emitted during compilation:
[INFO] [stderr] 
[INFO] [stderr] warning: libsqlite3-sys@0.26.0: cc: fatal error: Killed signal terminated program cc1
[INFO] [stderr] warning: libsqlite3-sys@0.26.0: compilation terminated.
[INFO] [stderr] 
[INFO] [stderr] error: failed to run custom build command for `libsqlite3-sys v0.26.0`
[INFO] [stderr] note: To improve backtraces for build dependencies, set the CARGO_PROFILE_DEV_BUILD_OVERRIDE_DEBUG=true environment variable to enable debug information generation.
[INFO] [stderr] 
[INFO] [stderr] Caused by:
[INFO] [stderr]   process didn't exit successfully: `/opt/rustwide/target/debug/build/libsqlite3-sys-bb33293d55da5055/build-script-build` (exit status: 1)
[INFO] [stderr]   --- stdout
[INFO] [stderr]   cargo:rerun-if-changed=sqlite3/sqlite3.c
[INFO] [stderr]   cargo:rerun-if-changed=sqlite3/wasm32-wasi-vfs.c
[INFO] [stderr]   cargo:rerun-if-env-changed=SQLITE_MAX_VARIABLE_NUMBER
[INFO] [stderr]   cargo:rerun-if-env-changed=SQLITE_MAX_EXPR_DEPTH
[INFO] [stderr]   cargo:rerun-if-env-changed=LIBSQLITE3_FLAGS
[INFO] [stderr]   TARGET = Some("x86_64-unknown-linux-gnu")
[INFO] [stderr]   OPT_LEVEL = Some("0")
[INFO] [stderr]   HOST = Some("x86_64-unknown-linux-gnu")
[INFO] [stderr]   cargo:rerun-if-env-changed=CC_x86_64-unknown-linux-gnu
[INFO] [stderr]   CC_x86_64-unknown-linux-gnu = None
[INFO] [stderr]   cargo:rerun-if-env-changed=CC_x86_64_unknown_linux_gnu
[INFO] [stderr]   CC_x86_64_unknown_linux_gnu = None
[INFO] [stderr]   cargo:rerun-if-env-changed=HOST_CC
[INFO] [stderr]   HOST_CC = None
[INFO] [stderr]   cargo:rerun-if-env-changed=CC
[INFO] [stderr]   CC = None
[INFO] [stderr]   cargo:rerun-if-env-changed=CRATE_CC_NO_DEFAULTS
[INFO] [stderr]   CRATE_CC_NO_DEFAULTS = None
[INFO] [stderr]   DEBUG = Some("true")
[INFO] [stderr]   CARGO_CFG_TARGET_FEATURE = Some("fxsr,sse,sse2")
[INFO] [stderr]   cargo:rerun-if-env-changed=CFLAGS_x86_64-unknown-linux-gnu
[INFO] [stderr]   CFLAGS_x86_64-unknown-linux-gnu = None
[INFO] [stderr]   cargo:rerun-if-env-changed=CFLAGS_x86_64_unknown_linux_gnu
[INFO] [stderr]   CFLAGS_x86_64_unknown_linux_gnu = None
[INFO] [stderr]   cargo:rerun-if-env-changed=HOST_CFLAGS
[INFO] [stderr]   HOST_CFLAGS = None
[INFO] [stderr]   cargo:rerun-if-env-changed=CFLAGS
[INFO] [stderr]   CFLAGS = None
[INFO] [stderr]   running: "cc" "-O0" "-ffunction-sections" "-fdata-sections" "-fPIC" "-gdwarf-4" "-fno-omit-frame-pointer" "-m64" "-DSQLITE_CORE" "-DSQLITE_DEFAULT_FOREIGN_KEYS=1" "-DSQLITE_ENABLE_API_ARMOR" "-DSQLITE_ENABLE_COLUMN_METADATA" "-DSQLITE_ENABLE_DBSTAT_VTAB" "-DSQLITE_ENABLE_FTS3" "-DSQLITE_ENABLE_FTS3_PARENTHESIS" "-DSQLITE_ENABLE_FTS5" "-DSQLITE_ENABLE_JSON1" "-DSQLITE_ENABLE_LOAD_EXTENSION=1" "-DSQLITE_ENABLE_MEMORY_MANAGEMENT" "-DSQLITE_ENABLE_RTREE" "-DSQLITE_ENABLE_STAT2" "-DSQLITE_ENABLE_STAT4" "-DSQLITE_SOUNDEX" "-DSQLITE_THREADSAFE=1" "-DSQLITE_USE_URI" "-DHAVE_USLEEP=1" "-D_POSIX_THREAD_SAFE_FUNCTIONS" "-DHAVE_ISNAN" "-DHAVE_LOCALTIME_R" "-DSQLITE_ENABLE_UNLOCK_NOTIFY" "-o" "/opt/rustwide/target/debug/build/libsqlite3-sys-410945eae4619347/out/sqlite3/sqlite3.o" "-c" "sqlite3/sqlite3.c"
[INFO] [stderr]   exit status: 1
[INFO] [stderr]   cargo:warning=cc: fatal error: Killed signal terminated program cc1
[INFO] [stderr] 
[INFO] [stderr]   cargo:warning=compilation terminated.
[INFO] [stderr] 
[INFO] [stderr] 
[INFO] [stderr]   --- stderr
[INFO] [stderr] 
[INFO] [stderr] 
[INFO] [stderr]   error occurred: Command "cc" "-O0" "-ffunction-sections" "-fdata-sections" "-fPIC" "-gdwarf-4" "-fno-omit-frame-pointer" "-m64" "-DSQLITE_CORE" "-DSQLITE_DEFAULT_FOREIGN_KEYS=1" "-DSQLITE_ENABLE_API_ARMOR" "-DSQLITE_ENABLE_COLUMN_METADATA" "-DSQLITE_ENABLE_DBSTAT_VTAB" "-DSQLITE_ENABLE_FTS3" "-DSQLITE_ENABLE_FTS3_PARENTHESIS" "-DSQLITE_ENABLE_FTS5" "-DSQLITE_ENABLE_JSON1" "-DSQLITE_ENABLE_LOAD_EXTENSION=1" "-DSQLITE_ENABLE_MEMORY_MANAGEMENT" "-DSQLITE_ENABLE_RTREE" "-DSQLITE_ENABLE_STAT2" "-DSQLITE_ENABLE_STAT4" "-DSQLITE_SOUNDEX" "-DSQLITE_THREADSAFE=1" "-DSQLITE_USE_URI" "-DHAVE_USLEEP=1" "-D_POSIX_THREAD_SAFE_FUNCTIONS" "-DHAVE_ISNAN" "-DHAVE_LOCALTIME_R" "-DSQLITE_ENABLE_UNLOCK_NOTIFY" "-o" "/opt/rustwide/target/debug/build/libsqlite3-sys-410945eae4619347/out/sqlite3/sqlite3.o" "-c" "sqlite3/sqlite3.c" with args "cc" did not execute successfully (status code exit status: 1).
[INFO] [stderr] 
[INFO] [stderr] 
[INFO] [stderr] warning: build failed, waiting for other jobs to finish...
[INFO] [stderr] error: failed to run custom build command for `v8 v0.74.3`
[INFO] [stderr] note: To improve backtraces for build dependencies, set the CARGO_PROFILE_DEV_BUILD_OVERRIDE_DEBUG=true environment variable to enable debug information generation.
[INFO] [stderr] 
[INFO] [stderr] Caused by:
[INFO] [stderr]   process didn't exit successfully: `/opt/rustwide/target/debug/build/v8-9340ec69ebac0755/build-script-build` (exit status: 101)
[INFO] [stderr]   --- stdout
[INFO] [stderr]   cargo:rerun-if-changed=.gn
[INFO] [stderr]   cargo:rerun-if-changed=BUILD.gn
[INFO] [stderr]   cargo:rerun-if-changed=src/binding.cc
[INFO] [stderr]   cargo:rerun-if-env-changed=CCACHE
[INFO] [stderr]   cargo:rerun-if-env-changed=CLANG_BASE_PATH
[INFO] [stderr]   cargo:rerun-if-env-changed=CXXSTDLIB
[INFO] [stderr]   cargo:rerun-if-env-changed=DENO_TRYBUILD
[INFO] [stderr]   cargo:rerun-if-env-changed=DOCS_RS
[INFO] [stderr]   cargo:rerun-if-env-changed=GN
[INFO] [stderr]   cargo:rerun-if-env-changed=GN_ARGS
[INFO] [stderr]   cargo:rerun-if-env-changed=HOST
[INFO] [stderr]   cargo:rerun-if-env-changed=NINJA
[INFO] [stderr]   cargo:rerun-if-env-changed=OUT_DIR
[INFO] [stderr]   cargo:rerun-if-env-changed=RUSTY_V8_ARCHIVE
[INFO] [stderr]   cargo:rerun-if-env-changed=RUSTY_V8_MIRROR
[INFO] [stderr]   cargo:rerun-if-env-changed=SCCACHE
[INFO] [stderr]   cargo:rerun-if-env-changed=V8_FORCE_DEBUG
[INFO] [stderr]   cargo:rerun-if-env-changed=V8_FROM_SOURCE
[INFO] [stderr]   cargo:rerun-if-env-changed=PYTHON
[INFO] [stderr]   cargo:rerun-if-env-changed=DISABLE_CLANG
[INFO] [stderr]   cargo:rerun-if-env-changed=EXTRA_GN_ARGS
[INFO] [stderr]   cargo:rerun-if-env-changed=NO_PRINT_GN_ARGS
[INFO] [stderr]   cargo:rustc-link-lib=static=rusty_v8
[INFO] [stderr]   download lockfile: "/opt/rustwide/target/debug/build/lib_download.fslock"
[INFO] [stderr]   static lib URL: https://github.com/denoland/rusty_v8/releases/download/v0.74.3/librusty_v8_release_x86_64-unknown-linux-gnu.a
[INFO] [stderr]   cargo:rustc-link-search=/opt/rustwide/target/debug/gn_out/obj
[INFO] [stderr]   Downloading https://github.com/denoland/rusty_v8/releases/download/v0.74.3/librusty_v8_release_x86_64-unknown-linux-gnu.a
[INFO] [stderr]   Downloading https://github.com/denoland/rusty_v8/releases/download/v0.74.3/librusty_v8_release_x86_64-unknown-linux-gnu.a...
[INFO] [stderr]   <urlopen error [Errno -3] Temporary failure in name resolution>
[INFO] [stderr]   Retrying in 5 s ...
[INFO] [stderr]   Downloading https://github.com/denoland/rusty_v8/releases/download/v0.74.3/librusty_v8_release_x86_64-unknown-linux-gnu.a...
[INFO] [stderr]   <urlopen error [Errno -3] Temporary failure in name resolution>
[INFO] [stderr]   Retrying in 10 s ...
[INFO] [stderr]   Downloading https://github.com/denoland/rusty_v8/releases/download/v0.74.3/librusty_v8_release_x86_64-unknown-linux-gnu.a...
[INFO] [stderr]   <urlopen error [Errno -3] Temporary failure in name resolution>
[INFO] [stderr]   Retrying in 20 s ...
[INFO] [stderr]   Downloading https://github.com/denoland/rusty_v8/releases/download/v0.74.3/librusty_v8_release_x86_64-unknown-linux-gnu.a...
[INFO] [stderr]   <urlopen error [Errno -3] Temporary failure in name resolution>
[INFO] [stderr]   Python downloader failed, trying with curl.
[INFO] [stderr] 
[INFO] [stderr]   --- stderr
[INFO] [stderr]   Traceback (most recent call last):
[INFO] [stderr]     File "/usr/lib/python3.10/urllib/request.py", line 1348, in do_open
[INFO] [stderr]       h.request(req.get_method(), req.selector, req.data, headers,
[INFO] [stderr]     File "/usr/lib/python3.10/http/client.py", line 1283, in request
[INFO] [stderr]       self._send_request(method, url, body, headers, encode_chunked)
[INFO] [stderr]     File "/usr/lib/python3.10/http/client.py", line 1329, in _send_request
[INFO] [stderr]       self.endheaders(body, encode_chunked=encode_chunked)
[INFO] [stderr]     File "/usr/lib/python3.10/http/client.py", line 1278, in endheaders
[INFO] [stderr]       self._send_output(message_body, encode_chunked=encode_chunked)
[INFO] [stderr]     File "/usr/lib/python3.10/http/client.py", line 1038, in _send_output
[INFO] [stderr]       self.send(msg)
[INFO] [stderr]     File "/usr/lib/python3.10/http/client.py", line 976, in send
[INFO] [stderr]       self.connect()
[INFO] [stderr]     File "/usr/lib/python3.10/http/client.py", line 1448, in connect
[INFO] [stderr]       super().connect()
[INFO] [stderr]     File "/usr/lib/python3.10/http/client.py", line 942, in connect
[INFO] [stderr]       self.sock = self._create_connection(
[INFO] [stderr]     File "/usr/lib/python3.10/socket.py", line 824, in create_connection
[INFO] [stderr]       for res in getaddrinfo(host, port, 0, SOCK_STREAM):
[INFO] [stderr]     File "/usr/lib/python3.10/socket.py", line 955, in getaddrinfo
[INFO] [stderr]       for res in _socket.getaddrinfo(host, port, family, type, proto, flags):
[INFO] [stderr]   socket.gaierror: [Errno -3] Temporary failure in name resolution
[INFO] [stderr] 
[INFO] [stderr]   During handling of the above exception, another exception occurred:
[INFO] [stderr] 
[INFO] [stderr]   Traceback (most recent call last):
[INFO] [stderr]     File "/opt/rustwide/cargo-home/registry/src/index.crates.io-6f17d22bba15001f/v8-0.74.3/./tools/download_file.py", line 64, in <module>
[INFO] [stderr]       sys.exit(main())
[INFO] [stderr]     File "/opt/rustwide/cargo-home/registry/src/index.crates.io-6f17d22bba15001f/v8-0.74.3/./tools/download_file.py", line 59, in main
[INFO] [stderr]       DownloadUrl(args.url, f)
[INFO] [stderr]     File "/opt/rustwide/cargo-home/registry/src/index.crates.io-6f17d22bba15001f/v8-0.74.3/./tools/download_file.py", line 45, in DownloadUrl
[INFO] [stderr]       raise e
[INFO] [stderr]     File "/opt/rustwide/cargo-home/registry/src/index.crates.io-6f17d22bba15001f/v8-0.74.3/./tools/download_file.py", line 29, in DownloadUrl
[INFO] [stderr]       response = urlopen(url)
[INFO] [stderr]     File "/usr/lib/python3.10/urllib/request.py", line 216, in urlopen
[INFO] [stderr]       return opener.open(url, data, timeout)
[INFO] [stderr]     File "/usr/lib/python3.10/urllib/request.py", line 519, in open
[INFO] [stderr]       response = self._open(req, data)
[INFO] [stderr]     File "/usr/lib/python3.10/urllib/request.py", line 536, in _open
[INFO] [stderr]       result = self._call_chain(self.handle_open, protocol, protocol +
[INFO] [stderr]     File "/usr/lib/python3.10/urllib/request.py", line 496, in _call_chain
[INFO] [stderr]       result = func(*args)
[INFO] [stderr]     File "/usr/lib/python3.10/urllib/request.py", line 1391, in https_open
[INFO] [stderr]       return self.do_open(http.client.HTTPSConnection, req,
[INFO] [stderr]     File "/usr/lib/python3.10/urllib/request.py", line 1351, in do_open
[INFO] [stderr]       raise URLError(err)
[INFO] [stderr]   urllib.error.URLError: <urlopen error [Errno -3] Temporary failure in name resolution>
[INFO] [stderr]   thread 'main' panicked at /opt/rustwide/cargo-home/registry/src/index.crates.io-6f17d22bba15001f/v8-0.74.3/build.rs:431:3:
[INFO] [stderr]   assertion failed: status.success()
[INFO] [stderr]   stack backtrace:
[INFO] [stderr]      0:     0x555acaa238ec - std::backtrace_rs::backtrace::libunwind::trace::ha637c64ce894333a
[INFO] [stderr]                                  at /rustc/82e1608dfa6e0b5569232559e3d385fea5a93112/library/std/src/../../backtrace/src/backtrace/libunwind.rs:104:5
[INFO] [stderr]      1:     0x555acaa238ec - std::backtrace_rs::backtrace::trace_unsynchronized::h47f62dea28e0c88d
[INFO] [stderr]                                  at /rustc/82e1608dfa6e0b5569232559e3d385fea5a93112/library/std/src/../../backtrace/src/backtrace/mod.rs:66:5
[INFO] [stderr]      2:     0x555acaa238ec - std::sys_common::backtrace::_print_fmt::h9eef0abe20ede486
[INFO] [stderr]                                  at /rustc/82e1608dfa6e0b5569232559e3d385fea5a93112/library/std/src/sys_common/backtrace.rs:67:5
[INFO] [stderr]      3:     0x555acaa238ec - <std::sys_common::backtrace::_print::DisplayBacktrace as core::fmt::Display>::fmt::hed7f999df88cc644
[INFO] [stderr]                                  at /rustc/82e1608dfa6e0b5569232559e3d385fea5a93112/library/std/src/sys_common/backtrace.rs:44:22
[INFO] [stderr]      4:     0x555acaa47f20 - core::fmt::rt::Argument::fmt::h1539a9308b8d058d
[INFO] [stderr]                                  at /rustc/82e1608dfa6e0b5569232559e3d385fea5a93112/library/core/src/fmt/rt.rs:142:9
[INFO] [stderr]      5:     0x555acaa47f20 - core::fmt::write::h3a39390d8560d9c9
[INFO] [stderr]                                  at /rustc/82e1608dfa6e0b5569232559e3d385fea5a93112/library/core/src/fmt/mod.rs:1120:17
[INFO] [stderr]      6:     0x555acaa2126f - std::io::Write::write_fmt::h5fc9997dfe05f882
[INFO] [stderr]                                  at /rustc/82e1608dfa6e0b5569232559e3d385fea5a93112/library/std/src/io/mod.rs:1762:15
[INFO] [stderr]      7:     0x555acaa236d4 - std::sys_common::backtrace::_print::h894006fb5c6f3d45
[INFO] [stderr]                                  at /rustc/82e1608dfa6e0b5569232559e3d385fea5a93112/library/std/src/sys_common/backtrace.rs:47:5
[INFO] [stderr]      8:     0x555acaa236d4 - std::sys_common::backtrace::print::h23a2d212c6fff936
[INFO] [stderr]                                  at /rustc/82e1608dfa6e0b5569232559e3d385fea5a93112/library/std/src/sys_common/backtrace.rs:34:9
[INFO] [stderr]      9:     0x555acaa24d77 - std::panicking::default_hook::{{closure}}::h8a1d2ee00185001a
[INFO] [stderr]     10:     0x555acaa24adf - std::panicking::default_hook::h6038f2eba384e475
[INFO] [stderr]                                  at /rustc/82e1608dfa6e0b5569232559e3d385fea5a93112/library/std/src/panicking.rs:292:9
[INFO] [stderr]     11:     0x555acaa251f8 - std::panicking::rust_panic_with_hook::h2b5517d590cab22e
[INFO] [stderr]                                  at /rustc/82e1608dfa6e0b5569232559e3d385fea5a93112/library/std/src/panicking.rs:779:13
[INFO] [stderr]     12:     0x555acaa250a9 - std::panicking::begin_panic_handler::{{closure}}::h233112c06e0ef43e
[INFO] [stderr]                                  at /rustc/82e1608dfa6e0b5569232559e3d385fea5a93112/library/std/src/panicking.rs:649:13
[INFO] [stderr]     13:     0x555acaa23db6 - std::sys_common::backtrace::__rust_end_short_backtrace::h6e893f24d7ebbff8
[INFO] [stderr]                                  at /rustc/82e1608dfa6e0b5569232559e3d385fea5a93112/library/std/src/sys_common/backtrace.rs:170:18
[INFO] [stderr]     14:     0x555acaa24e42 - rust_begin_unwind
[INFO] [stderr]                                  at /rustc/82e1608dfa6e0b5569232559e3d385fea5a93112/library/std/src/panicking.rs:645:5
[INFO] [stderr]     15:     0x555aca9d38f5 - core::panicking::panic_fmt::hbf0e066aabfa482c
[INFO] [stderr]                                  at /rustc/82e1608dfa6e0b5569232559e3d385fea5a93112/library/core/src/panicking.rs:72:14
[INFO] [stderr]     16:     0x555aca9d3993 - core::panicking::panic::h195fc2a96298d4c3
[INFO] [stderr]                                  at /rustc/82e1608dfa6e0b5569232559e3d385fea5a93112/library/core/src/panicking.rs:127:5
[INFO] [stderr]     17:     0x555aca9de8d4 - build_script_build::download_file::hbdd29eb5fef474a8
[INFO] [stderr]     18:     0x555aca9df047 - build_script_build::download_static_lib_binaries::haf95a96491f47c34
[INFO] [stderr]     19:     0x555aca9da63d - build_script_build::main::h647a3ffa02d3ca4c
[INFO] [stderr]     20:     0x555aca9d85b3 - core::ops::function::FnOnce::call_once::hd79c1ac0379f6d46
[INFO] [stderr]     21:     0x555aca9f1026 - std::sys_common::backtrace::__rust_begin_short_backtrace::h7e4647278dc6a9c8
[INFO] [stderr]     22:     0x555aca9ebb99 - std::rt::lang_start::{{closure}}::h0d2291e49535e0c0
[INFO] [stderr]     23:     0x555acaa1c667 - core::ops::function::impls::<impl core::ops::function::FnOnce<A> for &F>::call_once::hd95060ecd5e1ca24
[INFO] [stderr]                                  at /rustc/82e1608dfa6e0b5569232559e3d385fea5a93112/library/core/src/ops/function.rs:284:13
[INFO] [stderr]     24:     0x555acaa1c667 - std::panicking::try::do_call::h6e8cf51db32a6e4b
[INFO] [stderr]                                  at /rustc/82e1608dfa6e0b5569232559e3d385fea5a93112/library/std/src/panicking.rs:552:40
[INFO] [stderr]     25:     0x555acaa1c667 - std::panicking::try::h3a52eefe24fe3c29
[INFO] [stderr]                                  at /rustc/82e1608dfa6e0b5569232559e3d385fea5a93112/library/std/src/panicking.rs:516:19
[INFO] [stderr]     26:     0x555acaa1c667 - std::panic::catch_unwind::h24c28c23c02c3841
[INFO] [stderr]                                  at /rustc/82e1608dfa6e0b5569232559e3d385fea5a93112/library/std/src/panic.rs:142:14
[INFO] [stderr]     27:     0x555acaa1c667 - std::rt::lang_start_internal::{{closure}}::h705d3c9cbc06ef47
[INFO] [stderr]                                  at /rustc/82e1608dfa6e0b5569232559e3d385fea5a93112/library/std/src/rt.rs:148:48
[INFO] [stderr]     28:     0x555acaa1c667 - std::panicking::try::do_call::ha21f52ba13158470
[INFO] [stderr]                                  at /rustc/82e1608dfa6e0b5569232559e3d385fea5a93112/library/std/src/panicking.rs:552:40
[INFO] [stderr]     29:     0x555acaa1c667 - std::panicking::try::h5581346bf6aeb1f8
[INFO] [stderr]                                  at /rustc/82e1608dfa6e0b5569232559e3d385fea5a93112/library/std/src/panicking.rs:516:19
[INFO] [stderr]     30:     0x555acaa1c667 - std::panic::catch_unwind::h7919645a6b72e25b
[INFO] [stderr]                                  at /rustc/82e1608dfa6e0b5569232559e3d385fea5a93112/library/std/src/panic.rs:142:14
[INFO] [stderr]     31:     0x555acaa1c667 - std::rt::lang_start_internal::h12de51168669836e
[INFO] [stderr]                                  at /rustc/82e1608dfa6e0b5569232559e3d385fea5a93112/library/std/src/rt.rs:148:20
[INFO] [stderr]     32:     0x555aca9ebb77 - std::rt::lang_start::hcdfa47fe75bc4993
[INFO] [stderr]     33:     0x555aca9e3165 - main
[INFO] [stderr]     34:     0x7f95f8f03d90 - <unknown>
[INFO] [stderr]     35:     0x7f95f8f03e40 - __libc_start_main
[INFO] [stderr]     36:     0x555aca9d4105 - _start
[INFO] [stderr]     37:                0x0 - <unknown>
[INFO] running `Command { std: "docker" "inspect" "31cd269df71f595e802c78fb132fbafe439608bec2870afe9541748dc926effb", kill_on_drop: false }`
[INFO] running `Command { std: "docker" "rm" "-f" "31cd269df71f595e802c78fb132fbafe439608bec2870afe9541748dc926effb", kill_on_drop: false }`
[INFO] [stdout] 31cd269df71f595e802c78fb132fbafe439608bec2870afe9541748dc926effb
[INFO] documenting basic_deno_ts_module_loader-0.1.1 against beta-2023-12-22 for beta-1.76-rustdoc-1
[INFO] extracting crate basic_deno_ts_module_loader 0.1.1 into /workspace/builds/worker-7-tc2/source
[INFO] validating manifest of crates.io crate basic_deno_ts_module_loader 0.1.1 on toolchain beta-2023-12-22
[INFO] running `Command { std: CARGO_HOME="/workspace/cargo-home" RUSTUP_HOME="/workspace/rustup-home" "/workspace/cargo-home/bin/cargo" "+beta-2023-12-22" "metadata" "--manifest-path" "Cargo.toml" "--no-deps", kill_on_drop: false }`
[INFO] started tweaking crates.io crate basic_deno_ts_module_loader 0.1.1
[INFO] finished tweaking crates.io crate basic_deno_ts_module_loader 0.1.1
[INFO] tweaked toml for crates.io crate basic_deno_ts_module_loader 0.1.1 written to /workspace/builds/worker-7-tc2/source/Cargo.toml
[INFO] running `Command { std: CARGO_HOME="/workspace/cargo-home" RUSTUP_HOME="/workspace/rustup-home" "/workspace/cargo-home/bin/cargo" "+beta-2023-12-22" "generate-lockfile" "--manifest-path" "Cargo.toml", kill_on_drop: false }`
[INFO] [stderr]     Updating crates.io index
[INFO] running `Command { std: CARGO_HOME="/workspace/cargo-home" RUSTUP_HOME="/workspace/rustup-home" "/workspace/cargo-home/bin/cargo" "+beta-2023-12-22" "fetch" "--manifest-path" "Cargo.toml", kill_on_drop: false }`
[INFO] running `Command { std: "docker" "create" "-v" "/var/lib/crater-agent-workspace/builds/worker-7-tc2/target:/opt/rustwide/target:rw,Z" "-v" "/var/lib/crater-agent-workspace/builds/worker-7-tc2/source:/opt/rustwide/workdir:ro,Z" "-v" "/var/lib/crater-agent-workspace/cargo-home:/opt/rustwide/cargo-home:ro,Z" "-v" "/var/lib/crater-agent-workspace/rustup-home:/opt/rustwide/rustup-home:ro,Z" "-e" "SOURCE_DIR=/opt/rustwide/workdir" "-e" "CARGO_TARGET_DIR=/opt/rustwide/target" "-e" "CARGO_HOME=/opt/rustwide/cargo-home" "-e" "RUSTUP_HOME=/opt/rustwide/rustup-home" "-w" "/opt/rustwide/workdir" "-m" "1610612736" "--user" "0:0" "--network" "none" "ghcr.io/rust-lang/crates-build-env/linux@sha256:2788e3201cd34a07e3172128adcd8b3090168a8e3bcc40d7c032b9dda1df7d1c" "/opt/rustwide/cargo-home/bin/cargo" "+beta-2023-12-22" "metadata" "--no-deps" "--format-version=1", kill_on_drop: false }`
[INFO] [stdout] a6f245626f49e96289264231c16b68a5acccf3b44aa82ce8a2c9045e0c831e64
[INFO] running `Command { std: "docker" "start" "-a" "a6f245626f49e96289264231c16b68a5acccf3b44aa82ce8a2c9045e0c831e64", kill_on_drop: false }`
[INFO] running `Command { std: "docker" "inspect" "a6f245626f49e96289264231c16b68a5acccf3b44aa82ce8a2c9045e0c831e64", kill_on_drop: false }`
[INFO] running `Command { std: "docker" "rm" "-f" "a6f245626f49e96289264231c16b68a5acccf3b44aa82ce8a2c9045e0c831e64", kill_on_drop: false }`
[INFO] [stdout] a6f245626f49e96289264231c16b68a5acccf3b44aa82ce8a2c9045e0c831e64
[INFO] running `Command { std: "docker" "create" "-v" "/var/lib/crater-agent-workspace/builds/worker-7-tc2/target:/opt/rustwide/target:rw,Z" "-v" "/var/lib/crater-agent-workspace/builds/worker-7-tc2/source:/opt/rustwide/workdir:ro,Z" "-v" "/var/lib/crater-agent-workspace/cargo-home:/opt/rustwide/cargo-home:ro,Z" "-v" "/var/lib/crater-agent-workspace/rustup-home:/opt/rustwide/rustup-home:ro,Z" "-e" "SOURCE_DIR=/opt/rustwide/workdir" "-e" "CARGO_TARGET_DIR=/opt/rustwide/target" "-e" "CARGO_INCREMENTAL=0" "-e" "RUST_BACKTRACE=full" "-e" "RUSTFLAGS=--cap-lints=warn" "-e" "RUSTDOCFLAGS=--cap-lints=warn" "-e" "CARGO_HOME=/opt/rustwide/cargo-home" "-e" "RUSTUP_HOME=/opt/rustwide/rustup-home" "-w" "/opt/rustwide/workdir" "-m" "1610612736" "--user" "0:0" "--network" "none" "ghcr.io/rust-lang/crates-build-env/linux@sha256:2788e3201cd34a07e3172128adcd8b3090168a8e3bcc40d7c032b9dda1df7d1c" "/opt/rustwide/cargo-home/bin/cargo" "+beta-2023-12-22" "doc" "--frozen" "--no-deps" "--document-private-items" "--message-format=json", kill_on_drop: false }`
[INFO] [stdout] bb72e050a081a8274d85a706c211560d9272677b0406c989d2bf8e6eb0329ec7
[INFO] running `Command { std: "docker" "start" "-a" "bb72e050a081a8274d85a706c211560d9272677b0406c989d2bf8e6eb0329ec7", kill_on_drop: false }`
[INFO] [stderr]    Compiling libc v0.2.151
[INFO] [stderr]    Compiling version_check v0.9.4
[INFO] [stderr]    Compiling cfg-if v1.0.0
[INFO] [stderr]    Compiling serde v1.0.164
[INFO] [stderr]    Compiling typenum v1.17.0
[INFO] [stderr]    Compiling syn v1.0.109
[INFO] [stderr]    Compiling parking_lot_core v0.9.9
[INFO] [stderr]    Compiling memchr v2.7.1
[INFO] [stderr]    Compiling libm v0.2.8
[INFO] [stderr]    Compiling once_cell v1.19.0
[INFO] [stderr]    Compiling regex-syntax v0.8.2
[INFO] [stderr]    Compiling serde_json v1.0.99
[INFO] [stderr]    Compiling proc-macro2 v1.0.76
[INFO] [stderr]    Compiling lock_api v0.4.11
[INFO] [stderr]    Compiling num-traits v0.2.17
[INFO] [stderr]    Compiling num-integer v0.1.45
[INFO] [stderr]    Compiling num-bigint v0.4.4
[INFO] [stderr]    Compiling slab v0.4.9
[INFO] [stderr]    Compiling ppv-lite86 v0.2.17
[INFO] [stderr]    Compiling hashbrown v0.14.3
[INFO] [stderr]    Compiling thiserror v1.0.40
[INFO] [stderr]    Compiling either v1.9.0
[INFO] [stderr]    Compiling generic-array v0.14.7
[INFO] [stderr]    Compiling ahash v0.7.7
[INFO] [stderr]    Compiling equivalent v1.0.1
[INFO] [stderr]    Compiling bitflags v2.4.1
[INFO] [stderr]     Checking smallvec v1.11.2
[INFO] [stderr]    Compiling indexmap v1.9.3
[INFO] [stderr]    Compiling quote v1.0.35
[INFO] [stderr]    Compiling aho-corasick v1.1.2
[INFO] [stderr]     Checking scopeguard v1.2.0
[INFO] [stderr]    Compiling pin-project-lite v0.2.13
[INFO] [stderr]    Compiling subtle v2.5.0
[INFO] [stderr]    Compiling itoa v1.0.10
[INFO] [stderr]    Compiling spin v0.5.2
[INFO] [stderr]    Compiling syn v2.0.18
[INFO] [stderr]    Compiling lazy_static v1.4.0
[INFO] [stderr]    Compiling rustix v0.38.28
[INFO] [stderr]    Compiling linux-raw-sys v0.4.12
[INFO] [stderr]    Compiling anyhow v1.0.79
[INFO] [stderr]    Compiling tinyvec_macros v0.1.1
[INFO] [stderr]    Compiling home v0.5.9
[INFO] [stderr]    Compiling indexmap v2.1.0
[INFO] [stderr]    Compiling heck v0.4.1
[INFO] [stderr]    Compiling tinyvec v1.6.0
[INFO] [stderr]    Compiling bitflags v1.3.2
[INFO] [stderr]    Compiling unicode-bidi v0.3.14
[INFO] [stderr]    Compiling const-oid v0.9.6
[INFO] [stderr]    Compiling rustversion v1.0.14
[INFO] [stderr]    Compiling percent-encoding v2.3.0
[INFO] [stderr]    Compiling form_urlencoded v1.2.1
[INFO] [stderr]    Compiling getrandom v0.2.11
[INFO] [stderr]    Compiling cc v1.0.83
[INFO] [stderr]    Compiling rand_core v0.6.4
[INFO] [stderr]    Compiling fslock v0.1.8
[INFO] [stderr]    Compiling regex-automata v0.4.3
[INFO] [stderr]     Checking parking_lot v0.12.1
[INFO] [stderr]    Compiling unicode-normalization v0.1.22
[INFO] [stderr]    Compiling rand_chacha v0.3.1
[INFO] [stderr]     Checking num_cpus v1.16.0
[INFO] [stderr]    Compiling rand v0.8.5
[INFO] [stderr]    Compiling winnow v0.5.33
[INFO] [stderr]    Compiling toml_datetime v0.6.5
[INFO] [stderr]    Compiling idna v0.4.0
[INFO] [stderr]     Checking bytes v1.5.0
[INFO] [stderr]    Compiling which v4.4.2
[INFO] [stderr]     Checking log v0.4.19
[INFO] [stderr]    Compiling siphasher v0.3.11
[INFO] [stderr]    Compiling ryu v1.0.16
[INFO] [stderr]    Compiling futures-core v0.3.30
[INFO] [stderr]    Compiling data-encoding v2.5.0
[INFO] [stderr]    Compiling phf_shared v0.10.0
[INFO] [stderr]     Checking mio v0.8.10
[INFO] [stderr]     Checking signal-hook-registry v1.4.1
[INFO] [stderr]     Checking socket2 v0.5.5
[INFO] [stderr]    Compiling phf_generator v0.10.0
[INFO] [stderr]    Compiling unicode-id v0.3.4
[INFO] [stderr]    Compiling v8 v0.74.3
[INFO] [stderr]    Compiling futures-sink v0.3.30
[INFO] [stderr]    Compiling if_chain v1.0.2
[INFO] [stderr]    Compiling futures-channel v0.3.30
[INFO] [stderr]     Checking futures-task v0.3.30
[INFO] [stderr]    Compiling pin-utils v0.1.0
[INFO] [stderr]    Compiling futures-io v0.3.30
[INFO] [stderr]    Compiling string_cache_codegen v0.5.2
[INFO] [stderr]    Compiling ring v0.17.7
[INFO] [stderr]    Compiling async-trait v0.1.69
[INFO] [stderr]    Compiling hashbrown v0.12.3
[INFO] [stderr]    Compiling tracing-core v0.1.32
[INFO] [stderr]    Compiling pkg-config v0.3.28
[INFO] [stderr]    Compiling vcpkg v0.2.15
[INFO] [stderr]    Compiling base64ct v1.6.0
[INFO] [stderr]    Compiling cpufeatures v0.2.12
[INFO] [stderr]    Compiling swc_atoms v0.5.6
[INFO] [stderr]    Compiling toml_edit v0.19.15
[INFO] [stderr]    Compiling crc32fast v1.3.2
[INFO] [stderr]    Compiling httparse v1.8.0
[INFO] [stderr]    Compiling psm v0.1.21
[INFO] [stderr]    Compiling rustls v0.21.10
[INFO] [stderr]    Compiling regex v1.10.2
[INFO] [stderr]    Compiling stacker v0.1.15
[INFO] [stderr]    Compiling smartstring v1.0.1
[INFO] [stderr]    Compiling proc-macro-hack v0.5.20+deprecated
[INFO] [stderr]    Compiling precomputed-hash v0.1.1
[INFO] [stderr]    Compiling static_assertions v1.1.0
[INFO] [stderr]    Compiling new_debug_unreachable v1.0.4
[INFO] [stderr]    Compiling stable_deref_trait v1.2.0
[INFO] [stderr]    Compiling rustc-hash v1.1.0
[INFO] [stderr]    Compiling encoding_rs v0.8.31
[INFO] [stderr]    Compiling untrusted v0.9.0
[INFO] [stderr]    Compiling spin v0.9.8
[INFO] [stderr]    Compiling scoped-tls v1.0.1
[INFO] [stderr]    Compiling Inflector v0.11.4
[INFO] [stderr]    Compiling better_scoped_tls v0.1.1
[INFO] [stderr]    Compiling lexical-util v0.8.5
[INFO] [stderr]    Compiling fnv v1.0.7
[INFO] [stderr]    Compiling unicode-width v0.1.11
[INFO] [stderr]    Compiling num-iter v0.1.43
[INFO] [stderr]    Compiling time-core v0.1.1
[INFO] [stderr]    Compiling http v0.2.11
[INFO] [stderr]    Compiling semver v1.0.21
[INFO] [stderr]    Compiling windows_x86_64_gnu v0.48.5
[INFO] [stderr]    Compiling pmutil v0.5.3
[INFO] [stderr]    Compiling time-macros v0.2.12
[INFO] [stderr]    Compiling pem-rfc7468 v0.6.0
[INFO] [stderr]    Compiling pem-rfc7468 v0.7.0
[INFO] [stderr]    Compiling swc_macros_common v0.3.7
[INFO] [stderr]    Compiling semver-parser v0.7.0
[INFO] [stderr]    Compiling unicode-xid v0.2.4
[INFO] [stderr]    Compiling synstructure v0.12.6
[INFO] [stderr]    Compiling semver v0.9.0
[INFO] [stderr]    Compiling lexical-parse-integer v0.8.6
[INFO] [stderr]    Compiling lexical-write-integer v0.8.5
[INFO] [stderr]    Compiling proc-macro-crate v1.3.1
[INFO] [stderr]    Compiling libsqlite3-sys v0.26.0
[INFO] [stderr]    Compiling memoffset v0.6.5
[INFO] [stderr]    Compiling byteorder v1.5.0
[INFO] [stderr]    Compiling num-bigint-dig v0.8.4
[INFO] [stderr]    Compiling adler v1.0.2
[INFO] [stderr]    Compiling miniz_oxide v0.5.4
[INFO] [stderr]    Compiling lexical-write-float v0.8.5
[INFO] [stderr]    Compiling rustc_version v0.4.0
[INFO] [stderr]    Compiling lexical-parse-float v0.8.5
[INFO] [stderr]    Compiling rustc_version v0.2.3
[INFO] [stderr]    Compiling base64 v0.21.5
[INFO] [stderr]    Compiling platforms v3.3.0
[INFO] [stderr]    Compiling try-lock v0.2.5
[INFO] [stderr]    Compiling fs3 v0.5.0
[INFO] [stderr]    Compiling want v0.3.1
[INFO] [stderr]    Compiling flate2 v1.0.24
[INFO] [stderr]    Compiling openssl-sys v0.9.98
[INFO] [stderr]    Compiling ring v0.16.20
[INFO] [stderr]    Compiling curve25519-dalek v4.1.1
[INFO] [stderr]    Compiling lexical-core v0.8.5
[INFO] [stderr]    Compiling proc-macro2 v0.4.30
[INFO] [stderr]    Compiling httpdate v1.0.3
[INFO] [stderr]    Compiling alloc-no-stdlib v2.0.4
[INFO] [stderr]     Checking openssl-probe v0.1.5
[INFO] [stderr]    Compiling getrandom v0.1.16
[INFO] [stderr]    Compiling alloc-stdlib v0.2.2
[INFO] [stderr]    Compiling lexical v6.1.1
[INFO] [stderr]    Compiling rustls-pemfile v1.0.4
[INFO] [stderr]    Compiling http-body v0.4.6
[INFO] [stderr]    Compiling ff v0.13.0
[INFO] [stderr]    Compiling proc-macro-error-attr v1.0.4
[INFO] [stderr]    Compiling tower-service v0.3.2
[INFO] [stderr]    Compiling ipnet v2.9.0
[INFO] [stderr]    Compiling base16ct v0.2.0
[INFO] [stderr]    Compiling unicode-xid v0.1.0
[INFO] [stderr]    Compiling typed-arena v2.0.2
[INFO] [stderr]    Compiling group v0.13.0
[INFO] [stderr]    Compiling brotli-decompressor v2.5.1
[INFO] [stderr]    Compiling zeroize_derive v1.4.2
[INFO] [stderr]    Compiling serde_derive v1.0.164
[INFO] [stderr]    Compiling tokio-macros v2.1.0
[INFO] [stderr]    Compiling futures-macro v0.3.30
[INFO] [stderr]    Compiling thiserror-impl v1.0.40
[INFO] [stderr]    Compiling tracing-attributes v0.1.27
[INFO] [stderr]    Compiling pin-project-internal v1.1.3
[INFO] [stderr]    Compiling deno-proc-macro-rules-macros v0.3.2
[INFO] [stderr]    Compiling displaydoc v0.2.4
[INFO] [stderr]    Compiling derive_more v0.99.17
[INFO] [stderr]    Compiling zeroize v1.7.0
[INFO] [stderr]    Compiling lazy-regex-proc_macros v2.4.1
[INFO] [stderr]    Compiling strum_macros v0.24.3
[INFO] [stderr]     Checking tokio v1.32.1
[INFO] [stderr]    Compiling deno-proc-macro-rules v0.3.2
[INFO] [stderr]     Checking futures-util v0.3.30
[INFO] [stderr]    Compiling crypto-common v0.1.6
[INFO] [stderr]    Compiling block-buffer v0.10.4
[INFO] [stderr]    Compiling swc_visit_macros v0.5.7
[INFO] [stderr]    Compiling digest v0.10.7
[INFO] [stderr]    Compiling swc_eq_ignore_macros v0.1.1
[INFO] [stderr]    Compiling ast_node v0.9.4
[INFO] [stderr]    Compiling from_variant v0.1.5
[INFO] [stderr]    Compiling string_enum v0.4.0
[INFO] [stderr]    Compiling tracing v0.1.40
[INFO] [stderr]    Compiling is-macro v0.2.2
[INFO] [stderr] The following warnings were emitted during compilation:
[INFO] [stderr] 
[INFO] [stderr] warning: libsqlite3-sys@0.26.0: cc: fatal error: Killed signal terminated program cc1
[INFO] [stderr] warning: libsqlite3-sys@0.26.0: compilation terminated.
[INFO] [stderr] 
[INFO] [stderr] error: failed to run custom build command for `libsqlite3-sys v0.26.0`
[INFO] [stderr] note: To improve backtraces for build dependencies, set the CARGO_PROFILE_DEV_BUILD_OVERRIDE_DEBUG=true environment variable to enable debug information generation.
[INFO] [stderr] 
[INFO] [stderr] Caused by:
[INFO] [stderr]   process didn't exit successfully: `/opt/rustwide/target/debug/build/libsqlite3-sys-96c0c21b1ec94489/build-script-build` (exit status: 1)
[INFO] [stderr]   --- stdout
[INFO] [stderr]   cargo:rerun-if-changed=sqlite3/sqlite3.c
[INFO] [stderr]   cargo:rerun-if-changed=sqlite3/wasm32-wasi-vfs.c
[INFO] [stderr]   cargo:rerun-if-env-changed=SQLITE_MAX_VARIABLE_NUMBER
[INFO] [stderr]   cargo:rerun-if-env-changed=SQLITE_MAX_EXPR_DEPTH
[INFO] [stderr]   cargo:rerun-if-env-changed=LIBSQLITE3_FLAGS
[INFO] [stderr]   TARGET = Some("x86_64-unknown-linux-gnu")
[INFO] [stderr]   OPT_LEVEL = Some("0")
[INFO] [stderr]   HOST = Some("x86_64-unknown-linux-gnu")
[INFO] [stderr]   cargo:rerun-if-env-changed=CC_x86_64-unknown-linux-gnu
[INFO] [stderr]   CC_x86_64-unknown-linux-gnu = None
[INFO] [stderr]   cargo:rerun-if-env-changed=CC_x86_64_unknown_linux_gnu
[INFO] [stderr]   CC_x86_64_unknown_linux_gnu = None
[INFO] [stderr]   cargo:rerun-if-env-changed=HOST_CC
[INFO] [stderr]   HOST_CC = None
[INFO] [stderr]   cargo:rerun-if-env-changed=CC
[INFO] [stderr]   CC = None
[INFO] [stderr]   cargo:rerun-if-env-changed=CRATE_CC_NO_DEFAULTS
[INFO] [stderr]   CRATE_CC_NO_DEFAULTS = None
[INFO] [stderr]   DEBUG = Some("true")
[INFO] [stderr]   CARGO_CFG_TARGET_FEATURE = Some("fxsr,sse,sse2")
[INFO] [stderr]   cargo:rerun-if-env-changed=CFLAGS_x86_64-unknown-linux-gnu
[INFO] [stderr]   CFLAGS_x86_64-unknown-linux-gnu = None
[INFO] [stderr]   cargo:rerun-if-env-changed=CFLAGS_x86_64_unknown_linux_gnu
[INFO] [stderr]   CFLAGS_x86_64_unknown_linux_gnu = None
[INFO] [stderr]   cargo:rerun-if-env-changed=HOST_CFLAGS
[INFO] [stderr]   HOST_CFLAGS = None
[INFO] [stderr]   cargo:rerun-if-env-changed=CFLAGS
[INFO] [stderr]   CFLAGS = None
[INFO] [stderr]   running: "cc" "-O0" "-ffunction-sections" "-fdata-sections" "-fPIC" "-gdwarf-4" "-fno-omit-frame-pointer" "-m64" "-DSQLITE_CORE" "-DSQLITE_DEFAULT_FOREIGN_KEYS=1" "-DSQLITE_ENABLE_API_ARMOR" "-DSQLITE_ENABLE_COLUMN_METADATA" "-DSQLITE_ENABLE_DBSTAT_VTAB" "-DSQLITE_ENABLE_FTS3" "-DSQLITE_ENABLE_FTS3_PARENTHESIS" "-DSQLITE_ENABLE_FTS5" "-DSQLITE_ENABLE_JSON1" "-DSQLITE_ENABLE_LOAD_EXTENSION=1" "-DSQLITE_ENABLE_MEMORY_MANAGEMENT" "-DSQLITE_ENABLE_RTREE" "-DSQLITE_ENABLE_STAT2" "-DSQLITE_ENABLE_STAT4" "-DSQLITE_SOUNDEX" "-DSQLITE_THREADSAFE=1" "-DSQLITE_USE_URI" "-DHAVE_USLEEP=1" "-D_POSIX_THREAD_SAFE_FUNCTIONS" "-DHAVE_ISNAN" "-DHAVE_LOCALTIME_R" "-DSQLITE_ENABLE_UNLOCK_NOTIFY" "-o" "/opt/rustwide/target/debug/build/libsqlite3-sys-5f6e5062b74ab3ba/out/sqlite3/sqlite3.o" "-c" "sqlite3/sqlite3.c"
[INFO] [stderr]   exit status: 1
[INFO] [stderr]   cargo:warning=cc: fatal error: Killed signal terminated program cc1
[INFO] [stderr] 
[INFO] [stderr]   cargo:warning=compilation terminated.
[INFO] [stderr] 
[INFO] [stderr] 
[INFO] [stderr]   --- stderr
[INFO] [stderr] 
[INFO] [stderr] 
[INFO] [stderr]   error occurred: Command "cc" "-O0" "-ffunction-sections" "-fdata-sections" "-fPIC" "-gdwarf-4" "-fno-omit-frame-pointer" "-m64" "-DSQLITE_CORE" "-DSQLITE_DEFAULT_FOREIGN_KEYS=1" "-DSQLITE_ENABLE_API_ARMOR" "-DSQLITE_ENABLE_COLUMN_METADATA" "-DSQLITE_ENABLE_DBSTAT_VTAB" "-DSQLITE_ENABLE_FTS3" "-DSQLITE_ENABLE_FTS3_PARENTHESIS" "-DSQLITE_ENABLE_FTS5" "-DSQLITE_ENABLE_JSON1" "-DSQLITE_ENABLE_LOAD_EXTENSION=1" "-DSQLITE_ENABLE_MEMORY_MANAGEMENT" "-DSQLITE_ENABLE_RTREE" "-DSQLITE_ENABLE_STAT2" "-DSQLITE_ENABLE_STAT4" "-DSQLITE_SOUNDEX" "-DSQLITE_THREADSAFE=1" "-DSQLITE_USE_URI" "-DHAVE_USLEEP=1" "-D_POSIX_THREAD_SAFE_FUNCTIONS" "-DHAVE_ISNAN" "-DHAVE_LOCALTIME_R" "-DSQLITE_ENABLE_UNLOCK_NOTIFY" "-o" "/opt/rustwide/target/debug/build/libsqlite3-sys-5f6e5062b74ab3ba/out/sqlite3/sqlite3.o" "-c" "sqlite3/sqlite3.c" with args "cc" did not execute successfully (status code exit status: 1).
[INFO] [stderr] 
[INFO] [stderr] 
[INFO] [stderr] warning: build failed, waiting for other jobs to finish...
[INFO] [stderr] error: failed to run custom build command for `v8 v0.74.3`
[INFO] [stderr] note: To improve backtraces for build dependencies, set the CARGO_PROFILE_DEV_BUILD_OVERRIDE_DEBUG=true environment variable to enable debug information generation.
[INFO] [stderr] 
[INFO] [stderr] Caused by:
[INFO] [stderr]   process didn't exit successfully: `/opt/rustwide/target/debug/build/v8-b90a2313185593d0/build-script-build` (exit status: 101)
[INFO] [stderr]   --- stdout
[INFO] [stderr]   cargo:rerun-if-changed=.gn
[INFO] [stderr]   cargo:rerun-if-changed=BUILD.gn
[INFO] [stderr]   cargo:rerun-if-changed=src/binding.cc
[INFO] [stderr]   cargo:rerun-if-env-changed=CCACHE
[INFO] [stderr]   cargo:rerun-if-env-changed=CLANG_BASE_PATH
[INFO] [stderr]   cargo:rerun-if-env-changed=CXXSTDLIB
[INFO] [stderr]   cargo:rerun-if-env-changed=DENO_TRYBUILD
[INFO] [stderr]   cargo:rerun-if-env-changed=DOCS_RS
[INFO] [stderr]   cargo:rerun-if-env-changed=GN
[INFO] [stderr]   cargo:rerun-if-env-changed=GN_ARGS
[INFO] [stderr]   cargo:rerun-if-env-changed=HOST
[INFO] [stderr]   cargo:rerun-if-env-changed=NINJA
[INFO] [stderr]   cargo:rerun-if-env-changed=OUT_DIR
[INFO] [stderr]   cargo:rerun-if-env-changed=RUSTY_V8_ARCHIVE
[INFO] [stderr]   cargo:rerun-if-env-changed=RUSTY_V8_MIRROR
[INFO] [stderr]   cargo:rerun-if-env-changed=SCCACHE
[INFO] [stderr]   cargo:rerun-if-env-changed=V8_FORCE_DEBUG
[INFO] [stderr]   cargo:rerun-if-env-changed=V8_FROM_SOURCE
[INFO] [stderr]   cargo:rerun-if-env-changed=PYTHON
[INFO] [stderr]   cargo:rerun-if-env-changed=DISABLE_CLANG
[INFO] [stderr]   cargo:rerun-if-env-changed=EXTRA_GN_ARGS
[INFO] [stderr]   cargo:rerun-if-env-changed=NO_PRINT_GN_ARGS
[INFO] [stderr]   cargo:rustc-link-lib=static=rusty_v8
[INFO] [stderr]   download lockfile: "/opt/rustwide/target/debug/build/lib_download.fslock"
[INFO] [stderr]   static lib URL: https://github.com/denoland/rusty_v8/releases/download/v0.74.3/librusty_v8_release_x86_64-unknown-linux-gnu.a
[INFO] [stderr]   cargo:rustc-link-search=/opt/rustwide/target/debug/gn_out/obj
[INFO] [stderr]   Downloading https://github.com/denoland/rusty_v8/releases/download/v0.74.3/librusty_v8_release_x86_64-unknown-linux-gnu.a
[INFO] [stderr]   Downloading https://github.com/denoland/rusty_v8/releases/download/v0.74.3/librusty_v8_release_x86_64-unknown-linux-gnu.a...
[INFO] [stderr]   <urlopen error [Errno -3] Temporary failure in name resolution>
[INFO] [stderr]   Retrying in 5 s ...
[INFO] [stderr]   Downloading https://github.com/denoland/rusty_v8/releases/download/v0.74.3/librusty_v8_release_x86_64-unknown-linux-gnu.a...
[INFO] [stderr]   <urlopen error [Errno -3] Temporary failure in name resolution>
[INFO] [stderr]   Retrying in 10 s ...
[INFO] [stderr]   Downloading https://github.com/denoland/rusty_v8/releases/download/v0.74.3/librusty_v8_release_x86_64-unknown-linux-gnu.a...
[INFO] [stderr]   <urlopen error [Errno -3] Temporary failure in name resolution>
[INFO] [stderr]   Retrying in 20 s ...
[INFO] [stderr]   Downloading https://github.com/denoland/rusty_v8/releases/download/v0.74.3/librusty_v8_release_x86_64-unknown-linux-gnu.a...
[INFO] [stderr]   <urlopen error [Errno -3] Temporary failure in name resolution>
[INFO] [stderr]   Python downloader failed, trying with curl.
[INFO] [stderr] 
[INFO] [stderr]   --- stderr
[INFO] [stderr]   Traceback (most recent call last):
[INFO] [stderr]     File "/usr/lib/python3.10/urllib/request.py", line 1348, in do_open
[INFO] [stderr]       h.request(req.get_method(), req.selector, req.data, headers,
[INFO] [stderr]     File "/usr/lib/python3.10/http/client.py", line 1283, in request
[INFO] [stderr]       self._send_request(method, url, body, headers, encode_chunked)
[INFO] [stderr]     File "/usr/lib/python3.10/http/client.py", line 1329, in _send_request
[INFO] [stderr]       self.endheaders(body, encode_chunked=encode_chunked)
[INFO] [stderr]     File "/usr/lib/python3.10/http/client.py", line 1278, in endheaders
[INFO] [stderr]       self._send_output(message_body, encode_chunked=encode_chunked)
[INFO] [stderr]     File "/usr/lib/python3.10/http/client.py", line 1038, in _send_output
[INFO] [stderr]       self.send(msg)
[INFO] [stderr]     File "/usr/lib/python3.10/http/client.py", line 976, in send
[INFO] [stderr]       self.connect()
[INFO] [stderr]     File "/usr/lib/python3.10/http/client.py", line 1448, in connect
[INFO] [stderr]       super().connect()
[INFO] [stderr]     File "/usr/lib/python3.10/http/client.py", line 942, in connect
[INFO] [stderr]       self.sock = self._create_connection(
[INFO] [stderr]     File "/usr/lib/python3.10/socket.py", line 824, in create_connection
[INFO] [stderr]       for res in getaddrinfo(host, port, 0, SOCK_STREAM):
[INFO] [stderr]     File "/usr/lib/python3.10/socket.py", line 955, in getaddrinfo
[INFO] [stderr]       for res in _socket.getaddrinfo(host, port, family, type, proto, flags):
[INFO] [stderr]   socket.gaierror: [Errno -3] Temporary failure in name resolution
[INFO] [stderr] 
[INFO] [stderr]   During handling of the above exception, another exception occurred:
[INFO] [stderr] 
[INFO] [stderr]   Traceback (most recent call last):
[INFO] [stderr]     File "/opt/rustwide/cargo-home/registry/src/index.crates.io-6f17d22bba15001f/v8-0.74.3/./tools/download_file.py", line 64, in <module>
[INFO] [stderr]       sys.exit(main())
[INFO] [stderr]     File "/opt/rustwide/cargo-home/registry/src/index.crates.io-6f17d22bba15001f/v8-0.74.3/./tools/download_file.py", line 59, in main
[INFO] [stderr]       DownloadUrl(args.url, f)
[INFO] [stderr]     File "/opt/rustwide/cargo-home/registry/src/index.crates.io-6f17d22bba15001f/v8-0.74.3/./tools/download_file.py", line 45, in DownloadUrl
[INFO] [stderr]       raise e
[INFO] [stderr]     File "/opt/rustwide/cargo-home/registry/src/index.crates.io-6f17d22bba15001f/v8-0.74.3/./tools/download_file.py", line 29, in DownloadUrl
[INFO] [stderr]       response = urlopen(url)
[INFO] [stderr]     File "/usr/lib/python3.10/urllib/request.py", line 216, in urlopen
[INFO] [stderr]       return opener.open(url, data, timeout)
[INFO] [stderr]     File "/usr/lib/python3.10/urllib/request.py", line 519, in open
[INFO] [stderr]       response = self._open(req, data)
[INFO] [stderr]     File "/usr/lib/python3.10/urllib/request.py", line 536, in _open
[INFO] [stderr]       result = self._call_chain(self.handle_open, protocol, protocol +
[INFO] [stderr]     File "/usr/lib/python3.10/urllib/request.py", line 496, in _call_chain
[INFO] [stderr]       result = func(*args)
[INFO] [stderr]     File "/usr/lib/python3.10/urllib/request.py", line 1391, in https_open
[INFO] [stderr]       return self.do_open(http.client.HTTPSConnection, req,
[INFO] [stderr]     File "/usr/lib/python3.10/urllib/request.py", line 1351, in do_open
[INFO] [stderr]       raise URLError(err)
[INFO] [stderr]   urllib.error.URLError: <urlopen error [Errno -3] Temporary failure in name resolution>
[INFO] [stderr]   thread 'main' panicked at /opt/rustwide/cargo-home/registry/src/index.crates.io-6f17d22bba15001f/v8-0.74.3/build.rs:431:3:
[INFO] [stderr]   assertion failed: status.success()
[INFO] [stderr]   stack backtrace:
[INFO] [stderr]      0:     0x557bafb490e6 - std::backtrace_rs::backtrace::libunwind::trace::h261606ad26a499c1
[INFO] [stderr]                                  at /rustc/0e09125c6c3c2fd70d7de961bcf0e51575235fad/library/std/src/../../backtrace/src/backtrace/libunwind.rs:104:5
[INFO] [stderr]      1:     0x557bafb490e6 - std::backtrace_rs::backtrace::trace_unsynchronized::hd183f0625477fb28
[INFO] [stderr]                                  at /rustc/0e09125c6c3c2fd70d7de961bcf0e51575235fad/library/std/src/../../backtrace/src/backtrace/mod.rs:66:5
[INFO] [stderr]      2:     0x557bafb490e6 - std::sys_common::backtrace::_print_fmt::hd7f8fef21b4eda67
[INFO] [stderr]                                  at /rustc/0e09125c6c3c2fd70d7de961bcf0e51575235fad/library/std/src/sys_common/backtrace.rs:68:5
[INFO] [stderr]      3:     0x557bafb490e6 - <std::sys_common::backtrace::_print::DisplayBacktrace as core::fmt::Display>::fmt::h623d9b51f2f453f1
[INFO] [stderr]                                  at /rustc/0e09125c6c3c2fd70d7de961bcf0e51575235fad/library/std/src/sys_common/backtrace.rs:44:22
[INFO] [stderr]      4:     0x557bafb6ca20 - core::fmt::rt::Argument::fmt::h9f417ac76a86f368
[INFO] [stderr]                                  at /rustc/0e09125c6c3c2fd70d7de961bcf0e51575235fad/library/core/src/fmt/rt.rs:142:9
[INFO] [stderr]      5:     0x557bafb6ca20 - core::fmt::write::hc9b6faf4ac2aeff7
[INFO] [stderr]                                  at /rustc/0e09125c6c3c2fd70d7de961bcf0e51575235fad/library/core/src/fmt/mod.rs:1120:17
[INFO] [stderr]      6:     0x557bafb46baf - std::io::Write::write_fmt::hfead1eee52c2e65e
[INFO] [stderr]                                  at /rustc/0e09125c6c3c2fd70d7de961bcf0e51575235fad/library/std/src/io/mod.rs:1810:15
[INFO] [stderr]      7:     0x557bafb48ec4 - std::sys_common::backtrace::_print::hd5d66399c7df88a2
[INFO] [stderr]                                  at /rustc/0e09125c6c3c2fd70d7de961bcf0e51575235fad/library/std/src/sys_common/backtrace.rs:47:5
[INFO] [stderr]      8:     0x557bafb48ec4 - std::sys_common::backtrace::print::he81ed2da642d37e5
[INFO] [stderr]                                  at /rustc/0e09125c6c3c2fd70d7de961bcf0e51575235fad/library/std/src/sys_common/backtrace.rs:34:9
[INFO] [stderr]      9:     0x557bafb4a5b7 - std::panicking::default_hook::{{closure}}::h85773f4fa117163d
[INFO] [stderr]     10:     0x557bafb4a319 - std::panicking::default_hook::h6a1694a91d09b278
[INFO] [stderr]                                  at /rustc/0e09125c6c3c2fd70d7de961bcf0e51575235fad/library/std/src/panicking.rs:292:9
[INFO] [stderr]     11:     0x557bafb4aa48 - std::panicking::rust_panic_with_hook::h0a7ad96e90f7145b
[INFO] [stderr]                                  at /rustc/0e09125c6c3c2fd70d7de961bcf0e51575235fad/library/std/src/panicking.rs:779:13
[INFO] [stderr]     12:     0x557bafb4a8e9 - std::panicking::begin_panic_handler::{{closure}}::h7919090525c6485e
[INFO] [stderr]                                  at /rustc/0e09125c6c3c2fd70d7de961bcf0e51575235fad/library/std/src/panicking.rs:649:13
[INFO] [stderr]     13:     0x557bafb495e6 - std::sys_common::backtrace::__rust_end_short_backtrace::hf3289479464f7dfe
[INFO] [stderr]                                  at /rustc/0e09125c6c3c2fd70d7de961bcf0e51575235fad/library/std/src/sys_common/backtrace.rs:171:18
[INFO] [stderr]     14:     0x557bafb4a680 - rust_begin_unwind
[INFO] [stderr]                                  at /rustc/0e09125c6c3c2fd70d7de961bcf0e51575235fad/library/std/src/panicking.rs:645:5
[INFO] [stderr]     15:     0x557bafaf8915 - core::panicking::panic_fmt::hcc9f77c5c132af55
[INFO] [stderr]                                  at /rustc/0e09125c6c3c2fd70d7de961bcf0e51575235fad/library/core/src/panicking.rs:72:14
[INFO] [stderr]     16:     0x557bafaf89d3 - core::panicking::panic::h5a1259c1164bd480
[INFO] [stderr]                                  at /rustc/0e09125c6c3c2fd70d7de961bcf0e51575235fad/library/core/src/panicking.rs:144:5
[INFO] [stderr]     17:     0x557bafb025c4 - build_script_build::download_file::h6665277703c1d3ad
[INFO] [stderr]     18:     0x557bafb02d37 - build_script_build::download_static_lib_binaries::h058c75755562d339
[INFO] [stderr]     19:     0x557bafafe30b - build_script_build::main::h17663d9ae29369f4
[INFO] [stderr]     20:     0x557bafb0f533 - core::ops::function::FnOnce::call_once::h3d763d9f3389a310
[INFO] [stderr]     21:     0x557bafb12a16 - std::sys_common::backtrace::__rust_begin_short_backtrace::h111f2e437ddeb1c2
[INFO] [stderr]     22:     0x557bafb12a69 - std::rt::lang_start::{{closure}}::h75c79d0fc361b64a
[INFO] [stderr]     23:     0x557bafb41bb1 - core::ops::function::impls::<impl core::ops::function::FnOnce<A> for &F>::call_once::h4eb4c5e1620f29b0
[INFO] [stderr]                                  at /rustc/0e09125c6c3c2fd70d7de961bcf0e51575235fad/library/core/src/ops/function.rs:284:13
[INFO] [stderr]     24:     0x557bafb41bb1 - std::panicking::try::do_call::h73fd26535faffcdf
[INFO] [stderr]                                  at /rustc/0e09125c6c3c2fd70d7de961bcf0e51575235fad/library/std/src/panicking.rs:552:40
[INFO] [stderr]     25:     0x557bafb41bb1 - std::panicking::try::h77ff1d98f0fb9f39
[INFO] [stderr]                                  at /rustc/0e09125c6c3c2fd70d7de961bcf0e51575235fad/library/std/src/panicking.rs:516:19
[INFO] [stderr]     26:     0x557bafb41bb1 - std::panic::catch_unwind::hab3caf2448b95e37
[INFO] [stderr]                                  at /rustc/0e09125c6c3c2fd70d7de961bcf0e51575235fad/library/std/src/panic.rs:142:14
[INFO] [stderr]     27:     0x557bafb41bb1 - std::rt::lang_start_internal::{{closure}}::h8086711f9c783f78
[INFO] [stderr]                                  at /rustc/0e09125c6c3c2fd70d7de961bcf0e51575235fad/library/std/src/rt.rs:148:48
[INFO] [stderr]     28:     0x557bafb41bb1 - std::panicking::try::do_call::hf920d4dc291cd6ca
[INFO] [stderr]                                  at /rustc/0e09125c6c3c2fd70d7de961bcf0e51575235fad/library/std/src/panicking.rs:552:40
[INFO] [stderr]     29:     0x557bafb41bb1 - std::panicking::try::h2b806ccc0a85db74
[INFO] [stderr]                                  at /rustc/0e09125c6c3c2fd70d7de961bcf0e51575235fad/library/std/src/panicking.rs:516:19
[INFO] [stderr]     30:     0x557bafb41bb1 - std::panic::catch_unwind::h038489539c507df2
[INFO] [stderr]                                  at /rustc/0e09125c6c3c2fd70d7de961bcf0e51575235fad/library/std/src/panic.rs:142:14
[INFO] [stderr]     31:     0x557bafb41bb1 - std::rt::lang_start_internal::h28503b88912e8a5c
[INFO] [stderr]                                  at /rustc/0e09125c6c3c2fd70d7de961bcf0e51575235fad/library/std/src/rt.rs:148:20
[INFO] [stderr]     32:     0x557bafb12a47 - std::rt::lang_start::hd288b9ed3038db6d
[INFO] [stderr]     33:     0x557bafb06e75 - main
[INFO] [stderr]     34:     0x7f01aaf6ed90 - <unknown>
[INFO] [stderr]     35:     0x7f01aaf6ee40 - __libc_start_main
[INFO] [stderr]     36:     0x557bafaf9135 - _start
[INFO] [stderr]     37:                0x0 - <unknown>
[INFO] running `Command { std: "docker" "inspect" "bb72e050a081a8274d85a706c211560d9272677b0406c989d2bf8e6eb0329ec7", kill_on_drop: false }`
[INFO] running `Command { std: "docker" "rm" "-f" "bb72e050a081a8274d85a706c211560d9272677b0406c989d2bf8e6eb0329ec7", kill_on_drop: false }`
[INFO] [stdout] bb72e050a081a8274d85a706c211560d9272677b0406c989d2bf8e6eb0329ec7
