[INFO] fetching crate azure_sdk_auth_aad 0.47.0...
[INFO] documenting azure_sdk_auth_aad-0.47.0 against 1.75.0 for beta-1.76-rustdoc-1
[INFO] extracting crate azure_sdk_auth_aad 0.47.0 into /workspace/builds/worker-0-tc1/source
[INFO] validating manifest of crates.io crate azure_sdk_auth_aad 0.47.0 on toolchain 1.75.0
[INFO] running `Command { std: CARGO_HOME="/workspace/cargo-home" RUSTUP_HOME="/workspace/rustup-home" "/workspace/cargo-home/bin/cargo" "+1.75.0" "metadata" "--manifest-path" "Cargo.toml" "--no-deps", kill_on_drop: false }`
[INFO] started tweaking crates.io crate azure_sdk_auth_aad 0.47.0
[INFO] finished tweaking crates.io crate azure_sdk_auth_aad 0.47.0
[INFO] tweaked toml for crates.io crate azure_sdk_auth_aad 0.47.0 written to /workspace/builds/worker-0-tc1/source/Cargo.toml
[INFO] crate crates.io crate azure_sdk_auth_aad 0.47.0 already has a lockfile, it will not be regenerated
[INFO] running `Command { std: CARGO_HOME="/workspace/cargo-home" RUSTUP_HOME="/workspace/rustup-home" "/workspace/cargo-home/bin/cargo" "+1.75.0" "fetch" "--manifest-path" "Cargo.toml", kill_on_drop: false }`
[INFO] [stderr]     Updating crates.io index
[INFO] [stderr]  Downloading crates ...
[INFO] [stderr]   Downloaded RustyXML v0.3.0
[INFO] [stderr]   Downloaded indexmap v1.4.0
[INFO] [stderr]   Downloaded pin-project-internal v0.4.22
[INFO] [stderr]   Downloaded pin-project v0.4.22
[INFO] [stderr]   Downloaded error-code v2.0.0
[INFO] [stderr]   Downloaded socket2 v0.3.12
[INFO] [stderr]   Downloaded generator v0.6.21
[INFO] [stderr]   Downloaded openssl-sys v0.9.58
[INFO] [stderr]   Downloaded hyper-rustls v0.20.0
[INFO] [stderr]   Downloaded rustls v0.17.0
[INFO] [stderr]   Downloaded encoding_rs v0.8.23
[INFO] [stderr]   Downloaded syn v1.0.33
[INFO] [stderr]   Downloaded ring v0.16.15
[INFO] [stderr]   Downloaded azure_sdk_core v0.43.5
[INFO] [stderr]   Downloaded str-buf v1.0.1
[INFO] [stderr]   Downloaded os-sync v0.3.2
[INFO] [stderr]   Downloaded async-timer v1.0.0-beta.4
[INFO] [stderr]   Downloaded azure_sdk_storage_blob v0.44.4
[INFO] [stderr]   Downloaded openssl v0.10.30
[INFO] [stderr]   Downloaded web-sys v0.3.41
[INFO] [stderr]   Downloaded libc v0.2.72
[INFO] [stderr]   Downloaded hyper v0.13.6
[INFO] [stderr]   Downloaded tokio v0.2.21
[INFO] [stderr]   Downloaded serde_derive v1.0.114
[INFO] [stderr]   Downloaded proc-macro2 v1.0.18
[INFO] [stderr]   Downloaded uuid v0.8.1
[INFO] [stderr]   Downloaded chrono v0.4.13
[INFO] [stderr]   Downloaded security-framework v0.4.4
[INFO] [stderr]   Downloaded scoped-tls v0.1.2
[INFO] [stderr]   Downloaded unicode-normalization v0.1.9
[INFO] [stderr]   Downloaded bytes v0.5.5
[INFO] [stderr]   Downloaded serde_json v1.0.56
[INFO] [stderr]   Downloaded serde v1.0.114
[INFO] [stderr]   Downloaded reqwest v0.10.6
[INFO] [stderr]   Downloaded h2 v0.2.5
[INFO] [stderr]   Downloaded webpki v0.21.3
[INFO] [stderr]   Downloaded oauth2 v3.0.0
[INFO] [stderr]   Downloaded js-sys v0.3.41
[INFO] [stderr]   Downloaded wasm-bindgen v0.2.64
[INFO] [stderr]   Downloaded azure_sdk_storage_core v0.44.3
[INFO] [stderr]   Downloaded mime_guess v2.0.3
[INFO] [stderr]   Downloaded cc v1.0.57
[INFO] [stderr]   Downloaded getrandom v0.1.14
[INFO] [stderr]   Downloaded tempfile v3.1.0
[INFO] [stderr]   Downloaded native-tls v0.2.4
[INFO] [stderr]   Downloaded sct v0.6.0
[INFO] [stderr]   Downloaded tokio-rustls v0.13.1
[INFO] [stderr]   Downloaded serde-xml-rs v0.4.0
[INFO] [stderr]   Downloaded standback v0.2.9
[INFO] [stderr]   Downloaded adler v0.2.2
[INFO] [stderr]   Downloaded miniz_oxide v0.4.0
[INFO] [stderr]   Downloaded sha2 v0.8.2
[INFO] [stderr]   Downloaded once_cell v1.4.0
[INFO] [stderr]   Downloaded try-lock v0.2.2
[INFO] [stderr]   Downloaded winreg v0.7.0
[INFO] [stderr]   Downloaded loom v0.3.4
[INFO] [stderr]   Downloaded net2 v0.2.34
[INFO] [stderr]   Downloaded xml-rs v0.8.3
[INFO] [stderr]   Downloaded generic-array v0.12.3
[INFO] [stderr]   Downloaded rustls-native-certs v0.3.0
[INFO] [stderr]   Downloaded smallvec v1.4.1
[INFO] [stderr]   Downloaded wasm-bindgen-futures v0.4.14
[INFO] [stderr]   Downloaded wasm-bindgen-backend v0.2.64
[INFO] [stderr]   Downloaded time v0.1.43
[INFO] [stderr]   Downloaded tower-service v0.3.0
[INFO] [stderr]   Downloaded openssl-probe v0.1.2
[INFO] [stderr]   Downloaded autocfg v1.0.0
[INFO] [stderr]   Downloaded pkg-config v0.3.17
[INFO] [stderr]   Downloaded security-framework-sys v0.4.3
[INFO] [stderr]   Downloaded wasm-bindgen-shared v0.2.64
[INFO] [stderr]   Downloaded wasm-bindgen-macro-support v0.2.64
[INFO] [stderr]   Downloaded ppv-lite86 v0.2.8
[INFO] [stderr]   Downloaded smallvec v0.6.13
[INFO] [stderr]   Downloaded wasm-bindgen-macro v0.2.64
[INFO] [stderr]   Downloaded synstructure v0.12.4
[INFO] [stderr]   Downloaded proc-macro-hack v0.5.16
[INFO] [stderr]   Downloaded time v0.2.16
[INFO] [stderr]   Downloaded async-trait v0.1.36
[INFO] running `Command { std: "docker" "create" "-v" "/var/lib/crater-agent-workspace/builds/worker-0-tc1/target:/opt/rustwide/target:rw,Z" "-v" "/var/lib/crater-agent-workspace/builds/worker-0-tc1/source:/opt/rustwide/workdir:ro,Z" "-v" "/var/lib/crater-agent-workspace/cargo-home:/opt/rustwide/cargo-home:ro,Z" "-v" "/var/lib/crater-agent-workspace/rustup-home:/opt/rustwide/rustup-home:ro,Z" "-e" "SOURCE_DIR=/opt/rustwide/workdir" "-e" "CARGO_TARGET_DIR=/opt/rustwide/target" "-e" "CARGO_HOME=/opt/rustwide/cargo-home" "-e" "RUSTUP_HOME=/opt/rustwide/rustup-home" "-w" "/opt/rustwide/workdir" "-m" "1610612736" "--user" "0:0" "--network" "none" "ghcr.io/rust-lang/crates-build-env/linux@sha256:2788e3201cd34a07e3172128adcd8b3090168a8e3bcc40d7c032b9dda1df7d1c" "/opt/rustwide/cargo-home/bin/cargo" "+1.75.0" "metadata" "--no-deps" "--format-version=1", kill_on_drop: false }`
[INFO] [stdout] d3d6bde03e83c748705757aa60e90bbac4e19e1a5365fa69c3cd1e56973f534c
[INFO] running `Command { std: "docker" "start" "-a" "d3d6bde03e83c748705757aa60e90bbac4e19e1a5365fa69c3cd1e56973f534c", kill_on_drop: false }`
[INFO] running `Command { std: "docker" "inspect" "d3d6bde03e83c748705757aa60e90bbac4e19e1a5365fa69c3cd1e56973f534c", kill_on_drop: false }`
[INFO] running `Command { std: "docker" "rm" "-f" "d3d6bde03e83c748705757aa60e90bbac4e19e1a5365fa69c3cd1e56973f534c", kill_on_drop: false }`
[INFO] [stdout] d3d6bde03e83c748705757aa60e90bbac4e19e1a5365fa69c3cd1e56973f534c
[INFO] running `Command { std: "docker" "create" "-v" "/var/lib/crater-agent-workspace/builds/worker-0-tc1/target:/opt/rustwide/target:rw,Z" "-v" "/var/lib/crater-agent-workspace/builds/worker-0-tc1/source:/opt/rustwide/workdir:ro,Z" "-v" "/var/lib/crater-agent-workspace/cargo-home:/opt/rustwide/cargo-home:ro,Z" "-v" "/var/lib/crater-agent-workspace/rustup-home:/opt/rustwide/rustup-home:ro,Z" "-e" "SOURCE_DIR=/opt/rustwide/workdir" "-e" "CARGO_TARGET_DIR=/opt/rustwide/target" "-e" "CARGO_INCREMENTAL=0" "-e" "RUST_BACKTRACE=full" "-e" "RUSTFLAGS=--cap-lints=warn" "-e" "RUSTDOCFLAGS=--cap-lints=warn" "-e" "CARGO_HOME=/opt/rustwide/cargo-home" "-e" "RUSTUP_HOME=/opt/rustwide/rustup-home" "-w" "/opt/rustwide/workdir" "-m" "1610612736" "--user" "0:0" "--network" "none" "ghcr.io/rust-lang/crates-build-env/linux@sha256:2788e3201cd34a07e3172128adcd8b3090168a8e3bcc40d7c032b9dda1df7d1c" "/opt/rustwide/cargo-home/bin/cargo" "+1.75.0" "doc" "--frozen" "--no-deps" "--document-private-items" "--message-format=json", kill_on_drop: false }`
[INFO] [stdout] 6c98bd892121a7ad910ea331c5b9557faddd662469124237913ba657418706cc
[INFO] running `Command { std: "docker" "start" "-a" "6c98bd892121a7ad910ea331c5b9557faddd662469124237913ba657418706cc", kill_on_drop: false }`
[INFO] [stderr]    Compiling libc v0.2.72
[INFO] [stderr]    Compiling proc-macro2 v1.0.18
[INFO] [stderr]    Compiling syn v1.0.33
[INFO] [stderr]    Compiling autocfg v1.0.0
[INFO] [stderr]    Compiling cc v1.0.57
[INFO] [stderr]    Compiling log v0.4.8
[INFO] [stderr]     Checking once_cell v1.4.0
[INFO] [stderr]     Checking bytes v0.5.5
[INFO] [stderr]    Compiling pin-project-internal v0.4.22
[INFO] [stderr]    Compiling pkg-config v0.3.17
[INFO] [stderr]    Compiling proc-macro-hack v0.5.16
[INFO] [stderr]     Checking futures-task v0.3.5
[INFO] [stderr]    Compiling serde_derive v1.0.114
[INFO] [stderr]    Compiling maybe-uninit v2.0.0
[INFO] [stderr]    Compiling indexmap v1.4.0
[INFO] [stderr]    Compiling serde v1.0.114
[INFO] [stderr]     Checking iovec v0.1.4
[INFO] [stderr]     Checking net2 v0.2.34
[INFO] [stderr]     Checking num_cpus v1.13.0
[INFO] [stderr]    Compiling quote v1.0.7
[INFO] [stderr]    Compiling unicase v2.6.0
[INFO] [stderr]     Checking http v0.2.1
[INFO] [stderr]    Compiling getrandom v0.1.14
[INFO] [stderr]     Checking mio v0.6.22
[INFO] [stderr]    Compiling ring v0.16.15
[INFO] [stderr]    Compiling openssl-sys v0.9.58
[INFO] [stderr]     Checking openssl-probe v0.1.2
[INFO] [stderr]     Checking smallvec v0.6.13
[INFO] [stderr]     Checking time v0.1.43
[INFO] [stderr]    Compiling openssl v0.10.30
[INFO] [stderr]     Checking try-lock v0.2.2
[INFO] [stderr]     Checking want v0.3.0
[INFO] [stderr]     Checking unicode-normalization v0.1.9
[INFO] [stderr]     Checking socket2 v0.3.12
[INFO] [stdout] error[E0512]: cannot transmute between types of different sizes, or dependently-sized types
[INFO] [stdout]    --> /opt/rustwide/cargo-home/registry/src/index.crates.io-6f17d22bba15001f/socket2-0.3.12/src/sockaddr.rs:176:9
[INFO] [stdout]     |
[INFO] [stdout] 176 |         mem::transmute::<SocketAddrV4, sockaddr_in>(v4);
[INFO] [stdout]     |         ^^^^^^^^^^^^^^^^^^^^^^^^^^^^^^^^^^^^^^^^^^^
[INFO] [stdout]     |
[INFO] [stdout]     = note: source type: `SocketAddrV4` (48 bits)
[INFO] [stdout]     = note: target type: `sockaddr_in` (128 bits)
[INFO] [stdout] 
[INFO] [stdout] 
[INFO] [stderr]    Compiling native-tls v0.2.4
[INFO] [stderr]     Checking tower-service v0.3.0
[INFO] [stdout] error: aborting due to previous error
[INFO] [stdout] 
[INFO] [stdout] 
[INFO] [stdout] For more information about this error, try `rustc --explain E0512`.
[INFO] [stdout] 
[INFO] [stderr] error: could not compile `socket2` (lib) due to 2 previous errors
[INFO] [stderr] warning: build failed, waiting for other jobs to finish...
[INFO] [stderr] The following warnings were emitted during compilation:
[INFO] [stderr] 
[INFO] [stderr] warning: openssl-sys@0.9.58: build/expando.c:4:24: error: pasting "RUST_VERSION_OPENSSL_" and "(" does not give a valid preprocessing token
[INFO] [stderr] warning: openssl-sys@0.9.58:     4 | #define VERSION2(n, v) RUST_VERSION_##n##_##v
[INFO] [stderr] warning: openssl-sys@0.9.58:       |                        ^~~~~~~~~~~~~
[INFO] [stderr] warning: openssl-sys@0.9.58: build/expando.c:5:23: note: in expansion of macro 'VERSION2'
[INFO] [stderr] warning: openssl-sys@0.9.58:     5 | #define VERSION(n, v) VERSION2(n, v)
[INFO] [stderr] warning: openssl-sys@0.9.58:       |                       ^~~~~~~~
[INFO] [stderr] warning: openssl-sys@0.9.58: build/expando.c:10:1: note: in expansion of macro 'VERSION'
[INFO] [stderr] warning: openssl-sys@0.9.58:    10 | VERSION(OPENSSL, OPENSSL_VERSION_NUMBER)
[INFO] [stderr] warning: openssl-sys@0.9.58:       | ^~~~~~~
[INFO] [stderr] 
[INFO] [stderr] error: failed to run custom build command for `openssl-sys v0.9.58`
[INFO] [stderr] note: To improve backtraces for build dependencies, set the CARGO_PROFILE_DEV_BUILD_OVERRIDE_DEBUG=true environment variable to enable debug information generation.
[INFO] [stderr] 
[INFO] [stderr] Caused by:
[INFO] [stderr]   process didn't exit successfully: `/opt/rustwide/target/debug/build/openssl-sys-0ed038cb019f9ccd/build-script-main` (exit status: 101)
[INFO] [stderr]   --- stdout
[INFO] [stderr]   cargo:rustc-cfg=const_fn
[INFO] [stderr]   cargo:rerun-if-env-changed=X86_64_UNKNOWN_LINUX_GNU_OPENSSL_LIB_DIR
[INFO] [stderr]   X86_64_UNKNOWN_LINUX_GNU_OPENSSL_LIB_DIR unset
[INFO] [stderr]   cargo:rerun-if-env-changed=OPENSSL_LIB_DIR
[INFO] [stderr]   OPENSSL_LIB_DIR unset
[INFO] [stderr]   cargo:rerun-if-env-changed=X86_64_UNKNOWN_LINUX_GNU_OPENSSL_INCLUDE_DIR
[INFO] [stderr]   X86_64_UNKNOWN_LINUX_GNU_OPENSSL_INCLUDE_DIR unset
[INFO] [stderr]   cargo:rerun-if-env-changed=OPENSSL_INCLUDE_DIR
[INFO] [stderr]   OPENSSL_INCLUDE_DIR unset
[INFO] [stderr]   cargo:rerun-if-env-changed=X86_64_UNKNOWN_LINUX_GNU_OPENSSL_DIR
[INFO] [stderr]   X86_64_UNKNOWN_LINUX_GNU_OPENSSL_DIR unset
[INFO] [stderr]   cargo:rerun-if-env-changed=OPENSSL_DIR
[INFO] [stderr]   OPENSSL_DIR unset
[INFO] [stderr]   cargo:rustc-link-lib=ssl
[INFO] [stderr]   cargo:rustc-link-lib=crypto
[INFO] [stderr]   OPT_LEVEL = Some("0")
[INFO] [stderr]   TARGET = Some("x86_64-unknown-linux-gnu")
[INFO] [stderr]   HOST = Some("x86_64-unknown-linux-gnu")
[INFO] [stderr]   CC_x86_64-unknown-linux-gnu = None
[INFO] [stderr]   CC_x86_64_unknown_linux_gnu = None
[INFO] [stderr]   HOST_CC = None
[INFO] [stderr]   CC = None
[INFO] [stderr]   CFLAGS_x86_64-unknown-linux-gnu = None
[INFO] [stderr]   CFLAGS_x86_64_unknown_linux_gnu = None
[INFO] [stderr]   HOST_CFLAGS = None
[INFO] [stderr]   CFLAGS = None
[INFO] [stderr]   CRATE_CC_NO_DEFAULTS = None
[INFO] [stderr]   DEBUG = Some("true")
[INFO] [stderr]   CARGO_CFG_TARGET_FEATURE = Some("fxsr,sse,sse2")
[INFO] [stderr]   running: "cc" "-O0" "-ffunction-sections" "-fdata-sections" "-fPIC" "-g" "-fno-omit-frame-pointer" "-m64" "-I" "/usr/include" "-Wall" "-Wextra" "-E" "build/expando.c"
[INFO] [stderr]   cargo:warning=build/expando.c:4:24: error: pasting "RUST_VERSION_OPENSSL_" and "(" does not give a valid preprocessing token
[INFO] [stderr]   cargo:warning=    4 | #define VERSION2(n, v) RUST_VERSION_##n##_##v
[INFO] [stderr]   cargo:warning=      |                        ^~~~~~~~~~~~~
[INFO] [stderr]   cargo:warning=build/expando.c:5:23: note: in expansion of macro 'VERSION2'
[INFO] [stderr]   cargo:warning=    5 | #define VERSION(n, v) VERSION2(n, v)
[INFO] [stderr]   cargo:warning=      |                       ^~~~~~~~
[INFO] [stderr]   cargo:warning=build/expando.c:10:1: note: in expansion of macro 'VERSION'
[INFO] [stderr]   cargo:warning=   10 | VERSION(OPENSSL, OPENSSL_VERSION_NUMBER)
[INFO] [stderr]   cargo:warning=      | ^~~~~~~
[INFO] [stderr]   exit status: 1
[INFO] [stderr] 
[INFO] [stderr]   --- stderr
[INFO] [stderr]   thread 'main' panicked at /opt/rustwide/cargo-home/registry/src/index.crates.io-6f17d22bba15001f/openssl-sys-0.9.58/build/main.rs:140:13:
[INFO] [stderr] 
[INFO] [stderr]   Header expansion error:
[INFO] [stderr]   Error { kind: ToolExecError, message: "Command \"cc\" \"-O0\" \"-ffunction-sections\" \"-fdata-sections\" \"-fPIC\" \"-g\" \"-fno-omit-frame-pointer\" \"-m64\" \"-I\" \"/usr/include\" \"-Wall\" \"-Wextra\" \"-E\" \"build/expando.c\" with args \"cc\" did not execute successfully (status code exit status: 1)." }
[INFO] [stderr] 
[INFO] [stderr]   Failed to find OpenSSL development headers.
[INFO] [stderr] 
[INFO] [stderr]   You can try fixing this setting the `OPENSSL_DIR` environment variable
[INFO] [stderr]   pointing to your OpenSSL installation or installing OpenSSL headers package
[INFO] [stderr]   specific to your distribution:
[INFO] [stderr] 
[INFO] [stderr]       # On Ubuntu
[INFO] [stderr]       sudo apt-get install libssl-dev
[INFO] [stderr]       # On Arch Linux
[INFO] [stderr]       sudo pacman -S openssl
[INFO] [stderr]       # On Fedora
[INFO] [stderr]       sudo dnf install openssl-devel
[INFO] [stderr] 
[INFO] [stderr]   See rust-openssl README for more information:
[INFO] [stderr] 
[INFO] [stderr]       https://github.com/sfackler/rust-openssl#linux
[INFO] [stderr] 
[INFO] [stderr]   stack backtrace:
[INFO] [stderr]      0:     0x5610ac421e2c - std::backtrace_rs::backtrace::libunwind::trace::ha637c64ce894333a
[INFO] [stderr]                                  at /rustc/82e1608dfa6e0b5569232559e3d385fea5a93112/library/std/src/../../backtrace/src/backtrace/libunwind.rs:104:5
[INFO] [stderr]      1:     0x5610ac421e2c - std::backtrace_rs::backtrace::trace_unsynchronized::h47f62dea28e0c88d
[INFO] [stderr]                                  at /rustc/82e1608dfa6e0b5569232559e3d385fea5a93112/library/std/src/../../backtrace/src/backtrace/mod.rs:66:5
[INFO] [stderr]      2:     0x5610ac421e2c - std::sys_common::backtrace::_print_fmt::h9eef0abe20ede486
[INFO] [stderr]                                  at /rustc/82e1608dfa6e0b5569232559e3d385fea5a93112/library/std/src/sys_common/backtrace.rs:67:5
[INFO] [stderr]      3:     0x5610ac421e2c - <std::sys_common::backtrace::_print::DisplayBacktrace as core::fmt::Display>::fmt::hed7f999df88cc644
[INFO] [stderr]                                  at /rustc/82e1608dfa6e0b5569232559e3d385fea5a93112/library/std/src/sys_common/backtrace.rs:44:22
[INFO] [stderr]      4:     0x5610ac447f90 - core::fmt::rt::Argument::fmt::h1539a9308b8d058d
[INFO] [stderr]                                  at /rustc/82e1608dfa6e0b5569232559e3d385fea5a93112/library/core/src/fmt/rt.rs:142:9
[INFO] [stderr]      5:     0x5610ac447f90 - core::fmt::write::h3a39390d8560d9c9
[INFO] [stderr]                                  at /rustc/82e1608dfa6e0b5569232559e3d385fea5a93112/library/core/src/fmt/mod.rs:1120:17
[INFO] [stderr]      6:     0x5610ac41f82f - std::io::Write::write_fmt::h5fc9997dfe05f882
[INFO] [stderr]                                  at /rustc/82e1608dfa6e0b5569232559e3d385fea5a93112/library/std/src/io/mod.rs:1762:15
[INFO] [stderr]      7:     0x5610ac421c14 - std::sys_common::backtrace::_print::h894006fb5c6f3d45
[INFO] [stderr]                                  at /rustc/82e1608dfa6e0b5569232559e3d385fea5a93112/library/std/src/sys_common/backtrace.rs:47:5
[INFO] [stderr]      8:     0x5610ac421c14 - std::sys_common::backtrace::print::h23a2d212c6fff936
[INFO] [stderr]                                  at /rustc/82e1608dfa6e0b5569232559e3d385fea5a93112/library/std/src/sys_common/backtrace.rs:34:9
[INFO] [stderr]      9:     0x5610ac423427 - std::panicking::default_hook::{{closure}}::h8a1d2ee00185001a
[INFO] [stderr]     10:     0x5610ac42318f - std::panicking::default_hook::h6038f2eba384e475
[INFO] [stderr]                                  at /rustc/82e1608dfa6e0b5569232559e3d385fea5a93112/library/std/src/panicking.rs:292:9
[INFO] [stderr]     11:     0x5610ac4238a8 - std::panicking::rust_panic_with_hook::h2b5517d590cab22e
[INFO] [stderr]                                  at /rustc/82e1608dfa6e0b5569232559e3d385fea5a93112/library/std/src/panicking.rs:779:13
[INFO] [stderr]     12:     0x5610ac42378e - std::panicking::begin_panic_handler::{{closure}}::h233112c06e0ef43e
[INFO] [stderr]                                  at /rustc/82e1608dfa6e0b5569232559e3d385fea5a93112/library/std/src/panicking.rs:657:13
[INFO] [stderr]     13:     0x5610ac4222f6 - std::sys_common::backtrace::__rust_end_short_backtrace::h6e893f24d7ebbff8
[INFO] [stderr]                                  at /rustc/82e1608dfa6e0b5569232559e3d385fea5a93112/library/std/src/sys_common/backtrace.rs:170:18
[INFO] [stderr]     14:     0x5610ac4234f2 - rust_begin_unwind
[INFO] [stderr]                                  at /rustc/82e1608dfa6e0b5569232559e3d385fea5a93112/library/std/src/panicking.rs:645:5
[INFO] [stderr]     15:     0x5610ac392685 - core::panicking::panic_fmt::hbf0e066aabfa482c
[INFO] [stderr]                                  at /rustc/82e1608dfa6e0b5569232559e3d385fea5a93112/library/core/src/panicking.rs:72:14
[INFO] [stderr]     16:     0x5610ac39a532 - build_script_main::validate_headers::h3c5298aafb3794a7
[INFO] [stderr]     17:     0x5610ac397152 - build_script_main::find_normal::try_pkg_config::h60cd0871c3b505cd
[INFO] [stderr]     18:     0x5610ac396264 - build_script_main::find_normal::find_openssl_dir::h081048e6479f8923
[INFO] [stderr]     19:     0x5610ac396102 - build_script_main::find_normal::get_openssl::{{closure}}::hc135ab1379cce433
[INFO] [stderr]     20:     0x5610ac393a19 - core::option::Option<T>::unwrap_or_else::hab335f3375a976ff
[INFO] [stderr]     21:     0x5610ac395ebe - build_script_main::find_normal::get_openssl::h122d9b3d5a35db13
[INFO] [stderr]     22:     0x5610ac397e2d - build_script_main::find_openssl::h50eff05753ada2cf
[INFO] [stderr]     23:     0x5610ac397f0d - build_script_main::main::h851b5fcf28df80a2
[INFO] [stderr]     24:     0x5610ac39e1c3 - core::ops::function::FnOnce::call_once::h684da6bcd1341355
[INFO] [stderr]     25:     0x5610ac39dcc6 - std::sys_common::backtrace::__rust_begin_short_backtrace::h5c6f59aa2d091813
[INFO] [stderr]     26:     0x5610ac3932c9 - std::rt::lang_start::{{closure}}::hbcfc2c404d26a77c
[INFO] [stderr]     27:     0x5610ac41bb07 - core::ops::function::impls::<impl core::ops::function::FnOnce<A> for &F>::call_once::hd95060ecd5e1ca24
[INFO] [stderr]                                  at /rustc/82e1608dfa6e0b5569232559e3d385fea5a93112/library/core/src/ops/function.rs:284:13
[INFO] [stderr]     28:     0x5610ac41bb07 - std::panicking::try::do_call::h6e8cf51db32a6e4b
[INFO] [stderr]                                  at /rustc/82e1608dfa6e0b5569232559e3d385fea5a93112/library/std/src/panicking.rs:552:40
[INFO] [stderr]     29:     0x5610ac41bb07 - std::panicking::try::h3a52eefe24fe3c29
[INFO] [stderr]                                  at /rustc/82e1608dfa6e0b5569232559e3d385fea5a93112/library/std/src/panicking.rs:516:19
[INFO] [stderr]     30:     0x5610ac41bb07 - std::panic::catch_unwind::h24c28c23c02c3841
[INFO] [stderr]                                  at /rustc/82e1608dfa6e0b5569232559e3d385fea5a93112/library/std/src/panic.rs:142:14
[INFO] [stderr]     31:     0x5610ac41bb07 - std::rt::lang_start_internal::{{closure}}::h705d3c9cbc06ef47
[INFO] [stderr]                                  at /rustc/82e1608dfa6e0b5569232559e3d385fea5a93112/library/std/src/rt.rs:148:48
[INFO] [stderr]     32:     0x5610ac41bb07 - std::panicking::try::do_call::ha21f52ba13158470
[INFO] [stderr]                                  at /rustc/82e1608dfa6e0b5569232559e3d385fea5a93112/library/std/src/panicking.rs:552:40
[INFO] [stderr]     33:     0x5610ac41bb07 - std::panicking::try::h5581346bf6aeb1f8
[INFO] [stderr]                                  at /rustc/82e1608dfa6e0b5569232559e3d385fea5a93112/library/std/src/panicking.rs:516:19
[INFO] [stderr]     34:     0x5610ac41bb07 - std::panic::catch_unwind::h7919645a6b72e25b
[INFO] [stderr]                                  at /rustc/82e1608dfa6e0b5569232559e3d385fea5a93112/library/std/src/panic.rs:142:14
[INFO] [stderr]     35:     0x5610ac41bb07 - std::rt::lang_start_internal::h12de51168669836e
[INFO] [stderr]                                  at /rustc/82e1608dfa6e0b5569232559e3d385fea5a93112/library/std/src/rt.rs:148:20
[INFO] [stderr]     36:     0x5610ac3932a7 - std::rt::lang_start::hc9383c830fc5f480
[INFO] [stderr]     37:     0x5610ac39b275 - main
[INFO] [stderr]     38:     0x7f724b2c2d90 - <unknown>
[INFO] [stderr]     39:     0x7f724b2c2e40 - __libc_start_main
[INFO] [stderr]     40:     0x5610ac392e95 - _start
[INFO] [stderr]     41:                0x0 - <unknown>
[INFO] running `Command { std: "docker" "inspect" "6c98bd892121a7ad910ea331c5b9557faddd662469124237913ba657418706cc", kill_on_drop: false }`
[INFO] running `Command { std: "docker" "rm" "-f" "6c98bd892121a7ad910ea331c5b9557faddd662469124237913ba657418706cc", kill_on_drop: false }`
[INFO] [stdout] 6c98bd892121a7ad910ea331c5b9557faddd662469124237913ba657418706cc
[INFO] documenting azure_sdk_auth_aad-0.47.0 against beta-2023-12-22 for beta-1.76-rustdoc-1
[INFO] extracting crate azure_sdk_auth_aad 0.47.0 into /workspace/builds/worker-0-tc2/source
[INFO] validating manifest of crates.io crate azure_sdk_auth_aad 0.47.0 on toolchain beta-2023-12-22
[INFO] running `Command { std: CARGO_HOME="/workspace/cargo-home" RUSTUP_HOME="/workspace/rustup-home" "/workspace/cargo-home/bin/cargo" "+beta-2023-12-22" "metadata" "--manifest-path" "Cargo.toml" "--no-deps", kill_on_drop: false }`
[INFO] started tweaking crates.io crate azure_sdk_auth_aad 0.47.0
[INFO] finished tweaking crates.io crate azure_sdk_auth_aad 0.47.0
[INFO] tweaked toml for crates.io crate azure_sdk_auth_aad 0.47.0 written to /workspace/builds/worker-0-tc2/source/Cargo.toml
[INFO] crate crates.io crate azure_sdk_auth_aad 0.47.0 already has a lockfile, it will not be regenerated
[INFO] running `Command { std: CARGO_HOME="/workspace/cargo-home" RUSTUP_HOME="/workspace/rustup-home" "/workspace/cargo-home/bin/cargo" "+beta-2023-12-22" "fetch" "--manifest-path" "Cargo.toml", kill_on_drop: false }`
[INFO] running `Command { std: "docker" "create" "-v" "/var/lib/crater-agent-workspace/builds/worker-0-tc2/target:/opt/rustwide/target:rw,Z" "-v" "/var/lib/crater-agent-workspace/builds/worker-0-tc2/source:/opt/rustwide/workdir:ro,Z" "-v" "/var/lib/crater-agent-workspace/cargo-home:/opt/rustwide/cargo-home:ro,Z" "-v" "/var/lib/crater-agent-workspace/rustup-home:/opt/rustwide/rustup-home:ro,Z" "-e" "SOURCE_DIR=/opt/rustwide/workdir" "-e" "CARGO_TARGET_DIR=/opt/rustwide/target" "-e" "CARGO_HOME=/opt/rustwide/cargo-home" "-e" "RUSTUP_HOME=/opt/rustwide/rustup-home" "-w" "/opt/rustwide/workdir" "-m" "1610612736" "--user" "0:0" "--network" "none" "ghcr.io/rust-lang/crates-build-env/linux@sha256:2788e3201cd34a07e3172128adcd8b3090168a8e3bcc40d7c032b9dda1df7d1c" "/opt/rustwide/cargo-home/bin/cargo" "+beta-2023-12-22" "metadata" "--no-deps" "--format-version=1", kill_on_drop: false }`
[INFO] [stdout] 76e1b011696dec3aa84a1934cc6d002e23414f91dd4ed06d2484b63d0ef61011
[INFO] running `Command { std: "docker" "start" "-a" "76e1b011696dec3aa84a1934cc6d002e23414f91dd4ed06d2484b63d0ef61011", kill_on_drop: false }`
[INFO] running `Command { std: "docker" "inspect" "76e1b011696dec3aa84a1934cc6d002e23414f91dd4ed06d2484b63d0ef61011", kill_on_drop: false }`
[INFO] running `Command { std: "docker" "rm" "-f" "76e1b011696dec3aa84a1934cc6d002e23414f91dd4ed06d2484b63d0ef61011", kill_on_drop: false }`
[INFO] [stdout] 76e1b011696dec3aa84a1934cc6d002e23414f91dd4ed06d2484b63d0ef61011
[INFO] running `Command { std: "docker" "create" "-v" "/var/lib/crater-agent-workspace/builds/worker-0-tc2/target:/opt/rustwide/target:rw,Z" "-v" "/var/lib/crater-agent-workspace/builds/worker-0-tc2/source:/opt/rustwide/workdir:ro,Z" "-v" "/var/lib/crater-agent-workspace/cargo-home:/opt/rustwide/cargo-home:ro,Z" "-v" "/var/lib/crater-agent-workspace/rustup-home:/opt/rustwide/rustup-home:ro,Z" "-e" "SOURCE_DIR=/opt/rustwide/workdir" "-e" "CARGO_TARGET_DIR=/opt/rustwide/target" "-e" "CARGO_INCREMENTAL=0" "-e" "RUST_BACKTRACE=full" "-e" "RUSTFLAGS=--cap-lints=warn" "-e" "RUSTDOCFLAGS=--cap-lints=warn" "-e" "CARGO_HOME=/opt/rustwide/cargo-home" "-e" "RUSTUP_HOME=/opt/rustwide/rustup-home" "-w" "/opt/rustwide/workdir" "-m" "1610612736" "--user" "0:0" "--network" "none" "ghcr.io/rust-lang/crates-build-env/linux@sha256:2788e3201cd34a07e3172128adcd8b3090168a8e3bcc40d7c032b9dda1df7d1c" "/opt/rustwide/cargo-home/bin/cargo" "+beta-2023-12-22" "doc" "--frozen" "--no-deps" "--document-private-items" "--message-format=json", kill_on_drop: false }`
[INFO] [stdout] c29fe634332aa8984a102dc7c0b45a9915b70bbf79bddf9ed741af0e57e9bcd1
[INFO] running `Command { std: "docker" "start" "-a" "c29fe634332aa8984a102dc7c0b45a9915b70bbf79bddf9ed741af0e57e9bcd1", kill_on_drop: false }`
[INFO] [stderr]    Compiling libc v0.2.72
[INFO] [stderr]    Compiling proc-macro2 v1.0.18
[INFO] [stderr]    Compiling syn v1.0.33
[INFO] [stderr]    Compiling autocfg v1.0.0
[INFO] [stderr]    Compiling cc v1.0.57
[INFO] [stderr]    Compiling log v0.4.8
[INFO] [stderr]     Checking once_cell v1.4.0
[INFO] [stderr]    Compiling pin-project-internal v0.4.22
[INFO] [stderr]     Checking bytes v0.5.5
[INFO] [stderr]    Compiling proc-macro-hack v0.5.16
[INFO] [stderr]    Compiling pkg-config v0.3.17
[INFO] [stderr]     Checking futures-task v0.3.5
[INFO] [stderr]    Compiling serde_derive v1.0.114
[INFO] [stderr]    Compiling maybe-uninit v2.0.0
[INFO] [stderr]    Compiling indexmap v1.4.0
[INFO] [stderr]    Compiling quote v1.0.7
[INFO] [stderr]    Compiling serde v1.0.114
[INFO] [stderr]    Compiling unicase v2.6.0
[INFO] [stderr]    Compiling ring v0.16.15
[INFO] [stderr]     Checking iovec v0.1.4
[INFO] [stderr]     Checking net2 v0.2.34
[INFO] [stderr]     Checking num_cpus v1.13.0
[INFO] [stderr]    Compiling openssl-sys v0.9.58
[INFO] [stderr]     Checking http v0.2.1
[INFO] [stderr]     Checking openssl-probe v0.1.2
[INFO] [stderr]    Compiling getrandom v0.1.14
[INFO] [stderr]     Checking time v0.1.43
[INFO] [stderr]     Checking mio v0.6.22
[INFO] [stderr]     Checking smallvec v0.6.13
[INFO] [stderr]    Compiling openssl v0.10.30
[INFO] [stderr]     Checking try-lock v0.2.2
[INFO] [stderr]     Checking want v0.3.0
[INFO] [stderr]     Checking unicode-normalization v0.1.9
[INFO] [stderr] The following warnings were emitted during compilation:
[INFO] [stderr] 
[INFO] [stderr] warning: openssl-sys@0.9.58: build/expando.c:4:24: error: pasting "RUST_VERSION_OPENSSL_" and "(" does not give a valid preprocessing token
[INFO] [stderr] warning: openssl-sys@0.9.58:     4 | #define VERSION2(n, v) RUST_VERSION_##n##_##v
[INFO] [stderr] warning: openssl-sys@0.9.58:       |                        ^~~~~~~~~~~~~
[INFO] [stderr] warning: openssl-sys@0.9.58: build/expando.c:5:23: note: in expansion of macro 'VERSION2'
[INFO] [stderr] warning: openssl-sys@0.9.58:     5 | #define VERSION(n, v) VERSION2(n, v)
[INFO] [stderr] warning: openssl-sys@0.9.58:       |                       ^~~~~~~~
[INFO] [stderr] warning: openssl-sys@0.9.58: build/expando.c:10:1: note: in expansion of macro 'VERSION'
[INFO] [stderr] warning: openssl-sys@0.9.58:    10 | VERSION(OPENSSL, OPENSSL_VERSION_NUMBER)
[INFO] [stderr] warning: openssl-sys@0.9.58:       | ^~~~~~~
[INFO] [stderr] 
[INFO] [stderr] error: failed to run custom build command for `openssl-sys v0.9.58`
[INFO] [stderr] note: To improve backtraces for build dependencies, set the CARGO_PROFILE_DEV_BUILD_OVERRIDE_DEBUG=true environment variable to enable debug information generation.
[INFO] [stderr] 
[INFO] [stderr] Caused by:
[INFO] [stderr]   process didn't exit successfully: `/opt/rustwide/target/debug/build/openssl-sys-2150c17c3683a883/build-script-main` (exit status: 101)
[INFO] [stderr]   --- stdout
[INFO] [stderr]   cargo:rustc-cfg=const_fn
[INFO] [stderr]   cargo:rerun-if-env-changed=X86_64_UNKNOWN_LINUX_GNU_OPENSSL_LIB_DIR
[INFO] [stderr]   X86_64_UNKNOWN_LINUX_GNU_OPENSSL_LIB_DIR unset
[INFO] [stderr]   cargo:rerun-if-env-changed=OPENSSL_LIB_DIR
[INFO] [stderr]   OPENSSL_LIB_DIR unset
[INFO] [stderr]   cargo:rerun-if-env-changed=X86_64_UNKNOWN_LINUX_GNU_OPENSSL_INCLUDE_DIR
[INFO] [stderr]   X86_64_UNKNOWN_LINUX_GNU_OPENSSL_INCLUDE_DIR unset
[INFO] [stderr]   cargo:rerun-if-env-changed=OPENSSL_INCLUDE_DIR
[INFO] [stderr]   OPENSSL_INCLUDE_DIR unset
[INFO] [stderr]   cargo:rerun-if-env-changed=X86_64_UNKNOWN_LINUX_GNU_OPENSSL_DIR
[INFO] [stderr]   X86_64_UNKNOWN_LINUX_GNU_OPENSSL_DIR unset
[INFO] [stderr]   cargo:rerun-if-env-changed=OPENSSL_DIR
[INFO] [stderr]   OPENSSL_DIR unset
[INFO] [stderr]   cargo:rustc-link-lib=ssl
[INFO] [stderr]   cargo:rustc-link-lib=crypto
[INFO] [stderr]   OPT_LEVEL = Some("0")
[INFO] [stderr]   TARGET = Some("x86_64-unknown-linux-gnu")
[INFO] [stderr]   HOST = Some("x86_64-unknown-linux-gnu")
[INFO] [stderr]   CC_x86_64-unknown-linux-gnu = None
[INFO] [stderr]   CC_x86_64_unknown_linux_gnu = None
[INFO] [stderr]   HOST_CC = None
[INFO] [stderr]   CC = None
[INFO] [stderr]   CFLAGS_x86_64-unknown-linux-gnu = None
[INFO] [stderr]   CFLAGS_x86_64_unknown_linux_gnu = None
[INFO] [stderr]   HOST_CFLAGS = None
[INFO] [stderr]   CFLAGS = None
[INFO] [stderr]   CRATE_CC_NO_DEFAULTS = None
[INFO] [stderr]   DEBUG = Some("true")
[INFO] [stderr]   CARGO_CFG_TARGET_FEATURE = Some("fxsr,sse,sse2")
[INFO] [stderr]   running: "cc" "-O0" "-ffunction-sections" "-fdata-sections" "-fPIC" "-g" "-fno-omit-frame-pointer" "-m64" "-I" "/usr/include" "-Wall" "-Wextra" "-E" "build/expando.c"
[INFO] [stderr]   cargo:warning=build/expando.c:4:24: error: pasting "RUST_VERSION_OPENSSL_" and "(" does not give a valid preprocessing token
[INFO] [stderr]   cargo:warning=    4 | #define VERSION2(n, v) RUST_VERSION_##n##_##v
[INFO] [stderr]   cargo:warning=      |                        ^~~~~~~~~~~~~
[INFO] [stderr]   cargo:warning=build/expando.c:5:23: note: in expansion of macro 'VERSION2'
[INFO] [stderr]   cargo:warning=    5 | #define VERSION(n, v) VERSION2(n, v)
[INFO] [stderr]   cargo:warning=      |                       ^~~~~~~~
[INFO] [stderr]   cargo:warning=build/expando.c:10:1: note: in expansion of macro 'VERSION'
[INFO] [stderr]   cargo:warning=   10 | VERSION(OPENSSL, OPENSSL_VERSION_NUMBER)
[INFO] [stderr]   cargo:warning=      | ^~~~~~~
[INFO] [stderr]   exit status: 1
[INFO] [stderr] 
[INFO] [stderr]   --- stderr
[INFO] [stderr]   thread 'main' panicked at /opt/rustwide/cargo-home/registry/src/index.crates.io-6f17d22bba15001f/openssl-sys-0.9.58/build/main.rs:140:13:
[INFO] [stderr] 
[INFO] [stderr]   Header expansion error:
[INFO] [stderr]   Error { kind: ToolExecError, message: "Command \"cc\" \"-O0\" \"-ffunction-sections\" \"-fdata-sections\" \"-fPIC\" \"-g\" \"-fno-omit-frame-pointer\" \"-m64\" \"-I\" \"/usr/include\" \"-Wall\" \"-Wextra\" \"-E\" \"build/expando.c\" with args \"cc\" did not execute successfully (status code exit status: 1)." }
[INFO] [stderr] 
[INFO] [stderr]   Failed to find OpenSSL development headers.
[INFO] [stderr] 
[INFO] [stderr]   You can try fixing this setting the `OPENSSL_DIR` environment variable
[INFO] [stderr]   pointing to your OpenSSL installation or installing OpenSSL headers package
[INFO] [stderr]   specific to your distribution:
[INFO] [stderr] 
[INFO] [stderr]       # On Ubuntu
[INFO] [stderr]       sudo apt-get install libssl-dev
[INFO] [stderr]       # On Arch Linux
[INFO] [stderr]       sudo pacman -S openssl
[INFO] [stderr]       # On Fedora
[INFO] [stderr]       sudo dnf install openssl-devel
[INFO] [stderr] 
[INFO] [stderr]   See rust-openssl README for more information:
[INFO] [stderr] 
[INFO] [stderr]       https://github.com/sfackler/rust-openssl#linux
[INFO] [stderr] 
[INFO] [stderr]   stack backtrace:
[INFO] [stderr]      0:     0x55b15d76ac06 - std::backtrace_rs::backtrace::libunwind::trace::h261606ad26a499c1
[INFO] [stderr]                                  at /rustc/0e09125c6c3c2fd70d7de961bcf0e51575235fad/library/std/src/../../backtrace/src/backtrace/libunwind.rs:104:5
[INFO] [stderr]      1:     0x55b15d76ac06 - std::backtrace_rs::backtrace::trace_unsynchronized::hd183f0625477fb28
[INFO] [stderr]                                  at /rustc/0e09125c6c3c2fd70d7de961bcf0e51575235fad/library/std/src/../../backtrace/src/backtrace/mod.rs:66:5
[INFO] [stderr]      2:     0x55b15d76ac06 - std::sys_common::backtrace::_print_fmt::hd7f8fef21b4eda67
[INFO] [stderr]                                  at /rustc/0e09125c6c3c2fd70d7de961bcf0e51575235fad/library/std/src/sys_common/backtrace.rs:68:5
[INFO] [stderr]      3:     0x55b15d76ac06 - <std::sys_common::backtrace::_print::DisplayBacktrace as core::fmt::Display>::fmt::h623d9b51f2f453f1
[INFO] [stderr]                                  at /rustc/0e09125c6c3c2fd70d7de961bcf0e51575235fad/library/std/src/sys_common/backtrace.rs:44:22
[INFO] [stderr]      4:     0x55b15d790150 - core::fmt::rt::Argument::fmt::h9f417ac76a86f368
[INFO] [stderr]                                  at /rustc/0e09125c6c3c2fd70d7de961bcf0e51575235fad/library/core/src/fmt/rt.rs:142:9
[INFO] [stderr]      5:     0x55b15d790150 - core::fmt::write::hc9b6faf4ac2aeff7
[INFO] [stderr]                                  at /rustc/0e09125c6c3c2fd70d7de961bcf0e51575235fad/library/core/src/fmt/mod.rs:1120:17
[INFO] [stderr]      6:     0x55b15d76872f - std::io::Write::write_fmt::hfead1eee52c2e65e
[INFO] [stderr]                                  at /rustc/0e09125c6c3c2fd70d7de961bcf0e51575235fad/library/std/src/io/mod.rs:1810:15
[INFO] [stderr]      7:     0x55b15d76a9e4 - std::sys_common::backtrace::_print::hd5d66399c7df88a2
[INFO] [stderr]                                  at /rustc/0e09125c6c3c2fd70d7de961bcf0e51575235fad/library/std/src/sys_common/backtrace.rs:47:5
[INFO] [stderr]      8:     0x55b15d76a9e4 - std::sys_common::backtrace::print::he81ed2da642d37e5
[INFO] [stderr]                                  at /rustc/0e09125c6c3c2fd70d7de961bcf0e51575235fad/library/std/src/sys_common/backtrace.rs:34:9
[INFO] [stderr]      9:     0x55b15d76c2c7 - std::panicking::default_hook::{{closure}}::h85773f4fa117163d
[INFO] [stderr]     10:     0x55b15d76c029 - std::panicking::default_hook::h6a1694a91d09b278
[INFO] [stderr]                                  at /rustc/0e09125c6c3c2fd70d7de961bcf0e51575235fad/library/std/src/panicking.rs:292:9
[INFO] [stderr]     11:     0x55b15d76c758 - std::panicking::rust_panic_with_hook::h0a7ad96e90f7145b
[INFO] [stderr]                                  at /rustc/0e09125c6c3c2fd70d7de961bcf0e51575235fad/library/std/src/panicking.rs:779:13
[INFO] [stderr]     12:     0x55b15d76c632 - std::panicking::begin_panic_handler::{{closure}}::h7919090525c6485e
[INFO] [stderr]                                  at /rustc/0e09125c6c3c2fd70d7de961bcf0e51575235fad/library/std/src/panicking.rs:657:13
[INFO] [stderr]     13:     0x55b15d76b106 - std::sys_common::backtrace::__rust_end_short_backtrace::hf3289479464f7dfe
[INFO] [stderr]                                  at /rustc/0e09125c6c3c2fd70d7de961bcf0e51575235fad/library/std/src/sys_common/backtrace.rs:171:18
[INFO] [stderr]     14:     0x55b15d76c390 - rust_begin_unwind
[INFO] [stderr]                                  at /rustc/0e09125c6c3c2fd70d7de961bcf0e51575235fad/library/std/src/panicking.rs:645:5
[INFO] [stderr]     15:     0x55b15d6d9685 - core::panicking::panic_fmt::hcc9f77c5c132af55
[INFO] [stderr]                                  at /rustc/0e09125c6c3c2fd70d7de961bcf0e51575235fad/library/core/src/panicking.rs:72:14
[INFO] [stderr]     16:     0x55b15d6e1182 - build_script_main::validate_headers::h948a93d5db34fff7
[INFO] [stderr]     17:     0x55b15d6ddd78 - build_script_main::find_normal::try_pkg_config::h33e3bd1b82f4f71c
[INFO] [stderr]     18:     0x55b15d6dce74 - build_script_main::find_normal::find_openssl_dir::h7d01ab6ba6957e9c
[INFO] [stderr]     19:     0x55b15d6dcd12 - build_script_main::find_normal::get_openssl::{{closure}}::h9eac27b60d1c8ad9
[INFO] [stderr]     20:     0x55b15d6da85f - core::option::Option<T>::unwrap_or_else::h59d24dae99b7822e
[INFO] [stderr]     21:     0x55b15d6dcada - build_script_main::find_normal::get_openssl::h16c2aaa05ccd34d8
[INFO] [stderr]     22:     0x55b15d6dea7d - build_script_main::find_openssl::hd323a797cccd7443
[INFO] [stderr]     23:     0x55b15d6deb5d - build_script_main::main::h780df8eb7fb44d8e
[INFO] [stderr]     24:     0x55b15d6e4d23 - core::ops::function::FnOnce::call_once::hf20ed8efd9132404
[INFO] [stderr]     25:     0x55b15d6e4836 - std::sys_common::backtrace::__rust_begin_short_backtrace::h9a8dc11c6a6c2567
[INFO] [stderr]     26:     0x55b15d6da309 - std::rt::lang_start::{{closure}}::hd573adf2a0d18bb1
[INFO] [stderr]     27:     0x55b15d7647b1 - core::ops::function::impls::<impl core::ops::function::FnOnce<A> for &F>::call_once::h4eb4c5e1620f29b0
[INFO] [stderr]                                  at /rustc/0e09125c6c3c2fd70d7de961bcf0e51575235fad/library/core/src/ops/function.rs:284:13
[INFO] [stderr]     28:     0x55b15d7647b1 - std::panicking::try::do_call::h73fd26535faffcdf
[INFO] [stderr]                                  at /rustc/0e09125c6c3c2fd70d7de961bcf0e51575235fad/library/std/src/panicking.rs:552:40
[INFO] [stderr]     29:     0x55b15d7647b1 - std::panicking::try::h77ff1d98f0fb9f39
[INFO] [stderr]                                  at /rustc/0e09125c6c3c2fd70d7de961bcf0e51575235fad/library/std/src/panicking.rs:516:19
[INFO] [stderr]     30:     0x55b15d7647b1 - std::panic::catch_unwind::hab3caf2448b95e37
[INFO] [stderr]                                  at /rustc/0e09125c6c3c2fd70d7de961bcf0e51575235fad/library/std/src/panic.rs:142:14
[INFO] [stderr]     31:     0x55b15d7647b1 - std::rt::lang_start_internal::{{closure}}::h8086711f9c783f78
[INFO] [stderr]                                  at /rustc/0e09125c6c3c2fd70d7de961bcf0e51575235fad/library/std/src/rt.rs:148:48
[INFO] [stderr]     32:     0x55b15d7647b1 - std::panicking::try::do_call::hf920d4dc291cd6ca
[INFO] [stderr]                                  at /rustc/0e09125c6c3c2fd70d7de961bcf0e51575235fad/library/std/src/panicking.rs:552:40
[INFO] [stderr]     33:     0x55b15d7647b1 - std::panicking::try::h2b806ccc0a85db74
[INFO] [stderr]                                  at /rustc/0e09125c6c3c2fd70d7de961bcf0e51575235fad/library/std/src/panicking.rs:516:19
[INFO] [stderr]     34:     0x55b15d7647b1 - std::panic::catch_unwind::h038489539c507df2
[INFO] [stderr]                                  at /rustc/0e09125c6c3c2fd70d7de961bcf0e51575235fad/library/std/src/panic.rs:142:14
[INFO] [stderr]     35:     0x55b15d7647b1 - std::rt::lang_start_internal::h28503b88912e8a5c
[INFO] [stderr]                                  at /rustc/0e09125c6c3c2fd70d7de961bcf0e51575235fad/library/std/src/rt.rs:148:20
[INFO] [stderr]     36:     0x55b15d6da2e7 - std::rt::lang_start::ha520748ae725e3b2
[INFO] [stderr]     37:     0x55b15d6e1ec5 - main
[INFO] [stderr]     38:     0x7f700db47d90 - <unknown>
[INFO] [stderr]     39:     0x7f700db47e40 - __libc_start_main
[INFO] [stderr]     40:     0x55b15d6d9ea5 - _start
[INFO] [stderr]     41:                0x0 - <unknown>
[INFO] [stderr] warning: build failed, waiting for other jobs to finish...
[INFO] running `Command { std: "docker" "inspect" "c29fe634332aa8984a102dc7c0b45a9915b70bbf79bddf9ed741af0e57e9bcd1", kill_on_drop: false }`
[INFO] running `Command { std: "docker" "rm" "-f" "c29fe634332aa8984a102dc7c0b45a9915b70bbf79bddf9ed741af0e57e9bcd1", kill_on_drop: false }`
[INFO] [stdout] c29fe634332aa8984a102dc7c0b45a9915b70bbf79bddf9ed741af0e57e9bcd1
