[INFO] fetching crate azalea-client 0.8.0...
[INFO] documenting azalea-client-0.8.0 against 1.75.0 for beta-1.76-rustdoc-1
[INFO] extracting crate azalea-client 0.8.0 into /workspace/builds/worker-2-tc1/source
[INFO] validating manifest of crates.io crate azalea-client 0.8.0 on toolchain 1.75.0
[INFO] running `Command { std: CARGO_HOME="/workspace/cargo-home" RUSTUP_HOME="/workspace/rustup-home" "/workspace/cargo-home/bin/cargo" "+1.75.0" "metadata" "--manifest-path" "Cargo.toml" "--no-deps", kill_on_drop: false }`
[INFO] started tweaking crates.io crate azalea-client 0.8.0
[INFO] finished tweaking crates.io crate azalea-client 0.8.0
[INFO] tweaked toml for crates.io crate azalea-client 0.8.0 written to /workspace/builds/worker-2-tc1/source/Cargo.toml
[INFO] running `Command { std: CARGO_HOME="/workspace/cargo-home" RUSTUP_HOME="/workspace/rustup-home" "/workspace/cargo-home/bin/cargo" "+1.75.0" "generate-lockfile" "--manifest-path" "Cargo.toml", kill_on_drop: false }`
[INFO] [stderr]     Updating crates.io index
[INFO] running `Command { std: CARGO_HOME="/workspace/cargo-home" RUSTUP_HOME="/workspace/rustup-home" "/workspace/cargo-home/bin/cargo" "+1.75.0" "fetch" "--manifest-path" "Cargo.toml", kill_on_drop: false }`
[INFO] [stderr]  Downloading crates ...
[INFO] [stderr]   Downloaded azalea-crypto v0.8.0
[INFO] [stderr]   Downloaded bevy_log v0.11.3
[INFO] [stderr]   Downloaded tracing-wasm v0.2.1
[INFO] [stderr]   Downloaded enum-as-inner v0.6.0
[INFO] [stderr]   Downloaded bevy_ecs_macros v0.11.3
[INFO] [stderr]   Downloaded bevy_tasks v0.11.3
[INFO] [stderr]   Downloaded bevy_derive v0.11.3
[INFO] [stderr]   Downloaded azalea-inventory-macros v0.8.0
[INFO] [stderr]   Downloaded azalea-inventory v0.8.0
[INFO] [stderr]   Downloaded android_log-sys v0.3.1
[INFO] [stderr]   Downloaded azalea-buf-macros v0.8.0
[INFO] [stderr]   Downloaded bevy_utils_proc_macros v0.11.3
[INFO] [stderr]   Downloaded azalea-buf v0.8.0
[INFO] [stderr]   Downloaded azalea-block-macros v0.8.0
[INFO] [stderr]   Downloaded erased-serde v0.3.31
[INFO] [stderr]   Downloaded cfb8 v0.8.1
[INFO] [stderr]   Downloaded bevy_macro_utils v0.11.3
[INFO] [stderr]   Downloaded bevy_utils v0.11.3
[INFO] [stderr]   Downloaded bevy_math v0.11.3
[INFO] [stderr]   Downloaded azalea-language v0.8.0
[INFO] [stderr]   Downloaded async-compression v0.4.5
[INFO] [stderr]   Downloaded glam v0.24.2
[INFO] [stderr]   Downloaded trust-dns-proto v0.23.2
[INFO] [stderr]   Downloaded rsa v0.9.6
[INFO] [stderr]   Downloaded bevy_reflect v0.11.3
[INFO] [stderr]   Downloaded trust-dns-resolver v0.23.2
[INFO] [stderr]   Downloaded bevy_ecs v0.11.3
[INFO] [stderr]   Downloaded num-bigint-dig v0.8.4
[INFO] [stderr]   Downloaded webpki-roots v0.25.3
[INFO] [stderr]   Downloaded azalea-physics v0.8.0
[INFO] [stderr]   Downloaded azalea-protocol v0.8.0
[INFO] [stderr]   Downloaded azalea-registry v0.8.0
[INFO] [stderr]   Downloaded azalea-chat v0.8.0
[INFO] [stderr]   Downloaded compact_str v0.7.1
[INFO] [stderr]   Downloaded bevy_ptr v0.11.3
[INFO] [stderr]   Downloaded bevy_reflect_derive v0.11.3
[INFO] [stderr]   Downloaded azalea-entity v0.8.0
[INFO] [stderr]   Downloaded thread-id v4.2.1
[INFO] [stderr]   Downloaded azalea-block v0.8.0
[INFO] [stderr]   Downloaded bevy_time v0.11.3
[INFO] [stderr]   Downloaded pkcs1 v0.7.5
[INFO] [stderr]   Downloaded async-recursion v1.0.5
[INFO] [stderr]   Downloaded smol_str v0.2.0
[INFO] [stderr]   Downloaded bit-set v0.5.3
[INFO] [stderr]   Downloaded azalea-registry-macros v0.8.0
[INFO] [stderr]   Downloaded azalea-core v0.8.0
[INFO] [stderr]   Downloaded azalea-nbt v0.8.0
[INFO] [stderr]   Downloaded castaway v0.2.2
[INFO] [stderr]   Downloaded bevy_app v0.11.3
[INFO] [stderr]   Downloaded azalea-auth v0.8.0
[INFO] [stderr]   Downloaded azalea-brigadier v0.8.0
[INFO] [stderr]   Downloaded pem-rfc7468 v0.7.0
[INFO] [stderr]   Downloaded sha-1 v0.10.1
[INFO] [stderr]   Downloaded simple_asn1 v0.5.4
[INFO] [stderr]   Downloaded azalea-protocol-macros v0.8.0
[INFO] [stderr]   Downloaded rsa_public_encrypt_pkcs1 v0.4.0
[INFO] [stderr]   Downloaded azalea-world v0.8.0
[INFO] running `Command { std: "docker" "create" "-v" "/var/lib/crater-agent-workspace/builds/worker-2-tc1/target:/opt/rustwide/target:rw,Z" "-v" "/var/lib/crater-agent-workspace/builds/worker-2-tc1/source:/opt/rustwide/workdir:ro,Z" "-v" "/var/lib/crater-agent-workspace/cargo-home:/opt/rustwide/cargo-home:ro,Z" "-v" "/var/lib/crater-agent-workspace/rustup-home:/opt/rustwide/rustup-home:ro,Z" "-e" "SOURCE_DIR=/opt/rustwide/workdir" "-e" "CARGO_TARGET_DIR=/opt/rustwide/target" "-e" "CARGO_HOME=/opt/rustwide/cargo-home" "-e" "RUSTUP_HOME=/opt/rustwide/rustup-home" "-w" "/opt/rustwide/workdir" "-m" "1610612736" "--user" "0:0" "--network" "none" "ghcr.io/rust-lang/crates-build-env/linux@sha256:2788e3201cd34a07e3172128adcd8b3090168a8e3bcc40d7c032b9dda1df7d1c" "/opt/rustwide/cargo-home/bin/cargo" "+1.75.0" "metadata" "--no-deps" "--format-version=1", kill_on_drop: false }`
[INFO] [stdout] 171385856a9741b642653ee5f5a6e3fd149b2952a8a3d0a3a8d2f2832af97e9e
[INFO] running `Command { std: "docker" "start" "-a" "171385856a9741b642653ee5f5a6e3fd149b2952a8a3d0a3a8d2f2832af97e9e", kill_on_drop: false }`
[INFO] running `Command { std: "docker" "inspect" "171385856a9741b642653ee5f5a6e3fd149b2952a8a3d0a3a8d2f2832af97e9e", kill_on_drop: false }`
[INFO] running `Command { std: "docker" "rm" "-f" "171385856a9741b642653ee5f5a6e3fd149b2952a8a3d0a3a8d2f2832af97e9e", kill_on_drop: false }`
[INFO] [stdout] 171385856a9741b642653ee5f5a6e3fd149b2952a8a3d0a3a8d2f2832af97e9e
[INFO] running `Command { std: "docker" "create" "-v" "/var/lib/crater-agent-workspace/builds/worker-2-tc1/target:/opt/rustwide/target:rw,Z" "-v" "/var/lib/crater-agent-workspace/builds/worker-2-tc1/source:/opt/rustwide/workdir:ro,Z" "-v" "/var/lib/crater-agent-workspace/cargo-home:/opt/rustwide/cargo-home:ro,Z" "-v" "/var/lib/crater-agent-workspace/rustup-home:/opt/rustwide/rustup-home:ro,Z" "-e" "SOURCE_DIR=/opt/rustwide/workdir" "-e" "CARGO_TARGET_DIR=/opt/rustwide/target" "-e" "CARGO_INCREMENTAL=0" "-e" "RUST_BACKTRACE=full" "-e" "RUSTFLAGS=--cap-lints=warn" "-e" "RUSTDOCFLAGS=--cap-lints=warn" "-e" "CARGO_HOME=/opt/rustwide/cargo-home" "-e" "RUSTUP_HOME=/opt/rustwide/rustup-home" "-w" "/opt/rustwide/workdir" "-m" "1610612736" "--user" "0:0" "--network" "none" "ghcr.io/rust-lang/crates-build-env/linux@sha256:2788e3201cd34a07e3172128adcd8b3090168a8e3bcc40d7c032b9dda1df7d1c" "/opt/rustwide/cargo-home/bin/cargo" "+1.75.0" "doc" "--frozen" "--no-deps" "--document-private-items" "--message-format=json", kill_on_drop: false }`
[INFO] [stdout] 72bb19552948964133df9f5d713394e332ad49215f7c134be357254e46dbbe8a
[INFO] running `Command { std: "docker" "start" "-a" "72bb19552948964133df9f5d713394e332ad49215f7c134be357254e46dbbe8a", kill_on_drop: false }`
[INFO] [stderr]    Compiling proc-macro2 v1.0.76
[INFO] [stderr]     Checking zerocopy v0.7.32
[INFO] [stderr]     Checking allocator-api2 v0.2.16
[INFO] [stderr]    Compiling libc v0.2.151
[INFO] [stderr]    Compiling ahash v0.8.7
[INFO] [stderr]    Compiling thiserror v1.0.56
[INFO] [stderr]     Checking futures-io v0.3.30
[INFO] [stderr]    Compiling libm v0.2.8
[INFO] [stderr]    Compiling num-traits v0.2.17
[INFO] [stderr]    Compiling crossbeam-utils v0.8.18
[INFO] [stderr]     Checking getrandom v0.2.11
[INFO] [stderr]     Checking fixedbitset v0.4.2
[INFO] [stderr]    Compiling lock_api v0.4.11
[INFO] [stderr]     Checking object v0.32.2
[INFO] [stderr]     Checking parking v2.2.0
[INFO] [stderr]    Compiling parking_lot_core v0.9.9
[INFO] [stderr]     Checking thread-id v4.2.1
[INFO] [stderr]    Compiling rustc-hash v1.1.0
[INFO] [stderr]     Checking scopeguard v1.2.0
[INFO] [stderr]     Checking bytemuck v1.14.0
[INFO] [stderr]    Compiling bit-vec v0.6.3
[INFO] [stderr]     Checking const-oid v0.9.6
[INFO] [stderr]     Checking rand_core v0.6.4
[INFO] [stderr]     Checking futures-channel v0.3.30
[INFO] [stderr]     Checking instant v0.1.12
[INFO] [stderr]     Checking futures-lite v2.1.0
[INFO] [stderr]     Checking waker-fn v1.1.1
[INFO] [stderr]     Checking async-task v4.7.0
[INFO] [stderr]     Checking event-listener v2.5.3
[INFO] [stderr]     Checking fastrand v1.9.0
[INFO] [stderr]    Compiling bit-set v0.5.3
[INFO] [stderr]     Checking downcast-rs v1.2.0
[INFO] [stderr]     Checking smol_str v0.2.0
[INFO] [stderr]     Checking bevy_ptr v0.11.3
[INFO] [stderr]     Checking rand_chacha v0.3.1
[INFO] [stderr]    Compiling num-iter v0.1.43
[INFO] [stderr]    Compiling num-bigint v0.4.4
[INFO] [stderr]     Checking futures-lite v1.13.0
[INFO] [stderr]    Compiling quote v1.0.35
[INFO] [stderr]     Checking spin v0.5.2
[INFO] [stderr]     Checking pem-rfc7468 v0.7.0
[INFO] [stderr]     Checking flate2 v1.0.28
[INFO] [stderr]     Checking castaway v0.2.2
[INFO] [stderr]     Checking lazy_static v1.4.0
[INFO] [stderr]     Checking rand v0.8.5
[INFO] [stderr]     Checking digest v0.10.7
[INFO] [stderr]     Checking der v0.7.8
[INFO] [stderr]    Compiling num-rational v0.4.1
[INFO] [stderr]    Compiling rustls v0.21.10
[INFO] [stderr]    Compiling syn v2.0.48
[INFO] [stderr]    Compiling syn v1.0.109
[INFO] [stderr]    Compiling cc v1.0.83
[INFO] [stderr]     Checking concurrent-queue v2.4.0
[INFO] [stderr]    Compiling num-bigint-dig v0.8.4
[INFO] [stderr]    Compiling async-trait v0.1.77
[INFO] [stderr]     Checking sha2 v0.10.8
[INFO] [stderr]     Checking signature v2.2.0
[INFO] [stderr]    Compiling uuid v1.6.1
[INFO] [stderr]     Checking event-listener v4.0.3
[INFO] [stderr]     Checking async-channel v1.9.0
[INFO] [stderr]     Checking regex-syntax v0.6.29
[INFO] [stderr]     Checking nohash-hasher v0.2.0
[INFO] [stderr]     Checking cfb8 v0.8.1
[INFO] [stderr]     Checking sha-1 v0.10.1
[INFO] [stderr]     Checking idna v0.4.0
[INFO] [stderr]     Checking webpki-roots v0.25.3
[INFO] [stderr]     Checking linked-hash-map v0.5.6
[INFO] [stderr]     Checking data-encoding v2.5.0
[INFO] [stderr]     Checking event-listener-strategy v0.4.0
[INFO] [stderr]     Checking sharded-slab v0.1.7
[INFO] [stderr]     Checking tracing-log v0.2.0
[INFO] [stderr]     Checking lru-cache v0.1.2
[INFO] [stderr]     Checking async-lock v3.2.0
[INFO] [stderr]    Compiling anyhow v1.0.79
[INFO] [stderr]     Checking crossbeam-channel v0.5.10
[INFO] [stderr]     Checking tracing-log v0.1.4
[INFO] [stderr]     Checking num-integer v0.1.45
[INFO] [stderr]     Checking num-complex v0.4.4
[INFO] [stderr]    Compiling backtrace v0.3.69
[INFO] [stderr]    Compiling ring v0.17.7
[INFO] [stderr]     Checking async-executor v1.8.0
[INFO] [stderr]     Checking spki v0.7.3
[INFO] [stderr]     Checking pkcs8 v0.10.2
[INFO] [stderr]     Checking bevy_tasks v0.11.3
[INFO] [stderr]     Checking pkcs1 v0.7.5
[INFO] [stderr]     Checking regex-automata v0.1.10
[INFO] [stderr]     Checking matchers v0.1.0
[INFO] [stderr]     Checking num v0.4.1
[INFO] [stderr]    Compiling derive_more v0.99.17
[INFO] [stderr]    Compiling bevy_macro_utils v0.11.3
[INFO] [stderr]     Checking sct v0.7.1
[INFO] [stderr]     Checking rustls-webpki v0.101.7
[INFO] [stderr]    Compiling serde_derive v1.0.195
[INFO] [stderr]    Compiling thiserror-impl v1.0.56
[INFO] [stderr]    Compiling tracing-attributes v0.1.27
[INFO] [stderr]    Compiling azalea-buf-macros v0.8.0
[INFO] [stderr]    Compiling tokio-macros v2.2.0
[INFO] [stderr]    Compiling bevy_utils_proc_macros v0.11.3
[INFO] [stderr]    Compiling futures-macro v0.3.30
[INFO] [stderr]    Compiling bevy_reflect_derive v0.11.3
[INFO] [stderr]    Compiling bevy_ecs_macros v0.11.3
[INFO] [stderr]    Compiling enum-as-inner v0.6.0
[INFO] [stderr]    Compiling azalea-registry-macros v0.8.0
[INFO] [stderr]    Compiling azalea-inventory-macros v0.8.0
[INFO] [stderr]    Compiling bevy_derive v0.11.3
[INFO] [stderr]    Compiling azalea-block-macros v0.8.0
[INFO] [stderr]    Compiling azalea-protocol-macros v0.8.0
[INFO] [stderr]    Compiling async-recursion v1.0.5
[INFO] [stderr]     Checking tokio v1.35.1
[INFO] [stderr]     Checking futures-util v0.3.30
[INFO] [stderr]     Checking tracing v0.1.40
[INFO] [stderr]     Checking serde v1.0.195
[INFO] [stderr]     Checking futures-executor v0.3.30
[INFO] [stderr]     Checking futures v0.3.30
[INFO] [stderr]     Checking tokio-util v0.7.10
[INFO] [stderr]     Checking tokio-rustls v0.24.1
[INFO] [stderr]     Checking async-compression v0.4.5
[INFO] [stderr]     Checking hashbrown v0.14.3
[INFO] [stderr]     Checking smallvec v1.11.2
[INFO] [stderr]     Checking serde_json v1.0.111
[INFO] [stderr]     Checking glam v0.24.2
[INFO] [stderr]     Checking erased-serde v0.3.31
[INFO] [stderr]     Checking compact_str v0.7.1
[INFO] [stderr]     Checking chrono v0.4.31
[INFO] [stderr]     Checking serde_urlencoded v0.7.1
[INFO] [stderr]     Checking trust-dns-proto v0.23.2
[INFO] [stderr]     Checking tracing-subscriber v0.3.18
[INFO] [stderr]     Checking indexmap v2.1.0
[INFO] [stderr]     Checking azalea-buf v0.8.0
[INFO] [stderr]     Checking azalea-language v0.8.0
[INFO] [stdout] error[E0432]: unresolved import `thiserror`
[INFO] [stdout]    --> /opt/rustwide/cargo-home/registry/src/index.crates.io-6f17d22bba15001f/azalea-buf-0.8.0/src/read.rs:12:10
[INFO] [stdout]     |
[INFO] [stdout] 12  | #[derive(Error, Debug)]
[INFO] [stdout]     |          ^^^^^ no `ThiserrorProvide` in `__private`
[INFO] [stdout]     |
[INFO] [stdout] note: found an item that was configured out
[INFO] [stdout]    --> /opt/rustwide/cargo-home/registry/src/index.crates.io-6f17d22bba15001f/thiserror-1.0.56/src/lib.rs:259:29
[INFO] [stdout]     |
[INFO] [stdout] 259 |     pub use crate::provide::ThiserrorProvide;
[INFO] [stdout]     |                             ^^^^^^^^^^^^^^^^
[INFO] [stdout]     = note: this error originates in the derive macro `Error` (in Nightly builds, run with -Z macro-backtrace for more info)
[INFO] [stdout] 
[INFO] [stdout] 
[INFO] [stdout] error[E0554]: `#![feature]` may not be used on the stable release channel
[INFO] [stdout]  --> /opt/rustwide/cargo-home/registry/src/index.crates.io-6f17d22bba15001f/azalea-buf-0.8.0/src/lib.rs:2:1
[INFO] [stdout]   |
[INFO] [stdout] 2 | #![feature(min_specialization)]
[INFO] [stdout]   | ^^^^^^^^^^^^^^^^^^^^^^^^^^^^^^^
[INFO] [stdout] 
[INFO] [stdout] 
[INFO] [stdout] error[E0554]: `#![feature]` may not be used on the stable release channel
[INFO] [stdout]  --> /opt/rustwide/cargo-home/registry/src/index.crates.io-6f17d22bba15001f/azalea-buf-0.8.0/src/lib.rs:4:1
[INFO] [stdout]   |
[INFO] [stdout] 4 | #![feature(error_generic_member_access)]
[INFO] [stdout]   | ^^^^^^^^^^^^^^^^^^^^^^^^^^^^^^^^^^^^^^^^
[INFO] [stdout] 
[INFO] [stdout] 
[INFO] [stdout] error[E0554]: `#![feature]` may not be used on the stable release channel
[INFO] [stdout]  --> /opt/rustwide/cargo-home/registry/src/index.crates.io-6f17d22bba15001f/azalea-buf-0.8.0/src/lib.rs:4:12
[INFO] [stdout]   |
[INFO] [stdout] 4 | #![feature(error_generic_member_access)]
[INFO] [stdout]   |            ^^^^^^^^^^^^^^^^^^^^^^^^^^^
[INFO] [stdout] 
[INFO] [stdout] 
[INFO] [stdout] error[E0599]: no method named `thiserror_provide` found for reference `&std::io::Error` in the current scope
[INFO] [stdout]   --> /opt/rustwide/cargo-home/registry/src/index.crates.io-6f17d22bba15001f/azalea-buf-0.8.0/src/read.rs:26:9
[INFO] [stdout]    |
[INFO] [stdout] 26 |         source: std::io::Error,
[INFO] [stdout]    |         ^^^^^^ method not found in `&Error`
[INFO] [stdout] 
[INFO] [stdout] 
[INFO] [stdout] error[E0599]: no method named `thiserror_provide` found for reference `&serde_json::Error` in the current scope
[INFO] [stdout]   --> /opt/rustwide/cargo-home/registry/src/index.crates.io-6f17d22bba15001f/azalea-buf-0.8.0/src/read.rs:51:9
[INFO] [stdout]    |
[INFO] [stdout] 51 |         source: serde_json::Error,
[INFO] [stdout]    |         ^^^^^^ method not found in `&Error`
[INFO] [stdout] 
[INFO] [stdout] 
[INFO] [stdout] error: aborting due to 6 previous errors
[INFO] [stdout] 
[INFO] [stdout] 
[INFO] [stdout] Some errors have detailed explanations: E0432, E0554, E0599.
[INFO] [stdout] 
[INFO] [stdout] For more information about an error, try `rustc --explain E0432`.
[INFO] [stdout] 
[INFO] [stderr] error: could not compile `azalea-buf` (lib) due to 7 previous errors
[INFO] [stderr] warning: build failed, waiting for other jobs to finish...
[INFO] running `Command { std: "docker" "inspect" "72bb19552948964133df9f5d713394e332ad49215f7c134be357254e46dbbe8a", kill_on_drop: false }`
[INFO] running `Command { std: "docker" "rm" "-f" "72bb19552948964133df9f5d713394e332ad49215f7c134be357254e46dbbe8a", kill_on_drop: false }`
[INFO] [stdout] 72bb19552948964133df9f5d713394e332ad49215f7c134be357254e46dbbe8a
