[INFO] fetching crate avalanche-types 0.1.4...
[INFO] documenting avalanche-types-0.1.4 against 1.75.0 for beta-1.76-rustdoc-1
[INFO] extracting crate avalanche-types 0.1.4 into /workspace/builds/worker-3-tc1/source
[INFO] validating manifest of crates.io crate avalanche-types 0.1.4 on toolchain 1.75.0
[INFO] running `Command { std: CARGO_HOME="/workspace/cargo-home" RUSTUP_HOME="/workspace/rustup-home" "/workspace/cargo-home/bin/cargo" "+1.75.0" "metadata" "--manifest-path" "Cargo.toml" "--no-deps", kill_on_drop: false }`
[INFO] started tweaking crates.io crate avalanche-types 0.1.4
[INFO] removed 0 missing examples
[INFO] removed 0 missing tests
[INFO] finished tweaking crates.io crate avalanche-types 0.1.4
[INFO] tweaked toml for crates.io crate avalanche-types 0.1.4 written to /workspace/builds/worker-3-tc1/source/Cargo.toml
[INFO] crate crates.io crate avalanche-types 0.1.4 already has a lockfile, it will not be regenerated
[INFO] running `Command { std: CARGO_HOME="/workspace/cargo-home" RUSTUP_HOME="/workspace/rustup-home" "/workspace/cargo-home/bin/cargo" "+1.75.0" "fetch" "--manifest-path" "Cargo.toml", kill_on_drop: false }`
[INFO] [stderr]     Updating crates.io index
[INFO] [stderr]  Downloading crates ...
[INFO] [stderr]   Downloaded socket2 v0.5.4
[INFO] [stderr]   Downloaded rust-embed-impl v8.0.0
[INFO] [stderr]   Downloaded jsonrpc-http-server v18.0.0
[INFO] [stderr]   Downloaded tracing-attributes v0.1.26
[INFO] [stderr]   Downloaded secp256k1 v0.27.0
[INFO] [stderr]   Downloaded tokio-io-timeout v1.2.0
[INFO] [stderr]   Downloaded parity-scale-codec v3.6.5
[INFO] [stderr]   Downloaded k256 v0.13.1
[INFO] [stderr]   Downloaded aws-smithy-json v0.56.1
[INFO] [stderr]   Downloaded tonic-health v0.9.2
[INFO] [stderr]   Downloaded winnow v0.5.15
[INFO] [stderr]   Downloaded aws-credential-types v0.56.1
[INFO] [stderr]   Downloaded aws-sdk-sso v0.30.0
[INFO] [stderr]   Downloaded filetime v0.2.22
[INFO] [stderr]   Downloaded aws-smithy-checksums v0.56.1
[INFO] [stderr]   Downloaded blst v0.3.11
[INFO] [stderr]   Downloaded ethers-core v2.0.7
[INFO] [stderr]   Downloaded aws-smithy-xml v0.56.1
[INFO] [stderr]   Downloaded schannel v0.1.22
[INFO] [stderr]   Downloaded uuid v1.4.1
[INFO] [stderr]   Downloaded aws-config v0.56.1
[INFO] [stderr]   Downloaded rcgen v0.10.0
[INFO] [stderr]   Downloaded xmlparser v0.13.6
[INFO] [stderr]   Downloaded aws-sdk-s3 v0.30.0
[INFO] [stderr]   Downloaded rsa v0.9.2
[INFO] [stderr]   Downloaded aws-smithy-runtime v0.56.1
[INFO] [stderr]   Downloaded ethers-etherscan v2.0.7
[INFO] [stderr]   Downloaded rustls-webpki v0.100.3
[INFO] [stderr]   Downloaded tokio-tungstenite v0.19.0
[INFO] [stderr]   Downloaded yasna v0.5.2
[INFO] [stderr]   Downloaded id-manager v0.0.3
[INFO] [stderr]   Downloaded aws-sdk-ec2 v0.30.0
[INFO] [stderr]   Downloaded aws-manager v0.30.4
[INFO] [stderr]   Downloaded command-manager v0.0.3
[INFO] [stderr]   Downloaded compress-manager v0.0.10
[INFO] [stderr]   Downloaded rfc-manager v0.0.1
[INFO] [stderr]   Downloaded openssl v0.10.57
[INFO] [stderr]   Downloaded der-parser v8.2.0
[INFO] [stderr]   Downloaded aws-sdk-kms v0.30.0
[INFO] [stderr]   Downloaded aws-sdk-sts v0.30.0
[INFO] [stderr]   Downloaded aws-smithy-http v0.56.1
[INFO] [stderr]   Downloaded regex-automata v0.3.9
[INFO] [stderr]   Downloaded rust-embed v8.0.0
[INFO] [stderr]   Downloaded bstr v1.6.2
[INFO] [stderr]   Downloaded time v0.3.29
[INFO] [stderr]   Downloaded zstd-sys v2.0.8+zstd.1.5.5
[INFO] [stderr]   Downloaded rusticata-macros v4.1.0
[INFO] [stderr]   Downloaded pkcs1 v0.7.5
[INFO] [stderr]   Downloaded displaydoc v0.2.4
[INFO] [stderr]   Downloaded aws-smithy-query v0.56.1
[INFO] [stderr]   Downloaded cmp-manager v0.0.1
[INFO] [stderr]   Downloaded xattr v1.0.1
[INFO] [stderr]   Downloaded aws-runtime v0.56.1
[INFO] [stderr]   Downloaded num-bigint-dig v0.8.4
[INFO] [stderr]   Downloaded prost-derive v0.11.9
[INFO] [stderr]   Downloaded webpki-roots v0.23.1
[INFO] [stderr]   Downloaded matchit v0.7.3
[INFO] [stderr]   Downloaded jobserver v0.1.26
[INFO] [stderr]   Downloaded aws-smithy-eventstream v0.56.1
[INFO] [stderr]   Downloaded webpki v0.22.2
[INFO] [stderr]   Downloaded cargo_metadata v0.15.4
[INFO] [stderr]   Downloaded regex v1.9.6
[INFO] [stderr]   Downloaded tokio-util v0.7.9
[INFO] [stderr]   Downloaded globset v0.4.13
[INFO] [stderr]   Downloaded tonic v0.9.2
[INFO] [stderr]   Downloaded aws-smithy-types v0.56.1
[INFO] [stderr]   Downloaded scale-info-derive v2.9.0
[INFO] [stderr]   Downloaded procfs v0.14.2
[INFO] [stderr]   Downloaded semver v1.0.19
[INFO] [stderr]   Downloaded crc32c v0.6.4
[INFO] [stderr]   Downloaded aws-smithy-runtime-api v0.56.1
[INFO] [stderr]   Downloaded x509-parser v0.14.0
[INFO] [stderr]   Downloaded asn1-rs-derive v0.4.0
[INFO] [stderr]   Downloaded x509-parser v0.15.1
[INFO] [stderr]   Downloaded ethers-addressbook v2.0.7
[INFO] [stderr]   Downloaded ethers-contract-abigen v2.0.7
[INFO] [stderr]   Downloaded ethers-contract-derive v2.0.7
[INFO] [stderr]   Downloaded lalrpop v0.19.12
[INFO] [stderr]   Downloaded solang-parser v0.3.0
[INFO] [stderr]   Downloaded ethers v2.0.7
[INFO] [stderr]   Downloaded enr v0.8.1
[INFO] [stderr]   Downloaded ethers-providers v2.0.7
[INFO] [stderr]   Downloaded cargo-platform v0.1.3
[INFO] [stderr]   Downloaded ecdsa v0.16.8
[INFO] [stderr]   Downloaded bip32 v0.5.1
[INFO] [stderr]   Downloaded asn1-rs-impl v0.1.0
[INFO] [stderr]   Downloaded svm-rs v0.2.23
[INFO] [stderr]   Downloaded tungstenite v0.19.0
[INFO] [stderr]   Downloaded eyre v0.6.8
[INFO] [stderr]   Downloaded oid-registry v0.6.1
[INFO] [stderr]   Downloaded data-encoding v2.4.0
[INFO] [stderr]   Downloaded scale-info v2.9.0
[INFO] [stderr]   Downloaded prost v0.11.9
[INFO] [stderr]   Downloaded tonic-reflection v0.9.2
[INFO] [stderr]   Downloaded deranged v0.3.8
[INFO] [stderr]   Downloaded aho-corasick v1.1.1
[INFO] [stderr]   Downloaded hyper-timeout v0.4.1
[INFO] [stderr]   Downloaded jsonrpc-core v18.0.0
[INFO] [stderr]   Downloaded axum-core v0.3.4
[INFO] [stderr]   Downloaded ethers-signers v2.0.7
[INFO] [stderr]   Downloaded sync_wrapper v0.1.2
[INFO] [stderr]   Downloaded zerocopy-derive v0.6.4
[INFO] [stderr]   Downloaded axum v0.6.20
[INFO] [stderr]   Downloaded tokio-util v0.6.10
[INFO] [stderr]   Downloaded openssl-sys v0.9.93
[INFO] [stderr]   Downloaded outref v0.5.1
[INFO] [stderr]   Downloaded rustls-webpki v0.101.6
[INFO] [stderr]   Downloaded prefix-manager v0.0.2
[INFO] [stderr]   Downloaded rust-embed-utils v8.0.0
[INFO] [stderr]   Downloaded rustix v0.36.15
[INFO] [stderr]   Downloaded libm v0.2.7
[INFO] [stderr]   Downloaded aws-types v0.56.1
[INFO] [stderr]   Downloaded elliptic-curve v0.13.6
[INFO] [stderr]   Downloaded const-oid v0.9.5
[INFO] [stderr]   Downloaded async-trait v0.1.73
[INFO] [stderr]   Downloaded parity-scale-codec-derive v3.6.5
[INFO] [stderr]   Downloaded zerocopy v0.6.4
[INFO] [stderr]   Downloaded serde_with_macros v3.3.0
[INFO] [stderr]   Downloaded path-clean v1.0.1
[INFO] [stderr]   Downloaded aws-http v0.56.1
[INFO] [stderr]   Downloaded aws-sigv4 v0.56.1
[INFO] [stderr]   Downloaded aws-smithy-async v0.56.1
[INFO] [stderr]   Downloaded aws-smithy-http-tower v0.56.1
[INFO] [stderr]   Downloaded aws-smithy-client v0.56.1
[INFO] [stderr]   Downloaded vsimd v0.8.0
[INFO] [stderr]   Downloaded asn1-rs v0.5.2
[INFO] [stderr]   Downloaded cert-manager v0.0.10
[INFO] [stderr]   Downloaded ethers-contract v2.0.7
[INFO] [stderr]   Downloaded ethers-middleware v2.0.7
[INFO] [stderr]   Downloaded lalrpop-util v0.19.12
[INFO] [stderr]   Downloaded ethers-solc v2.0.7
[INFO] [stderr]   Downloaded jsonrpc-server-utils v18.0.0
[INFO] [stderr]   Downloaded crypto-bigint v0.5.3
[INFO] [stderr]   Downloaded prost-types v0.11.9
[INFO] [stderr]   Downloaded base64-simd v0.8.0
[INFO] [stderr]   Downloaded base64 v0.21.4
[INFO] [stderr]   Downloaded serde_with v3.3.0
[INFO] running `Command { std: "docker" "create" "-v" "/var/lib/crater-agent-workspace/builds/worker-3-tc1/target:/opt/rustwide/target:rw,Z" "-v" "/var/lib/crater-agent-workspace/builds/worker-3-tc1/source:/opt/rustwide/workdir:ro,Z" "-v" "/var/lib/crater-agent-workspace/cargo-home:/opt/rustwide/cargo-home:ro,Z" "-v" "/var/lib/crater-agent-workspace/rustup-home:/opt/rustwide/rustup-home:ro,Z" "-e" "SOURCE_DIR=/opt/rustwide/workdir" "-e" "CARGO_TARGET_DIR=/opt/rustwide/target" "-e" "CARGO_HOME=/opt/rustwide/cargo-home" "-e" "RUSTUP_HOME=/opt/rustwide/rustup-home" "-w" "/opt/rustwide/workdir" "-m" "1610612736" "--user" "0:0" "--network" "none" "ghcr.io/rust-lang/crates-build-env/linux@sha256:2788e3201cd34a07e3172128adcd8b3090168a8e3bcc40d7c032b9dda1df7d1c" "/opt/rustwide/cargo-home/bin/cargo" "+1.75.0" "metadata" "--no-deps" "--format-version=1", kill_on_drop: false }`
[INFO] [stdout] cb353cda47f0820c41bfa1f5c3a9f6afb03e9111a182993b838cb66c07c24a45
[INFO] running `Command { std: "docker" "start" "-a" "cb353cda47f0820c41bfa1f5c3a9f6afb03e9111a182993b838cb66c07c24a45", kill_on_drop: false }`
[INFO] running `Command { std: "docker" "inspect" "cb353cda47f0820c41bfa1f5c3a9f6afb03e9111a182993b838cb66c07c24a45", kill_on_drop: false }`
[INFO] running `Command { std: "docker" "rm" "-f" "cb353cda47f0820c41bfa1f5c3a9f6afb03e9111a182993b838cb66c07c24a45", kill_on_drop: false }`
[INFO] [stdout] cb353cda47f0820c41bfa1f5c3a9f6afb03e9111a182993b838cb66c07c24a45
[INFO] running `Command { std: "docker" "create" "-v" "/var/lib/crater-agent-workspace/builds/worker-3-tc1/target:/opt/rustwide/target:rw,Z" "-v" "/var/lib/crater-agent-workspace/builds/worker-3-tc1/source:/opt/rustwide/workdir:ro,Z" "-v" "/var/lib/crater-agent-workspace/cargo-home:/opt/rustwide/cargo-home:ro,Z" "-v" "/var/lib/crater-agent-workspace/rustup-home:/opt/rustwide/rustup-home:ro,Z" "-e" "SOURCE_DIR=/opt/rustwide/workdir" "-e" "CARGO_TARGET_DIR=/opt/rustwide/target" "-e" "CARGO_INCREMENTAL=0" "-e" "RUST_BACKTRACE=full" "-e" "RUSTFLAGS=--cap-lints=warn" "-e" "RUSTDOCFLAGS=--cap-lints=warn" "-e" "CARGO_HOME=/opt/rustwide/cargo-home" "-e" "RUSTUP_HOME=/opt/rustwide/rustup-home" "-w" "/opt/rustwide/workdir" "-m" "1610612736" "--user" "0:0" "--network" "none" "ghcr.io/rust-lang/crates-build-env/linux@sha256:2788e3201cd34a07e3172128adcd8b3090168a8e3bcc40d7c032b9dda1df7d1c" "/opt/rustwide/cargo-home/bin/cargo" "+1.75.0" "doc" "--frozen" "--no-deps" "--document-private-items" "--message-format=json", kill_on_drop: false }`
[INFO] [stdout] 5a3cba89c6e3154a9afffdc9bfd4f8492e65c266e38c3f1e9fcca09e1e5aeb43
[INFO] running `Command { std: "docker" "start" "-a" "5a3cba89c6e3154a9afffdc9bfd4f8492e65c266e38c3f1e9fcca09e1e5aeb43", kill_on_drop: false }`
[INFO] [stderr]    Compiling proc-macro2 v1.0.67
[INFO] [stderr]    Compiling libc v0.2.148
[INFO] [stderr]    Compiling syn v1.0.109
[INFO] [stderr]    Compiling serde v1.0.188
[INFO] [stderr]     Checking const-oid v0.9.5
[INFO] [stderr]     Checking subtle v2.5.0
[INFO] [stderr]    Compiling equivalent v1.0.1
[INFO] [stderr]    Compiling hashbrown v0.14.1
[INFO] [stderr]    Compiling toml_datetime v0.6.3
[INFO] [stderr]    Compiling libm v0.2.7
[INFO] [stderr]    Compiling winnow v0.5.15
[INFO] [stderr]    Compiling generic-array v0.14.7
[INFO] [stderr]    Compiling num-traits v0.2.16
[INFO] [stderr]    Compiling once_cell v1.18.0
[INFO] [stderr]     Checking itoa v1.0.9
[INFO] [stderr]     Checking memchr v2.6.4
[INFO] [stderr]     Checking byteorder v1.4.3
[INFO] [stderr]    Compiling crunchy v0.2.2
[INFO] [stderr]     Checking base64ct v1.6.0
[INFO] [stderr]    Compiling num-integer v0.1.45
[INFO] [stderr]     Checking byte-slice-cast v1.2.2
[INFO] [stderr]     Checking rustc-hex v2.1.0
[INFO] [stderr]    Compiling thiserror v1.0.49
[INFO] [stderr]     Checking arrayvec v0.7.4
[INFO] [stderr]    Compiling time-core v0.1.2
[INFO] [stderr]     Checking pem-rfc7468 v0.7.0
[INFO] [stderr]     Checking static_assertions v1.1.0
[INFO] [stderr]     Checking minimal-lexical v0.2.1
[INFO] [stderr]    Compiling time-macros v0.2.15
[INFO] [stderr]    Compiling unicode-xid v0.2.4
[INFO] [stderr]     Checking deranged v0.3.8
[INFO] [stderr]    Compiling typenum v1.17.0
[INFO] [stderr]     Checking uint v0.9.5
[INFO] [stderr]     Checking lazy_static v1.4.0
[INFO] [stderr]    Compiling num-bigint v0.4.4
[INFO] [stderr]    Compiling tiny-keccak v2.0.2
[INFO] [stderr]    Compiling proc-macro-error-attr v1.0.4
[INFO] [stderr]     Checking nom v7.1.3
[INFO] [stderr]    Compiling oid-registry v0.6.1
[INFO] [stderr]    Compiling indexmap v2.0.2
[INFO] [stderr]     Checking cpufeatures v0.2.9
[INFO] [stderr]    Compiling proc-macro-error v1.0.4
[INFO] [stderr]    Compiling num-iter v0.1.43
[INFO] [stderr]    Compiling quote v1.0.33
[INFO] [stderr]    Compiling syn v2.0.38
[INFO] [stderr]     Checking base16ct v0.2.0
[INFO] [stderr]    Compiling fnv v1.0.7
[INFO] [stderr]    Compiling strsim v0.10.0
[INFO] [stderr]    Compiling futures-core v0.3.28
[INFO] [stderr]    Compiling ident_case v1.0.1
[INFO] [stderr]     Checking aho-corasick v1.1.1
[INFO] [stderr]    Compiling serde_json v1.0.107
[INFO] [stderr]    Compiling futures-task v0.3.28
[INFO] [stderr]    Compiling num-bigint-dig v0.8.4
[INFO] [stderr]     Checking ryu v1.0.15
[INFO] [stderr]     Checking regex-syntax v0.7.5
[INFO] [stderr]    Compiling same-file v1.0.6
[INFO] [stderr]     Checking data-encoding v2.4.0
[INFO] [stderr]    Compiling cfg-if v1.0.0
[INFO] [stderr]    Compiling rustix v0.38.17
[INFO] [stderr]    Compiling walkdir v2.4.0
[INFO] [stderr]     Checking getrandom v0.2.10
[INFO] [stderr]     Checking keccak v0.1.4
[INFO] [stderr]     Checking smallvec v1.11.1
[INFO] [stderr]     Checking rand_core v0.6.4
[INFO] [stderr]     Checking bitflags v2.4.0
[INFO] [stderr]    Compiling toml_edit v0.19.15
[INFO] [stderr]    Compiling futures-channel v0.3.28
[INFO] [stderr]     Checking rusticata-macros v4.1.0
[INFO] [stderr]     Checking linux-raw-sys v0.4.8
[INFO] [stderr]    Compiling rustls v0.21.7
[INFO] [stderr]     Checking rand_chacha v0.3.1
[INFO] [stderr]     Checking ff v0.13.0
[INFO] [stderr]    Compiling futures-util v0.3.28
[INFO] [stderr]     Checking group v0.13.0
[INFO] [stderr]    Compiling cc v1.0.83
[INFO] [stderr]     Checking rand v0.8.5
[INFO] [stderr]     Checking socket2 v0.5.4
[INFO] [stderr]     Checking num_cpus v1.16.0
[INFO] [stderr]     Checking mio v0.8.8
[INFO] [stderr]     Checking pem v1.1.1
[INFO] [stderr]     Checking tracing-core v0.1.31
[INFO] [stderr]     Checking log v0.4.20
[INFO] [stderr]    Compiling async-trait v0.1.73
[INFO] [stderr]     Checking bs58 v0.4.0
[INFO] [stderr]     Checking percent-encoding v2.3.0
[INFO] [stderr]     Checking time v0.3.29
[INFO] [stderr]     Checking unicode-bidi v0.3.13
[INFO] [stderr]     Checking base64 v0.21.4
[INFO] [stderr]     Checking try-lock v0.2.4
[INFO] [stderr]     Checking fastrand v2.0.1
[INFO] [stderr]     Checking iana-time-zone v0.1.57
[INFO] [stderr]     Checking tokio v1.32.0
[INFO] [stderr]     Checking fixed-hash v0.8.0
[INFO] [stderr]     Checking want v0.3.1
[INFO] [stderr]     Checking idna v0.4.0
[INFO] [stderr]     Checking chrono v0.4.31
[INFO] [stderr]     Checking tracing v0.1.37
[INFO] [stderr]     Checking form_urlencoded v1.2.0
[INFO] [stderr]     Checking rustls-pemfile v1.0.3
[INFO] [stderr]     Checking threadpool v1.8.1
[INFO] [stderr]     Checking tower-service v0.3.2
[INFO] [stderr]     Checking unsafe-libyaml v0.2.9
[INFO] [stderr]     Checking bech32 v0.9.1
[INFO] [stderr]     Checking cmp-manager v0.0.1
[INFO] [stderr]     Checking url v2.4.1
[INFO] [stderr]     Checking regex-automata v0.3.9
[INFO] [stderr]     Checking prefix-manager v0.0.2
[INFO] [stderr]    Compiling ring v0.16.20
[INFO] [stderr]    Compiling blst v0.3.11
[INFO] [stderr]     Checking yasna v0.5.2
[INFO] [stderr]    Compiling proc-macro-crate v1.3.1
[INFO] [stderr]     Checking tempfile v3.8.0
[INFO] [stderr]     Checking regex v1.9.6
[INFO] [stderr]    Compiling darling_core v0.20.3
[INFO] [stderr]    Compiling synstructure v0.12.6
[INFO] [stderr]    Compiling zeroize_derive v1.4.2
[INFO] [stderr]    Compiling serde_derive v1.0.188
[INFO] [stderr]    Compiling thiserror-impl v1.0.49
[INFO] [stderr]    Compiling displaydoc v0.2.4
[INFO] [stderr]    Compiling num_enum_derive v0.6.1
[INFO] [stderr]    Compiling zerocopy-derive v0.6.4
[INFO] [stderr]    Compiling parity-scale-codec-derive v3.6.5
[INFO] [stderr]    Compiling impl-trait-for-tuples v0.2.2
[INFO] [stderr]    Compiling rlp-derive v0.1.0
[INFO] [stderr]    Compiling scale-info-derive v2.9.0
[INFO] [stderr]    Compiling derive_more v0.99.17
[INFO] [stderr]    Compiling asn1-rs-derive v0.4.0
[INFO] [stderr]    Compiling asn1-rs-impl v0.1.0
[INFO] [stderr]     Checking rustls-webpki v0.101.6
[INFO] [stderr]     Checking sct v0.7.0
[INFO] [stderr]    Compiling strum_macros v0.24.3
[INFO] [stderr]     Checking zeroize v1.6.0
[INFO] [stderr]     Checking der v0.7.8
[INFO] [stderr]    Compiling auto_impl v1.1.0
[INFO] [stderr]     Checking zerocopy v0.6.4
[INFO] [stderr]     Checking num_enum v0.6.1
[INFO] [stderr]     Checking crypto-common v0.1.6
[INFO] [stderr]     Checking block-buffer v0.10.4
[INFO] [stderr]     Checking crypto-bigint v0.5.3
[INFO] [stderr]     Checking digest v0.10.7
[INFO] [stderr]     Checking asn1-rs v0.5.2
[INFO] [stderr]    Compiling darling_macro v0.20.3
[INFO] [stderr]     Checking signature v2.1.0
[INFO] [stderr]     Checking sha2 v0.10.8
[INFO] [stderr]     Checking hmac v0.12.1
[INFO] [stderr]     Checking spki v0.7.2
[INFO] [stderr]     Checking sec1 v0.7.3
[INFO] [stderr]     Checking rfc6979 v0.4.0
[INFO] [stderr]     Checking pkcs8 v0.10.2
[INFO] [stderr]     Checking sha3 v0.10.8
[INFO] [stderr]     Checking rust-embed-utils v8.0.0
[INFO] [stderr]     Checking bs58 v0.5.0
[INFO] [stderr]     Checking ripemd v0.1.3
[INFO] [stderr]     Checking pkcs1 v0.7.5
[INFO] [stderr]     Checking rsa v0.9.2
[INFO] [stderr]    Compiling darling v0.20.3
[INFO] [stderr]    Compiling rust-embed-impl v8.0.0
[INFO] [stderr]    Compiling serde_with_macros v3.3.0
[INFO] [stderr]     Checking der-parser v8.2.0
[INFO] [stderr]     Checking strum v0.24.1
[INFO] [stderr]     Checking elliptic-curve v0.13.6
[INFO] [stderr]     Checking x509-parser v0.14.0
[INFO] [stderr]     Checking x509-parser v0.15.1
[INFO] [stderr]     Checking ecdsa v0.16.8
[INFO] [stderr]     Checking rust-embed v8.0.0
[INFO] [stderr]     Checking k256 v0.13.1
[INFO] [stderr]     Checking rcgen v0.10.0
[INFO] [stderr]     Checking bytes v1.5.0
[INFO] [stderr]     Checking parity-scale-codec v3.6.5
[INFO] [stderr]     Checking impl-serde v0.4.0
[INFO] [stderr]     Checking serde_with v3.3.0
[INFO] [stderr]     Checking serde_yaml v0.9.25
[INFO] [stderr]     Checking rlp v0.5.2
[INFO] [stderr]     Checking http v0.2.9
[INFO] [stderr]     Checking impl-rlp v0.3.0
[INFO] [stderr]     Checking impl-codec v0.6.0
[INFO] [stderr]     Checking scale-info v2.9.0
[INFO] [stderr]     Checking http-body v0.4.5
[INFO] [stderr]    Compiling open-fastrlp-derive v0.1.1
[INFO] [stderr]     Checking hyper v0.14.27
[INFO] [stderr]     Checking primitive-types v0.12.1
[INFO] [stderr]     Checking ethbloom v0.13.0
[INFO] [stderr]     Checking ethereum-types v0.14.1
[INFO] [stderr]     Checking random-manager v0.0.5
[INFO] [stderr]     Checking cert-manager v0.0.10
[INFO] [stderr]     Checking ethabi v18.0.0
[INFO] [stderr]     Checking open-fastrlp v0.1.4
[INFO] [stderr]     Checking ethers-core v2.0.7
[INFO] [stderr]  Documenting avalanche-types v0.1.4 (/opt/rustwide/workdir)
[INFO] [stderr]     Finished dev [unoptimized + debuginfo] target(s) in 21.24s
[INFO] [stderr]    Generated /opt/rustwide/target/doc/avalanche_types/index.html
[INFO] running `Command { std: "docker" "inspect" "5a3cba89c6e3154a9afffdc9bfd4f8492e65c266e38c3f1e9fcca09e1e5aeb43", kill_on_drop: false }`
[INFO] running `Command { std: "docker" "rm" "-f" "5a3cba89c6e3154a9afffdc9bfd4f8492e65c266e38c3f1e9fcca09e1e5aeb43", kill_on_drop: false }`
[INFO] [stdout] 5a3cba89c6e3154a9afffdc9bfd4f8492e65c266e38c3f1e9fcca09e1e5aeb43
[INFO] running `Command { std: "docker" "create" "-v" "/var/lib/crater-agent-workspace/builds/worker-3-tc1/target:/opt/rustwide/target:rw,Z" "-v" "/var/lib/crater-agent-workspace/builds/worker-3-tc1/source:/opt/rustwide/workdir:ro,Z" "-v" "/var/lib/crater-agent-workspace/cargo-home:/opt/rustwide/cargo-home:ro,Z" "-v" "/var/lib/crater-agent-workspace/rustup-home:/opt/rustwide/rustup-home:ro,Z" "-e" "SOURCE_DIR=/opt/rustwide/workdir" "-e" "CARGO_TARGET_DIR=/opt/rustwide/target" "-e" "CARGO_INCREMENTAL=0" "-e" "RUST_BACKTRACE=full" "-e" "RUSTFLAGS=--cap-lints=warn" "-e" "RUSTDOCFLAGS=--cap-lints=warn" "-e" "RUSTC_BOOTSTRAP=1" "-e" "DOCS_RS=1" "-e" "CARGO_HOME=/opt/rustwide/cargo-home" "-e" "RUSTUP_HOME=/opt/rustwide/rustup-home" "-w" "/opt/rustwide/workdir" "-m" "1610612736" "--user" "0:0" "--network" "none" "ghcr.io/rust-lang/crates-build-env/linux@sha256:2788e3201cd34a07e3172128adcd8b3090168a8e3bcc40d7c032b9dda1df7d1c" "/opt/rustwide/cargo-home/bin/cargo" "+1.75.0" "rustdoc" "--lib" "-Zrustdoc-map" "--all-features" "-Z" "unstable-options" "--config" "build.rustdocflags=[\"--cfg\", \"docsrs\", \"-Z\", \"unstable-options\", \"--document-private-items\"]" "--frozen" "--message-format=json" "-Zunstable-options" "-Zrustdoc-scrape-examples", kill_on_drop: false }`
[INFO] [stdout] 75f3715978650de09ff3f2214b9a2cc9556e9b7f78d261a488667ea092a626ca
[INFO] running `Command { std: "docker" "start" "-a" "75f3715978650de09ff3f2214b9a2cc9556e9b7f78d261a488667ea092a626ca", kill_on_drop: false }`
[INFO] [stderr] warning: Rustdoc did not scrape the following examples because they require dev-dependencies: evm_eip712_gsn_domain_separator, evm_eip712_gsn_request_type_hash, evm_contract_abi_calldata, evm_contract_forwarder_get_nonce, evm_contract_counter_increment, evm_contract_counter_get_last, evm_contract_counter_increment_append_calldata, evm_contract_counter_increment_forwarder_proxy_call, evm_contract_counter_increment_forwarder_execute, evm_contract_counter_increment_forwarder_relay_eip712, evm_contract_voter_vote_a_forwarder_relay_eip712, evm_contract_simple_registry_register, evm_contract_simple_registry_register_forwarder_execute, evm_contract_simple_registry_register_forwarder_relay_eip712, evm_contract_erc20_simple_token_increase_allowance_forwarder_relay_eip712, evm_contract_erc20_simple_token_transfer_from_forwarder_relay_eip712, evm_contract_erc721_my_token_mint_forwarder_relay_eip712, evm_contract_erc721_my_token_approve_forwarder_relay_eip712, evm_contract_erc721_my_token_transfer_from_forwarder_relay_eip712, evm_send_raw_transaction_eip1559_hot_key, evm_send_raw_transaction_eip1559_kms_aws, wallet_evm_send_transaction_hot_key, jsonrpc_client_evm, jsonrpc_client_info, jsonrpc_client_p, jsonrpc_client_x, key_cert, key_secp256k1_kms_aws, key_secp256k1_mnemonic_derive_load, proto_client, proto_server, key_secp256k1_info_load_eth, key_secp256k1_info_load_avax, key_secp256k1_info_gen
[INFO] [stderr]     If you want Rustdoc to scrape these examples, then add `doc-scrape-examples = true`
[INFO] [stderr]     to the [[example]] target configuration of at least one example.
[INFO] [stderr] warning: Target filter specified, but no targets matched. This is a no-op
[INFO] [stderr]    Compiling proc-macro2 v1.0.67
[INFO] [stderr]    Compiling lock_api v0.4.10
[INFO] [stderr]    Compiling parking_lot_core v0.9.8
[INFO] [stderr]     Checking futures-sink v0.3.28
[INFO] [stderr]    Compiling futures-channel v0.3.28
[INFO] [stderr]    Compiling futures-task v0.3.28
[INFO] [stderr]    Compiling jobserver v0.1.26
[INFO] [stderr]     Checking signal-hook-registry v1.4.1
[INFO] [stderr]    Compiling futures-util v0.3.28
[INFO] [stderr]     Checking futures-io v0.3.28
[INFO] [stderr]     Checking rand v0.8.5
[INFO] [stderr]    Compiling indexmap v1.9.3
[INFO] [stderr]     Checking hashbrown v0.12.3
[INFO] [stderr]    Compiling semver v1.0.19
[INFO] [stderr]    Compiling num-integer v0.1.45
[INFO] [stderr]     Checking socket2 v0.4.9
[INFO] [stderr]    Compiling pkg-config v0.3.27
[INFO] [stderr]     Checking byteorder v1.4.3
[INFO] [stderr]    Compiling cc v1.0.83
[INFO] [stderr]    Compiling serde_json v1.0.107
[INFO] [stderr]    Compiling rustls v0.21.7
[INFO] [stderr]     Checking outref v0.5.1
[INFO] [stderr]     Checking vsimd v0.8.0
[INFO] [stderr]    Compiling quote v1.0.33
[INFO] [stderr]     Checking openssl-probe v0.1.5
[INFO] [stderr]    Compiling getrandom v0.2.10
[INFO] [stderr]     Checking tower-layer v0.3.2
[INFO] [stderr]     Checking rustls-native-certs v0.6.3
[INFO] [stderr]     Checking either v1.9.0
[INFO] [stderr]     Checking uint v0.9.5
[INFO] [stderr]    Compiling camino v1.1.6
[INFO] [stderr]     Checking parking_lot v0.12.1
[INFO] [stderr]    Compiling syn v2.0.38
[INFO] [stderr]    Compiling syn v1.0.109
[INFO] [stderr]    Compiling rand_core v0.6.4
[INFO] [stderr]    Compiling vcpkg v0.2.15
[INFO] [stderr]    Compiling arrayvec v0.7.4
[INFO] [stderr]    Compiling ppv-lite86 v0.2.17
[INFO] [stderr]    Compiling byte-slice-cast v1.2.2
[INFO] [stderr]    Compiling base64ct v1.6.0
[INFO] [stderr]     Checking fixed-hash v0.8.0
[INFO] [stderr]    Compiling rustc-hex v2.1.0
[INFO] [stderr]    Compiling crunchy v0.2.2
[INFO] [stderr]    Compiling proc-macro-error-attr v1.0.4
[INFO] [stderr]     Checking unicode-ident v1.0.12
[INFO] [stderr]    Compiling static_assertions v1.1.0
[INFO] [stderr]    Compiling wasm-bindgen-shared v0.2.87
[INFO] [stderr]    Compiling openssl v0.10.57
[INFO] [stderr]     Checking base64-simd v0.8.0
[INFO] [stderr]     Checking foreign-types-shared v0.1.1
[INFO] [stderr]    Compiling bumpalo v3.14.0
[INFO] [stderr]    Compiling log v0.4.20
[INFO] [stderr]     Checking foreign-types v0.3.2
[INFO] [stderr]    Compiling pem-rfc7468 v0.7.0
[INFO] [stderr]    Compiling memchr v2.6.4
[INFO] [stderr]    Compiling hex v0.4.3
[INFO] [stderr]    Compiling native-tls v0.2.11
[INFO] [stderr]    Compiling rand_chacha v0.3.1
[INFO] [stderr]     Checking aws-smithy-types v0.56.1
[INFO] [stderr]    Compiling tiny-keccak v2.0.2
[INFO] [stderr]    Compiling ff v0.13.0
[INFO] [stderr]    Compiling base16ct v0.2.0
[INFO] [stderr]    Compiling regex-syntax v0.7.5
[INFO] [stderr]    Compiling group v0.13.0
[INFO] [stderr]     Checking password-hash v0.4.2
[INFO] [stderr]    Compiling ryu v1.0.15
[INFO] [stderr]    Compiling eyre v0.6.8
[INFO] [stderr]    Compiling wasm-bindgen v0.2.87
[INFO] [stderr]    Compiling itoa v1.0.9
[INFO] [stderr]    Compiling prettyplease v0.2.15
[INFO] [stderr]    Compiling libm v0.2.7
[INFO] [stderr]     Checking uuid v1.4.1
[INFO] [stderr]    Compiling keccak v0.1.4
[INFO] [stderr]    Compiling aho-corasick v1.1.1
[INFO] [stderr]    Compiling linux-raw-sys v0.4.8
[INFO] [stderr]    Compiling anyhow v1.0.75
[INFO] [stderr]    Compiling bitflags v2.4.0
[INFO] [stderr]     Checking aws-smithy-json v0.56.1
[INFO] [stderr]     Checking instant v0.1.12
[INFO] [stderr]    Compiling ring v0.16.20
[INFO] [stderr]    Compiling openssl-sys v0.9.93
[INFO] [stderr]    Compiling zstd-sys v2.0.8+zstd.1.5.5
[INFO] [stderr]    Compiling radium v0.7.0
[INFO] [stderr]    Compiling iana-time-zone v0.1.57
[INFO] [stderr]    Compiling spin v0.5.2
[INFO] [stderr]     Checking ipnet v2.8.0
[INFO] [stderr]    Compiling rustix v0.38.17
[INFO] [stderr]    Compiling num-traits v0.2.16
[INFO] [stderr]     Checking webpki-roots v0.25.2
[INFO] [stderr]    Compiling fastrand v2.0.1
[INFO] [stderr]    Compiling itertools v0.10.5
[INFO] [stderr]    Compiling lazy_static v1.4.0
[INFO] [stderr]    Compiling bzip2-sys v0.1.11+1.0.8
[INFO] [stderr]     Checking flate2 v1.0.27
[INFO] [stderr]    Compiling axum-core v0.3.4
[INFO] [stderr]     Checking xmlparser v0.13.6
[INFO] [stderr]     Checking tap v1.0.1
[INFO] [stderr]     Checking winnow v0.5.15
[INFO] [stderr]     Checking utf-8 v0.7.6
[INFO] [stderr]    Compiling zstd-safe v5.0.2+zstd.1.5.2
[INFO] [stderr]    Compiling indenter v0.3.3
[INFO] [stderr]     Checking aws-smithy-xml v0.56.1
[INFO] [stderr]     Checking wyz v0.5.1
[INFO] [stderr]     Checking num-bigint v0.4.4
[INFO] [stderr]    Compiling axum v0.6.20
[INFO] [stderr]     Checking fxhash v0.2.1
[INFO] [stderr]    Compiling chrono v0.4.31
[INFO] [stderr]     Checking urlencoding v2.1.3
[INFO] [stderr]     Checking send_wrapper v0.4.0
[INFO] [stderr]    Compiling dunce v1.0.4
[INFO] [stderr]    Compiling io-lifetimes v1.0.11
[INFO] [stderr]     Checking funty v2.0.0
[INFO] [stderr]    Compiling zstd-safe v6.0.6
[INFO] [stderr]     Checking aws-smithy-query v0.56.1
[INFO] [stderr]     Checking hashers v1.0.1
[INFO] [stderr]    Compiling regex-automata v0.3.9
[INFO] [stderr]     Checking Inflector v0.11.4
[INFO] [stderr]    Compiling unicase v2.7.0
[INFO] [stderr]    Compiling parking_lot_core v0.8.6
[INFO] [stderr]     Checking bitvec v1.0.1
[INFO] [stderr]     Checking sync_wrapper v0.1.2
[INFO] [stderr]    Compiling rustix v0.36.15
[INFO] [stderr]     Checking matchit v0.7.3
[INFO] [stderr]     Checking num-iter v0.1.43
[INFO] [stderr]    Compiling secp256k1-sys v0.8.1
[INFO] [stderr]     Checking xattr v1.0.1
[INFO] [stderr]     Checking filetime v0.2.22
[INFO] [stderr]     Checking bstr v1.6.2
[INFO] [stderr]    Compiling procfs v0.14.2
[INFO] [stderr]     Checking linux-raw-sys v0.1.4
[INFO] [stderr]    Compiling tempfile v3.8.0
[INFO] [stderr]     Checking constant_time_eq v0.1.5
[INFO] [stderr]     Checking tar v0.4.40
[INFO] [stderr]     Checking globset v0.4.13
[INFO] [stderr]    Compiling blst v0.3.11
[INFO] [stderr]     Checking futures-locks v0.7.1
[INFO] [stderr]    Compiling wasm-bindgen-backend v0.2.87
[INFO] [stderr]    Compiling darling_core v0.20.3
[INFO] [stderr]    Compiling prometheus v0.13.3
[INFO] [stderr]     Checking cfg-if v0.1.10
[INFO] [stderr]     Checking fs_extra v1.3.0
[INFO] [stderr]     Checking path-clean v1.0.1
[INFO] [stderr]     Checking human-readable v0.0.1
[INFO] [stderr]     Checking net2 v0.2.39
[INFO] [stderr]     Checking parking_lot v0.11.2
[INFO] [stderr]     Checking command-manager v0.0.3
[INFO] [stderr]    Compiling proc-macro-error v1.0.4
[INFO] [stderr]    Compiling synstructure v0.12.6
[INFO] [stdout] error[E0277]: the trait bound `proc_macro2::Span: From<proc_macro::Span>` is not satisfied
[INFO] [stdout]    --> /opt/rustwide/cargo-home/registry/src/index.crates.io-6f17d22bba15001f/proc-macro-error-1.0.4/src/lib.rs:549:37
[INFO] [stdout]     |
[INFO] [stdout] 549 |                 first: self.clone().into(),
[INFO] [stdout]     |                                     ^^^^ the trait `From<proc_macro::Span>` is not implemented for `proc_macro2::Span`
[INFO] [stdout]     |
[INFO] [stdout]     = note: required for `proc_macro::Span` to implement `Into<proc_macro2::Span>`
[INFO] [stdout] 
[INFO] [stdout] 
[INFO] [stdout] error[E0277]: the trait bound `proc_macro2::Span: From<proc_macro::Span>` is not satisfied
[INFO] [stdout]    --> /opt/rustwide/cargo-home/registry/src/index.crates.io-6f17d22bba15001f/proc-macro-error-1.0.4/src/lib.rs:550:36
[INFO] [stdout]     |
[INFO] [stdout] 550 |                 last: self.clone().into(),
[INFO] [stdout]     |                                    ^^^^ the trait `From<proc_macro::Span>` is not implemented for `proc_macro2::Span`
[INFO] [stdout]     |
[INFO] [stdout]     = note: required for `proc_macro::Span` to implement `Into<proc_macro2::Span>`
[INFO] [stdout] 
[INFO] [stdout] 
[INFO] [stdout] error: aborting due to 2 previous errors
[INFO] [stdout] 
[INFO] [stdout] 
[INFO] [stdout] For more information about this error, try `rustc --explain E0277`.
[INFO] [stdout] 
[INFO] [stderr] error: could not compile `proc-macro-error` (lib) due to 3 previous errors
[INFO] [stderr] warning: build failed, waiting for other jobs to finish...
[INFO] running `Command { std: "docker" "inspect" "75f3715978650de09ff3f2214b9a2cc9556e9b7f78d261a488667ea092a626ca", kill_on_drop: false }`
[INFO] running `Command { std: "docker" "rm" "-f" "75f3715978650de09ff3f2214b9a2cc9556e9b7f78d261a488667ea092a626ca", kill_on_drop: false }`
[INFO] [stdout] 75f3715978650de09ff3f2214b9a2cc9556e9b7f78d261a488667ea092a626ca
[INFO] documenting avalanche-types-0.1.4 against beta-2023-12-22 for beta-1.76-rustdoc-1
[INFO] extracting crate avalanche-types 0.1.4 into /workspace/builds/worker-3-tc2/source
[INFO] validating manifest of crates.io crate avalanche-types 0.1.4 on toolchain beta-2023-12-22
[INFO] running `Command { std: CARGO_HOME="/workspace/cargo-home" RUSTUP_HOME="/workspace/rustup-home" "/workspace/cargo-home/bin/cargo" "+beta-2023-12-22" "metadata" "--manifest-path" "Cargo.toml" "--no-deps", kill_on_drop: false }`
[INFO] started tweaking crates.io crate avalanche-types 0.1.4
[INFO] removed 0 missing examples
[INFO] removed 0 missing tests
[INFO] finished tweaking crates.io crate avalanche-types 0.1.4
[INFO] tweaked toml for crates.io crate avalanche-types 0.1.4 written to /workspace/builds/worker-3-tc2/source/Cargo.toml
[INFO] crate crates.io crate avalanche-types 0.1.4 already has a lockfile, it will not be regenerated
[INFO] running `Command { std: CARGO_HOME="/workspace/cargo-home" RUSTUP_HOME="/workspace/rustup-home" "/workspace/cargo-home/bin/cargo" "+beta-2023-12-22" "fetch" "--manifest-path" "Cargo.toml", kill_on_drop: false }`
[INFO] running `Command { std: "docker" "create" "-v" "/var/lib/crater-agent-workspace/builds/worker-3-tc2/target:/opt/rustwide/target:rw,Z" "-v" "/var/lib/crater-agent-workspace/builds/worker-3-tc2/source:/opt/rustwide/workdir:ro,Z" "-v" "/var/lib/crater-agent-workspace/cargo-home:/opt/rustwide/cargo-home:ro,Z" "-v" "/var/lib/crater-agent-workspace/rustup-home:/opt/rustwide/rustup-home:ro,Z" "-e" "SOURCE_DIR=/opt/rustwide/workdir" "-e" "CARGO_TARGET_DIR=/opt/rustwide/target" "-e" "CARGO_HOME=/opt/rustwide/cargo-home" "-e" "RUSTUP_HOME=/opt/rustwide/rustup-home" "-w" "/opt/rustwide/workdir" "-m" "1610612736" "--user" "0:0" "--network" "none" "ghcr.io/rust-lang/crates-build-env/linux@sha256:2788e3201cd34a07e3172128adcd8b3090168a8e3bcc40d7c032b9dda1df7d1c" "/opt/rustwide/cargo-home/bin/cargo" "+beta-2023-12-22" "metadata" "--no-deps" "--format-version=1", kill_on_drop: false }`
[INFO] [stdout] d7d83c30e686767180bac187d93910720527134388b6dd53f2beba05e0236447
[INFO] running `Command { std: "docker" "start" "-a" "d7d83c30e686767180bac187d93910720527134388b6dd53f2beba05e0236447", kill_on_drop: false }`
[INFO] running `Command { std: "docker" "inspect" "d7d83c30e686767180bac187d93910720527134388b6dd53f2beba05e0236447", kill_on_drop: false }`
[INFO] running `Command { std: "docker" "rm" "-f" "d7d83c30e686767180bac187d93910720527134388b6dd53f2beba05e0236447", kill_on_drop: false }`
[INFO] [stdout] d7d83c30e686767180bac187d93910720527134388b6dd53f2beba05e0236447
[INFO] running `Command { std: "docker" "create" "-v" "/var/lib/crater-agent-workspace/builds/worker-3-tc2/target:/opt/rustwide/target:rw,Z" "-v" "/var/lib/crater-agent-workspace/builds/worker-3-tc2/source:/opt/rustwide/workdir:ro,Z" "-v" "/var/lib/crater-agent-workspace/cargo-home:/opt/rustwide/cargo-home:ro,Z" "-v" "/var/lib/crater-agent-workspace/rustup-home:/opt/rustwide/rustup-home:ro,Z" "-e" "SOURCE_DIR=/opt/rustwide/workdir" "-e" "CARGO_TARGET_DIR=/opt/rustwide/target" "-e" "CARGO_INCREMENTAL=0" "-e" "RUST_BACKTRACE=full" "-e" "RUSTFLAGS=--cap-lints=warn" "-e" "RUSTDOCFLAGS=--cap-lints=warn" "-e" "CARGO_HOME=/opt/rustwide/cargo-home" "-e" "RUSTUP_HOME=/opt/rustwide/rustup-home" "-w" "/opt/rustwide/workdir" "-m" "1610612736" "--user" "0:0" "--network" "none" "ghcr.io/rust-lang/crates-build-env/linux@sha256:2788e3201cd34a07e3172128adcd8b3090168a8e3bcc40d7c032b9dda1df7d1c" "/opt/rustwide/cargo-home/bin/cargo" "+beta-2023-12-22" "doc" "--frozen" "--no-deps" "--document-private-items" "--message-format=json", kill_on_drop: false }`
[INFO] [stdout] 552bacbe20dba32a433978e309fd17cab715c76fbda19d4ca99c45a1d2070c7e
[INFO] running `Command { std: "docker" "start" "-a" "552bacbe20dba32a433978e309fd17cab715c76fbda19d4ca99c45a1d2070c7e", kill_on_drop: false }`
[INFO] [stderr]    Compiling proc-macro2 v1.0.67
[INFO] [stderr]    Compiling libc v0.2.148
[INFO] [stderr]    Compiling syn v1.0.109
[INFO] [stderr]    Compiling serde v1.0.188
[INFO] [stderr]     Checking const-oid v0.9.5
[INFO] [stderr]     Checking subtle v2.5.0
[INFO] [stderr]    Compiling equivalent v1.0.1
[INFO] [stderr]    Compiling hashbrown v0.14.1
[INFO] [stderr]    Compiling libm v0.2.7
[INFO] [stderr]    Compiling winnow v0.5.15
[INFO] [stderr]    Compiling toml_datetime v0.6.3
[INFO] [stderr]    Compiling generic-array v0.14.7
[INFO] [stderr]    Compiling num-traits v0.2.16
[INFO] [stderr]    Compiling once_cell v1.18.0
[INFO] [stderr]     Checking itoa v1.0.9
[INFO] [stderr]     Checking memchr v2.6.4
[INFO] [stderr]     Checking byteorder v1.4.3
[INFO] [stderr]    Compiling crunchy v0.2.2
[INFO] [stderr]     Checking base64ct v1.6.0
[INFO] [stderr]    Compiling num-integer v0.1.45
[INFO] [stderr]     Checking rustc-hex v2.1.0
[INFO] [stderr]    Compiling thiserror v1.0.49
[INFO] [stderr]     Checking byte-slice-cast v1.2.2
[INFO] [stderr]     Checking arrayvec v0.7.4
[INFO] [stderr]     Checking static_assertions v1.1.0
[INFO] [stderr]    Compiling time-core v0.1.2
[INFO] [stderr]     Checking pem-rfc7468 v0.7.0
[INFO] [stderr]     Checking minimal-lexical v0.2.1
[INFO] [stderr]    Compiling time-macros v0.2.15
[INFO] [stderr]    Compiling unicode-xid v0.2.4
[INFO] [stderr]     Checking deranged v0.3.8
[INFO] [stderr]    Compiling typenum v1.17.0
[INFO] [stderr]     Checking lazy_static v1.4.0
[INFO] [stderr]    Compiling num-bigint v0.4.4
[INFO] [stderr]    Compiling tiny-keccak v2.0.2
[INFO] [stderr]    Compiling proc-macro-error-attr v1.0.4
[INFO] [stderr]     Checking nom v7.1.3
[INFO] [stderr]     Checking uint v0.9.5
[INFO] [stderr]     Checking cpufeatures v0.2.9
[INFO] [stderr]    Compiling indexmap v2.0.2
[INFO] [stderr]    Compiling oid-registry v0.6.1
[INFO] [stderr]    Compiling num-iter v0.1.43
[INFO] [stderr]    Compiling proc-macro-error v1.0.4
[INFO] [stderr]    Compiling strsim v0.10.0
[INFO] [stderr]    Compiling quote v1.0.33
[INFO] [stderr]    Compiling fnv v1.0.7
[INFO] [stderr]    Compiling syn v2.0.38
[INFO] [stderr]     Checking base16ct v0.2.0
[INFO] [stderr]    Compiling futures-core v0.3.28
[INFO] [stderr]    Compiling ident_case v1.0.1
[INFO] [stderr]     Checking aho-corasick v1.1.1
[INFO] [stderr]    Compiling serde_json v1.0.107
[INFO] [stderr]     Checking regex-syntax v0.7.5
[INFO] [stderr]    Compiling same-file v1.0.6
[INFO] [stderr]    Compiling futures-task v0.3.28
[INFO] [stderr]    Compiling num-bigint-dig v0.8.4
[INFO] [stderr]    Compiling rustix v0.38.17
[INFO] [stderr]     Checking data-encoding v2.4.0
[INFO] [stderr]     Checking ryu v1.0.15
[INFO] [stderr]    Compiling cfg-if v1.0.0
[INFO] [stderr]    Compiling walkdir v2.4.0
[INFO] [stderr]    Compiling cc v1.0.83
[INFO] [stderr]     Checking getrandom v0.2.10
[INFO] [stderr]     Checking bitflags v2.4.0
[INFO] [stderr]     Checking rand_core v0.6.4
[INFO] [stderr]    Compiling toml_edit v0.19.15
[INFO] [stderr]    Compiling rustls v0.21.7
[INFO] [stderr]    Compiling futures-util v0.3.28
[INFO] [stderr]     Checking linux-raw-sys v0.4.8
[INFO] [stderr]     Checking rand_chacha v0.3.1
[INFO] [stderr]     Checking ff v0.13.0
[INFO] [stderr]    Compiling futures-channel v0.3.28
[INFO] [stderr]     Checking smallvec v1.11.1
[INFO] [stderr]     Checking rusticata-macros v4.1.0
[INFO] [stderr]     Checking group v0.13.0
[INFO] [stderr]     Checking keccak v0.1.4
[INFO] [stderr]     Checking rand v0.8.5
[INFO] [stderr]     Checking socket2 v0.5.4
[INFO] [stderr]     Checking mio v0.8.8
[INFO] [stderr]     Checking num_cpus v1.16.0
[INFO] [stderr]     Checking pem v1.1.1
[INFO] [stderr]     Checking tracing-core v0.1.31
[INFO] [stderr]     Checking log v0.4.20
[INFO] [stderr]     Checking bs58 v0.4.0
[INFO] [stderr]    Compiling async-trait v0.1.73
[INFO] [stderr]     Checking iana-time-zone v0.1.57
[INFO] [stderr]     Checking percent-encoding v2.3.0
[INFO] [stderr]     Checking time v0.3.29
[INFO] [stderr]     Checking try-lock v0.2.4
[INFO] [stderr]     Checking base64 v0.21.4
[INFO] [stderr]     Checking unicode-bidi v0.3.13
[INFO] [stderr]     Checking fastrand v2.0.1
[INFO] [stderr]     Checking tracing v0.1.37
[INFO] [stderr]     Checking want v0.3.1
[INFO] [stderr]     Checking form_urlencoded v1.2.0
[INFO] [stderr]     Checking chrono v0.4.31
[INFO] [stderr]     Checking rustls-pemfile v1.0.3
[INFO] [stderr]     Checking tokio v1.32.0
[INFO] [stderr]     Checking idna v0.4.0
[INFO] [stderr]     Checking fixed-hash v0.8.0
[INFO] [stderr]     Checking threadpool v1.8.1
[INFO] [stderr]     Checking unsafe-libyaml v0.2.9
[INFO] [stderr]     Checking tower-service v0.3.2
[INFO] [stderr]     Checking regex-automata v0.3.9
[INFO] [stderr]     Checking prefix-manager v0.0.2
[INFO] [stderr]     Checking cmp-manager v0.0.1
[INFO] [stderr]    Compiling ring v0.16.20
[INFO] [stderr]    Compiling blst v0.3.11
[INFO] [stderr]     Checking bech32 v0.9.1
[INFO] [stderr]    Compiling proc-macro-crate v1.3.1
[INFO] [stderr]     Checking url v2.4.1
[INFO] [stderr]     Checking yasna v0.5.2
[INFO] [stderr]     Checking tempfile v3.8.0
[INFO] [stderr]    Compiling darling_core v0.20.3
[INFO] [stderr]     Checking regex v1.9.6
[INFO] [stderr]    Compiling synstructure v0.12.6
[INFO] [stderr]    Compiling zeroize_derive v1.4.2
[INFO] [stderr]    Compiling serde_derive v1.0.188
[INFO] [stderr]    Compiling thiserror-impl v1.0.49
[INFO] [stderr]    Compiling displaydoc v0.2.4
[INFO] [stderr]    Compiling num_enum_derive v0.6.1
[INFO] [stderr]    Compiling zerocopy-derive v0.6.4
[INFO] [stderr]     Checking sct v0.7.0
[INFO] [stderr]     Checking rustls-webpki v0.101.6
[INFO] [stderr]    Compiling parity-scale-codec-derive v3.6.5
[INFO] [stderr]    Compiling impl-trait-for-tuples v0.2.2
[INFO] [stderr]    Compiling rlp-derive v0.1.0
[INFO] [stderr]    Compiling derive_more v0.99.17
[INFO] [stderr]    Compiling scale-info-derive v2.9.0
[INFO] [stderr]     Checking zeroize v1.6.0
[INFO] [stderr]    Compiling asn1-rs-derive v0.4.0
[INFO] [stderr]    Compiling asn1-rs-impl v0.1.0
[INFO] [stderr]     Checking der v0.7.8
[INFO] [stderr]    Compiling darling_macro v0.20.3
[INFO] [stderr]    Compiling auto_impl v1.1.0
[INFO] [stderr]    Compiling strum_macros v0.24.3
[INFO] [stderr]     Checking num_enum v0.6.1
[INFO] [stderr]     Checking block-buffer v0.10.4
[INFO] [stderr]     Checking crypto-common v0.1.6
[INFO] [stderr]     Checking crypto-bigint v0.5.3
[INFO] [stderr]     Checking digest v0.10.7
[INFO] [stderr]     Checking zerocopy v0.6.4
[INFO] [stderr]     Checking sha2 v0.10.8
[INFO] [stderr]     Checking signature v2.1.0
[INFO] [stderr]     Checking hmac v0.12.1
[INFO] [stderr]     Checking spki v0.7.2
[INFO] [stderr]     Checking sec1 v0.7.3
[INFO] [stderr]     Checking rfc6979 v0.4.0
[INFO] [stderr]     Checking pkcs8 v0.10.2
[INFO] [stderr]    Compiling darling v0.20.3
[INFO] [stderr]     Checking asn1-rs v0.5.2
[INFO] [stderr]     Checking sha3 v0.10.8
[INFO] [stderr]     Checking rust-embed-utils v8.0.0
[INFO] [stderr]     Checking bs58 v0.5.0
[INFO] [stderr]    Compiling serde_with_macros v3.3.0
[INFO] [stderr]     Checking ripemd v0.1.3
[INFO] [stderr]     Checking pkcs1 v0.7.5
[INFO] [stderr]     Checking rsa v0.9.2
[INFO] [stderr]    Compiling rust-embed-impl v8.0.0
[INFO] [stderr]     Checking der-parser v8.2.0
[INFO] [stderr]     Checking elliptic-curve v0.13.6
[INFO] [stderr]     Checking ecdsa v0.16.8
[INFO] [stderr]     Checking strum v0.24.1
[INFO] [stderr]     Checking x509-parser v0.14.0
[INFO] [stderr]     Checking x509-parser v0.15.1
[INFO] [stderr]     Checking rust-embed v8.0.0
[INFO] [stderr]     Checking k256 v0.13.1
[INFO] [stderr]     Checking rcgen v0.10.0
[INFO] [stderr]     Checking bytes v1.5.0
[INFO] [stderr]     Checking parity-scale-codec v3.6.5
[INFO] [stderr]     Checking impl-serde v0.4.0
[INFO] [stderr]     Checking serde_yaml v0.9.25
[INFO] [stderr]     Checking serde_with v3.3.0
[INFO] [stderr]     Checking rlp v0.5.2
[INFO] [stderr]     Checking http v0.2.9
[INFO] [stderr]     Checking impl-rlp v0.3.0
[INFO] [stderr]     Checking impl-codec v0.6.0
[INFO] [stderr]     Checking scale-info v2.9.0
[INFO] [stderr]    Compiling open-fastrlp-derive v0.1.1
[INFO] [stderr]     Checking http-body v0.4.5
[INFO] [stderr]     Checking primitive-types v0.12.1
[INFO] [stderr]     Checking ethbloom v0.13.0
[INFO] [stderr]     Checking hyper v0.14.27
[INFO] [stderr]     Checking ethereum-types v0.14.1
[INFO] [stderr]     Checking random-manager v0.0.5
[INFO] [stderr]     Checking cert-manager v0.0.10
[INFO] [stderr]     Checking open-fastrlp v0.1.4
[INFO] [stderr]     Checking ethabi v18.0.0
[INFO] [stderr]     Checking ethers-core v2.0.7
[INFO] [stderr]  Documenting avalanche-types v0.1.4 (/opt/rustwide/workdir)
[INFO] [stderr]     Finished dev [unoptimized + debuginfo] target(s) in 17.62s
[INFO] [stderr]    Generated /opt/rustwide/target/doc/avalanche_types/index.html
[INFO] running `Command { std: "docker" "inspect" "552bacbe20dba32a433978e309fd17cab715c76fbda19d4ca99c45a1d2070c7e", kill_on_drop: false }`
[INFO] running `Command { std: "docker" "rm" "-f" "552bacbe20dba32a433978e309fd17cab715c76fbda19d4ca99c45a1d2070c7e", kill_on_drop: false }`
[INFO] [stdout] 552bacbe20dba32a433978e309fd17cab715c76fbda19d4ca99c45a1d2070c7e
[INFO] running `Command { std: "docker" "create" "-v" "/var/lib/crater-agent-workspace/builds/worker-3-tc2/target:/opt/rustwide/target:rw,Z" "-v" "/var/lib/crater-agent-workspace/builds/worker-3-tc2/source:/opt/rustwide/workdir:ro,Z" "-v" "/var/lib/crater-agent-workspace/cargo-home:/opt/rustwide/cargo-home:ro,Z" "-v" "/var/lib/crater-agent-workspace/rustup-home:/opt/rustwide/rustup-home:ro,Z" "-e" "SOURCE_DIR=/opt/rustwide/workdir" "-e" "CARGO_TARGET_DIR=/opt/rustwide/target" "-e" "CARGO_INCREMENTAL=0" "-e" "RUST_BACKTRACE=full" "-e" "RUSTFLAGS=--cap-lints=warn" "-e" "RUSTDOCFLAGS=--cap-lints=warn" "-e" "DOCS_RS=1" "-e" "RUSTC_BOOTSTRAP=1" "-e" "CARGO_HOME=/opt/rustwide/cargo-home" "-e" "RUSTUP_HOME=/opt/rustwide/rustup-home" "-w" "/opt/rustwide/workdir" "-m" "1610612736" "--user" "0:0" "--network" "none" "ghcr.io/rust-lang/crates-build-env/linux@sha256:2788e3201cd34a07e3172128adcd8b3090168a8e3bcc40d7c032b9dda1df7d1c" "/opt/rustwide/cargo-home/bin/cargo" "+beta-2023-12-22" "rustdoc" "--lib" "-Zrustdoc-map" "--all-features" "-Z" "unstable-options" "--config" "build.rustdocflags=[\"--cfg\", \"docsrs\", \"-Z\", \"unstable-options\", \"--document-private-items\"]" "--frozen" "--message-format=json" "-Zunstable-options" "-Zrustdoc-scrape-examples", kill_on_drop: false }`
[INFO] [stdout] a864910b90e92fd03d580a1ed76b7f49cfac17eb68db4c027ce789fcf4c9297b
[INFO] running `Command { std: "docker" "start" "-a" "a864910b90e92fd03d580a1ed76b7f49cfac17eb68db4c027ce789fcf4c9297b", kill_on_drop: false }`
[INFO] [stderr] warning: Rustdoc did not scrape the following examples because they require dev-dependencies: evm_eip712_gsn_domain_separator, evm_eip712_gsn_request_type_hash, evm_contract_abi_calldata, evm_contract_forwarder_get_nonce, evm_contract_counter_increment, evm_contract_counter_get_last, evm_contract_counter_increment_append_calldata, evm_contract_counter_increment_forwarder_proxy_call, evm_contract_counter_increment_forwarder_execute, evm_contract_counter_increment_forwarder_relay_eip712, evm_contract_voter_vote_a_forwarder_relay_eip712, evm_contract_simple_registry_register, evm_contract_simple_registry_register_forwarder_execute, evm_contract_simple_registry_register_forwarder_relay_eip712, evm_contract_erc20_simple_token_increase_allowance_forwarder_relay_eip712, evm_contract_erc20_simple_token_transfer_from_forwarder_relay_eip712, evm_contract_erc721_my_token_mint_forwarder_relay_eip712, evm_contract_erc721_my_token_approve_forwarder_relay_eip712, evm_contract_erc721_my_token_transfer_from_forwarder_relay_eip712, evm_send_raw_transaction_eip1559_hot_key, evm_send_raw_transaction_eip1559_kms_aws, wallet_evm_send_transaction_hot_key, jsonrpc_client_evm, jsonrpc_client_info, jsonrpc_client_p, jsonrpc_client_x, key_cert, key_secp256k1_kms_aws, key_secp256k1_mnemonic_derive_load, proto_client, proto_server, key_secp256k1_info_load_eth, key_secp256k1_info_load_avax, key_secp256k1_info_gen
[INFO] [stderr]     If you want Rustdoc to scrape these examples, then add `doc-scrape-examples = true`
[INFO] [stderr]     to the [[example]] target configuration of at least one example.
[INFO] [stderr] warning: Target filter specified, but no targets matched. This is a no-op
[INFO] [stderr]    Compiling proc-macro2 v1.0.67
[INFO] [stderr]    Compiling lock_api v0.4.10
[INFO] [stderr]    Compiling parking_lot_core v0.9.8
[INFO] [stderr]     Checking futures-sink v0.3.28
[INFO] [stderr]    Compiling futures-channel v0.3.28
[INFO] [stderr]    Compiling futures-task v0.3.28
[INFO] [stderr]    Compiling jobserver v0.1.26
[INFO] [stderr]     Checking signal-hook-registry v1.4.1
[INFO] [stderr]    Compiling futures-util v0.3.28
[INFO] [stderr]     Checking futures-io v0.3.28
[INFO] [stderr]     Checking rand v0.8.5
[INFO] [stderr]    Compiling indexmap v1.9.3
[INFO] [stderr]     Checking hashbrown v0.12.3
[INFO] [stderr]    Compiling semver v1.0.19
[INFO] [stderr]    Compiling num-integer v0.1.45
[INFO] [stderr]     Checking socket2 v0.4.9
[INFO] [stderr]    Compiling pkg-config v0.3.27
[INFO] [stderr]     Checking byteorder v1.4.3
[INFO] [stderr]    Compiling rustls v0.21.7
[INFO] [stderr]    Compiling cc v1.0.83
[INFO] [stderr]    Compiling serde_json v1.0.107
[INFO] [stderr]     Checking outref v0.5.1
[INFO] [stderr]     Checking vsimd v0.8.0
[INFO] [stderr]     Checking openssl-probe v0.1.5
[INFO] [stderr]    Compiling quote v1.0.33
[INFO] [stderr]    Compiling getrandom v0.2.10
[INFO] [stderr]     Checking rustls-native-certs v0.6.3
[INFO] [stderr]     Checking tower-layer v0.3.2
[INFO] [stderr]     Checking either v1.9.0
[INFO] [stderr]     Checking uint v0.9.5
[INFO] [stderr]    Compiling camino v1.1.6
[INFO] [stderr]     Checking parking_lot v0.12.1
[INFO] [stderr]    Compiling vcpkg v0.2.15
[INFO] [stderr]    Compiling rand_core v0.6.4
[INFO] [stderr]    Compiling byte-slice-cast v1.2.2
[INFO] [stderr]    Compiling ppv-lite86 v0.2.17
[INFO] [stderr]    Compiling rustc-hex v2.1.0
[INFO] [stderr]    Compiling arrayvec v0.7.4
[INFO] [stderr]    Compiling syn v2.0.38
[INFO] [stderr]    Compiling syn v1.0.109
[INFO] [stderr]    Compiling base64ct v1.6.0
[INFO] [stderr]    Compiling crunchy v0.2.2
[INFO] [stderr]     Checking fixed-hash v0.8.0
[INFO] [stderr]    Compiling proc-macro-error-attr v1.0.4
[INFO] [stderr]     Checking unicode-ident v1.0.12
[INFO] [stderr]    Compiling static_assertions v1.1.0
[INFO] [stderr]    Compiling wasm-bindgen-shared v0.2.87
[INFO] [stderr]    Compiling openssl v0.10.57
[INFO] [stderr]     Checking foreign-types-shared v0.1.1
[INFO] [stderr]     Checking base64-simd v0.8.0
[INFO] [stderr]    Compiling hex v0.4.3
[INFO] [stderr]    Compiling memchr v2.6.4
[INFO] [stderr]     Checking foreign-types v0.3.2
[INFO] [stderr]    Compiling pem-rfc7468 v0.7.0
[INFO] [stderr]    Compiling bumpalo v3.14.0
[INFO] [stderr]    Compiling log v0.4.20
[INFO] [stderr]    Compiling rand_chacha v0.3.1
[INFO] [stderr]    Compiling native-tls v0.2.11
[INFO] [stderr]     Checking aws-smithy-types v0.56.1
[INFO] [stderr]    Compiling tiny-keccak v2.0.2
[INFO] [stderr]    Compiling ff v0.13.0
[INFO] [stderr]    Compiling regex-syntax v0.7.5
[INFO] [stderr]    Compiling base16ct v0.2.0
[INFO] [stderr]     Checking password-hash v0.4.2
[INFO] [stderr]    Compiling prettyplease v0.2.15
[INFO] [stderr]    Compiling group v0.13.0
[INFO] [stderr]    Compiling wasm-bindgen v0.2.87
[INFO] [stderr]    Compiling ryu v1.0.15
[INFO] [stderr]    Compiling aho-corasick v1.1.1
[INFO] [stderr]    Compiling itoa v1.0.9
[INFO] [stderr]    Compiling eyre v0.6.8
[INFO] [stderr]    Compiling libm v0.2.7
[INFO] [stderr]    Compiling anyhow v1.0.75
[INFO] [stderr]     Checking uuid v1.4.1
[INFO] [stderr]    Compiling bitflags v2.4.0
[INFO] [stderr]    Compiling linux-raw-sys v0.4.8
[INFO] [stderr]    Compiling keccak v0.1.4
[INFO] [stderr]     Checking aws-smithy-json v0.56.1
[INFO] [stderr]     Checking instant v0.1.12
[INFO] [stderr]     Checking ipnet v2.8.0
[INFO] [stderr]     Checking webpki-roots v0.25.2
[INFO] [stderr]    Compiling radium v0.7.0
[INFO] [stderr]    Compiling ring v0.16.20
[INFO] [stderr]    Compiling openssl-sys v0.9.93
[INFO] [stderr]    Compiling zstd-sys v2.0.8+zstd.1.5.5
[INFO] [stderr]    Compiling iana-time-zone v0.1.57
[INFO] [stderr]    Compiling fastrand v2.0.1
[INFO] [stderr]    Compiling spin v0.5.2
[INFO] [stderr]    Compiling num-traits v0.2.16
[INFO] [stderr]    Compiling rustix v0.38.17
[INFO] [stderr]    Compiling itertools v0.10.5
[INFO] [stderr]    Compiling lazy_static v1.4.0
[INFO] [stderr]    Compiling bzip2-sys v0.1.11+1.0.8
[INFO] [stderr]     Checking flate2 v1.0.27
[INFO] [stderr]    Compiling axum-core v0.3.4
[INFO] [stderr]    Compiling zstd-safe v5.0.2+zstd.1.5.2
[INFO] [stderr]     Checking xmlparser v0.13.6
[INFO] [stderr]     Checking tap v1.0.1
[INFO] [stderr]     Checking utf-8 v0.7.6
[INFO] [stderr]     Checking winnow v0.5.15
[INFO] [stderr]    Compiling indenter v0.3.3
[INFO] [stderr]     Checking wyz v0.5.1
[INFO] [stderr]     Checking num-bigint v0.4.4
[INFO] [stderr]     Checking aws-smithy-xml v0.56.1
[INFO] [stderr]    Compiling axum v0.6.20
[INFO] [stderr]     Checking fxhash v0.2.1
[INFO] [stderr]     Checking send_wrapper v0.4.0
[INFO] [stderr]     Checking funty v2.0.0
[INFO] [stderr]    Compiling zstd-safe v6.0.6
[INFO] [stderr]     Checking urlencoding v2.1.3
[INFO] [stderr]    Compiling dunce v1.0.4
[INFO] [stderr]    Compiling io-lifetimes v1.0.11
[INFO] [stderr]     Checking aws-smithy-query v0.56.1
[INFO] [stderr]    Compiling chrono v0.4.31
[INFO] [stderr]     Checking hashers v1.0.1
[INFO] [stderr]    Compiling regex-automata v0.3.9
[INFO] [stderr]     Checking Inflector v0.11.4
[INFO] [stderr]    Compiling unicase v2.7.0
[INFO] [stderr]     Checking bitvec v1.0.1
[INFO] [stderr]    Compiling parking_lot_core v0.8.6
[INFO] [stderr]    Compiling rustix v0.36.15
[INFO] [stderr]     Checking sync_wrapper v0.1.2
[INFO] [stderr]     Checking matchit v0.7.3
[INFO] [stderr]     Checking num-iter v0.1.43
[INFO] [stderr]    Compiling secp256k1-sys v0.8.1
[INFO] [stderr]     Checking xattr v1.0.1
[INFO] [stderr]     Checking filetime v0.2.22
[INFO] [stderr]     Checking bstr v1.6.2
[INFO] [stderr]     Checking linux-raw-sys v0.1.4
[INFO] [stderr]    Compiling procfs v0.14.2
[INFO] [stderr]     Checking constant_time_eq v0.1.5
[INFO] [stderr]     Checking tar v0.4.40
[INFO] [stderr]    Compiling tempfile v3.8.0
[INFO] [stderr]     Checking globset v0.4.13
[INFO] [stderr]    Compiling blst v0.3.11
[INFO] [stderr]     Checking futures-locks v0.7.1
[INFO] [stderr]     Checking path-clean v1.0.1
[INFO] [stderr]     Checking cfg-if v0.1.10
[INFO] [stderr]    Compiling prometheus v0.13.3
[INFO] [stderr]     Checking fs_extra v1.3.0
[INFO] [stderr]     Checking human-readable v0.0.1
[INFO] [stderr]     Checking net2 v0.2.39
[INFO] [stderr]     Checking parking_lot v0.11.2
[INFO] [stderr]     Checking command-manager v0.0.3
[INFO] [stderr]    Compiling wasm-bindgen-backend v0.2.87
[INFO] [stderr]    Compiling darling_core v0.20.3
[INFO] [stderr]    Compiling proc-macro-error v1.0.4
[INFO] [stdout] error[E0277]: the trait bound `proc_macro2::Span: From<proc_macro::Span>` is not satisfied
[INFO] [stdout]    --> /opt/rustwide/cargo-home/registry/src/index.crates.io-6f17d22bba15001f/proc-macro-error-1.0.4/src/lib.rs:549:37
[INFO] [stdout]     |
[INFO] [stdout] 549 |                 first: self.clone().into(),
[INFO] [stdout]     |                                     ^^^^ the trait `From<proc_macro::Span>` is not implemented for `proc_macro2::Span`
[INFO] [stdout]     |
[INFO] [stdout]     = note: required for `proc_macro::Span` to implement `Into<proc_macro2::Span>`
[INFO] [stdout] 
[INFO] [stdout] 
[INFO] [stdout] error[E0277]: the trait bound `proc_macro2::Span: From<proc_macro::Span>` is not satisfied
[INFO] [stdout]    --> /opt/rustwide/cargo-home/registry/src/index.crates.io-6f17d22bba15001f/proc-macro-error-1.0.4/src/lib.rs:550:36
[INFO] [stdout]     |
[INFO] [stdout] 550 |                 last: self.clone().into(),
[INFO] [stdout]     |                                    ^^^^ the trait `From<proc_macro::Span>` is not implemented for `proc_macro2::Span`
[INFO] [stdout]     |
[INFO] [stdout]     = note: required for `proc_macro::Span` to implement `Into<proc_macro2::Span>`
[INFO] [stdout] 
[INFO] [stdout] 
[INFO] [stdout] error: aborting due to 2 previous errors
[INFO] [stdout] 
[INFO] [stdout] 
[INFO] [stdout] For more information about this error, try `rustc --explain E0277`.
[INFO] [stdout] 
[INFO] [stderr] error: could not compile `proc-macro-error` (lib) due to 3 previous errors
[INFO] [stderr] warning: build failed, waiting for other jobs to finish...
[INFO] running `Command { std: "docker" "inspect" "a864910b90e92fd03d580a1ed76b7f49cfac17eb68db4c027ce789fcf4c9297b", kill_on_drop: false }`
[INFO] running `Command { std: "docker" "rm" "-f" "a864910b90e92fd03d580a1ed76b7f49cfac17eb68db4c027ce789fcf4c9297b", kill_on_drop: false }`
[INFO] [stdout] a864910b90e92fd03d580a1ed76b7f49cfac17eb68db4c027ce789fcf4c9297b
