[INFO] fetching crate atm0s-sdn-manual-discovery 0.1.1...
[INFO] documenting atm0s-sdn-manual-discovery-0.1.1 against 1.75.0 for beta-1.76-rustdoc-1
[INFO] extracting crate atm0s-sdn-manual-discovery 0.1.1 into /workspace/builds/worker-2-tc1/source
[INFO] validating manifest of crates.io crate atm0s-sdn-manual-discovery 0.1.1 on toolchain 1.75.0
[INFO] running `Command { std: CARGO_HOME="/workspace/cargo-home" RUSTUP_HOME="/workspace/rustup-home" "/workspace/cargo-home/bin/cargo" "+1.75.0" "metadata" "--manifest-path" "Cargo.toml" "--no-deps", kill_on_drop: false }`
[INFO] started tweaking crates.io crate atm0s-sdn-manual-discovery 0.1.1
[INFO] finished tweaking crates.io crate atm0s-sdn-manual-discovery 0.1.1
[INFO] tweaked toml for crates.io crate atm0s-sdn-manual-discovery 0.1.1 written to /workspace/builds/worker-2-tc1/source/Cargo.toml
[INFO] running `Command { std: CARGO_HOME="/workspace/cargo-home" RUSTUP_HOME="/workspace/rustup-home" "/workspace/cargo-home/bin/cargo" "+1.75.0" "generate-lockfile" "--manifest-path" "Cargo.toml", kill_on_drop: false }`
[INFO] [stderr]     Updating crates.io index
[INFO] running `Command { std: CARGO_HOME="/workspace/cargo-home" RUSTUP_HOME="/workspace/rustup-home" "/workspace/cargo-home/bin/cargo" "+1.75.0" "fetch" "--manifest-path" "Cargo.toml", kill_on_drop: false }`
[INFO] [stderr]  Downloading crates ...
[INFO] [stderr]   Downloaded data-encoding-macro v0.1.14
[INFO] [stderr]   Downloaded atm0s-sdn-utils v0.1.1
[INFO] [stderr]   Downloaded base-x v0.2.11
[INFO] [stderr]   Downloaded data-encoding-macro-internal v0.1.12
[INFO] [stderr]   Downloaded multibase v0.9.1
[INFO] [stderr]   Downloaded convert-enum v0.1.0
[INFO] [stderr]   Downloaded atm0s-sdn-identity v0.2.0
[INFO] [stderr]   Downloaded async-notify v0.2.0
[INFO] [stderr]   Downloaded atm0s-sdn-router v0.1.4
[INFO] [stderr]   Downloaded atm0s-sdn-identity v0.1.2
[INFO] [stderr]   Downloaded multihash v0.19.1
[INFO] [stderr]   Downloaded unsigned-varint v0.7.2
[INFO] [stderr]   Downloaded libp2p-identity v0.2.8
[INFO] [stderr]   Downloaded event-listener v3.1.0
[INFO] [stderr]   Downloaded async-signal v0.2.5
[INFO] [stderr]   Downloaded atm0s-sdn-network v0.1.1
[INFO] [stderr]   Downloaded multiaddr v0.18.1
[INFO] [stderr]   Downloaded async-process v1.8.1
[INFO] [stderr]   Downloaded unsigned-varint v0.8.0
[INFO] [stderr]   Downloaded atm0s-sdn-multiaddr v0.1.2
[INFO] [stderr]   Downloaded quick-protobuf v0.8.1
[INFO] running `Command { std: "docker" "create" "-v" "/var/lib/crater-agent-workspace/builds/worker-2-tc1/target:/opt/rustwide/target:rw,Z" "-v" "/var/lib/crater-agent-workspace/builds/worker-2-tc1/source:/opt/rustwide/workdir:ro,Z" "-v" "/var/lib/crater-agent-workspace/cargo-home:/opt/rustwide/cargo-home:ro,Z" "-v" "/var/lib/crater-agent-workspace/rustup-home:/opt/rustwide/rustup-home:ro,Z" "-e" "SOURCE_DIR=/opt/rustwide/workdir" "-e" "CARGO_TARGET_DIR=/opt/rustwide/target" "-e" "CARGO_HOME=/opt/rustwide/cargo-home" "-e" "RUSTUP_HOME=/opt/rustwide/rustup-home" "-w" "/opt/rustwide/workdir" "-m" "1610612736" "--user" "0:0" "--network" "none" "ghcr.io/rust-lang/crates-build-env/linux@sha256:2788e3201cd34a07e3172128adcd8b3090168a8e3bcc40d7c032b9dda1df7d1c" "/opt/rustwide/cargo-home/bin/cargo" "+1.75.0" "metadata" "--no-deps" "--format-version=1", kill_on_drop: false }`
[INFO] [stdout] 08c4e3482f41bf428a417dbf6c8b39b9bcd3ad514348cd1e2a2c1f42b8bad668
[INFO] running `Command { std: "docker" "start" "-a" "08c4e3482f41bf428a417dbf6c8b39b9bcd3ad514348cd1e2a2c1f42b8bad668", kill_on_drop: false }`
[INFO] running `Command { std: "docker" "inspect" "08c4e3482f41bf428a417dbf6c8b39b9bcd3ad514348cd1e2a2c1f42b8bad668", kill_on_drop: false }`
[INFO] running `Command { std: "docker" "rm" "-f" "08c4e3482f41bf428a417dbf6c8b39b9bcd3ad514348cd1e2a2c1f42b8bad668", kill_on_drop: false }`
[INFO] [stdout] 08c4e3482f41bf428a417dbf6c8b39b9bcd3ad514348cd1e2a2c1f42b8bad668
[INFO] running `Command { std: "docker" "create" "-v" "/var/lib/crater-agent-workspace/builds/worker-2-tc1/target:/opt/rustwide/target:rw,Z" "-v" "/var/lib/crater-agent-workspace/builds/worker-2-tc1/source:/opt/rustwide/workdir:ro,Z" "-v" "/var/lib/crater-agent-workspace/cargo-home:/opt/rustwide/cargo-home:ro,Z" "-v" "/var/lib/crater-agent-workspace/rustup-home:/opt/rustwide/rustup-home:ro,Z" "-e" "SOURCE_DIR=/opt/rustwide/workdir" "-e" "CARGO_TARGET_DIR=/opt/rustwide/target" "-e" "CARGO_INCREMENTAL=0" "-e" "RUST_BACKTRACE=full" "-e" "RUSTFLAGS=--cap-lints=warn" "-e" "RUSTDOCFLAGS=--cap-lints=warn" "-e" "CARGO_HOME=/opt/rustwide/cargo-home" "-e" "RUSTUP_HOME=/opt/rustwide/rustup-home" "-w" "/opt/rustwide/workdir" "-m" "1610612736" "--user" "0:0" "--network" "none" "ghcr.io/rust-lang/crates-build-env/linux@sha256:2788e3201cd34a07e3172128adcd8b3090168a8e3bcc40d7c032b9dda1df7d1c" "/opt/rustwide/cargo-home/bin/cargo" "+1.75.0" "doc" "--frozen" "--no-deps" "--document-private-items" "--message-format=json", kill_on_drop: false }`
[INFO] [stdout] 28abc1e74a6ca2438d4b1d97654b0debb0b6f2dbbb3fd275b30c2a23a494e44d
[INFO] running `Command { std: "docker" "start" "-a" "28abc1e74a6ca2438d4b1d97654b0debb0b6f2dbbb3fd275b30c2a23a494e44d", kill_on_drop: false }`
[INFO] [stderr]    Compiling proc-macro2 v1.0.76
[INFO] [stderr]    Compiling serde v1.0.195
[INFO] [stderr]     Checking subtle v2.5.0
[INFO] [stderr]    Compiling data-encoding v2.5.0
[INFO] [stderr]     Checking futures-sink v0.3.30
[INFO] [stderr]     Checking base-x v0.2.11
[INFO] [stderr]    Compiling thiserror v1.0.56
[INFO] [stderr]     Checking io-lifetimes v1.0.11
[INFO] [stderr]     Checking core2 v0.4.0
[INFO] [stderr]     Checking unsigned-varint v0.7.2
[INFO] [stderr]     Checking arrayref v0.3.7
[INFO] [stderr]     Checking polling v2.8.0
[INFO] [stderr]     Checking socket2 v0.4.10
[INFO] [stderr]     Checking quick-protobuf v0.8.1
[INFO] [stderr]     Checking bs58 v0.5.0
[INFO] [stderr]     Checking futures-channel v0.3.30
[INFO] [stderr]     Checking event-listener v3.1.0
[INFO] [stderr]    Compiling async-trait v0.1.77
[INFO] [stderr]     Checking rustix v0.37.27
[INFO] [stderr]     Checking digest v0.10.7
[INFO] [stderr]     Checking unsigned-varint v0.8.0
[INFO] [stderr]     Checking multihash v0.19.1
[INFO] [stderr]     Checking hmac v0.12.1
[INFO] [stderr]     Checking sha2 v0.10.8
[INFO] [stderr]     Checking hkdf v0.12.4
[INFO] [stderr]    Compiling quote v1.0.35
[INFO] [stderr]    Compiling syn v2.0.48
[INFO] [stderr]    Compiling syn v1.0.109
[INFO] [stderr]     Checking async-io v1.13.0
[INFO] [stderr]    Compiling data-encoding-macro-internal v0.1.12
[INFO] [stderr]    Compiling async-attributes v1.1.2
[INFO] [stderr]    Compiling convert-enum v0.1.0
[INFO] [stderr]     Checking data-encoding-macro v0.1.14
[INFO] [stderr]     Checking multibase v0.9.1
[INFO] [stderr]    Compiling tracing-attributes v0.1.27
[INFO] [stderr]    Compiling serde_derive v1.0.195
[INFO] [stderr]    Compiling futures-macro v0.3.30
[INFO] [stderr]    Compiling thiserror-impl v1.0.56
[INFO] [stderr]     Checking futures-util v0.3.30
[INFO] [stderr]     Checking tracing v0.1.40
[INFO] [stderr]     Checking polling v3.3.1
[INFO] [stderr]     Checking blocking v1.5.1
[INFO] [stderr]     Checking libp2p-identity v0.2.8
[INFO] [stderr]     Checking async-io v2.2.2
[INFO] [stderr]     Checking async-signal v0.2.5
[INFO] [stderr]     Checking async-global-executor v2.4.1
[INFO] [stderr]     Checking async-process v1.8.1
[INFO] [stderr]     Checking async-std v1.12.0
[INFO] [stderr]     Checking async-notify v0.2.0
[INFO] [stderr]     Checking futures-executor v0.3.30
[INFO] [stderr]     Checking futures v0.3.30
[INFO] [stderr]     Checking atm0s-sdn-utils v0.1.1
[INFO] [stderr]     Checking multiaddr v0.18.1
[INFO] [stderr]     Checking atm0s-sdn-multiaddr v0.1.2
[INFO] [stderr]     Checking bincode v1.3.3
[INFO] [stderr]     Checking atm0s-sdn-identity v0.1.2
[INFO] [stderr]     Checking atm0s-sdn-identity v0.2.0
[INFO] [stderr]     Checking atm0s-sdn-router v0.1.4
[INFO] [stderr]     Checking atm0s-sdn-network v0.1.1
[INFO] [stdout] error[E0308]: mismatched types
[INFO] [stdout]   --> /opt/rustwide/cargo-home/registry/src/index.crates.io-6f17d22bba15001f/atm0s-sdn-network-0.1.1/src/plane/single_conn.rs:90:50
[INFO] [stdout]    |
[INFO] [stdout] 90 | ...                   self.bus.to_net_conn(conn, msg).print_none("Should send to conn");
[INFO] [stdout]    |                                ----------- ^^^^ expected `ConnId`, found `atm0s_sdn_identity::conn_id::ConnId`
[INFO] [stdout]    |                                |
[INFO] [stdout]    |                                arguments to this method are incorrect
[INFO] [stdout]    |
[INFO] [stdout]    = note: `atm0s_sdn_identity::conn_id::ConnId` and `ConnId` have similar names, but are actually distinct types
[INFO] [stdout] note: `atm0s_sdn_identity::conn_id::ConnId` is defined in crate `atm0s_sdn_identity`
[INFO] [stdout]   --> /opt/rustwide/cargo-home/registry/src/index.crates.io-6f17d22bba15001f/atm0s-sdn-identity-0.2.0/src/conn_id.rs:6:1
[INFO] [stdout]    |
[INFO] [stdout] 6  | pub struct ConnId {
[INFO] [stdout]    | ^^^^^^^^^^^^^^^^^
[INFO] [stdout] note: `ConnId` is defined in crate `atm0s_sdn_identity`
[INFO] [stdout]   --> /opt/rustwide/cargo-home/registry/src/index.crates.io-6f17d22bba15001f/atm0s-sdn-identity-0.1.2/src/conn_id.rs:6:1
[INFO] [stdout]    |
[INFO] [stdout] 6  | pub struct ConnId {
[INFO] [stdout]    | ^^^^^^^^^^^^^^^^^
[INFO] [stdout]    = note: perhaps two different versions of crate `atm0s_sdn_identity` are being used?
[INFO] [stdout] note: method defined here
[INFO] [stdout]   --> /opt/rustwide/cargo-home/registry/src/index.crates.io-6f17d22bba15001f/atm0s-sdn-network-0.1.1/src/plane/bus.rs:35:8
[INFO] [stdout]    |
[INFO] [stdout] 35 |     fn to_net_conn(&self, conn_id: ConnId, msg: TransportMsg) -> Option<()>;
[INFO] [stdout]    |        ^^^^^^^^^^^
[INFO] [stdout] 
[INFO] [stdout] 
[INFO] [stdout] error[E0308]: mismatched types
[INFO] [stdout]    --> /opt/rustwide/cargo-home/registry/src/index.crates.io-6f17d22bba15001f/atm0s-sdn-network-0.1.1/src/plane/bus_impl.rs:181:64
[INFO] [stdout]     |
[INFO] [stdout] 181 |                 if let Some((_s, c_s)) = self.conns.read().get(&conn) {
[INFO] [stdout]     |                                                            --- ^^^^^ expected `ConnId`, found `atm0s_sdn_identity::conn_id::ConnId`
[INFO] [stdout]     |                                                            |
[INFO] [stdout]     |                                                            arguments to this method are incorrect
[INFO] [stdout]     |
[INFO] [stdout]     = note: `atm0s_sdn_identity::conn_id::ConnId` and `ConnId` have similar names, but are actually distinct types
[INFO] [stdout] note: `atm0s_sdn_identity::conn_id::ConnId` is defined in crate `atm0s_sdn_identity`
[INFO] [stdout]    --> /opt/rustwide/cargo-home/registry/src/index.crates.io-6f17d22bba15001f/atm0s-sdn-identity-0.2.0/src/conn_id.rs:6:1
[INFO] [stdout]     |
[INFO] [stdout] 6   | pub struct ConnId {
[INFO] [stdout]     | ^^^^^^^^^^^^^^^^^
[INFO] [stdout] note: `ConnId` is defined in crate `atm0s_sdn_identity`
[INFO] [stdout]    --> /opt/rustwide/cargo-home/registry/src/index.crates.io-6f17d22bba15001f/atm0s-sdn-identity-0.1.2/src/conn_id.rs:6:1
[INFO] [stdout]     |
[INFO] [stdout] 6   | pub struct ConnId {
[INFO] [stdout]     | ^^^^^^^^^^^^^^^^^
[INFO] [stdout]     = note: perhaps two different versions of crate `atm0s_sdn_identity` are being used?
[INFO] [stdout] note: method defined here
[INFO] [stdout]    --> /rustc/82e1608dfa6e0b5569232559e3d385fea5a93112/library/std/src/collections/hash/map.rs:877:12
[INFO] [stdout] 
[INFO] [stdout] 
[INFO] [stdout] error[E0308]: mismatched types
[INFO] [stdout]    --> /opt/rustwide/cargo-home/registry/src/index.crates.io-6f17d22bba15001f/atm0s-sdn-network-0.1.1/src/plane/bus_impl.rs:217:64
[INFO] [stdout]     |
[INFO] [stdout] 217 |                 if let Some((_s, c_s)) = self.conns.read().get(&conn) {
[INFO] [stdout]     |                                                            --- ^^^^^ expected `ConnId`, found `atm0s_sdn_identity::conn_id::ConnId`
[INFO] [stdout]     |                                                            |
[INFO] [stdout]     |                                                            arguments to this method are incorrect
[INFO] [stdout]     |
[INFO] [stdout]     = note: `atm0s_sdn_identity::conn_id::ConnId` and `ConnId` have similar names, but are actually distinct types
[INFO] [stdout] note: `atm0s_sdn_identity::conn_id::ConnId` is defined in crate `atm0s_sdn_identity`
[INFO] [stdout]    --> /opt/rustwide/cargo-home/registry/src/index.crates.io-6f17d22bba15001f/atm0s-sdn-identity-0.2.0/src/conn_id.rs:6:1
[INFO] [stdout]     |
[INFO] [stdout] 6   | pub struct ConnId {
[INFO] [stdout]     | ^^^^^^^^^^^^^^^^^
[INFO] [stdout] note: `ConnId` is defined in crate `atm0s_sdn_identity`
[INFO] [stdout]    --> /opt/rustwide/cargo-home/registry/src/index.crates.io-6f17d22bba15001f/atm0s-sdn-identity-0.1.2/src/conn_id.rs:6:1
[INFO] [stdout]     |
[INFO] [stdout] 6   | pub struct ConnId {
[INFO] [stdout]     | ^^^^^^^^^^^^^^^^^
[INFO] [stdout]     = note: perhaps two different versions of crate `atm0s_sdn_identity` are being used?
[INFO] [stdout] note: method defined here
[INFO] [stdout]    --> /rustc/82e1608dfa6e0b5569232559e3d385fea5a93112/library/std/src/collections/hash/map.rs:877:12
[INFO] [stdout] 
[INFO] [stdout] 
[INFO] [stdout] error: aborting due to 3 previous errors
[INFO] [stdout] 
[INFO] [stdout] 
[INFO] [stdout] For more information about this error, try `rustc --explain E0308`.
[INFO] [stdout] 
[INFO] [stderr] error: could not compile `atm0s-sdn-network` (lib) due to 4 previous errors
[INFO] running `Command { std: "docker" "inspect" "28abc1e74a6ca2438d4b1d97654b0debb0b6f2dbbb3fd275b30c2a23a494e44d", kill_on_drop: false }`
[INFO] running `Command { std: "docker" "rm" "-f" "28abc1e74a6ca2438d4b1d97654b0debb0b6f2dbbb3fd275b30c2a23a494e44d", kill_on_drop: false }`
[INFO] [stdout] 28abc1e74a6ca2438d4b1d97654b0debb0b6f2dbbb3fd275b30c2a23a494e44d
[INFO] documenting atm0s-sdn-manual-discovery-0.1.1 against beta-2023-12-22 for beta-1.76-rustdoc-1
[INFO] extracting crate atm0s-sdn-manual-discovery 0.1.1 into /workspace/builds/worker-2-tc2/source
[INFO] validating manifest of crates.io crate atm0s-sdn-manual-discovery 0.1.1 on toolchain beta-2023-12-22
[INFO] running `Command { std: CARGO_HOME="/workspace/cargo-home" RUSTUP_HOME="/workspace/rustup-home" "/workspace/cargo-home/bin/cargo" "+beta-2023-12-22" "metadata" "--manifest-path" "Cargo.toml" "--no-deps", kill_on_drop: false }`
[INFO] started tweaking crates.io crate atm0s-sdn-manual-discovery 0.1.1
[INFO] finished tweaking crates.io crate atm0s-sdn-manual-discovery 0.1.1
[INFO] tweaked toml for crates.io crate atm0s-sdn-manual-discovery 0.1.1 written to /workspace/builds/worker-2-tc2/source/Cargo.toml
[INFO] running `Command { std: CARGO_HOME="/workspace/cargo-home" RUSTUP_HOME="/workspace/rustup-home" "/workspace/cargo-home/bin/cargo" "+beta-2023-12-22" "generate-lockfile" "--manifest-path" "Cargo.toml", kill_on_drop: false }`
[INFO] [stderr]     Updating crates.io index
[INFO] running `Command { std: CARGO_HOME="/workspace/cargo-home" RUSTUP_HOME="/workspace/rustup-home" "/workspace/cargo-home/bin/cargo" "+beta-2023-12-22" "fetch" "--manifest-path" "Cargo.toml", kill_on_drop: false }`
[INFO] running `Command { std: "docker" "create" "-v" "/var/lib/crater-agent-workspace/builds/worker-2-tc2/target:/opt/rustwide/target:rw,Z" "-v" "/var/lib/crater-agent-workspace/builds/worker-2-tc2/source:/opt/rustwide/workdir:ro,Z" "-v" "/var/lib/crater-agent-workspace/cargo-home:/opt/rustwide/cargo-home:ro,Z" "-v" "/var/lib/crater-agent-workspace/rustup-home:/opt/rustwide/rustup-home:ro,Z" "-e" "SOURCE_DIR=/opt/rustwide/workdir" "-e" "CARGO_TARGET_DIR=/opt/rustwide/target" "-e" "CARGO_HOME=/opt/rustwide/cargo-home" "-e" "RUSTUP_HOME=/opt/rustwide/rustup-home" "-w" "/opt/rustwide/workdir" "-m" "1610612736" "--user" "0:0" "--network" "none" "ghcr.io/rust-lang/crates-build-env/linux@sha256:2788e3201cd34a07e3172128adcd8b3090168a8e3bcc40d7c032b9dda1df7d1c" "/opt/rustwide/cargo-home/bin/cargo" "+beta-2023-12-22" "metadata" "--no-deps" "--format-version=1", kill_on_drop: false }`
[INFO] [stdout] 062f405617e626ef14c00ac37fee5fdc71ffcdb5cd785fe0dca71f5e7d76ba6f
[INFO] running `Command { std: "docker" "start" "-a" "062f405617e626ef14c00ac37fee5fdc71ffcdb5cd785fe0dca71f5e7d76ba6f", kill_on_drop: false }`
[INFO] running `Command { std: "docker" "inspect" "062f405617e626ef14c00ac37fee5fdc71ffcdb5cd785fe0dca71f5e7d76ba6f", kill_on_drop: false }`
[INFO] running `Command { std: "docker" "rm" "-f" "062f405617e626ef14c00ac37fee5fdc71ffcdb5cd785fe0dca71f5e7d76ba6f", kill_on_drop: false }`
[INFO] [stdout] 062f405617e626ef14c00ac37fee5fdc71ffcdb5cd785fe0dca71f5e7d76ba6f
[INFO] running `Command { std: "docker" "create" "-v" "/var/lib/crater-agent-workspace/builds/worker-2-tc2/target:/opt/rustwide/target:rw,Z" "-v" "/var/lib/crater-agent-workspace/builds/worker-2-tc2/source:/opt/rustwide/workdir:ro,Z" "-v" "/var/lib/crater-agent-workspace/cargo-home:/opt/rustwide/cargo-home:ro,Z" "-v" "/var/lib/crater-agent-workspace/rustup-home:/opt/rustwide/rustup-home:ro,Z" "-e" "SOURCE_DIR=/opt/rustwide/workdir" "-e" "CARGO_TARGET_DIR=/opt/rustwide/target" "-e" "CARGO_INCREMENTAL=0" "-e" "RUST_BACKTRACE=full" "-e" "RUSTFLAGS=--cap-lints=warn" "-e" "RUSTDOCFLAGS=--cap-lints=warn" "-e" "CARGO_HOME=/opt/rustwide/cargo-home" "-e" "RUSTUP_HOME=/opt/rustwide/rustup-home" "-w" "/opt/rustwide/workdir" "-m" "1610612736" "--user" "0:0" "--network" "none" "ghcr.io/rust-lang/crates-build-env/linux@sha256:2788e3201cd34a07e3172128adcd8b3090168a8e3bcc40d7c032b9dda1df7d1c" "/opt/rustwide/cargo-home/bin/cargo" "+beta-2023-12-22" "doc" "--frozen" "--no-deps" "--document-private-items" "--message-format=json", kill_on_drop: false }`
[INFO] [stdout] 89b6aecde14b473e21ba52b43d4f2068348af2e5800784684ce2ee7cd840b8d5
[INFO] running `Command { std: "docker" "start" "-a" "89b6aecde14b473e21ba52b43d4f2068348af2e5800784684ce2ee7cd840b8d5", kill_on_drop: false }`
[INFO] [stderr]    Compiling proc-macro2 v1.0.76
[INFO] [stderr]    Compiling data-encoding v2.5.0
[INFO] [stderr]    Compiling serde v1.0.195
[INFO] [stderr]     Checking subtle v2.5.0
[INFO] [stderr]     Checking base-x v0.2.11
[INFO] [stderr]     Checking futures-sink v0.3.30
[INFO] [stderr]     Checking io-lifetimes v1.0.11
[INFO] [stderr]     Checking core2 v0.4.0
[INFO] [stderr]    Compiling thiserror v1.0.56
[INFO] [stderr]     Checking unsigned-varint v0.7.2
[INFO] [stderr]     Checking arrayref v0.3.7
[INFO] [stderr]     Checking polling v2.8.0
[INFO] [stderr]     Checking socket2 v0.4.10
[INFO] [stderr]     Checking quick-protobuf v0.8.1
[INFO] [stderr]     Checking bs58 v0.5.0
[INFO] [stderr]     Checking event-listener v3.1.0
[INFO] [stderr]     Checking futures-channel v0.3.30
[INFO] [stderr]    Compiling async-trait v0.1.77
[INFO] [stderr]     Checking rustix v0.37.27
[INFO] [stderr]     Checking unsigned-varint v0.8.0
[INFO] [stderr]     Checking digest v0.10.7
[INFO] [stderr]     Checking multihash v0.19.1
[INFO] [stderr]     Checking hmac v0.12.1
[INFO] [stderr]     Checking sha2 v0.10.8
[INFO] [stderr]     Checking hkdf v0.12.4
[INFO] [stderr]    Compiling quote v1.0.35
[INFO] [stderr]    Compiling syn v2.0.48
[INFO] [stderr]    Compiling syn v1.0.109
[INFO] [stderr]     Checking async-io v1.13.0
[INFO] [stderr]    Compiling data-encoding-macro-internal v0.1.12
[INFO] [stderr]    Compiling async-attributes v1.1.2
[INFO] [stderr]    Compiling convert-enum v0.1.0
[INFO] [stderr]     Checking data-encoding-macro v0.1.14
[INFO] [stderr]     Checking multibase v0.9.1
[INFO] [stderr]    Compiling tracing-attributes v0.1.27
[INFO] [stderr]    Compiling serde_derive v1.0.195
[INFO] [stderr]    Compiling thiserror-impl v1.0.56
[INFO] [stderr]    Compiling futures-macro v0.3.30
[INFO] [stderr]     Checking futures-util v0.3.30
[INFO] [stderr]     Checking tracing v0.1.40
[INFO] [stderr]     Checking polling v3.3.1
[INFO] [stderr]     Checking blocking v1.5.1
[INFO] [stderr]     Checking libp2p-identity v0.2.8
[INFO] [stderr]     Checking async-io v2.2.2
[INFO] [stderr]     Checking async-signal v0.2.5
[INFO] [stderr]     Checking async-global-executor v2.4.1
[INFO] [stderr]     Checking async-process v1.8.1
[INFO] [stderr]     Checking async-std v1.12.0
[INFO] [stderr]     Checking async-notify v0.2.0
[INFO] [stderr]     Checking futures-executor v0.3.30
[INFO] [stderr]     Checking futures v0.3.30
[INFO] [stderr]     Checking atm0s-sdn-utils v0.1.1
[INFO] [stderr]     Checking multiaddr v0.18.1
[INFO] [stderr]     Checking atm0s-sdn-multiaddr v0.1.2
[INFO] [stderr]     Checking bincode v1.3.3
[INFO] [stderr]     Checking atm0s-sdn-identity v0.2.0
[INFO] [stderr]     Checking atm0s-sdn-identity v0.1.2
[INFO] [stderr]     Checking atm0s-sdn-router v0.1.4
[INFO] [stderr]     Checking atm0s-sdn-network v0.1.1
[INFO] [stdout] error[E0308]: mismatched types
[INFO] [stdout]   --> /opt/rustwide/cargo-home/registry/src/index.crates.io-6f17d22bba15001f/atm0s-sdn-network-0.1.1/src/plane/single_conn.rs:90:50
[INFO] [stdout]    |
[INFO] [stdout] 90 | ...                   self.bus.to_net_conn(conn, msg).print_none("Should send to conn");
[INFO] [stdout]    |                                ----------- ^^^^ expected `ConnId`, found `atm0s_sdn_identity::conn_id::ConnId`
[INFO] [stdout]    |                                |
[INFO] [stdout]    |                                arguments to this method are incorrect
[INFO] [stdout]    |
[INFO] [stdout]    = note: `atm0s_sdn_identity::conn_id::ConnId` and `ConnId` have similar names, but are actually distinct types
[INFO] [stdout] note: `atm0s_sdn_identity::conn_id::ConnId` is defined in crate `atm0s_sdn_identity`
[INFO] [stdout]   --> /opt/rustwide/cargo-home/registry/src/index.crates.io-6f17d22bba15001f/atm0s-sdn-identity-0.2.0/src/conn_id.rs:6:1
[INFO] [stdout]    |
[INFO] [stdout] 6  | pub struct ConnId {
[INFO] [stdout]    | ^^^^^^^^^^^^^^^^^
[INFO] [stdout] note: `ConnId` is defined in crate `atm0s_sdn_identity`
[INFO] [stdout]   --> /opt/rustwide/cargo-home/registry/src/index.crates.io-6f17d22bba15001f/atm0s-sdn-identity-0.1.2/src/conn_id.rs:6:1
[INFO] [stdout]    |
[INFO] [stdout] 6  | pub struct ConnId {
[INFO] [stdout]    | ^^^^^^^^^^^^^^^^^
[INFO] [stdout]    = note: perhaps two different versions of crate `atm0s_sdn_identity` are being used?
[INFO] [stdout] note: method defined here
[INFO] [stdout]   --> /opt/rustwide/cargo-home/registry/src/index.crates.io-6f17d22bba15001f/atm0s-sdn-network-0.1.1/src/plane/bus.rs:35:8
[INFO] [stdout]    |
[INFO] [stdout] 35 |     fn to_net_conn(&self, conn_id: ConnId, msg: TransportMsg) -> Option<()>;
[INFO] [stdout]    |        ^^^^^^^^^^^
[INFO] [stdout] 
[INFO] [stdout] 
[INFO] [stdout] error[E0308]: mismatched types
[INFO] [stdout]    --> /opt/rustwide/cargo-home/registry/src/index.crates.io-6f17d22bba15001f/atm0s-sdn-network-0.1.1/src/plane/bus_impl.rs:181:64
[INFO] [stdout]     |
[INFO] [stdout] 181 |                 if let Some((_s, c_s)) = self.conns.read().get(&conn) {
[INFO] [stdout]     |                                                            --- ^^^^^ expected `ConnId`, found `atm0s_sdn_identity::conn_id::ConnId`
[INFO] [stdout]     |                                                            |
[INFO] [stdout]     |                                                            arguments to this method are incorrect
[INFO] [stdout]     |
[INFO] [stdout]     = note: `atm0s_sdn_identity::conn_id::ConnId` and `ConnId` have similar names, but are actually distinct types
[INFO] [stdout] note: `atm0s_sdn_identity::conn_id::ConnId` is defined in crate `atm0s_sdn_identity`
[INFO] [stdout]    --> /opt/rustwide/cargo-home/registry/src/index.crates.io-6f17d22bba15001f/atm0s-sdn-identity-0.2.0/src/conn_id.rs:6:1
[INFO] [stdout]     |
[INFO] [stdout] 6   | pub struct ConnId {
[INFO] [stdout]     | ^^^^^^^^^^^^^^^^^
[INFO] [stdout] note: `ConnId` is defined in crate `atm0s_sdn_identity`
[INFO] [stdout]    --> /opt/rustwide/cargo-home/registry/src/index.crates.io-6f17d22bba15001f/atm0s-sdn-identity-0.1.2/src/conn_id.rs:6:1
[INFO] [stdout]     |
[INFO] [stdout] 6   | pub struct ConnId {
[INFO] [stdout]     | ^^^^^^^^^^^^^^^^^
[INFO] [stdout]     = note: perhaps two different versions of crate `atm0s_sdn_identity` are being used?
[INFO] [stdout] note: method defined here
[INFO] [stdout]    --> /rustc/0e09125c6c3c2fd70d7de961bcf0e51575235fad/library/std/src/collections/hash/map.rs:874:12
[INFO] [stdout] 
[INFO] [stdout] 
[INFO] [stdout] error[E0308]: mismatched types
[INFO] [stdout]    --> /opt/rustwide/cargo-home/registry/src/index.crates.io-6f17d22bba15001f/atm0s-sdn-network-0.1.1/src/plane/bus_impl.rs:217:64
[INFO] [stdout]     |
[INFO] [stdout] 217 |                 if let Some((_s, c_s)) = self.conns.read().get(&conn) {
[INFO] [stdout]     |                                                            --- ^^^^^ expected `ConnId`, found `atm0s_sdn_identity::conn_id::ConnId`
[INFO] [stdout]     |                                                            |
[INFO] [stdout]     |                                                            arguments to this method are incorrect
[INFO] [stdout]     |
[INFO] [stdout]     = note: `atm0s_sdn_identity::conn_id::ConnId` and `ConnId` have similar names, but are actually distinct types
[INFO] [stdout] note: `atm0s_sdn_identity::conn_id::ConnId` is defined in crate `atm0s_sdn_identity`
[INFO] [stdout]    --> /opt/rustwide/cargo-home/registry/src/index.crates.io-6f17d22bba15001f/atm0s-sdn-identity-0.2.0/src/conn_id.rs:6:1
[INFO] [stdout]     |
[INFO] [stdout] 6   | pub struct ConnId {
[INFO] [stdout]     | ^^^^^^^^^^^^^^^^^
[INFO] [stdout] note: `ConnId` is defined in crate `atm0s_sdn_identity`
[INFO] [stdout]    --> /opt/rustwide/cargo-home/registry/src/index.crates.io-6f17d22bba15001f/atm0s-sdn-identity-0.1.2/src/conn_id.rs:6:1
[INFO] [stdout]     |
[INFO] [stdout] 6   | pub struct ConnId {
[INFO] [stdout]     | ^^^^^^^^^^^^^^^^^
[INFO] [stdout]     = note: perhaps two different versions of crate `atm0s_sdn_identity` are being used?
[INFO] [stdout] note: method defined here
[INFO] [stdout]    --> /rustc/0e09125c6c3c2fd70d7de961bcf0e51575235fad/library/std/src/collections/hash/map.rs:874:12
[INFO] [stdout] 
[INFO] [stdout] 
[INFO] [stdout] error: aborting due to 3 previous errors
[INFO] [stdout] 
[INFO] [stdout] 
[INFO] [stdout] For more information about this error, try `rustc --explain E0308`.
[INFO] [stdout] 
[INFO] [stderr] error: could not compile `atm0s-sdn-network` (lib) due to 4 previous errors
[INFO] running `Command { std: "docker" "inspect" "89b6aecde14b473e21ba52b43d4f2068348af2e5800784684ce2ee7cd840b8d5", kill_on_drop: false }`
[INFO] running `Command { std: "docker" "rm" "-f" "89b6aecde14b473e21ba52b43d4f2068348af2e5800784684ce2ee7cd840b8d5", kill_on_drop: false }`
[INFO] [stdout] 89b6aecde14b473e21ba52b43d4f2068348af2e5800784684ce2ee7cd840b8d5
