[INFO] fetching crate async_http_router 0.0.4...
[INFO] documenting async_http_router-0.0.4 against 1.75.0 for beta-1.76-rustdoc-1
[INFO] extracting crate async_http_router 0.0.4 into /workspace/builds/worker-6-tc1/source
[INFO] validating manifest of crates.io crate async_http_router 0.0.4 on toolchain 1.75.0
[INFO] running `Command { std: CARGO_HOME="/workspace/cargo-home" RUSTUP_HOME="/workspace/rustup-home" "/workspace/cargo-home/bin/cargo" "+1.75.0" "metadata" "--manifest-path" "Cargo.toml" "--no-deps", kill_on_drop: false }`
[INFO] started tweaking crates.io crate async_http_router 0.0.4
[INFO] finished tweaking crates.io crate async_http_router 0.0.4
[INFO] tweaked toml for crates.io crate async_http_router 0.0.4 written to /workspace/builds/worker-6-tc1/source/Cargo.toml
[INFO] crate crates.io crate async_http_router 0.0.4 already has a lockfile, it will not be regenerated
[INFO] running `Command { std: CARGO_HOME="/workspace/cargo-home" RUSTUP_HOME="/workspace/rustup-home" "/workspace/cargo-home/bin/cargo" "+1.75.0" "fetch" "--manifest-path" "Cargo.toml", kill_on_drop: false }`
[INFO] [stderr] warning: file `/workspace/builds/worker-6-tc1/source/tests/test.rs` found to be present in multiple build targets:
[INFO] [stderr]   * `bin` target `test`
[INFO] [stderr]   * `integration-test` target `test`
[INFO] [stderr]     Updating crates.io index
[INFO] [stderr]  Downloading crates ...
[INFO] [stderr]   Downloaded miow v0.2.1
[INFO] [stderr]   Downloaded autocfg v1.0.0
[INFO] [stderr]   Downloaded crossbeam-queue v0.2.2
[INFO] [stderr]   Downloaded tokio-macros v0.2.5
[INFO] [stderr]   Downloaded pin-project-internal v0.4.16
[INFO] [stderr]   Downloaded once_cell v1.4.0
[INFO] [stderr]   Downloaded futures-cpupool v0.1.8
[INFO] [stderr]   Downloaded base64 v0.12.1
[INFO] [stderr]   Downloaded unreachable v1.0.0
[INFO] [stderr]   Downloaded proc-macro-hack v0.5.16
[INFO] [stderr]   Downloaded tokio-io v0.1.8
[INFO] [stderr]   Downloaded futures-task v0.3.5
[INFO] [stderr]   Downloaded security-framework v0.2.1
[INFO] [stderr]   Downloaded signal-hook-registry v1.2.0
[INFO] [stderr]   Downloaded tower-service v0.3.0
[INFO] [stderr]   Downloaded memoffset v0.5.4
[INFO] [stderr]   Downloaded bitflags v1.0.4
[INFO] [stderr]   Downloaded mio-named-pipes v0.1.6
[INFO] [stderr]   Downloaded memchr v2.3.3
[INFO] [stderr]   Downloaded itoa v0.4.3
[INFO] [stderr]   Downloaded core-foundation v0.5.1
[INFO] [stderr]   Downloaded crossbeam-utils v0.5.0
[INFO] [stderr]   Downloaded mio-uds v0.6.7
[INFO] [stderr]   Downloaded vcpkg v0.2.6
[INFO] [stderr]   Downloaded quote v1.0.5
[INFO] [stderr]   Downloaded socket2 v0.3.12
[INFO] [stderr]   Downloaded futures-channel v0.3.5
[INFO] [stderr]   Downloaded mio v0.6.22
[INFO] [stderr]   Downloaded tokio v0.2.21
[INFO] [stderr]   Downloaded futures v0.1.24
[INFO] [stderr]   Downloaded chrono v0.4.11
[INFO] [stderr]   Downloaded libc v0.2.70
[INFO] [stderr]   Downloaded h2 v0.2.5
[INFO] [stderr]   Downloaded http v0.2.1
[INFO] [stderr]   Downloaded h2 v0.1.12
[INFO] [stderr]   Downloaded hyper v0.13.5
[INFO] [stderr]   Downloaded syn v1.0.21
[INFO] [stderr]   Downloaded crossbeam-channel v0.4.2
[INFO] [stderr]   Downloaded serde v1.0.78
[INFO] [stderr]   Downloaded tokio-udp v0.1.2
[INFO] [stderr]   Downloaded time v0.1.40
[INFO] [stderr]   Downloaded tokio v0.1.8
[INFO] [stderr]   Downloaded tokio-uds v0.2.1
[INFO] [stderr]   Downloaded hyper v0.12.9
[INFO] [stderr]   Downloaded cc v1.0.24
[INFO] [stderr]   Downloaded futures-core v0.3.5
[INFO] [stderr]   Downloaded redox_syscall v0.1.40
[INFO] [stderr]   Downloaded tokio-timer v0.2.6
[INFO] [stderr]   Downloaded pkg-config v0.3.14
[INFO] [stderr]   Downloaded tempfile v3.0.3
[INFO] [stderr]   Downloaded security-framework-sys v0.2.1
[INFO] [stderr]   Downloaded crossbeam-deque v0.7.3
[INFO] [stderr]   Downloaded want v0.0.6
[INFO] [stderr]   Downloaded ucd-util v0.1.1
[INFO] [stderr]   Downloaded serde_json v1.0.27
[INFO] [stderr]   Downloaded arc-swap v0.4.7
[INFO] [stderr]   Downloaded quote v0.6.8
[INFO] [stderr]   Downloaded mylogger v0.2.0
[INFO] [stderr]   Downloaded crossbeam-deque v0.6.1
[INFO] [stderr]   Downloaded tokio-codec v0.1.0
[INFO] [stderr]   Downloaded lock_api v0.1.3
[INFO] [stderr]   Downloaded proc-macro2 v0.4.19
[INFO] [stderr]   Downloaded rand_core v0.2.1
[INFO] [stderr]   Downloaded httparse v1.3.2
[INFO] [stderr]   Downloaded tokio-executor v0.1.4
[INFO] [stderr]   Downloaded async-trait v0.1.31
[INFO] [stderr]   Downloaded futures v0.3.5
[INFO] [stderr]   Downloaded serde_derive v1.0.78
[INFO] [stderr]   Downloaded nodrop v0.1.12
[INFO] [stderr]   Downloaded futures-io v0.3.5
[INFO] [stderr]   Downloaded futures-macro v0.3.5
[INFO] [stderr]   Downloaded openssl v0.10.11
[INFO] [stderr]   Downloaded utf8-ranges v1.0.1
[INFO] [stderr]   Downloaded aho-corasick v0.6.8
[INFO] [stderr]   Downloaded tokio-fs v0.1.3
[INFO] [stderr]   Downloaded syn v0.15.3
[INFO] [stderr]   Downloaded indexmap v1.0.1
[INFO] [stderr]   Downloaded num-traits v0.2.5
[INFO] [stderr]   Downloaded hyper-tls v0.3.0
[INFO] [stderr]   Downloaded ryu v0.2.6
[INFO] [stderr]   Downloaded memoffset v0.2.1
[INFO] [stderr]   Downloaded stable_deref_trait v1.1.1
[INFO] [stderr]   Downloaded scopeguard v0.3.3
[INFO] [stderr]   Downloaded tokio-tcp v0.1.1
[INFO] [stderr]   Downloaded openssl-probe v0.1.2
[INFO] [stderr]   Downloaded schannel v0.1.13
[INFO] [stderr]   Downloaded miow v0.3.4
[INFO] [stderr]   Downloaded net2 v0.2.33
[INFO] [stderr]   Downloaded try-lock v0.2.2
[INFO] [stderr]   Downloaded num_cpus v1.8.0
[INFO] [stderr]   Downloaded string v0.1.1
[INFO] [stderr]   Downloaded tokio-current-thread v0.1.1
[INFO] [stderr]   Downloaded bytes v0.4.10
[INFO] [stderr]   Downloaded tokio-threadpool v0.1.6
[INFO] [stderr]   Downloaded smallvec v0.6.5
[INFO] [stderr]   Downloaded byteorder v1.2.6
[INFO] [stderr]   Downloaded openssl-sys v0.9.35
[INFO] [stderr]   Downloaded remove_dir_all v0.5.1
[INFO] [stderr]   Downloaded futures-sink v0.3.5
[INFO] [stderr]   Downloaded parking_lot v0.6.4
[INFO] [stderr]   Downloaded num-integer v0.1.39
[INFO] [stderr]   Downloaded proc-macro-nested v0.1.5
[INFO] [stderr]   Downloaded crossbeam-epoch v0.5.2
[INFO] [stderr]   Downloaded parking_lot_core v0.3.1
[INFO] [stderr]   Downloaded pin-project v0.4.16
[INFO] [stderr]   Downloaded tokio-reactor v0.1.5
[INFO] [stderr]   Downloaded core-foundation-sys v0.5.1
[INFO] [stderr]   Downloaded bytes v0.5.4
[INFO] [stderr]   Downloaded rand v0.5.5
[INFO] [stderr]   Downloaded proc-macro2 v1.0.12
[INFO] [stderr]   Downloaded pin-project-lite v0.1.5
[INFO] [stderr]   Downloaded regex v1.0.5
[INFO] [stderr]   Downloaded regex-syntax v0.6.2
[INFO] [stderr]   Downloaded futures-util v0.3.5
[INFO] [stderr]   Downloaded http v0.1.12
[INFO] [stderr]   Downloaded native-tls v0.2.1
[INFO] [stderr]   Downloaded futures-executor v0.3.5
[INFO] [stderr]   Downloaded arrayvec v0.4.7
[INFO] [stderr]   Downloaded slab v0.4.2
[INFO] running `Command { std: "docker" "create" "-v" "/var/lib/crater-agent-workspace/builds/worker-6-tc1/target:/opt/rustwide/target:rw,Z" "-v" "/var/lib/crater-agent-workspace/builds/worker-6-tc1/source:/opt/rustwide/workdir:ro,Z" "-v" "/var/lib/crater-agent-workspace/cargo-home:/opt/rustwide/cargo-home:ro,Z" "-v" "/var/lib/crater-agent-workspace/rustup-home:/opt/rustwide/rustup-home:ro,Z" "-e" "SOURCE_DIR=/opt/rustwide/workdir" "-e" "CARGO_TARGET_DIR=/opt/rustwide/target" "-e" "CARGO_HOME=/opt/rustwide/cargo-home" "-e" "RUSTUP_HOME=/opt/rustwide/rustup-home" "-w" "/opt/rustwide/workdir" "-m" "1610612736" "--user" "0:0" "--network" "none" "ghcr.io/rust-lang/crates-build-env/linux@sha256:2788e3201cd34a07e3172128adcd8b3090168a8e3bcc40d7c032b9dda1df7d1c" "/opt/rustwide/cargo-home/bin/cargo" "+1.75.0" "metadata" "--no-deps" "--format-version=1", kill_on_drop: false }`
[INFO] [stdout] 965dd3c6092dd023f3fa30606139835e2658fcb60716079979a412c04ece0032
[INFO] running `Command { std: "docker" "start" "-a" "965dd3c6092dd023f3fa30606139835e2658fcb60716079979a412c04ece0032", kill_on_drop: false }`
[INFO] running `Command { std: "docker" "inspect" "965dd3c6092dd023f3fa30606139835e2658fcb60716079979a412c04ece0032", kill_on_drop: false }`
[INFO] running `Command { std: "docker" "rm" "-f" "965dd3c6092dd023f3fa30606139835e2658fcb60716079979a412c04ece0032", kill_on_drop: false }`
[INFO] [stdout] 965dd3c6092dd023f3fa30606139835e2658fcb60716079979a412c04ece0032
[INFO] running `Command { std: "docker" "create" "-v" "/var/lib/crater-agent-workspace/builds/worker-6-tc1/target:/opt/rustwide/target:rw,Z" "-v" "/var/lib/crater-agent-workspace/builds/worker-6-tc1/source:/opt/rustwide/workdir:ro,Z" "-v" "/var/lib/crater-agent-workspace/cargo-home:/opt/rustwide/cargo-home:ro,Z" "-v" "/var/lib/crater-agent-workspace/rustup-home:/opt/rustwide/rustup-home:ro,Z" "-e" "SOURCE_DIR=/opt/rustwide/workdir" "-e" "CARGO_TARGET_DIR=/opt/rustwide/target" "-e" "CARGO_INCREMENTAL=0" "-e" "RUST_BACKTRACE=full" "-e" "RUSTFLAGS=--cap-lints=warn" "-e" "RUSTDOCFLAGS=--cap-lints=warn" "-e" "CARGO_HOME=/opt/rustwide/cargo-home" "-e" "RUSTUP_HOME=/opt/rustwide/rustup-home" "-w" "/opt/rustwide/workdir" "-m" "1610612736" "--user" "0:0" "--network" "none" "ghcr.io/rust-lang/crates-build-env/linux@sha256:2788e3201cd34a07e3172128adcd8b3090168a8e3bcc40d7c032b9dda1df7d1c" "/opt/rustwide/cargo-home/bin/cargo" "+1.75.0" "doc" "--frozen" "--no-deps" "--document-private-items" "--message-format=json", kill_on_drop: false }`
[INFO] [stdout] 60a6162864f3f93fdd124eb4d0d873b0136315925b7bc0b66fd93083eda9130f
[INFO] running `Command { std: "docker" "start" "-a" "60a6162864f3f93fdd124eb4d0d873b0136315925b7bc0b66fd93083eda9130f", kill_on_drop: false }`
[INFO] [stderr] warning: file `/opt/rustwide/workdir/tests/test.rs` found to be present in multiple build targets:
[INFO] [stderr]   * `bin` target `test`
[INFO] [stderr]   * `integration-test` target `test`
[INFO] [stderr]    Compiling libc v0.2.70
[INFO] [stderr]    Compiling version_check v0.1.4
[INFO] [stderr]    Compiling log v0.4.8
[INFO] [stderr]     Checking slab v0.4.2
[INFO] [stderr]     Checking futures v0.1.24
[INFO] [stderr]    Compiling proc-macro2 v1.0.12
[INFO] [stderr]    Compiling unicode-xid v0.2.0
[INFO] [stderr]    Compiling syn v1.0.21
[INFO] [stderr]    Compiling autocfg v1.0.0
[INFO] [stderr]     Checking byteorder v1.2.6
[INFO] [stderr]     Checking scopeguard v0.3.3
[INFO] [stderr]    Compiling semver-parser v0.7.0
[INFO] [stderr]    Compiling memchr v2.3.3
[INFO] [stderr]     Checking crossbeam-utils v0.5.0
[INFO] [stderr]     Checking rand_core v0.2.1
[INFO] [stderr]     Checking void v1.0.2
[INFO] [stderr]     Checking fnv v1.0.6
[INFO] [stderr]     Checking unreachable v1.0.0
[INFO] [stderr]     Checking stable_deref_trait v1.1.1
[INFO] [stderr]     Checking itoa v0.4.3
[INFO] [stderr]     Checking futures-core v0.3.5
[INFO] [stderr]    Compiling pkg-config v0.3.14
[INFO] [stderr]     Checking smallvec v0.6.5
[INFO] [stderr]    Compiling cc v1.0.24
[INFO] [stderr]     Checking owning_ref v0.3.3
[INFO] [stderr]    Compiling semver v0.9.0
[INFO] [stderr]     Checking nodrop v0.1.12
[INFO] [stderr]     Checking bytes v0.5.4
[INFO] [stderr]    Compiling lazy_static v1.1.0
[INFO] [stderr]     Checking lock_api v0.1.3
[INFO] [stderr]     Checking arrayvec v0.4.7
[INFO] [stderr]     Checking memoffset v0.2.1
[INFO] [stderr]    Compiling rustc_version v0.2.3
[INFO] [stderr]    Compiling crossbeam-utils v0.7.2
[INFO] [stderr]    Compiling proc-macro-nested v0.1.5
[INFO] [stderr]     Checking futures-sink v0.3.5
[INFO] [stderr]    Compiling memoffset v0.5.4
[INFO] [stderr]     Checking arc-swap v0.4.7
[INFO] [stderr]    Compiling proc-macro-hack v0.5.16
[INFO] [stderr]     Checking once_cell v1.4.0
[INFO] [stderr]     Checking futures-channel v0.3.5
[INFO] [stderr]    Compiling crossbeam-epoch v0.8.2
[INFO] [stderr]    Compiling proc-macro2 v0.4.19
[INFO] [stderr]    Compiling parking_lot_core v0.3.1
[INFO] [stderr]     Checking futures-task v0.3.5
[INFO] [stderr]     Checking indexmap v1.0.1
[INFO] [stderr]     Checking pin-project-lite v0.1.5
[INFO] [stderr]     Checking crossbeam-epoch v0.5.2
[INFO] [stderr]    Compiling num-traits v0.2.5
[INFO] [stderr]    Compiling httparse v1.3.2
[INFO] [stderr]     Checking futures-io v0.3.5
[INFO] [stderr]     Checking try-lock v0.2.2
[INFO] [stderr]    Compiling quote v1.0.5
[INFO] [stderr]    Compiling openssl v0.10.11
[INFO] [stderr]    Compiling unicode-xid v0.1.0
[INFO] [stderr]    Compiling num-integer v0.1.39
[INFO] [stderr]     Checking http v0.2.1
[INFO] [stderr]     Checking crossbeam-deque v0.6.1
[INFO] [stderr]     Checking iovec v0.1.4
[INFO] [stderr]     Checking num_cpus v1.8.0
[INFO] [stderr]     Checking net2 v0.2.33
[INFO] [stderr]     Checking rand v0.5.5
[INFO] [stderr]     Checking bytes v0.4.10
[INFO] [stderr]     Checking time v0.1.40
[INFO] [stderr]     Checking signal-hook-registry v1.2.0
[INFO] [stderr]     Checking tokio-executor v0.1.4
[INFO] [stderr]     Checking mio v0.6.22
[INFO] [stderr]    Compiling openssl-sys v0.9.35
[INFO] [stderr]    Compiling serde v1.0.78
[INFO] [stderr]    Compiling ryu v0.2.6
[INFO] [stderr]    Compiling native-tls v0.2.1
[INFO] [stderr]     Checking tokio-timer v0.2.6
[INFO] [stderr]     Checking tokio-current-thread v0.1.1
[INFO] [stderr]     Checking tokio-io v0.1.8
[INFO] [stderr]     Checking http v0.1.12
[INFO] [stderr]     Checking string v0.1.1
[INFO] [stderr]     Checking bitflags v1.0.4
[INFO] [stderr]     Checking crossbeam-deque v0.7.3
[INFO] [stderr]    Compiling quote v0.6.8
[INFO] [stderr]     Checking crossbeam-queue v0.2.2
[INFO] [stderr]     Checking crossbeam-channel v0.4.2
[INFO] [stderr]     Checking futures-cpupool v0.1.8
[INFO] [stderr]     Checking want v0.0.6
[INFO] [stderr]     Checking tokio-codec v0.1.0
[INFO] [stderr]    Compiling regex v1.0.5
[INFO] [stderr]     Checking openssl-probe v0.1.2
[INFO] [stderr]     Checking ucd-util v0.1.1
[INFO] [stderr]    Compiling syn v0.15.3
[INFO] [stderr]     Checking mio-uds v0.6.7
[INFO] [stderr]     Checking want v0.3.0
[INFO] [stderr]     Checking thread_local v0.3.6
[INFO] [stderr]     Checking aho-corasick v0.6.8
[INFO] [stderr]     Checking regex-syntax v0.6.2
[INFO] [stderr]     Checking tower-service v0.3.0
[INFO] [stderr]     Checking utf8-ranges v1.0.1
[INFO] [stderr]     Checking base64 v0.12.1
[INFO] [stderr]     Checking tokio-threadpool v0.1.6
[INFO] [stderr] The following warnings were emitted during compilation:
[INFO] [stderr] 
[INFO] [stderr] warning: openssl-sys@0.9.35: /opt/rustwide/target/debug/build/openssl-sys-664952d69fbb6283/out/expando.c:4:24: error: pasting "RUST_VERSION_OPENSSL_" and "(" does not give a valid preprocessing token
[INFO] [stderr] warning: openssl-sys@0.9.35:     4 | #define VERSION2(n, v) RUST_VERSION_ ## n ## _ ## v
[INFO] [stderr] warning: openssl-sys@0.9.35:       |                        ^~~~~~~~~~~~~
[INFO] [stderr] warning: openssl-sys@0.9.35: /opt/rustwide/target/debug/build/openssl-sys-664952d69fbb6283/out/expando.c:5:23: note: in expansion of macro 'VERSION2'
[INFO] [stderr] warning: openssl-sys@0.9.35:     5 | #define VERSION(n, v) VERSION2(n, v)
[INFO] [stderr] warning: openssl-sys@0.9.35:       |                       ^~~~~~~~
[INFO] [stderr] warning: openssl-sys@0.9.35: /opt/rustwide/target/debug/build/openssl-sys-664952d69fbb6283/out/expando.c:7:1: note: in expansion of macro 'VERSION'
[INFO] [stderr] warning: openssl-sys@0.9.35:     7 | VERSION(OPENSSL, OPENSSL_VERSION_NUMBER)
[INFO] [stderr] warning: openssl-sys@0.9.35:       | ^~~~~~~
[INFO] [stderr] 
[INFO] [stderr] error: failed to run custom build command for `openssl-sys v0.9.35`
[INFO] [stderr] note: To improve backtraces for build dependencies, set the CARGO_PROFILE_DEV_BUILD_OVERRIDE_DEBUG=true environment variable to enable debug information generation.
[INFO] [stderr] 
[INFO] [stderr] Caused by:
[INFO] [stderr]   process didn't exit successfully: `/opt/rustwide/target/debug/build/openssl-sys-9102ed89e43bdda7/build-script-main` (exit status: 101)
[INFO] [stderr]   --- stdout
[INFO] [stderr]   cargo:rerun-if-env-changed=X86_64_UNKNOWN_LINUX_GNU_OPENSSL_LIB_DIR
[INFO] [stderr]   cargo:rerun-if-env-changed=OPENSSL_LIB_DIR
[INFO] [stderr]   cargo:rerun-if-env-changed=X86_64_UNKNOWN_LINUX_GNU_OPENSSL_INCLUDE_DIR
[INFO] [stderr]   cargo:rerun-if-env-changed=OPENSSL_INCLUDE_DIR
[INFO] [stderr]   cargo:rerun-if-env-changed=X86_64_UNKNOWN_LINUX_GNU_OPENSSL_DIR
[INFO] [stderr]   cargo:rerun-if-env-changed=OPENSSL_DIR
[INFO] [stderr]   cargo:rustc-link-lib=ssl
[INFO] [stderr]   cargo:rustc-link-lib=crypto
[INFO] [stderr]   OPT_LEVEL = Some("0")
[INFO] [stderr]   TARGET = Some("x86_64-unknown-linux-gnu")
[INFO] [stderr]   HOST = Some("x86_64-unknown-linux-gnu")
[INFO] [stderr]   TARGET = Some("x86_64-unknown-linux-gnu")
[INFO] [stderr]   TARGET = Some("x86_64-unknown-linux-gnu")
[INFO] [stderr]   HOST = Some("x86_64-unknown-linux-gnu")
[INFO] [stderr]   CC_x86_64-unknown-linux-gnu = None
[INFO] [stderr]   CC_x86_64_unknown_linux_gnu = None
[INFO] [stderr]   HOST_CC = None
[INFO] [stderr]   CC = None
[INFO] [stderr]   HOST = Some("x86_64-unknown-linux-gnu")
[INFO] [stderr]   TARGET = Some("x86_64-unknown-linux-gnu")
[INFO] [stderr]   HOST = Some("x86_64-unknown-linux-gnu")
[INFO] [stderr]   CFLAGS_x86_64-unknown-linux-gnu = None
[INFO] [stderr]   CFLAGS_x86_64_unknown_linux_gnu = None
[INFO] [stderr]   HOST_CFLAGS = None
[INFO] [stderr]   CFLAGS = None
[INFO] [stderr]   DEBUG = Some("true")
[INFO] [stderr]   TARGET = Some("x86_64-unknown-linux-gnu")
[INFO] [stderr]   HOST = Some("x86_64-unknown-linux-gnu")
[INFO] [stderr]   CFLAGS_x86_64-unknown-linux-gnu = None
[INFO] [stderr]   CFLAGS_x86_64_unknown_linux_gnu = None
[INFO] [stderr]   HOST_CFLAGS = None
[INFO] [stderr]   CFLAGS = None
[INFO] [stderr]   TARGET = Some("x86_64-unknown-linux-gnu")
[INFO] [stderr]   HOST = Some("x86_64-unknown-linux-gnu")
[INFO] [stderr]   CFLAGS_x86_64-unknown-linux-gnu = None
[INFO] [stderr]   CFLAGS_x86_64_unknown_linux_gnu = None
[INFO] [stderr]   HOST_CFLAGS = None
[INFO] [stderr]   CFLAGS = None
[INFO] [stderr]   running: "cc" "-O0" "-ffunction-sections" "-fdata-sections" "-fPIC" "-g" "-fno-omit-frame-pointer" "-m64" "-Wall" "-Wextra" "-E" "/opt/rustwide/target/debug/build/openssl-sys-664952d69fbb6283/out/expando.c"
[INFO] [stderr]   cargo:warning=/opt/rustwide/target/debug/build/openssl-sys-664952d69fbb6283/out/expando.c:4:24: error: pasting "RUST_VERSION_OPENSSL_" and "(" does not give a valid preprocessing token
[INFO] [stderr]   cargo:warning=    4 | #define VERSION2(n, v) RUST_VERSION_ ## n ## _ ## v
[INFO] [stderr]   cargo:warning=      |                        ^~~~~~~~~~~~~
[INFO] [stderr]   cargo:warning=/opt/rustwide/target/debug/build/openssl-sys-664952d69fbb6283/out/expando.c:5:23: note: in expansion of macro 'VERSION2'
[INFO] [stderr]   cargo:warning=    5 | #define VERSION(n, v) VERSION2(n, v)
[INFO] [stderr]   cargo:warning=      |                       ^~~~~~~~
[INFO] [stderr]   cargo:warning=/opt/rustwide/target/debug/build/openssl-sys-664952d69fbb6283/out/expando.c:7:1: note: in expansion of macro 'VERSION'
[INFO] [stderr]   cargo:warning=    7 | VERSION(OPENSSL, OPENSSL_VERSION_NUMBER)
[INFO] [stderr]   cargo:warning=      | ^~~~~~~
[INFO] [stderr]   exit status: 1
[INFO] [stderr] 
[INFO] [stderr]   --- stderr
[INFO] [stderr]   thread 'main' panicked at /opt/rustwide/cargo-home/registry/src/index.crates.io-6f17d22bba15001f/openssl-sys-0.9.35/build/main.rs:428:13:
[INFO] [stderr] 
[INFO] [stderr]   Header expansion error:
[INFO] [stderr]   Error { kind: ToolExecError, message: "Command \"cc\" \"-O0\" \"-ffunction-sections\" \"-fdata-sections\" \"-fPIC\" \"-g\" \"-fno-omit-frame-pointer\" \"-m64\" \"-Wall\" \"-Wextra\" \"-E\" \"/opt/rustwide/target/debug/build/openssl-sys-664952d69fbb6283/out/expando.c\" with args \"cc\" did not execute successfully (status code exit status: 1)." }
[INFO] [stderr] 
[INFO] [stderr]   Failed to find OpenSSL development headers.
[INFO] [stderr] 
[INFO] [stderr]   You can try fixing this setting the `OPENSSL_DIR` environment variable
[INFO] [stderr]   pointing to your OpenSSL installation or installing OpenSSL headers package
[INFO] [stderr]   specific to your distribution:
[INFO] [stderr] 
[INFO] [stderr]       # On Ubuntu
[INFO] [stderr]       sudo apt-get install libssl-dev
[INFO] [stderr]       # On Arch Linux
[INFO] [stderr]       sudo pacman -S openssl
[INFO] [stderr]       # On Fedora
[INFO] [stderr]       sudo dnf install openssl-devel
[INFO] [stderr] 
[INFO] [stderr]   See rust-openssl README for more information:
[INFO] [stderr] 
[INFO] [stderr]       https://github.com/sfackler/rust-openssl#linux
[INFO] [stderr] 
[INFO] [stderr]   stack backtrace:
[INFO] [stderr]      0:     0x55dedd5681cc - std::backtrace_rs::backtrace::libunwind::trace::ha637c64ce894333a
[INFO] [stderr]                                  at /rustc/82e1608dfa6e0b5569232559e3d385fea5a93112/library/std/src/../../backtrace/src/backtrace/libunwind.rs:104:5
[INFO] [stderr]      1:     0x55dedd5681cc - std::backtrace_rs::backtrace::trace_unsynchronized::h47f62dea28e0c88d
[INFO] [stderr]                                  at /rustc/82e1608dfa6e0b5569232559e3d385fea5a93112/library/std/src/../../backtrace/src/backtrace/mod.rs:66:5
[INFO] [stderr]      2:     0x55dedd5681cc - std::sys_common::backtrace::_print_fmt::h9eef0abe20ede486
[INFO] [stderr]                                  at /rustc/82e1608dfa6e0b5569232559e3d385fea5a93112/library/std/src/sys_common/backtrace.rs:67:5
[INFO] [stderr]      3:     0x55dedd5681cc - <std::sys_common::backtrace::_print::DisplayBacktrace as core::fmt::Display>::fmt::hed7f999df88cc644
[INFO] [stderr]                                  at /rustc/82e1608dfa6e0b5569232559e3d385fea5a93112/library/std/src/sys_common/backtrace.rs:44:22
[INFO] [stderr]      4:     0x55dedd58e300 - core::fmt::rt::Argument::fmt::h1539a9308b8d058d
[INFO] [stderr]                                  at /rustc/82e1608dfa6e0b5569232559e3d385fea5a93112/library/core/src/fmt/rt.rs:142:9
[INFO] [stderr]      5:     0x55dedd58e300 - core::fmt::write::h3a39390d8560d9c9
[INFO] [stderr]                                  at /rustc/82e1608dfa6e0b5569232559e3d385fea5a93112/library/core/src/fmt/mod.rs:1120:17
[INFO] [stderr]      6:     0x55dedd565b0f - std::io::Write::write_fmt::h5fc9997dfe05f882
[INFO] [stderr]                                  at /rustc/82e1608dfa6e0b5569232559e3d385fea5a93112/library/std/src/io/mod.rs:1762:15
[INFO] [stderr]      7:     0x55dedd567fb4 - std::sys_common::backtrace::_print::h894006fb5c6f3d45
[INFO] [stderr]                                  at /rustc/82e1608dfa6e0b5569232559e3d385fea5a93112/library/std/src/sys_common/backtrace.rs:47:5
[INFO] [stderr]      8:     0x55dedd567fb4 - std::sys_common::backtrace::print::h23a2d212c6fff936
[INFO] [stderr]                                  at /rustc/82e1608dfa6e0b5569232559e3d385fea5a93112/library/std/src/sys_common/backtrace.rs:34:9
[INFO] [stderr]      9:     0x55dedd5697c7 - std::panicking::default_hook::{{closure}}::h8a1d2ee00185001a
[INFO] [stderr]     10:     0x55dedd56952f - std::panicking::default_hook::h6038f2eba384e475
[INFO] [stderr]                                  at /rustc/82e1608dfa6e0b5569232559e3d385fea5a93112/library/std/src/panicking.rs:292:9
[INFO] [stderr]     11:     0x55dedd569c48 - std::panicking::rust_panic_with_hook::h2b5517d590cab22e
[INFO] [stderr]                                  at /rustc/82e1608dfa6e0b5569232559e3d385fea5a93112/library/std/src/panicking.rs:779:13
[INFO] [stderr]     12:     0x55dedd569b2e - std::panicking::begin_panic_handler::{{closure}}::h233112c06e0ef43e
[INFO] [stderr]                                  at /rustc/82e1608dfa6e0b5569232559e3d385fea5a93112/library/std/src/panicking.rs:657:13
[INFO] [stderr]     13:     0x55dedd568696 - std::sys_common::backtrace::__rust_end_short_backtrace::h6e893f24d7ebbff8
[INFO] [stderr]                                  at /rustc/82e1608dfa6e0b5569232559e3d385fea5a93112/library/std/src/sys_common/backtrace.rs:170:18
[INFO] [stderr]     14:     0x55dedd569892 - rust_begin_unwind
[INFO] [stderr]                                  at /rustc/82e1608dfa6e0b5569232559e3d385fea5a93112/library/std/src/panicking.rs:645:5
[INFO] [stderr]     15:     0x55dedd4ea685 - core::panicking::panic_fmt::hbf0e066aabfa482c
[INFO] [stderr]                                  at /rustc/82e1608dfa6e0b5569232559e3d385fea5a93112/library/core/src/panicking.rs:72:14
[INFO] [stderr]     16:     0x55dedd4f1c0f - build_script_main::validate_headers::h2bfd555c477e426c
[INFO] [stderr]     17:     0x55dedd4f79af - build_script_main::imp::try_pkg_config::hd19bca8549effb07
[INFO] [stderr]     18:     0x55dedd4f6874 - build_script_main::imp::find_openssl_dir::h9b2c5a7b44c6e2b0
[INFO] [stderr]     19:     0x55dedd4f6712 - build_script_main::imp::get_openssl::{{closure}}::hbc729a03004d7e04
[INFO] [stderr]     20:     0x55dedd4ecee9 - core::option::Option<T>::unwrap_or_else::hd96cfcde24ca1814
[INFO] [stderr]     21:     0x55dedd4f6511 - build_script_main::imp::get_openssl::hf1792324354f612e
[INFO] [stderr]     22:     0x55dedd4ef760 - build_script_main::main::he9ead1d329f40e8d
[INFO] [stderr]     23:     0x55dedd4ebf93 - core::ops::function::FnOnce::call_once::he38fa46a7bdc8a08
[INFO] [stderr]     24:     0x55dedd4eb9f6 - std::sys_common::backtrace::__rust_begin_short_backtrace::hde948e818171b223
[INFO] [stderr]     25:     0x55dedd4f3529 - std::rt::lang_start::{{closure}}::h5a6d22956aeeb3ab
[INFO] [stderr]     26:     0x55dedd562057 - core::ops::function::impls::<impl core::ops::function::FnOnce<A> for &F>::call_once::hd95060ecd5e1ca24
[INFO] [stderr]                                  at /rustc/82e1608dfa6e0b5569232559e3d385fea5a93112/library/core/src/ops/function.rs:284:13
[INFO] [stderr]     27:     0x55dedd562057 - std::panicking::try::do_call::h6e8cf51db32a6e4b
[INFO] [stderr]                                  at /rustc/82e1608dfa6e0b5569232559e3d385fea5a93112/library/std/src/panicking.rs:552:40
[INFO] [stderr]     28:     0x55dedd562057 - std::panicking::try::h3a52eefe24fe3c29
[INFO] [stderr]                                  at /rustc/82e1608dfa6e0b5569232559e3d385fea5a93112/library/std/src/panicking.rs:516:19
[INFO] [stderr]     29:     0x55dedd562057 - std::panic::catch_unwind::h24c28c23c02c3841
[INFO] [stderr]                                  at /rustc/82e1608dfa6e0b5569232559e3d385fea5a93112/library/std/src/panic.rs:142:14
[INFO] [stderr]     30:     0x55dedd562057 - std::rt::lang_start_internal::{{closure}}::h705d3c9cbc06ef47
[INFO] [stderr]                                  at /rustc/82e1608dfa6e0b5569232559e3d385fea5a93112/library/std/src/rt.rs:148:48
[INFO] [stderr]     31:     0x55dedd562057 - std::panicking::try::do_call::ha21f52ba13158470
[INFO] [stderr]                                  at /rustc/82e1608dfa6e0b5569232559e3d385fea5a93112/library/std/src/panicking.rs:552:40
[INFO] [stderr]     32:     0x55dedd562057 - std::panicking::try::h5581346bf6aeb1f8
[INFO] [stderr]                                  at /rustc/82e1608dfa6e0b5569232559e3d385fea5a93112/library/std/src/panicking.rs:516:19
[INFO] [stderr]     33:     0x55dedd562057 - std::panic::catch_unwind::h7919645a6b72e25b
[INFO] [stderr]                                  at /rustc/82e1608dfa6e0b5569232559e3d385fea5a93112/library/std/src/panic.rs:142:14
[INFO] [stderr]     34:     0x55dedd562057 - std::rt::lang_start_internal::h12de51168669836e
[INFO] [stderr]                                  at /rustc/82e1608dfa6e0b5569232559e3d385fea5a93112/library/std/src/rt.rs:148:20
[INFO] [stderr]     35:     0x55dedd4f3507 - std::rt::lang_start::h5585f0938f6cd128
[INFO] [stderr]     36:     0x55dedd4f2b35 - main
[INFO] [stderr]     37:     0x7f79be7a3d90 - <unknown>
[INFO] [stderr]     38:     0x7f79be7a3e40 - __libc_start_main
[INFO] [stderr]     39:     0x55dedd4eae95 - _start
[INFO] [stderr]     40:                0x0 - <unknown>
[INFO] [stderr] warning: build failed, waiting for other jobs to finish...
[INFO] running `Command { std: "docker" "inspect" "60a6162864f3f93fdd124eb4d0d873b0136315925b7bc0b66fd93083eda9130f", kill_on_drop: false }`
[INFO] running `Command { std: "docker" "rm" "-f" "60a6162864f3f93fdd124eb4d0d873b0136315925b7bc0b66fd93083eda9130f", kill_on_drop: false }`
[INFO] [stdout] 60a6162864f3f93fdd124eb4d0d873b0136315925b7bc0b66fd93083eda9130f
[INFO] documenting async_http_router-0.0.4 against beta-2023-12-22 for beta-1.76-rustdoc-1
[INFO] extracting crate async_http_router 0.0.4 into /workspace/builds/worker-6-tc2/source
[INFO] validating manifest of crates.io crate async_http_router 0.0.4 on toolchain beta-2023-12-22
[INFO] running `Command { std: CARGO_HOME="/workspace/cargo-home" RUSTUP_HOME="/workspace/rustup-home" "/workspace/cargo-home/bin/cargo" "+beta-2023-12-22" "metadata" "--manifest-path" "Cargo.toml" "--no-deps", kill_on_drop: false }`
[INFO] started tweaking crates.io crate async_http_router 0.0.4
[INFO] finished tweaking crates.io crate async_http_router 0.0.4
[INFO] tweaked toml for crates.io crate async_http_router 0.0.4 written to /workspace/builds/worker-6-tc2/source/Cargo.toml
[INFO] crate crates.io crate async_http_router 0.0.4 already has a lockfile, it will not be regenerated
[INFO] running `Command { std: CARGO_HOME="/workspace/cargo-home" RUSTUP_HOME="/workspace/rustup-home" "/workspace/cargo-home/bin/cargo" "+beta-2023-12-22" "fetch" "--manifest-path" "Cargo.toml", kill_on_drop: false }`
[INFO] [stderr] warning: file `/workspace/builds/worker-6-tc2/source/tests/test.rs` found to be present in multiple build targets:
[INFO] [stderr]   * `bin` target `test`
[INFO] [stderr]   * `integration-test` target `test`
[INFO] running `Command { std: "docker" "create" "-v" "/var/lib/crater-agent-workspace/builds/worker-6-tc2/target:/opt/rustwide/target:rw,Z" "-v" "/var/lib/crater-agent-workspace/builds/worker-6-tc2/source:/opt/rustwide/workdir:ro,Z" "-v" "/var/lib/crater-agent-workspace/cargo-home:/opt/rustwide/cargo-home:ro,Z" "-v" "/var/lib/crater-agent-workspace/rustup-home:/opt/rustwide/rustup-home:ro,Z" "-e" "SOURCE_DIR=/opt/rustwide/workdir" "-e" "CARGO_TARGET_DIR=/opt/rustwide/target" "-e" "CARGO_HOME=/opt/rustwide/cargo-home" "-e" "RUSTUP_HOME=/opt/rustwide/rustup-home" "-w" "/opt/rustwide/workdir" "-m" "1610612736" "--user" "0:0" "--network" "none" "ghcr.io/rust-lang/crates-build-env/linux@sha256:2788e3201cd34a07e3172128adcd8b3090168a8e3bcc40d7c032b9dda1df7d1c" "/opt/rustwide/cargo-home/bin/cargo" "+beta-2023-12-22" "metadata" "--no-deps" "--format-version=1", kill_on_drop: false }`
[INFO] [stdout] 30bbd9b3d1933c35796d11fbce52bc01bdfbc3538b41bf5fdd35432ae0594d84
[INFO] running `Command { std: "docker" "start" "-a" "30bbd9b3d1933c35796d11fbce52bc01bdfbc3538b41bf5fdd35432ae0594d84", kill_on_drop: false }`
[INFO] running `Command { std: "docker" "inspect" "30bbd9b3d1933c35796d11fbce52bc01bdfbc3538b41bf5fdd35432ae0594d84", kill_on_drop: false }`
[INFO] running `Command { std: "docker" "rm" "-f" "30bbd9b3d1933c35796d11fbce52bc01bdfbc3538b41bf5fdd35432ae0594d84", kill_on_drop: false }`
[INFO] [stdout] 30bbd9b3d1933c35796d11fbce52bc01bdfbc3538b41bf5fdd35432ae0594d84
[INFO] running `Command { std: "docker" "create" "-v" "/var/lib/crater-agent-workspace/builds/worker-6-tc2/target:/opt/rustwide/target:rw,Z" "-v" "/var/lib/crater-agent-workspace/builds/worker-6-tc2/source:/opt/rustwide/workdir:ro,Z" "-v" "/var/lib/crater-agent-workspace/cargo-home:/opt/rustwide/cargo-home:ro,Z" "-v" "/var/lib/crater-agent-workspace/rustup-home:/opt/rustwide/rustup-home:ro,Z" "-e" "SOURCE_DIR=/opt/rustwide/workdir" "-e" "CARGO_TARGET_DIR=/opt/rustwide/target" "-e" "CARGO_INCREMENTAL=0" "-e" "RUST_BACKTRACE=full" "-e" "RUSTFLAGS=--cap-lints=warn" "-e" "RUSTDOCFLAGS=--cap-lints=warn" "-e" "CARGO_HOME=/opt/rustwide/cargo-home" "-e" "RUSTUP_HOME=/opt/rustwide/rustup-home" "-w" "/opt/rustwide/workdir" "-m" "1610612736" "--user" "0:0" "--network" "none" "ghcr.io/rust-lang/crates-build-env/linux@sha256:2788e3201cd34a07e3172128adcd8b3090168a8e3bcc40d7c032b9dda1df7d1c" "/opt/rustwide/cargo-home/bin/cargo" "+beta-2023-12-22" "doc" "--frozen" "--no-deps" "--document-private-items" "--message-format=json", kill_on_drop: false }`
[INFO] [stdout] 0c67cfa29f9cb69ed88330475b2400f34901ce75b230fcfac22344e2089197c2
[INFO] running `Command { std: "docker" "start" "-a" "0c67cfa29f9cb69ed88330475b2400f34901ce75b230fcfac22344e2089197c2", kill_on_drop: false }`
[INFO] [stderr] warning: file `/opt/rustwide/workdir/tests/test.rs` found to be present in multiple build targets:
[INFO] [stderr]   * `bin` target `test`
[INFO] [stderr]   * `integration-test` target `test`
[INFO] [stderr]    Compiling libc v0.2.70
[INFO] [stderr]    Compiling version_check v0.1.4
[INFO] [stderr]    Compiling log v0.4.8
[INFO] [stderr]     Checking slab v0.4.2
[INFO] [stderr]    Compiling proc-macro2 v1.0.12
[INFO] [stderr]     Checking futures v0.1.24
[INFO] [stderr]    Compiling unicode-xid v0.2.0
[INFO] [stderr]    Compiling syn v1.0.21
[INFO] [stderr]    Compiling autocfg v1.0.0
[INFO] [stderr]     Checking scopeguard v0.3.3
[INFO] [stderr]     Checking byteorder v1.2.6
[INFO] [stderr]    Compiling semver-parser v0.7.0
[INFO] [stderr]     Checking crossbeam-utils v0.5.0
[INFO] [stderr]     Checking rand_core v0.2.1
[INFO] [stderr]    Compiling memchr v2.3.3
[INFO] [stderr]     Checking fnv v1.0.6
[INFO] [stderr]     Checking void v1.0.2
[INFO] [stderr]     Checking stable_deref_trait v1.1.1
[INFO] [stderr]     Checking itoa v0.4.3
[INFO] [stderr]     Checking futures-core v0.3.5
[INFO] [stderr]     Checking nodrop v0.1.12
[INFO] [stderr]     Checking owning_ref v0.3.3
[INFO] [stderr]     Checking unreachable v1.0.0
[INFO] [stderr]    Compiling cc v1.0.24
[INFO] [stderr]    Compiling pkg-config v0.3.14
[INFO] [stderr]    Compiling semver v0.9.0
[INFO] [stderr]     Checking smallvec v0.6.5
[INFO] [stderr]     Checking arrayvec v0.4.7
[INFO] [stderr]     Checking lock_api v0.1.3
[INFO] [stderr]    Compiling proc-macro-nested v0.1.5
[INFO] [stderr]    Compiling lazy_static v1.1.0
[INFO] [stderr]     Checking bytes v0.5.4
[INFO] [stderr]    Compiling crossbeam-utils v0.7.2
[INFO] [stderr]    Compiling rustc_version v0.2.3
[INFO] [stderr]     Checking futures-sink v0.3.5
[INFO] [stderr]     Checking memoffset v0.2.1
[INFO] [stderr]    Compiling memoffset v0.5.4
[INFO] [stderr]     Checking arc-swap v0.4.7
[INFO] [stderr]    Compiling proc-macro-hack v0.5.16
[INFO] [stderr]     Checking once_cell v1.4.0
[INFO] [stderr]     Checking futures-channel v0.3.5
[INFO] [stderr]    Compiling crossbeam-epoch v0.8.2
[INFO] [stderr]     Checking futures-task v0.3.5
[INFO] [stderr]    Compiling parking_lot_core v0.3.1
[INFO] [stderr]    Compiling num-traits v0.2.5
[INFO] [stderr]     Checking crossbeam-epoch v0.5.2
[INFO] [stderr]    Compiling httparse v1.3.2
[INFO] [stderr]    Compiling proc-macro2 v0.4.19
[INFO] [stderr]     Checking indexmap v1.0.1
[INFO] [stderr]     Checking pin-project-lite v0.1.5
[INFO] [stderr]     Checking try-lock v0.2.2
[INFO] [stderr]     Checking futures-io v0.3.5
[INFO] [stderr]    Compiling num-integer v0.1.39
[INFO] [stderr]    Compiling openssl v0.10.11
[INFO] [stderr]    Compiling quote v1.0.5
[INFO] [stderr]    Compiling unicode-xid v0.1.0
[INFO] [stderr]     Checking crossbeam-deque v0.6.1
[INFO] [stderr]     Checking http v0.2.1
[INFO] [stderr]     Checking string v0.1.1
[INFO] [stderr]     Checking iovec v0.1.4
[INFO] [stderr]     Checking num_cpus v1.8.0
[INFO] [stderr]     Checking net2 v0.2.33
[INFO] [stderr]     Checking rand v0.5.5
[INFO] [stderr]     Checking bytes v0.4.10
[INFO] [stderr]     Checking time v0.1.40
[INFO] [stderr]     Checking signal-hook-registry v1.2.0
[INFO] [stderr]     Checking mio v0.6.22
[INFO] [stderr]    Compiling ryu v0.2.6
[INFO] [stderr]     Checking bitflags v1.0.4
[INFO] [stderr]    Compiling native-tls v0.2.1
[INFO] [stderr]    Compiling serde v1.0.78
[INFO] [stderr]    Compiling openssl-sys v0.9.35
[INFO] [stderr]     Checking crossbeam-queue v0.2.2
[INFO] [stderr]     Checking http v0.1.12
[INFO] [stderr]     Checking tokio-executor v0.1.4
[INFO] [stderr]     Checking tokio-io v0.1.8
[INFO] [stderr]     Checking crossbeam-deque v0.7.3
[INFO] [stderr]     Checking tokio-current-thread v0.1.1
[INFO] [stderr]     Checking tokio-timer v0.2.6
[INFO] [stderr]     Checking want v0.0.6
[INFO] [stderr]     Checking futures-cpupool v0.1.8
[INFO] [stderr]     Checking crossbeam-channel v0.4.2
[INFO] [stderr]    Compiling quote v0.6.8
[INFO] [stderr]     Checking ucd-util v0.1.1
[INFO] [stderr]     Checking openssl-probe v0.1.2
[INFO] [stderr]    Compiling regex v1.0.5
[INFO] [stderr]     Checking regex-syntax v0.6.2
[INFO] [stderr]     Checking tokio-codec v0.1.0
[INFO] [stderr]    Compiling syn v0.15.3
[INFO] [stderr]     Checking want v0.3.0
[INFO] [stderr]     Checking mio-uds v0.6.7
[INFO] [stderr]     Checking thread_local v0.3.6
[INFO] [stderr]     Checking aho-corasick v0.6.8
[INFO] [stderr]     Checking utf8-ranges v1.0.1
[INFO] [stderr]     Checking tokio-threadpool v0.1.6
[INFO] [stderr]     Checking tower-service v0.3.0
[INFO] [stderr]     Checking base64 v0.12.1
[INFO] [stderr] The following warnings were emitted during compilation:
[INFO] [stderr] 
[INFO] [stderr] warning: openssl-sys@0.9.35: /opt/rustwide/target/debug/build/openssl-sys-c43a100761a3865f/out/expando.c:4:24: error: pasting "RUST_VERSION_OPENSSL_" and "(" does not give a valid preprocessing token
[INFO] [stderr] warning: openssl-sys@0.9.35:     4 | #define VERSION2(n, v) RUST_VERSION_ ## n ## _ ## v
[INFO] [stderr] warning: openssl-sys@0.9.35:       |                        ^~~~~~~~~~~~~
[INFO] [stderr] warning: openssl-sys@0.9.35: /opt/rustwide/target/debug/build/openssl-sys-c43a100761a3865f/out/expando.c:5:23: note: in expansion of macro 'VERSION2'
[INFO] [stderr] warning: openssl-sys@0.9.35:     5 | #define VERSION(n, v) VERSION2(n, v)
[INFO] [stderr] warning: openssl-sys@0.9.35:       |                       ^~~~~~~~
[INFO] [stderr] warning: openssl-sys@0.9.35: /opt/rustwide/target/debug/build/openssl-sys-c43a100761a3865f/out/expando.c:7:1: note: in expansion of macro 'VERSION'
[INFO] [stderr] warning: openssl-sys@0.9.35:     7 | VERSION(OPENSSL, OPENSSL_VERSION_NUMBER)
[INFO] [stderr] warning: openssl-sys@0.9.35:       | ^~~~~~~
[INFO] [stderr] 
[INFO] [stderr] error: failed to run custom build command for `openssl-sys v0.9.35`
[INFO] [stderr] note: To improve backtraces for build dependencies, set the CARGO_PROFILE_DEV_BUILD_OVERRIDE_DEBUG=true environment variable to enable debug information generation.
[INFO] [stderr] 
[INFO] [stderr] Caused by:
[INFO] [stderr]   process didn't exit successfully: `/opt/rustwide/target/debug/build/openssl-sys-b96f6441e84b11ab/build-script-main` (exit status: 101)
[INFO] [stderr]   --- stdout
[INFO] [stderr]   cargo:rerun-if-env-changed=X86_64_UNKNOWN_LINUX_GNU_OPENSSL_LIB_DIR
[INFO] [stderr]   cargo:rerun-if-env-changed=OPENSSL_LIB_DIR
[INFO] [stderr]   cargo:rerun-if-env-changed=X86_64_UNKNOWN_LINUX_GNU_OPENSSL_INCLUDE_DIR
[INFO] [stderr]   cargo:rerun-if-env-changed=OPENSSL_INCLUDE_DIR
[INFO] [stderr]   cargo:rerun-if-env-changed=X86_64_UNKNOWN_LINUX_GNU_OPENSSL_DIR
[INFO] [stderr]   cargo:rerun-if-env-changed=OPENSSL_DIR
[INFO] [stderr]   cargo:rustc-link-lib=ssl
[INFO] [stderr]   cargo:rustc-link-lib=crypto
[INFO] [stderr]   OPT_LEVEL = Some("0")
[INFO] [stderr]   TARGET = Some("x86_64-unknown-linux-gnu")
[INFO] [stderr]   HOST = Some("x86_64-unknown-linux-gnu")
[INFO] [stderr]   TARGET = Some("x86_64-unknown-linux-gnu")
[INFO] [stderr]   TARGET = Some("x86_64-unknown-linux-gnu")
[INFO] [stderr]   HOST = Some("x86_64-unknown-linux-gnu")
[INFO] [stderr]   CC_x86_64-unknown-linux-gnu = None
[INFO] [stderr]   CC_x86_64_unknown_linux_gnu = None
[INFO] [stderr]   HOST_CC = None
[INFO] [stderr]   CC = None
[INFO] [stderr]   HOST = Some("x86_64-unknown-linux-gnu")
[INFO] [stderr]   TARGET = Some("x86_64-unknown-linux-gnu")
[INFO] [stderr]   HOST = Some("x86_64-unknown-linux-gnu")
[INFO] [stderr]   CFLAGS_x86_64-unknown-linux-gnu = None
[INFO] [stderr]   CFLAGS_x86_64_unknown_linux_gnu = None
[INFO] [stderr]   HOST_CFLAGS = None
[INFO] [stderr]   CFLAGS = None
[INFO] [stderr]   DEBUG = Some("true")
[INFO] [stderr]   TARGET = Some("x86_64-unknown-linux-gnu")
[INFO] [stderr]   HOST = Some("x86_64-unknown-linux-gnu")
[INFO] [stderr]   CFLAGS_x86_64-unknown-linux-gnu = None
[INFO] [stderr]   CFLAGS_x86_64_unknown_linux_gnu = None
[INFO] [stderr]   HOST_CFLAGS = None
[INFO] [stderr]   CFLAGS = None
[INFO] [stderr]   TARGET = Some("x86_64-unknown-linux-gnu")
[INFO] [stderr]   HOST = Some("x86_64-unknown-linux-gnu")
[INFO] [stderr]   CFLAGS_x86_64-unknown-linux-gnu = None
[INFO] [stderr]   CFLAGS_x86_64_unknown_linux_gnu = None
[INFO] [stderr]   HOST_CFLAGS = None
[INFO] [stderr]   CFLAGS = None
[INFO] [stderr]   running: "cc" "-O0" "-ffunction-sections" "-fdata-sections" "-fPIC" "-g" "-fno-omit-frame-pointer" "-m64" "-Wall" "-Wextra" "-E" "/opt/rustwide/target/debug/build/openssl-sys-c43a100761a3865f/out/expando.c"
[INFO] [stderr]   cargo:warning=/opt/rustwide/target/debug/build/openssl-sys-c43a100761a3865f/out/expando.c:4:24: error: pasting "RUST_VERSION_OPENSSL_" and "(" does not give a valid preprocessing token
[INFO] [stderr]   cargo:warning=    4 | #define VERSION2(n, v) RUST_VERSION_ ## n ## _ ## v
[INFO] [stderr]   cargo:warning=      |                        ^~~~~~~~~~~~~
[INFO] [stderr]   cargo:warning=/opt/rustwide/target/debug/build/openssl-sys-c43a100761a3865f/out/expando.c:5:23: note: in expansion of macro 'VERSION2'
[INFO] [stderr]   cargo:warning=    5 | #define VERSION(n, v) VERSION2(n, v)
[INFO] [stderr]   cargo:warning=      |                       ^~~~~~~~
[INFO] [stderr]   cargo:warning=/opt/rustwide/target/debug/build/openssl-sys-c43a100761a3865f/out/expando.c:7:1: note: in expansion of macro 'VERSION'
[INFO] [stderr]   cargo:warning=    7 | VERSION(OPENSSL, OPENSSL_VERSION_NUMBER)
[INFO] [stderr]   cargo:warning=      | ^~~~~~~
[INFO] [stderr]   exit status: 1
[INFO] [stderr] 
[INFO] [stderr]   --- stderr
[INFO] [stderr]   thread 'main' panicked at /opt/rustwide/cargo-home/registry/src/index.crates.io-6f17d22bba15001f/openssl-sys-0.9.35/build/main.rs:428:13:
[INFO] [stderr] 
[INFO] [stderr]   Header expansion error:
[INFO] [stderr]   Error { kind: ToolExecError, message: "Command \"cc\" \"-O0\" \"-ffunction-sections\" \"-fdata-sections\" \"-fPIC\" \"-g\" \"-fno-omit-frame-pointer\" \"-m64\" \"-Wall\" \"-Wextra\" \"-E\" \"/opt/rustwide/target/debug/build/openssl-sys-c43a100761a3865f/out/expando.c\" with args \"cc\" did not execute successfully (status code exit status: 1)." }
[INFO] [stderr] 
[INFO] [stderr]   Failed to find OpenSSL development headers.
[INFO] [stderr] 
[INFO] [stderr]   You can try fixing this setting the `OPENSSL_DIR` environment variable
[INFO] [stderr]   pointing to your OpenSSL installation or installing OpenSSL headers package
[INFO] [stderr]   specific to your distribution:
[INFO] [stderr] 
[INFO] [stderr]       # On Ubuntu
[INFO] [stderr]       sudo apt-get install libssl-dev
[INFO] [stderr]       # On Arch Linux
[INFO] [stderr]       sudo pacman -S openssl
[INFO] [stderr]       # On Fedora
[INFO] [stderr]       sudo dnf install openssl-devel
[INFO] [stderr] 
[INFO] [stderr]   See rust-openssl README for more information:
[INFO] [stderr] 
[INFO] [stderr]       https://github.com/sfackler/rust-openssl#linux
[INFO] [stderr] 
[INFO] [stderr]   stack backtrace:
[INFO] [stderr]      0:     0x560a82ce8dd6 - std::backtrace_rs::backtrace::libunwind::trace::h261606ad26a499c1
[INFO] [stderr]                                  at /rustc/0e09125c6c3c2fd70d7de961bcf0e51575235fad/library/std/src/../../backtrace/src/backtrace/libunwind.rs:104:5
[INFO] [stderr]      1:     0x560a82ce8dd6 - std::backtrace_rs::backtrace::trace_unsynchronized::hd183f0625477fb28
[INFO] [stderr]                                  at /rustc/0e09125c6c3c2fd70d7de961bcf0e51575235fad/library/std/src/../../backtrace/src/backtrace/mod.rs:66:5
[INFO] [stderr]      2:     0x560a82ce8dd6 - std::sys_common::backtrace::_print_fmt::hd7f8fef21b4eda67
[INFO] [stderr]                                  at /rustc/0e09125c6c3c2fd70d7de961bcf0e51575235fad/library/std/src/sys_common/backtrace.rs:68:5
[INFO] [stderr]      3:     0x560a82ce8dd6 - <std::sys_common::backtrace::_print::DisplayBacktrace as core::fmt::Display>::fmt::h623d9b51f2f453f1
[INFO] [stderr]                                  at /rustc/0e09125c6c3c2fd70d7de961bcf0e51575235fad/library/std/src/sys_common/backtrace.rs:44:22
[INFO] [stderr]      4:     0x560a82d0e2f0 - core::fmt::rt::Argument::fmt::h9f417ac76a86f368
[INFO] [stderr]                                  at /rustc/0e09125c6c3c2fd70d7de961bcf0e51575235fad/library/core/src/fmt/rt.rs:142:9
[INFO] [stderr]      5:     0x560a82d0e2f0 - core::fmt::write::hc9b6faf4ac2aeff7
[INFO] [stderr]                                  at /rustc/0e09125c6c3c2fd70d7de961bcf0e51575235fad/library/core/src/fmt/mod.rs:1120:17
[INFO] [stderr]      6:     0x560a82ce683f - std::io::Write::write_fmt::hfead1eee52c2e65e
[INFO] [stderr]                                  at /rustc/0e09125c6c3c2fd70d7de961bcf0e51575235fad/library/std/src/io/mod.rs:1810:15
[INFO] [stderr]      7:     0x560a82ce8bb4 - std::sys_common::backtrace::_print::hd5d66399c7df88a2
[INFO] [stderr]                                  at /rustc/0e09125c6c3c2fd70d7de961bcf0e51575235fad/library/std/src/sys_common/backtrace.rs:47:5
[INFO] [stderr]      8:     0x560a82ce8bb4 - std::sys_common::backtrace::print::he81ed2da642d37e5
[INFO] [stderr]                                  at /rustc/0e09125c6c3c2fd70d7de961bcf0e51575235fad/library/std/src/sys_common/backtrace.rs:34:9
[INFO] [stderr]      9:     0x560a82cea497 - std::panicking::default_hook::{{closure}}::h85773f4fa117163d
[INFO] [stderr]     10:     0x560a82cea1f9 - std::panicking::default_hook::h6a1694a91d09b278
[INFO] [stderr]                                  at /rustc/0e09125c6c3c2fd70d7de961bcf0e51575235fad/library/std/src/panicking.rs:292:9
[INFO] [stderr]     11:     0x560a82cea928 - std::panicking::rust_panic_with_hook::h0a7ad96e90f7145b
[INFO] [stderr]                                  at /rustc/0e09125c6c3c2fd70d7de961bcf0e51575235fad/library/std/src/panicking.rs:779:13
[INFO] [stderr]     12:     0x560a82cea802 - std::panicking::begin_panic_handler::{{closure}}::h7919090525c6485e
[INFO] [stderr]                                  at /rustc/0e09125c6c3c2fd70d7de961bcf0e51575235fad/library/std/src/panicking.rs:657:13
[INFO] [stderr]     13:     0x560a82ce92d6 - std::sys_common::backtrace::__rust_end_short_backtrace::hf3289479464f7dfe
[INFO] [stderr]                                  at /rustc/0e09125c6c3c2fd70d7de961bcf0e51575235fad/library/std/src/sys_common/backtrace.rs:171:18
[INFO] [stderr]     14:     0x560a82cea560 - rust_begin_unwind
[INFO] [stderr]                                  at /rustc/0e09125c6c3c2fd70d7de961bcf0e51575235fad/library/std/src/panicking.rs:645:5
[INFO] [stderr]     15:     0x560a82c6a685 - core::panicking::panic_fmt::hcc9f77c5c132af55
[INFO] [stderr]                                  at /rustc/0e09125c6c3c2fd70d7de961bcf0e51575235fad/library/core/src/panicking.rs:72:14
[INFO] [stderr]     16:     0x560a82c717e7 - build_script_main::validate_headers::h1d6e65d1a9c7ae46
[INFO] [stderr]     17:     0x560a82c77995 - build_script_main::imp::try_pkg_config::he010da523b7b13e1
[INFO] [stderr]     18:     0x560a82c76844 - build_script_main::imp::find_openssl_dir::h9dbb941102e54121
[INFO] [stderr]     19:     0x560a82c766e2 - build_script_main::imp::get_openssl::{{closure}}::hfa6ac2993c15c609
[INFO] [stderr]     20:     0x560a82c6c11f - core::option::Option<T>::unwrap_or_else::hdce25bd59f336122
[INFO] [stderr]     21:     0x560a82c764df - build_script_main::imp::get_openssl::h4342d2ac05383d66
[INFO] [stderr]     22:     0x560a82c6f340 - build_script_main::main::h37d9a204537af709
[INFO] [stderr]     23:     0x560a82c73a63 - core::ops::function::FnOnce::call_once::h77662780ec176dcc
[INFO] [stderr]     24:     0x560a82c72c66 - std::sys_common::backtrace::__rust_begin_short_backtrace::hf5f7cb81af8bcf63
[INFO] [stderr]     25:     0x560a82c73259 - std::rt::lang_start::{{closure}}::hee4e224e7e18fdc8
[INFO] [stderr]     26:     0x560a82ce2b31 - core::ops::function::impls::<impl core::ops::function::FnOnce<A> for &F>::call_once::h4eb4c5e1620f29b0
[INFO] [stderr]                                  at /rustc/0e09125c6c3c2fd70d7de961bcf0e51575235fad/library/core/src/ops/function.rs:284:13
[INFO] [stderr]     27:     0x560a82ce2b31 - std::panicking::try::do_call::h73fd26535faffcdf
[INFO] [stderr]                                  at /rustc/0e09125c6c3c2fd70d7de961bcf0e51575235fad/library/std/src/panicking.rs:552:40
[INFO] [stderr]     28:     0x560a82ce2b31 - std::panicking::try::h77ff1d98f0fb9f39
[INFO] [stderr]                                  at /rustc/0e09125c6c3c2fd70d7de961bcf0e51575235fad/library/std/src/panicking.rs:516:19
[INFO] [stderr]     29:     0x560a82ce2b31 - std::panic::catch_unwind::hab3caf2448b95e37
[INFO] [stderr]                                  at /rustc/0e09125c6c3c2fd70d7de961bcf0e51575235fad/library/std/src/panic.rs:142:14
[INFO] [stderr]     30:     0x560a82ce2b31 - std::rt::lang_start_internal::{{closure}}::h8086711f9c783f78
[INFO] [stderr]                                  at /rustc/0e09125c6c3c2fd70d7de961bcf0e51575235fad/library/std/src/rt.rs:148:48
[INFO] [stderr]     31:     0x560a82ce2b31 - std::panicking::try::do_call::hf920d4dc291cd6ca
[INFO] [stderr]                                  at /rustc/0e09125c6c3c2fd70d7de961bcf0e51575235fad/library/std/src/panicking.rs:552:40
[INFO] [stderr]     32:     0x560a82ce2b31 - std::panicking::try::h2b806ccc0a85db74
[INFO] [stderr]                                  at /rustc/0e09125c6c3c2fd70d7de961bcf0e51575235fad/library/std/src/panicking.rs:516:19
[INFO] [stderr]     33:     0x560a82ce2b31 - std::panic::catch_unwind::h038489539c507df2
[INFO] [stderr]                                  at /rustc/0e09125c6c3c2fd70d7de961bcf0e51575235fad/library/std/src/panic.rs:142:14
[INFO] [stderr]     34:     0x560a82ce2b31 - std::rt::lang_start_internal::h28503b88912e8a5c
[INFO] [stderr]                                  at /rustc/0e09125c6c3c2fd70d7de961bcf0e51575235fad/library/std/src/rt.rs:148:20
[INFO] [stderr]     35:     0x560a82c73237 - std::rt::lang_start::he7bfab23ffb0eb3f
[INFO] [stderr]     36:     0x560a82c72705 - main
[INFO] [stderr]     37:     0x7f14c77dfd90 - <unknown>
[INFO] [stderr]     38:     0x7f14c77dfe40 - __libc_start_main
[INFO] [stderr]     39:     0x560a82c6aea5 - _start
[INFO] [stderr]     40:                0x0 - <unknown>
[INFO] [stderr] warning: build failed, waiting for other jobs to finish...
[INFO] running `Command { std: "docker" "inspect" "0c67cfa29f9cb69ed88330475b2400f34901ce75b230fcfac22344e2089197c2", kill_on_drop: false }`
[INFO] running `Command { std: "docker" "rm" "-f" "0c67cfa29f9cb69ed88330475b2400f34901ce75b230fcfac22344e2089197c2", kill_on_drop: false }`
[INFO] [stdout] 0c67cfa29f9cb69ed88330475b2400f34901ce75b230fcfac22344e2089197c2
