[INFO] fetching crate asp_gui 0.1.5...
[INFO] documenting asp_gui-0.1.5 against 1.75.0 for beta-1.76-rustdoc-1
[INFO] extracting crate asp_gui 0.1.5 into /workspace/builds/worker-1-tc1/source
[INFO] validating manifest of crates.io crate asp_gui 0.1.5 on toolchain 1.75.0
[INFO] running `Command { std: CARGO_HOME="/workspace/cargo-home" RUSTUP_HOME="/workspace/rustup-home" "/workspace/cargo-home/bin/cargo" "+1.75.0" "metadata" "--manifest-path" "Cargo.toml" "--no-deps", kill_on_drop: false }`
[INFO] started tweaking crates.io crate asp_gui 0.1.5
[INFO] finished tweaking crates.io crate asp_gui 0.1.5
[INFO] tweaked toml for crates.io crate asp_gui 0.1.5 written to /workspace/builds/worker-1-tc1/source/Cargo.toml
[INFO] crate crates.io crate asp_gui 0.1.5 already has a lockfile, it will not be regenerated
[INFO] running `Command { std: CARGO_HOME="/workspace/cargo-home" RUSTUP_HOME="/workspace/rustup-home" "/workspace/cargo-home/bin/cargo" "+1.75.0" "fetch" "--manifest-path" "Cargo.toml", kill_on_drop: false }`
[INFO] [stderr]     Updating crates.io index
[INFO] [stderr]  Downloading crates ...
[INFO] [stderr]   Downloaded egui-winit v0.22.0
[INFO] [stderr]   Downloaded arboard v3.2.0
[INFO] [stderr]   Downloaded paste v1.0.12
[INFO] [stderr]   Downloaded egui_glow v0.22.0
[INFO] [stderr]   Downloaded windows-implement v0.44.0
[INFO] [stderr]   Downloaded zvariant_derive v3.15.0
[INFO] [stderr]   Downloaded include_assets v1.0.0
[INFO] [stderr]   Downloaded blocking v1.3.1
[INFO] [stderr]   Downloaded xml-rs v0.8.14
[INFO] [stderr]   Downloaded async-fs v1.6.0
[INFO] [stderr]   Downloaded zbus_names v2.6.0
[INFO] [stderr]   Downloaded winit v0.28.6
[INFO] [stderr]   Downloaded glutin v0.30.9
[INFO] [stderr]   Downloaded gobject-sys v0.16.3
[INFO] [stderr]   Downloaded orbclient v0.3.45
[INFO] [stderr]   Downloaded egui v0.22.0
[INFO] [stderr]   Downloaded atomic_refcell v0.1.10
[INFO] [stderr]   Downloaded ecolor v0.22.0
[INFO] [stderr]   Downloaded emath v0.22.0
[INFO] [stderr]   Downloaded atomic-waker v1.1.1
[INFO] [stderr]   Downloaded png v0.17.9
[INFO] [stderr]   Downloaded enumflags2 v0.7.7
[INFO] [stderr]   Downloaded smithay-client-toolkit v0.16.0
[INFO] [stderr]   Downloaded cairo-sys-rs v0.16.3
[INFO] [stderr]   Downloaded async-process v1.7.0
[INFO] [stderr]   Downloaded exr v1.7.0
[INFO] [stderr]   Downloaded webbrowser v0.8.10
[INFO] [stderr]   Downloaded gdk-pixbuf-sys v0.16.3
[INFO] [stderr]   Downloaded nix v0.26.2
[INFO] [stderr]   Downloaded hexhex_impl v0.1.0
[INFO] [stderr]   Downloaded include_assets_decode v0.1.0
[INFO] [stderr]   Downloaded zvariant_utils v1.0.1
[INFO] [stderr]   Downloaded smallvec v1.10.0
[INFO] [stderr]   Downloaded tempfile v3.6.0
[INFO] [stderr]   Downloaded hexhex v1.0.0
[INFO] [stderr]   Downloaded hexhex_macros v1.0.0
[INFO] [stderr]   Downloaded target-lexicon v0.12.8
[INFO] [stderr]   Downloaded include_assets_encode v0.1.0
[INFO] [stderr]   Downloaded enumflags2_derive v0.7.7
[INFO] [stderr]   Downloaded cfg-expr v0.15.3
[INFO] [stderr]   Downloaded accesskit v0.11.0
[INFO] [stderr]   Downloaded gio-sys v0.16.3
[INFO] [stderr]   Downloaded accesskit_consumer v0.15.0
[INFO] [stderr]   Downloaded glib-sys v0.16.3
[INFO] [stderr]   Downloaded ttf-parser v0.19.1
[INFO] [stderr]   Downloaded pango-sys v0.16.3
[INFO] [stderr]   Downloaded cocoa-foundation v0.1.1
[INFO] [stderr]   Downloaded serde_spanned v0.6.3
[INFO] [stderr]   Downloaded serde_derive v1.0.164
[INFO] [stderr]   Downloaded serde v1.0.164
[INFO] [stderr]   Downloaded atspi-macros v0.2.0
[INFO] [stderr]   Downloaded winnow v0.4.7
[INFO] [stderr]   Downloaded cpufeatures v0.2.8
[INFO] [stderr]   Downloaded windows-interface v0.44.0
[INFO] [stderr]   Downloaded async-trait v0.1.68
[INFO] [stderr]   Downloaded rfd v0.11.4
[INFO] [stderr]   Downloaded toml_edit v0.19.11
[INFO] [stderr]   Downloaded syn v2.0.22
[INFO] [stderr]   Downloaded gdk-sys v0.16.0
[INFO] [stderr]   Downloaded ab_glyph v0.2.21
[INFO] [stderr]   Downloaded lz4_flex v0.10.0
[INFO] [stderr]   Downloaded yazi v0.1.6
[INFO] [stderr]   Downloaded zstd-safe v6.0.6
[INFO] [stderr]   Downloaded zstd v0.12.4
[INFO] [stderr]   Downloaded rustix v0.37.20
[INFO] [stderr]   Downloaded serde_repr v0.1.12
[INFO] [stderr]   Downloaded accesskit_unix v0.5.0
[INFO] [stderr]   Downloaded epaint v0.22.0
[INFO] [stderr]   Downloaded split-iter v0.1.0
[INFO] [stderr]   Downloaded signal-hook v0.3.15
[INFO] [stderr]   Downloaded atk-sys v0.16.0
[INFO] [stderr]   Downloaded zbus v3.14.1
[INFO] [stderr]   Downloaded itertools-num v0.1.3
[INFO] [stderr]   Downloaded toml v0.7.5
[INFO] [stderr]   Downloaded system-deps v6.1.1
[INFO] [stderr]   Downloaded xdg-home v1.0.0
[INFO] [stderr]   Downloaded async-io v1.13.0
[INFO] [stderr]   Downloaded eframe v0.22.0
[INFO] [stderr]   Downloaded zstd-sys v2.0.8+zstd.1.5.5
[INFO] [stderr]   Downloaded async-lock v2.7.0
[INFO] [stderr]   Downloaded csv v1.2.2
[INFO] [stderr]   Downloaded ordered-stream v0.2.0
[INFO] [stderr]   Downloaded asp_lib v0.1.12
[INFO] [stderr]   Downloaded async-broadcast v0.5.1
[INFO] [stderr]   Downloaded async-recursion v1.0.4
[INFO] [stderr]   Downloaded async-channel v1.8.0
[INFO] [stderr]   Downloaded zbus_macros v3.14.1
[INFO] [stderr]   Downloaded accesskit_winit v0.14.1
[INFO] [stderr]   Downloaded android-activity v0.4.2
[INFO] [stderr]   Downloaded simd-adler32 v0.3.5
[INFO] [stderr]   Downloaded polling v2.8.0
[INFO] [stderr]   Downloaded regex v1.8.4
[INFO] [stderr]   Downloaded uds_windows v1.0.2
[INFO] [stderr]   Downloaded bytemuck_derive v1.4.1
[INFO] [stderr]   Downloaded zvariant v3.15.0
[INFO] [stderr]   Downloaded glutin_egl_sys v0.5.0
[INFO] [stderr]   Downloaded glow v0.12.2
[INFO] [stderr]   Downloaded gtk-sys v0.16.0
[INFO] [stderr]   Downloaded accesskit_macos v0.7.1
[INFO] [stderr]   Downloaded accesskit_windows v0.14.0
[INFO] [stderr]   Downloaded atspi v0.10.1
[INFO] running `Command { std: "docker" "create" "-v" "/var/lib/crater-agent-workspace/builds/worker-1-tc1/target:/opt/rustwide/target:rw,Z" "-v" "/var/lib/crater-agent-workspace/builds/worker-1-tc1/source:/opt/rustwide/workdir:ro,Z" "-v" "/var/lib/crater-agent-workspace/cargo-home:/opt/rustwide/cargo-home:ro,Z" "-v" "/var/lib/crater-agent-workspace/rustup-home:/opt/rustwide/rustup-home:ro,Z" "-e" "SOURCE_DIR=/opt/rustwide/workdir" "-e" "CARGO_TARGET_DIR=/opt/rustwide/target" "-e" "CARGO_HOME=/opt/rustwide/cargo-home" "-e" "RUSTUP_HOME=/opt/rustwide/rustup-home" "-w" "/opt/rustwide/workdir" "-m" "1610612736" "--user" "0:0" "--network" "none" "ghcr.io/rust-lang/crates-build-env/linux@sha256:2788e3201cd34a07e3172128adcd8b3090168a8e3bcc40d7c032b9dda1df7d1c" "/opt/rustwide/cargo-home/bin/cargo" "+1.75.0" "metadata" "--no-deps" "--format-version=1", kill_on_drop: false }`
[INFO] [stdout] acb4548d186a53235528dd9ffaabb36c2ff4530082a13fd52708c7c45c5f876d
[INFO] running `Command { std: "docker" "start" "-a" "acb4548d186a53235528dd9ffaabb36c2ff4530082a13fd52708c7c45c5f876d", kill_on_drop: false }`
[INFO] running `Command { std: "docker" "inspect" "acb4548d186a53235528dd9ffaabb36c2ff4530082a13fd52708c7c45c5f876d", kill_on_drop: false }`
[INFO] running `Command { std: "docker" "rm" "-f" "acb4548d186a53235528dd9ffaabb36c2ff4530082a13fd52708c7c45c5f876d", kill_on_drop: false }`
[INFO] [stdout] acb4548d186a53235528dd9ffaabb36c2ff4530082a13fd52708c7c45c5f876d
[INFO] running `Command { std: "docker" "create" "-v" "/var/lib/crater-agent-workspace/builds/worker-1-tc1/target:/opt/rustwide/target:rw,Z" "-v" "/var/lib/crater-agent-workspace/builds/worker-1-tc1/source:/opt/rustwide/workdir:ro,Z" "-v" "/var/lib/crater-agent-workspace/cargo-home:/opt/rustwide/cargo-home:ro,Z" "-v" "/var/lib/crater-agent-workspace/rustup-home:/opt/rustwide/rustup-home:ro,Z" "-e" "SOURCE_DIR=/opt/rustwide/workdir" "-e" "CARGO_TARGET_DIR=/opt/rustwide/target" "-e" "CARGO_INCREMENTAL=0" "-e" "RUST_BACKTRACE=full" "-e" "RUSTFLAGS=--cap-lints=warn" "-e" "RUSTDOCFLAGS=--cap-lints=warn" "-e" "CARGO_HOME=/opt/rustwide/cargo-home" "-e" "RUSTUP_HOME=/opt/rustwide/rustup-home" "-w" "/opt/rustwide/workdir" "-m" "1610612736" "--user" "0:0" "--network" "none" "ghcr.io/rust-lang/crates-build-env/linux@sha256:2788e3201cd34a07e3172128adcd8b3090168a8e3bcc40d7c032b9dda1df7d1c" "/opt/rustwide/cargo-home/bin/cargo" "+1.75.0" "doc" "--frozen" "--no-deps" "--document-private-items" "--message-format=json", kill_on_drop: false }`
[INFO] [stdout] d395a634bd09ed8641d04d2b6ac60dae9e347b089a7a5c1b23fd8ac60d516879
[INFO] running `Command { std: "docker" "start" "-a" "d395a634bd09ed8641d04d2b6ac60dae9e347b089a7a5c1b23fd8ac60d516879", kill_on_drop: false }`
[INFO] [stderr]    Compiling libc v0.2.147
[INFO] [stderr]    Compiling proc-macro2 v1.0.63
[INFO] [stderr]    Compiling quote v1.0.28
[INFO] [stderr]    Compiling unicode-ident v1.0.9
[INFO] [stderr]    Compiling serde v1.0.164
[INFO] [stderr]    Compiling equivalent v1.0.0
[INFO] [stderr]    Compiling hashbrown v0.14.0
[INFO] [stderr]    Compiling winnow v0.4.7
[INFO] [stderr]    Compiling target-lexicon v0.12.8
[INFO] [stderr]    Compiling smallvec v1.10.0
[INFO] [stderr]    Compiling indexmap v2.0.0
[INFO] [stderr]    Compiling heck v0.4.1
[INFO] [stderr]    Compiling version-compare v0.1.1
[INFO] [stderr]    Compiling xml-rs v0.8.14
[INFO] [stderr]     Checking log v0.4.19
[INFO] [stderr]     Checking once_cell v1.18.0
[INFO] [stderr]    Compiling crossbeam-utils v0.8.16
[INFO] [stderr]    Compiling cfg-expr v0.15.3
[INFO] [stderr]    Compiling syn v2.0.22
[INFO] [stderr]    Compiling memoffset v0.6.5
[INFO] [stderr]    Compiling futures-core v0.3.28
[INFO] [stderr]     Checking scopeguard v1.1.0
[INFO] [stderr]    Compiling wayland-scanner v0.29.5
[INFO] [stderr]     Checking libloading v0.8.0
[INFO] [stderr]    Compiling thiserror v1.0.40
[INFO] [stderr]     Checking nix v0.24.3
[INFO] [stderr]     Checking dlib v0.5.2
[INFO] [stderr]     Checking pin-project-lite v0.2.9
[INFO] [stderr]    Compiling syn v1.0.109
[INFO] [stderr]     Checking simd-adler32 v0.3.5
[INFO] [stderr]    Compiling wayland-sys v0.29.5
[INFO] [stderr]     Checking event-listener v2.5.3
[INFO] [stderr]     Checking getrandom v0.2.10
[INFO] [stderr]    Compiling lock_api v0.4.10
[INFO] [stderr]    Compiling jobserver v0.1.26
[INFO] [stderr]     Checking futures-io v0.3.28
[INFO] [stderr]     Checking static_assertions v1.1.0
[INFO] [stderr]    Compiling cc v1.0.79
[INFO] [stderr]     Checking miniz_oxide v0.7.1
[INFO] [stderr]    Compiling wayland-client v0.29.5
[INFO] [stderr]     Checking concurrent-queue v2.2.0
[INFO] [stderr]     Checking parking v2.1.0
[INFO] [stderr]     Checking fastrand v1.9.0
[INFO] [stderr]    Compiling khronos_api v3.1.0
[INFO] [stderr]    Compiling cfg_aliases v0.1.1
[INFO] [stderr]     Checking waker-fn v1.1.0
[INFO] [stderr]     Checking futures-lite v1.13.0
[INFO] [stderr]     Checking async-lock v2.7.0
[INFO] [stderr]    Compiling slotmap v1.0.6
[INFO] [stderr]    Compiling memoffset v0.9.0
[INFO] [stderr]    Compiling serde_spanned v0.6.3
[INFO] [stderr]    Compiling toml_datetime v0.6.3
[INFO] [stderr]    Compiling zstd-sys v2.0.8+zstd.1.5.5
[INFO] [stderr]     Checking ttf-parser v0.19.1
[INFO] [stderr]    Compiling toml_edit v0.19.11
[INFO] [stderr]    Compiling io-lifetimes v1.0.11
[INFO] [stderr]     Checking scoped-tls v1.0.1
[INFO] [stderr]     Checking subtle v2.5.0
[INFO] [stderr]     Checking minimal-lexical v0.2.1
[INFO] [stderr]     Checking futures-sink v0.3.28
[INFO] [stderr]     Checking digest v0.10.7
[INFO] [stderr]     Checking nom v7.1.3
[INFO] [stderr]     Checking flate2 v1.0.26
[INFO] [stderr]    Compiling wayland-protocols v0.29.5
[INFO] [stderr]     Checking wayland-commons v0.29.5
[INFO] [stderr]    Compiling zvariant_utils v1.0.1
[INFO] [stderr]     Checking owned_ttf_parser v0.19.0
[INFO] [stderr]    Compiling toml v0.7.5
[INFO] [stderr]    Compiling proc-macro-crate v1.3.1
[INFO] [stderr]    Compiling system-deps v6.1.1
[INFO] [stderr]    Compiling memoffset v0.7.1
[INFO] [stderr]    Compiling polling v2.8.0
[INFO] [stderr]    Compiling crossbeam-epoch v0.9.15
[INFO] [stderr]    Compiling rustix v0.37.20
[INFO] [stderr]     Checking ab_glyph_rasterizer v0.1.8
[INFO] [stderr]    Compiling gl_generator v0.14.0
[INFO] [stderr]     Checking ab_glyph v0.2.21
[INFO] [stderr]    Compiling bytemuck_derive v1.4.1
[INFO] [stderr]    Compiling thiserror-impl v1.0.40
[INFO] [stderr]    Compiling serde_derive v1.0.164
[INFO] [stderr]    Compiling enumflags2_derive v0.7.7
[INFO] [stderr]     Checking xcursor v0.3.4
[INFO] [stderr]    Compiling glib-sys v0.16.3
[INFO] [stderr]    Compiling gobject-sys v0.16.3
[INFO] [stderr]     Checking bytemuck v1.13.1
[INFO] [stderr]     Checking fdeflate v0.3.0
[INFO] [stderr]     Checking nix v0.25.1
[INFO] [stderr]    Compiling memchr v2.5.0
[INFO] [stderr]    Compiling smithay-client-toolkit v0.16.0
[INFO] [stderr]    Compiling x11-dl v2.21.0
[INFO] [stderr]    Compiling async-io v1.13.0
[INFO] [stderr]    Compiling parking_lot_core v0.9.8
[INFO] [stderr]     Checking linux-raw-sys v0.3.8
[INFO] [stderr]    Compiling zstd-safe v6.0.6
[INFO] [stderr]     Checking async-task v4.4.0
[INFO] [stderr]    Compiling futures-util v0.3.28
[INFO] [stderr]    Compiling aho-corasick v1.0.2
[INFO] [stderr]    Compiling zvariant_derive v3.15.0
[INFO] [stderr]     Checking png v0.17.9
[INFO] [stderr]     Checking calloop v0.10.6
[INFO] [stderr]     Checking wayland-cursor v0.29.5
[INFO] [stderr]     Checking async-channel v1.8.0
[INFO] [stderr]     Checking rand_core v0.6.4
[INFO] [stderr]     Checking memmap2 v0.5.10
[INFO] [stderr]     Checking socket2 v0.4.9
[INFO] [stderr]    Compiling typenum v1.16.0
[INFO] [stderr]    Compiling async-fs v1.6.0
[INFO] [stderr]    Compiling num-traits v0.2.15
[INFO] [stderr]     Checking arrayref v0.3.7
[INFO] [stderr]     Checking strict-num v0.1.1
[INFO] [stderr]     Checking atomic-waker v1.1.1
[INFO] [stderr]    Compiling fallible-iterator v0.2.0
[INFO] [stderr]    Compiling async-trait v0.1.68
[INFO] [stderr]    Compiling rayon-core v1.11.0
[INFO] [stderr]    Compiling regex-syntax v0.7.2
[INFO] [stderr]    Compiling hexhex_impl v0.1.0
[INFO] [stderr]     Checking blocking v1.3.1
[INFO] [stderr]    Compiling generic-array v0.14.7
[INFO] [stderr]     Checking rand_chacha v0.3.1
[INFO] [stderr]     Checking tiny-skia-path v0.8.4
[INFO] [stderr]     Checking crossbeam-deque v0.8.3
[INFO] [stderr]     Checking nix v0.26.2
[INFO] [stderr]    Compiling tracing-attributes v0.1.26
[INFO] [stderr]     Checking num_cpus v1.16.0
[INFO] [stderr]     Checking crossbeam-channel v0.5.8
[INFO] [stderr]     Checking tracing-core v0.1.31
[INFO] [stderr]    Compiling smartstring v1.0.1
[INFO] [stderr]    Compiling ahash v0.8.3
[INFO] [stderr]    Compiling regex v1.8.4
[INFO] [stderr]     Checking raw-window-handle v0.5.2
[INFO] [stderr]     Checking either v1.8.1
[INFO] [stderr]     Checking arrayvec v0.7.4
[INFO] [stderr]     Checking accesskit v0.11.0
[INFO] [stderr]     Checking cpufeatures v0.2.8
[INFO] [stderr]     Checking sha1 v0.10.5
[INFO] [stderr]     Checking tiny-skia v0.8.4
[INFO] [stderr]     Checking tracing v0.1.37
[INFO] [stderr]     Checking xdg-home v1.0.0
[INFO] [stderr]     Checking parking_lot v0.12.1
[INFO] [stderr]     Checking rand v0.8.5
[INFO] [stderr]    Compiling hexhex_macros v1.0.0
[INFO] [stderr]     Checking enumflags2 v0.7.7
[INFO] [stderr]     Checking zvariant v3.15.0
[INFO] [stderr]     Checking async-executor v1.5.1
[INFO] [stderr]    Compiling derivative v2.2.0
[INFO] [stderr]    Compiling gdk-sys v0.16.0
[INFO] [stderr]    Compiling atk-sys v0.16.0
[INFO] [stderr]    Compiling gio-sys v0.16.3
[INFO] [stderr]    Compiling serde_repr v0.1.12
[INFO] [stderr]    Compiling async-recursion v1.0.4
[INFO] [stderr]    Compiling winit v0.28.6
[INFO] [stderr]    Compiling zbus_macros v3.14.1
[INFO] [stderr]     Checking async-broadcast v0.5.1
[INFO] [stderr]     Checking ordered-stream v0.2.0
[INFO] [stderr]     Checking zbus_names v2.6.0
[INFO] [stderr]     Checking hex v0.4.3
[INFO] [stderr]    Compiling block-buffer v0.10.4
[INFO] [stderr]    Compiling crypto-common v0.1.6
[INFO] [stderr]    Compiling atspi-macros v0.2.0
[INFO] [stderr]     Checking emath v0.22.0
[INFO] [stderr]     Checking ecolor v0.22.0
[INFO] [stderr]    Compiling cairo-sys-rs v0.16.3
[INFO] [stderr]    Compiling gdk-pixbuf-sys v0.16.3
[INFO] [stderr]    Compiling pango-sys v0.16.3
[INFO] [stderr]    Compiling glutin_glx_sys v0.4.0
[INFO] [stderr]    Compiling glutin_egl_sys v0.5.0
[INFO] [stderr]    Compiling pin-project-internal v1.1.3
[INFO] [stderr]     Checking mio v0.8.8
[INFO] [stderr]     Checking instant v0.1.12
[INFO] [stderr]    Compiling wayland-sys v0.30.1
[INFO] [stderr]     Checking nohash-hasher v0.2.0
[INFO] [stderr]     Checking epaint v0.22.0
[INFO] [stderr]     Checking rayon v1.7.0
[INFO] [stderr]     Checking accesskit_consumer v0.15.0
[INFO] [stderr]    Compiling gtk-sys v0.16.0
[INFO] [stderr]     Checking x11rb-protocol v0.10.0
[INFO] [stderr]     Checking spin v0.9.8
[INFO] [stderr]    Compiling glutin v0.30.9
[INFO] [stderr]     Checking nanorand v0.7.0
[INFO] [stderr]     Checking gethostname v0.2.3
[INFO] [stderr]     Checking pin-project v1.1.3
[INFO] [stderr]     Checking weezl v0.1.7
[INFO] [stderr]     Checking flume v0.10.14
[INFO] [stderr]    Compiling anyhow v1.0.75
[INFO] [stderr]     Checking egui v0.22.0
[INFO] [stderr]    Compiling blake2 v0.10.6
[INFO] [stderr]     Checking num-integer v0.1.45
[INFO] [stderr]    Compiling hexhex v1.0.0
[INFO] [stderr]    Compiling glutin-winit v0.3.0
[INFO] [stderr]     Checking jpeg-decoder v0.3.0
[INFO] [stderr]     Checking zune-inflate v0.2.54
[INFO] [stderr]     Checking libloading v0.7.4
[INFO] [stderr]    Compiling lz4_flex v0.10.0
[INFO] [stderr]     Checking bit_field v0.10.2
[INFO] [stderr]    Compiling yazi v0.1.6
[INFO] [stderr]    Compiling same-file v1.0.6
[INFO] [stderr]     Checking lebe v0.5.2
[INFO] [stderr]     Checking home v0.5.5
[INFO] [stderr]     Checking half v2.2.1
[INFO] [stderr]     Checking webbrowser v0.8.10
[INFO] [stderr]     Checking tiff v0.9.0
[INFO] [stderr]    Compiling walkdir v2.3.3
[INFO] [stderr]     Checking exr v1.7.0
[INFO] [stderr]     Checking gif v0.12.0
[INFO] [stderr]     Checking num-rational v0.4.1
[INFO] [stderr]     Checking zbus v3.14.1
[INFO] [stderr]     Checking qoi v0.4.1
[INFO] [stderr]     Checking csv-core v0.1.10
[INFO] [stderr]     Checking ryu v1.0.13
[INFO] [stderr]    Compiling rfd v0.11.4
[INFO] [stderr]     Checking x11rb v0.10.1
[INFO] [stderr]     Checking glow v0.12.2
[INFO] [stderr]     Checking itoa v1.0.6
[INFO] [stderr]     Checking image v0.24.7
[INFO] [stderr]     Checking csv v1.2.2
[INFO] [stderr]     Checking itertools-num v0.1.3
[INFO] [stderr]     Checking itertools v0.10.5
[INFO] [stderr]     Checking arboard v3.2.0
[INFO] [stderr]     Checking split-iter v0.1.0
[INFO] [stderr]     Checking egui_glow v0.22.0
[INFO] [stderr]     Checking asp_lib v0.1.12
[INFO] [stdout] error[E0554]: `#![feature]` may not be used on the stable release channel
[INFO] [stdout]  --> /opt/rustwide/cargo-home/registry/src/index.crates.io-6f17d22bba15001f/asp_lib-0.1.12/src/lib.rs:1:12
[INFO] [stdout]   |
[INFO] [stdout] 1 | #![feature(iter_next_chunk)]
[INFO] [stdout]   |            ^^^^^^^^^^^^^^^
[INFO] [stdout] 
[INFO] [stdout] 
[INFO] [stdout] error[E0554]: `#![feature]` may not be used on the stable release channel
[INFO] [stdout]  --> /opt/rustwide/cargo-home/registry/src/index.crates.io-6f17d22bba15001f/asp_lib-0.1.12/src/lib.rs:2:12
[INFO] [stdout]   |
[INFO] [stdout] 2 | #![feature(absolute_path)]
[INFO] [stdout]   |            ^^^^^^^^^^^^^
[INFO] [stdout] 
[INFO] [stdout] 
[INFO] [stdout] error[E0554]: `#![feature]` may not be used on the stable release channel
[INFO] [stdout]  --> /opt/rustwide/cargo-home/registry/src/index.crates.io-6f17d22bba15001f/asp_lib-0.1.12/src/lib.rs:3:12
[INFO] [stdout]   |
[INFO] [stdout] 3 | #![feature(path_file_prefix)]
[INFO] [stdout]   |            ^^^^^^^^^^^^^^^^
[INFO] [stdout] 
[INFO] [stdout] 
[INFO] [stdout] error: aborting due to 3 previous errors
[INFO] [stdout] 
[INFO] [stdout] 
[INFO] [stdout] For more information about this error, try `rustc --explain E0554`.
[INFO] [stdout] 
[INFO] [stderr] error: could not compile `asp_lib` (lib) due to 4 previous errors
[INFO] [stderr] warning: build failed, waiting for other jobs to finish...
[INFO] running `Command { std: "docker" "inspect" "d395a634bd09ed8641d04d2b6ac60dae9e347b089a7a5c1b23fd8ac60d516879", kill_on_drop: false }`
[INFO] running `Command { std: "docker" "rm" "-f" "d395a634bd09ed8641d04d2b6ac60dae9e347b089a7a5c1b23fd8ac60d516879", kill_on_drop: false }`
[INFO] [stdout] d395a634bd09ed8641d04d2b6ac60dae9e347b089a7a5c1b23fd8ac60d516879
[INFO] documenting asp_gui-0.1.5 against beta-2023-12-22 for beta-1.76-rustdoc-1
[INFO] extracting crate asp_gui 0.1.5 into /workspace/builds/worker-1-tc2/source
[INFO] validating manifest of crates.io crate asp_gui 0.1.5 on toolchain beta-2023-12-22
[INFO] running `Command { std: CARGO_HOME="/workspace/cargo-home" RUSTUP_HOME="/workspace/rustup-home" "/workspace/cargo-home/bin/cargo" "+beta-2023-12-22" "metadata" "--manifest-path" "Cargo.toml" "--no-deps", kill_on_drop: false }`
[INFO] started tweaking crates.io crate asp_gui 0.1.5
[INFO] finished tweaking crates.io crate asp_gui 0.1.5
[INFO] tweaked toml for crates.io crate asp_gui 0.1.5 written to /workspace/builds/worker-1-tc2/source/Cargo.toml
[INFO] crate crates.io crate asp_gui 0.1.5 already has a lockfile, it will not be regenerated
[INFO] running `Command { std: CARGO_HOME="/workspace/cargo-home" RUSTUP_HOME="/workspace/rustup-home" "/workspace/cargo-home/bin/cargo" "+beta-2023-12-22" "fetch" "--manifest-path" "Cargo.toml", kill_on_drop: false }`
[INFO] running `Command { std: "docker" "create" "-v" "/var/lib/crater-agent-workspace/builds/worker-1-tc2/target:/opt/rustwide/target:rw,Z" "-v" "/var/lib/crater-agent-workspace/builds/worker-1-tc2/source:/opt/rustwide/workdir:ro,Z" "-v" "/var/lib/crater-agent-workspace/cargo-home:/opt/rustwide/cargo-home:ro,Z" "-v" "/var/lib/crater-agent-workspace/rustup-home:/opt/rustwide/rustup-home:ro,Z" "-e" "SOURCE_DIR=/opt/rustwide/workdir" "-e" "CARGO_TARGET_DIR=/opt/rustwide/target" "-e" "CARGO_HOME=/opt/rustwide/cargo-home" "-e" "RUSTUP_HOME=/opt/rustwide/rustup-home" "-w" "/opt/rustwide/workdir" "-m" "1610612736" "--user" "0:0" "--network" "none" "ghcr.io/rust-lang/crates-build-env/linux@sha256:2788e3201cd34a07e3172128adcd8b3090168a8e3bcc40d7c032b9dda1df7d1c" "/opt/rustwide/cargo-home/bin/cargo" "+beta-2023-12-22" "metadata" "--no-deps" "--format-version=1", kill_on_drop: false }`
[INFO] [stdout] c504ea7c701ccd23c380c0ebf541e974a9708dd2dd39636956f8b095b474aa07
[INFO] running `Command { std: "docker" "start" "-a" "c504ea7c701ccd23c380c0ebf541e974a9708dd2dd39636956f8b095b474aa07", kill_on_drop: false }`
[INFO] running `Command { std: "docker" "inspect" "c504ea7c701ccd23c380c0ebf541e974a9708dd2dd39636956f8b095b474aa07", kill_on_drop: false }`
[INFO] running `Command { std: "docker" "rm" "-f" "c504ea7c701ccd23c380c0ebf541e974a9708dd2dd39636956f8b095b474aa07", kill_on_drop: false }`
[INFO] [stdout] c504ea7c701ccd23c380c0ebf541e974a9708dd2dd39636956f8b095b474aa07
[INFO] running `Command { std: "docker" "create" "-v" "/var/lib/crater-agent-workspace/builds/worker-1-tc2/target:/opt/rustwide/target:rw,Z" "-v" "/var/lib/crater-agent-workspace/builds/worker-1-tc2/source:/opt/rustwide/workdir:ro,Z" "-v" "/var/lib/crater-agent-workspace/cargo-home:/opt/rustwide/cargo-home:ro,Z" "-v" "/var/lib/crater-agent-workspace/rustup-home:/opt/rustwide/rustup-home:ro,Z" "-e" "SOURCE_DIR=/opt/rustwide/workdir" "-e" "CARGO_TARGET_DIR=/opt/rustwide/target" "-e" "CARGO_INCREMENTAL=0" "-e" "RUST_BACKTRACE=full" "-e" "RUSTFLAGS=--cap-lints=warn" "-e" "RUSTDOCFLAGS=--cap-lints=warn" "-e" "CARGO_HOME=/opt/rustwide/cargo-home" "-e" "RUSTUP_HOME=/opt/rustwide/rustup-home" "-w" "/opt/rustwide/workdir" "-m" "1610612736" "--user" "0:0" "--network" "none" "ghcr.io/rust-lang/crates-build-env/linux@sha256:2788e3201cd34a07e3172128adcd8b3090168a8e3bcc40d7c032b9dda1df7d1c" "/opt/rustwide/cargo-home/bin/cargo" "+beta-2023-12-22" "doc" "--frozen" "--no-deps" "--document-private-items" "--message-format=json", kill_on_drop: false }`
[INFO] [stdout] 1a5938dcca5b6ee46b6283ac10c487b830bfa7558adeca2b66338afb11c36628
[INFO] running `Command { std: "docker" "start" "-a" "1a5938dcca5b6ee46b6283ac10c487b830bfa7558adeca2b66338afb11c36628", kill_on_drop: false }`
[INFO] [stderr]    Compiling libc v0.2.147
[INFO] [stderr]    Compiling proc-macro2 v1.0.63
[INFO] [stderr]    Compiling unicode-ident v1.0.9
[INFO] [stderr]    Compiling quote v1.0.28
[INFO] [stderr]    Compiling serde v1.0.164
[INFO] [stderr]    Compiling equivalent v1.0.0
[INFO] [stderr]    Compiling hashbrown v0.14.0
[INFO] [stderr]    Compiling winnow v0.4.7
[INFO] [stderr]    Compiling target-lexicon v0.12.8
[INFO] [stderr]    Compiling smallvec v1.10.0
[INFO] [stderr]    Compiling version-compare v0.1.1
[INFO] [stderr]    Compiling heck v0.4.1
[INFO] [stderr]    Compiling xml-rs v0.8.14
[INFO] [stderr]    Compiling indexmap v2.0.0
[INFO] [stderr]     Checking log v0.4.19
[INFO] [stderr]     Checking once_cell v1.18.0
[INFO] [stderr]    Compiling cfg-expr v0.15.3
[INFO] [stderr]    Compiling syn v2.0.22
[INFO] [stderr]    Compiling crossbeam-utils v0.8.16
[INFO] [stderr]    Compiling memoffset v0.6.5
[INFO] [stderr]    Compiling futures-core v0.3.28
[INFO] [stderr]     Checking scopeguard v1.1.0
[INFO] [stderr]    Compiling wayland-scanner v0.29.5
[INFO] [stderr]     Checking libloading v0.8.0
[INFO] [stderr]     Checking nix v0.24.3
[INFO] [stderr]    Compiling syn v1.0.109
[INFO] [stderr]    Compiling thiserror v1.0.40
[INFO] [stderr]     Checking dlib v0.5.2
[INFO] [stderr]     Checking simd-adler32 v0.3.5
[INFO] [stderr]     Checking pin-project-lite v0.2.9
[INFO] [stderr]    Compiling wayland-sys v0.29.5
[INFO] [stderr]     Checking event-listener v2.5.3
[INFO] [stderr]     Checking getrandom v0.2.10
[INFO] [stderr]    Compiling jobserver v0.1.26
[INFO] [stderr]    Compiling lock_api v0.4.10
[INFO] [stderr]     Checking static_assertions v1.1.0
[INFO] [stderr]    Compiling cc v1.0.79
[INFO] [stderr]     Checking futures-io v0.3.28
[INFO] [stderr]     Checking miniz_oxide v0.7.1
[INFO] [stderr]    Compiling serde_spanned v0.6.3
[INFO] [stderr]    Compiling toml_datetime v0.6.3
[INFO] [stderr]    Compiling wayland-client v0.29.5
[INFO] [stderr]    Compiling toml_edit v0.19.11
[INFO] [stderr]     Checking concurrent-queue v2.2.0
[INFO] [stderr]    Compiling khronos_api v3.1.0
[INFO] [stderr]     Checking waker-fn v1.1.0
[INFO] [stderr]     Checking parking v2.1.0
[INFO] [stderr]     Checking fastrand v1.9.0
[INFO] [stderr]    Compiling cfg_aliases v0.1.1
[INFO] [stderr]     Checking futures-lite v1.13.0
[INFO] [stderr]     Checking async-lock v2.7.0
[INFO] [stderr]    Compiling zstd-sys v2.0.8+zstd.1.5.5
[INFO] [stderr]    Compiling slotmap v1.0.6
[INFO] [stderr]    Compiling memoffset v0.9.0
[INFO] [stderr]    Compiling io-lifetimes v1.0.11
[INFO] [stderr]     Checking subtle v2.5.0
[INFO] [stderr]     Checking ttf-parser v0.19.1
[INFO] [stderr]     Checking scoped-tls v1.0.1
[INFO] [stderr]     Checking minimal-lexical v0.2.1
[INFO] [stderr]     Checking futures-sink v0.3.28
[INFO] [stderr]     Checking wayland-commons v0.29.5
[INFO] [stderr]    Compiling toml v0.7.5
[INFO] [stderr]     Checking nom v7.1.3
[INFO] [stderr]    Compiling proc-macro-crate v1.3.1
[INFO] [stderr]    Compiling system-deps v6.1.1
[INFO] [stderr]     Checking digest v0.10.7
[INFO] [stderr]    Compiling zvariant_utils v1.0.1
[INFO] [stderr]     Checking flate2 v1.0.26
[INFO] [stderr]     Checking owned_ttf_parser v0.19.0
[INFO] [stderr]    Compiling wayland-protocols v0.29.5
[INFO] [stderr]    Compiling polling v2.8.0
[INFO] [stderr]    Compiling crossbeam-epoch v0.9.15
[INFO] [stderr]    Compiling memoffset v0.7.1
[INFO] [stderr]    Compiling rustix v0.37.20
[INFO] [stderr]     Checking ab_glyph_rasterizer v0.1.8
[INFO] [stderr]     Checking ab_glyph v0.2.21
[INFO] [stderr]    Compiling gl_generator v0.14.0
[INFO] [stderr]     Checking xcursor v0.3.4
[INFO] [stderr]    Compiling glib-sys v0.16.3
[INFO] [stderr]    Compiling gobject-sys v0.16.3
[INFO] [stderr]    Compiling bytemuck_derive v1.4.1
[INFO] [stderr]    Compiling thiserror-impl v1.0.40
[INFO] [stderr]    Compiling serde_derive v1.0.164
[INFO] [stderr]    Compiling enumflags2_derive v0.7.7
[INFO] [stderr]     Checking fdeflate v0.3.0
[INFO] [stderr]     Checking nix v0.25.1
[INFO] [stderr]    Compiling memchr v2.5.0
[INFO] [stderr]    Compiling x11-dl v2.21.0
[INFO] [stderr]     Checking bytemuck v1.13.1
[INFO] [stderr]    Compiling smithay-client-toolkit v0.16.0
[INFO] [stderr]    Compiling async-io v1.13.0
[INFO] [stderr]     Checking linux-raw-sys v0.3.8
[INFO] [stderr]    Compiling zstd-safe v6.0.6
[INFO] [stderr]     Checking async-task v4.4.0
[INFO] [stderr]    Compiling futures-util v0.3.28
[INFO] [stderr]    Compiling parking_lot_core v0.9.8
[INFO] [stderr]    Compiling zvariant_derive v3.15.0
[INFO] [stderr]    Compiling aho-corasick v1.0.2
[INFO] [stderr]     Checking png v0.17.9
[INFO] [stderr]     Checking calloop v0.10.6
[INFO] [stderr]     Checking wayland-cursor v0.29.5
[INFO] [stderr]     Checking async-channel v1.8.0
[INFO] [stderr]     Checking rand_core v0.6.4
[INFO] [stderr]     Checking socket2 v0.4.9
[INFO] [stderr]     Checking memmap2 v0.5.10
[INFO] [stderr]    Compiling typenum v1.16.0
[INFO] [stderr]    Compiling async-fs v1.6.0
[INFO] [stderr]    Compiling num-traits v0.2.15
[INFO] [stderr]    Compiling regex-syntax v0.7.2
[INFO] [stderr]     Checking strict-num v0.1.1
[INFO] [stderr]    Compiling rayon-core v1.11.0
[INFO] [stderr]     Checking atomic-waker v1.1.1
[INFO] [stderr]    Compiling fallible-iterator v0.2.0
[INFO] [stderr]    Compiling async-trait v0.1.68
[INFO] [stderr]     Checking arrayref v0.3.7
[INFO] [stderr]    Compiling hexhex_impl v0.1.0
[INFO] [stderr]     Checking tiny-skia-path v0.8.4
[INFO] [stderr]     Checking rand_chacha v0.3.1
[INFO] [stderr]     Checking blocking v1.3.1
[INFO] [stderr]    Compiling generic-array v0.14.7
[INFO] [stderr]     Checking nix v0.26.2
[INFO] [stderr]     Checking crossbeam-deque v0.8.3
[INFO] [stderr]    Compiling tracing-attributes v0.1.26
[INFO] [stderr]     Checking crossbeam-channel v0.5.8
[INFO] [stderr]     Checking num_cpus v1.16.0
[INFO] [stderr]     Checking tracing-core v0.1.31
[INFO] [stderr]    Compiling smartstring v1.0.1
[INFO] [stderr]    Compiling regex v1.8.4
[INFO] [stderr]    Compiling ahash v0.8.3
[INFO] [stderr]     Checking raw-window-handle v0.5.2
[INFO] [stderr]     Checking accesskit v0.11.0
[INFO] [stderr]     Checking either v1.8.1
[INFO] [stderr]     Checking cpufeatures v0.2.8
[INFO] [stderr]     Checking arrayvec v0.7.4
[INFO] [stderr]     Checking sha1 v0.10.5
[INFO] [stderr]     Checking xdg-home v1.0.0
[INFO] [stderr]     Checking parking_lot v0.12.1
[INFO] [stderr]     Checking tiny-skia v0.8.4
[INFO] [stderr]     Checking tracing v0.1.37
[INFO] [stderr]     Checking rand v0.8.5
[INFO] [stderr]    Compiling hexhex_macros v1.0.0
[INFO] [stderr]     Checking enumflags2 v0.7.7
[INFO] [stderr]     Checking zvariant v3.15.0
[INFO] [stderr]     Checking async-executor v1.5.1
[INFO] [stderr]    Compiling derivative v2.2.0
[INFO] [stderr]    Compiling async-recursion v1.0.4
[INFO] [stderr]    Compiling serde_repr v0.1.12
[INFO] [stderr]    Compiling gio-sys v0.16.3
[INFO] [stderr]    Compiling zbus_macros v3.14.1
[INFO] [stderr]    Compiling atk-sys v0.16.0
[INFO] [stderr]    Compiling gdk-sys v0.16.0
[INFO] [stderr]    Compiling winit v0.28.6
[INFO] [stderr]     Checking async-broadcast v0.5.1
[INFO] [stderr]     Checking ordered-stream v0.2.0
[INFO] [stderr]     Checking hex v0.4.3
[INFO] [stderr]     Checking zbus_names v2.6.0
[INFO] [stderr]    Compiling block-buffer v0.10.4
[INFO] [stderr]    Compiling crypto-common v0.1.6
[INFO] [stderr]     Checking emath v0.22.0
[INFO] [stderr]     Checking ecolor v0.22.0
[INFO] [stderr]    Compiling atspi-macros v0.2.0
[INFO] [stderr]    Compiling glutin_glx_sys v0.4.0
[INFO] [stderr]    Compiling glutin_egl_sys v0.5.0
[INFO] [stderr]    Compiling pin-project-internal v1.1.3
[INFO] [stderr]    Compiling gdk-pixbuf-sys v0.16.3
[INFO] [stderr]    Compiling pango-sys v0.16.3
[INFO] [stderr]    Compiling cairo-sys-rs v0.16.3
[INFO] [stderr]     Checking mio v0.8.8
[INFO] [stderr]     Checking instant v0.1.12
[INFO] [stderr]    Compiling wayland-sys v0.30.1
[INFO] [stderr]     Checking nohash-hasher v0.2.0
[INFO] [stderr]     Checking epaint v0.22.0
[INFO] [stderr]     Checking rayon v1.7.0
[INFO] [stderr]     Checking accesskit_consumer v0.15.0
[INFO] [stderr]    Compiling gtk-sys v0.16.0
[INFO] [stderr]     Checking x11rb-protocol v0.10.0
[INFO] [stderr]     Checking pin-project v1.1.3
[INFO] [stderr]     Checking spin v0.9.8
[INFO] [stderr]    Compiling glutin v0.30.9
[INFO] [stderr]     Checking nanorand v0.7.0
[INFO] [stderr]     Checking gethostname v0.2.3
[INFO] [stderr]     Checking weezl v0.1.7
[INFO] [stderr]    Compiling anyhow v1.0.75
[INFO] [stderr]     Checking flume v0.10.14
[INFO] [stderr]     Checking egui v0.22.0
[INFO] [stderr]    Compiling blake2 v0.10.6
[INFO] [stderr]     Checking num-integer v0.1.45
[INFO] [stderr]    Compiling hexhex v1.0.0
[INFO] [stderr]    Compiling glutin-winit v0.3.0
[INFO] [stderr]     Checking zune-inflate v0.2.54
[INFO] [stderr]     Checking libloading v0.7.4
[INFO] [stderr]     Checking half v2.2.1
[INFO] [stderr]    Compiling same-file v1.0.6
[INFO] [stderr]     Checking jpeg-decoder v0.3.0
[INFO] [stderr]     Checking bit_field v0.10.2
[INFO] [stderr]    Compiling lz4_flex v0.10.0
[INFO] [stderr]    Compiling yazi v0.1.6
[INFO] [stderr]     Checking home v0.5.5
[INFO] [stderr]     Checking lebe v0.5.2
[INFO] [stderr]     Checking exr v1.7.0
[INFO] [stderr]     Checking gif v0.12.0
[INFO] [stderr]     Checking webbrowser v0.8.10
[INFO] [stderr]     Checking tiff v0.9.0
[INFO] [stderr]    Compiling walkdir v2.3.3
[INFO] [stderr]     Checking num-rational v0.4.1
[INFO] [stderr]     Checking zbus v3.14.1
[INFO] [stderr]     Checking qoi v0.4.1
[INFO] [stderr]     Checking csv-core v0.1.10
[INFO] [stderr]     Checking itoa v1.0.6
[INFO] [stderr]    Compiling rfd v0.11.4
[INFO] [stderr]     Checking ryu v1.0.13
[INFO] [stderr]     Checking glow v0.12.2
[INFO] [stderr]     Checking csv v1.2.2
[INFO] [stderr]     Checking itertools-num v0.1.3
[INFO] [stderr]     Checking itertools v0.10.5
[INFO] [stderr]     Checking image v0.24.7
[INFO] [stderr]     Checking split-iter v0.1.0
[INFO] [stderr]     Checking x11rb v0.10.1
[INFO] [stderr]     Checking egui_glow v0.22.0
[INFO] [stderr]     Checking asp_lib v0.1.12
[INFO] [stdout] error[E0554]: `#![feature]` may not be used on the beta release channel
[INFO] [stdout]  --> /opt/rustwide/cargo-home/registry/src/index.crates.io-6f17d22bba15001f/asp_lib-0.1.12/src/lib.rs:1:12
[INFO] [stdout]   |
[INFO] [stdout] 1 | #![feature(iter_next_chunk)]
[INFO] [stdout]   |            ^^^^^^^^^^^^^^^
[INFO] [stdout] 
[INFO] [stdout] 
[INFO] [stdout] error[E0554]: `#![feature]` may not be used on the beta release channel
[INFO] [stdout]  --> /opt/rustwide/cargo-home/registry/src/index.crates.io-6f17d22bba15001f/asp_lib-0.1.12/src/lib.rs:2:12
[INFO] [stdout]   |
[INFO] [stdout] 2 | #![feature(absolute_path)]
[INFO] [stdout]   |            ^^^^^^^^^^^^^
[INFO] [stdout] 
[INFO] [stdout] 
[INFO] [stdout] error[E0554]: `#![feature]` may not be used on the beta release channel
[INFO] [stdout]  --> /opt/rustwide/cargo-home/registry/src/index.crates.io-6f17d22bba15001f/asp_lib-0.1.12/src/lib.rs:3:12
[INFO] [stdout]   |
[INFO] [stdout] 3 | #![feature(path_file_prefix)]
[INFO] [stdout]   |            ^^^^^^^^^^^^^^^^
[INFO] [stdout] 
[INFO] [stdout] 
[INFO] [stdout] error: aborting due to 3 previous errors
[INFO] [stdout] 
[INFO] [stdout] 
[INFO] [stdout] For more information about this error, try `rustc --explain E0554`.
[INFO] [stdout] 
[INFO] [stderr] error: could not compile `asp_lib` (lib) due to 4 previous errors
[INFO] [stderr] warning: build failed, waiting for other jobs to finish...
[INFO] running `Command { std: "docker" "inspect" "1a5938dcca5b6ee46b6283ac10c487b830bfa7558adeca2b66338afb11c36628", kill_on_drop: false }`
[INFO] running `Command { std: "docker" "rm" "-f" "1a5938dcca5b6ee46b6283ac10c487b830bfa7558adeca2b66338afb11c36628", kill_on_drop: false }`
[INFO] [stdout] 1a5938dcca5b6ee46b6283ac10c487b830bfa7558adeca2b66338afb11c36628
