[INFO] fetching crate ascella-desktop 0.5.2...
[INFO] documenting ascella-desktop-0.5.2 against 1.75.0 for beta-1.76-rustdoc-1
[INFO] extracting crate ascella-desktop 0.5.2 into /workspace/builds/worker-4-tc1/source
[INFO] validating manifest of crates.io crate ascella-desktop 0.5.2 on toolchain 1.75.0
[INFO] running `Command { std: CARGO_HOME="/workspace/cargo-home" RUSTUP_HOME="/workspace/rustup-home" "/workspace/cargo-home/bin/cargo" "+1.75.0" "metadata" "--manifest-path" "Cargo.toml" "--no-deps", kill_on_drop: false }`
[INFO] started tweaking crates.io crate ascella-desktop 0.5.2
[INFO] finished tweaking crates.io crate ascella-desktop 0.5.2
[INFO] tweaked toml for crates.io crate ascella-desktop 0.5.2 written to /workspace/builds/worker-4-tc1/source/Cargo.toml
[INFO] crate crates.io crate ascella-desktop 0.5.2 already has a lockfile, it will not be regenerated
[INFO] running `Command { std: CARGO_HOME="/workspace/cargo-home" RUSTUP_HOME="/workspace/rustup-home" "/workspace/cargo-home/bin/cargo" "+1.75.0" "fetch" "--manifest-path" "Cargo.toml", kill_on_drop: false }`
[INFO] [stderr]     Updating crates.io index
[INFO] [stderr]  Downloading crates ...
[INFO] [stderr]   Downloaded range-alloc v0.1.2
[INFO] [stderr]   Downloaded x11-dl v2.19.1
[INFO] [stderr]   Downloaded ndk-macro v0.3.0
[INFO] [stderr]   Downloaded wayland-client v0.29.4
[INFO] [stderr]   Downloaded smithay-client-toolkit v0.15.4
[INFO] [stderr]   Downloaded iced_winit v0.4.0
[INFO] [stderr]   Downloaded bytemuck_derive v1.1.0
[INFO] [stderr]   Downloaded clipboard_wayland v0.2.0
[INFO] [stderr]   Downloaded core-foundation v0.7.0
[INFO] [stderr]   Downloaded core-foundation-sys v0.7.0
[INFO] [stderr]   Downloaded dlib v0.5.0
[INFO] [stderr]   Downloaded xcursor v0.3.4
[INFO] [stderr]   Downloaded wasm-bindgen-shared v0.2.80
[INFO] [stderr]   Downloaded calloop v0.9.3
[INFO] [stderr]   Downloaded wayland-scanner v0.29.4
[INFO] [stderr]   Downloaded wasm-bindgen-futures v0.4.30
[INFO] [stderr]   Downloaded gpu-descriptor-types v0.1.1
[INFO] [stderr]   Downloaded glyph_brush v0.7.4
[INFO] [stderr]   Downloaded tracing-core v0.1.26
[INFO] [stderr]   Downloaded ndk-glue v0.5.2
[INFO] [stderr]   Downloaded svg_fmt v0.4.1
[INFO] [stderr]   Downloaded wayland-egl v0.29.4
[INFO] [stderr]   Downloaded tabular v0.2.0
[INFO] [stderr]   Downloaded glutin_emscripten_sys v0.1.1
[INFO] [stderr]   Downloaded gl_generator v0.14.0
[INFO] [stderr]   Downloaded indexmap v1.8.2
[INFO] [stderr]   Downloaded glyph_brush_draw_cache v0.1.5
[INFO] [stderr]   Downloaded d3d12 v0.4.1
[INFO] [stderr]   Downloaded crossbeam-utils v0.8.8
[INFO] [stderr]   Downloaded crossbeam-epoch v0.9.8
[INFO] [stderr]   Downloaded futures-io v0.3.21
[INFO] [stderr]   Downloaded metal v0.23.1
[INFO] [stderr]   Downloaded clipboard_x11 v0.4.0
[INFO] [stderr]   Downloaded security-framework v2.6.1
[INFO] [stderr]   Downloaded openssl-src v111.20.0+1.1.1o
[INFO] [stderr]   Downloaded iced_graphics v0.3.0
[INFO] [stderr]   Downloaded glow_glyph v0.5.1
[INFO] [stderr]   Downloaded http v0.2.7
[INFO] [stderr]   Downloaded glutin_gles2_sys v0.1.5
[INFO] [stderr]   Downloaded khronos_api v3.1.0
[INFO] [stderr]   Downloaded glyph_brush_layout v0.2.3
[INFO] [stderr]   Downloaded reqwest v0.11.10
[INFO] [stderr]   Downloaded osmesa-sys v0.1.2
[INFO] [stderr]   Downloaded glutin v0.28.0
[INFO] [stderr]   Downloaded textwrap v0.15.0
[INFO] [stderr]   Downloaded euclid v0.22.7
[INFO] [stderr]   Downloaded mutate_once v0.1.1
[INFO] [stderr]   Downloaded fastrand v1.7.0
[INFO] [stderr]   Downloaded linked-hash-map v0.5.4
[INFO] [stderr]   Downloaded clipboard2 v0.1.1
[INFO] [stderr]   Downloaded os_str_bytes v6.1.0
[INFO] [stderr]   Downloaded owned_ttf_parser v0.15.0
[INFO] [stderr]   Downloaded bit-set v0.5.2
[INFO] [stderr]   Downloaded quote v1.0.18
[INFO] [stderr]   Downloaded clap v3.1.18
[INFO] [stderr]   Downloaded wasm-timer v0.2.5
[INFO] [stderr]   Downloaded tokio-util v0.7.2
[INFO] [stderr]   Downloaded tracing-attributes v0.1.21
[INFO] [stderr]   Downloaded clap_lex v0.2.0
[INFO] [stderr]   Downloaded glutin_glx_sys v0.1.7
[INFO] [stderr]   Downloaded ryu v1.0.10
[INFO] [stderr]   Downloaded chrono v0.4.19
[INFO] [stderr]   Downloaded futures-sink v0.3.21
[INFO] [stderr]   Downloaded hyper v0.14.19
[INFO] [stderr]   Downloaded crossbeam-channel v0.5.4
[INFO] [stderr]   Downloaded tracing v0.1.34
[INFO] [stderr]   Downloaded anyhow v1.0.57
[INFO] [stderr]   Downloaded clap_derive v3.1.18
[INFO] [stderr]   Downloaded h2 v0.3.13
[INFO] [stderr]   Downloaded ascella-cli v0.5.2
[INFO] [stderr]   Downloaded cgl v0.3.2
[INFO] [stderr]   Downloaded iced_glutin v0.3.0
[INFO] [stderr]   Downloaded arrayvec v0.7.2
[INFO] [stderr]   Downloaded renderdoc-sys v0.7.1
[INFO] [stderr]   Downloaded httparse v1.7.1
[INFO] [stderr]   Downloaded wgpu-core v0.12.2
[INFO] [stderr]   Downloaded xi-unicode v0.3.0
[INFO] [stderr]   Downloaded ash v0.34.0+1.2.203
[INFO] [stderr]   Downloaded iced_glow v0.3.0
[INFO] [stderr]   Downloaded openssl-sys v0.9.74
[INFO] [stderr]   Downloaded glutin_wgl_sys v0.1.5
[INFO] [stderr]   Downloaded wgpu-hal v0.12.5
[INFO] [stderr]   Downloaded ordered-float v3.0.0
[INFO] [stderr]   Downloaded slotmap v1.0.6
[INFO] [stderr]   Downloaded colored v2.0.0
[INFO] [stderr]   Downloaded clipboard_macos v0.1.0
[INFO] [stderr]   Downloaded glow v0.11.2
[INFO] [stderr]   Downloaded openssl v0.10.40
[INFO] [stderr]   Downloaded ab_glyph_rasterizer v0.1.5
[INFO] [stderr]   Downloaded glutin_egl_sys v0.1.5
[INFO] [stderr]   Downloaded guillotiere v0.6.2
[INFO] [stderr]   Downloaded gethostname v0.2.3
[INFO] [stderr]   Downloaded futures-executor v0.3.21
[INFO] [stderr]   Downloaded cfg_aliases v0.1.1
[INFO] [stderr]   Downloaded itoa v1.0.2
[INFO] [stderr]   Downloaded home v0.5.3
[INFO] [stderr]   Downloaded serde_json v1.0.81
[INFO] [stderr]   Downloaded thiserror-impl v1.0.31
[INFO] [stderr]   Downloaded inplace_it v0.3.3
[INFO] [stderr]   Downloaded profiling v1.0.6
[INFO] [stderr]   Downloaded mio v0.8.3
[INFO] [stderr]   Downloaded tokio v1.18.2
[INFO] [stderr]   Downloaded web-sys v0.3.57
[INFO] [stderr]   Downloaded iced v0.4.2
[INFO] [stderr]   Downloaded x11rb v0.9.0
[INFO] [stderr]   Downloaded kamadak-exif v0.5.4
[INFO] [stderr]   Downloaded futures-channel v0.3.21
[INFO] [stderr]   Downloaded ttf-parser v0.15.0
[INFO] [stderr]   Downloaded naga v0.8.5
[INFO] [stderr]   Downloaded futures-util v0.3.21
[INFO] [stderr]   Downloaded syn v1.0.95
[INFO] [stderr]   Downloaded wgpu v0.12.0
[INFO] [stderr]   Downloaded winit v0.26.1
[INFO] [stderr]   Downloaded nix v0.22.3
[INFO] [stderr]   Downloaded js-sys v0.3.57
[INFO] [stderr]   Downloaded ndk-sys v0.2.2
[INFO] [stderr]   Downloaded wayland-protocols v0.29.4
[INFO] [stderr]   Downloaded clipboard-win v4.4.1
[INFO] [stderr]   Downloaded bytemuck v1.9.1
[INFO] [stderr]   Downloaded wgpu_glyph v0.16.0
[INFO] [stderr]   Downloaded ndk v0.5.0
[INFO] [stderr]   Downloaded lock_api v0.4.7
[INFO] [stderr]   Downloaded getrandom v0.2.6
[INFO] [stderr]   Downloaded smallvec v1.8.0
[INFO] [stderr]   Downloaded wasm-bindgen-macro-support v0.2.80
[INFO] [stderr]   Downloaded socket2 v0.4.4
[INFO] [stderr]   Downloaded spirv v0.2.0+1.5.4
[INFO] [stderr]   Downloaded futures-core v0.3.21
[INFO] [stderr]   Downloaded futures v0.3.21
[INFO] [stderr]   Downloaded unicode-segmentation v1.9.0
[INFO] [stderr]   Downloaded darling v0.13.4
[INFO] [stderr]   Downloaded bumpalo v3.10.0
[INFO] [stderr]   Downloaded pkg-config v0.3.25
[INFO] [stderr]   Downloaded wayland-commons v0.29.4
[INFO] [stderr]   Downloaded thiserror v1.0.31
[INFO] [stderr]   Downloaded serde_derive v1.0.137
[INFO] [stderr]   Downloaded ab_glyph v0.2.15
[INFO] [stderr]   Downloaded slab v0.4.6
[INFO] [stderr]   Downloaded dispatch v0.2.0
[INFO] [stderr]   Downloaded memmap2 v0.3.1
[INFO] [stderr]   Downloaded glam v0.10.2
[INFO] [stderr]   Downloaded xml-rs v0.8.4
[INFO] [stderr]   Downloaded raw-window-handle v0.3.4
[INFO] [stderr]   Downloaded twox-hash v1.6.3
[INFO] [stderr]   Downloaded window_clipboard v0.2.3
[INFO] [stderr]   Downloaded str-buf v1.0.6
[INFO] [stderr]   Downloaded iced_futures v0.4.1
[INFO] [stderr]   Downloaded objc_exception v0.1.2
[INFO] [stderr]   Downloaded which v4.2.5
[INFO] [stderr]   Downloaded redox_syscall v0.2.13
[INFO] [stderr]   Downloaded native-dialog v0.6.3
[INFO] [stderr]   Downloaded wayland-cursor v0.29.4
[INFO] [stderr]   Downloaded downcast-rs v1.2.0
[INFO] [stderr]   Downloaded wfd v0.1.7
[INFO] [stderr]   Downloaded wayland-sys v0.29.4
[INFO] [stderr]   Downloaded num_enum_derive v0.5.7
[INFO] [stderr]   Downloaded scoped-tls v1.0.0
[INFO] [stderr]   Downloaded gpu-descriptor v0.2.2
[INFO] [stderr]   Downloaded iced_wgpu v0.5.1
[INFO] [stderr]   Downloaded futures-macro v0.3.21
[INFO] [stderr]   Downloaded iced_style v0.4.0
[INFO] [stderr]   Downloaded iced_native v0.5.1
[INFO] [stderr]   Downloaded smithay-clipboard v0.6.5
[INFO] [stderr]   Downloaded darling_macro v0.13.4
[INFO] [stderr]   Downloaded cocoa v0.24.0
[INFO] [stderr]   Downloaded num_enum v0.5.7
[INFO] [stderr]   Downloaded wasm-bindgen v0.2.80
[INFO] [stderr]   Downloaded khronos-egl v4.1.0
[INFO] [stderr]   Downloaded hexf-parse v0.2.1
[INFO] [stderr]   Downloaded core-graphics v0.22.3
[INFO] [stderr]   Downloaded proc-macro2 v1.0.39
[INFO] [stderr]   Downloaded raw-window-handle v0.4.3
[INFO] [stderr]   Downloaded core-graphics v0.19.2
[INFO] [stderr]   Downloaded cocoa-foundation v0.1.0
[INFO] [stderr]   Downloaded futures-task v0.3.21
[INFO] [stderr]   Downloaded libloading v0.7.3
[INFO] [stderr]   Downloaded wgpu-types v0.12.0
[INFO] [stderr]   Downloaded cty v0.2.2
[INFO] [stderr]   Downloaded iced_core v0.5.0
[INFO] [stderr]   Downloaded winapi-wsapoll v0.1.1
[INFO] [stderr]   Downloaded core-video-sys v0.1.4
[INFO] [stderr]   Downloaded core-graphics-types v0.1.1
[INFO] [stderr]   Downloaded proc-macro-crate v1.1.3
[INFO] [stderr]   Downloaded gpu-alloc-types v0.2.0
[INFO] [stderr]   Downloaded error-code v2.3.1
[INFO] [stderr]   Downloaded serde v1.0.137
[INFO] [stderr]   Downloaded libc v0.2.126
[INFO] [stderr]   Downloaded darling_core v0.13.4
[INFO] [stderr]   Downloaded wasm-bindgen-macro v0.2.80
[INFO] [stderr]   Downloaded unicode-ident v1.0.0
[INFO] [stderr]   Downloaded wasm-bindgen-backend v0.2.80
[INFO] [stderr]   Downloaded once_cell v1.12.0
[INFO] [stderr]   Downloaded gpu-alloc v0.5.3
[INFO] running `Command { std: "docker" "create" "-v" "/var/lib/crater-agent-workspace/builds/worker-4-tc1/target:/opt/rustwide/target:rw,Z" "-v" "/var/lib/crater-agent-workspace/builds/worker-4-tc1/source:/opt/rustwide/workdir:ro,Z" "-v" "/var/lib/crater-agent-workspace/cargo-home:/opt/rustwide/cargo-home:ro,Z" "-v" "/var/lib/crater-agent-workspace/rustup-home:/opt/rustwide/rustup-home:ro,Z" "-e" "SOURCE_DIR=/opt/rustwide/workdir" "-e" "CARGO_TARGET_DIR=/opt/rustwide/target" "-e" "CARGO_HOME=/opt/rustwide/cargo-home" "-e" "RUSTUP_HOME=/opt/rustwide/rustup-home" "-w" "/opt/rustwide/workdir" "-m" "1610612736" "--user" "0:0" "--network" "none" "ghcr.io/rust-lang/crates-build-env/linux@sha256:2788e3201cd34a07e3172128adcd8b3090168a8e3bcc40d7c032b9dda1df7d1c" "/opt/rustwide/cargo-home/bin/cargo" "+1.75.0" "metadata" "--no-deps" "--format-version=1", kill_on_drop: false }`
[INFO] [stdout] 5ff64d659843b033db39a32706afdaf9cbe580f74fae891c45aea9d068427bb9
[INFO] running `Command { std: "docker" "start" "-a" "5ff64d659843b033db39a32706afdaf9cbe580f74fae891c45aea9d068427bb9", kill_on_drop: false }`
[INFO] running `Command { std: "docker" "inspect" "5ff64d659843b033db39a32706afdaf9cbe580f74fae891c45aea9d068427bb9", kill_on_drop: false }`
[INFO] running `Command { std: "docker" "rm" "-f" "5ff64d659843b033db39a32706afdaf9cbe580f74fae891c45aea9d068427bb9", kill_on_drop: false }`
[INFO] [stdout] 5ff64d659843b033db39a32706afdaf9cbe580f74fae891c45aea9d068427bb9
[INFO] running `Command { std: "docker" "create" "-v" "/var/lib/crater-agent-workspace/builds/worker-4-tc1/target:/opt/rustwide/target:rw,Z" "-v" "/var/lib/crater-agent-workspace/builds/worker-4-tc1/source:/opt/rustwide/workdir:ro,Z" "-v" "/var/lib/crater-agent-workspace/cargo-home:/opt/rustwide/cargo-home:ro,Z" "-v" "/var/lib/crater-agent-workspace/rustup-home:/opt/rustwide/rustup-home:ro,Z" "-e" "SOURCE_DIR=/opt/rustwide/workdir" "-e" "CARGO_TARGET_DIR=/opt/rustwide/target" "-e" "CARGO_INCREMENTAL=0" "-e" "RUST_BACKTRACE=full" "-e" "RUSTFLAGS=--cap-lints=warn" "-e" "RUSTDOCFLAGS=--cap-lints=warn" "-e" "CARGO_HOME=/opt/rustwide/cargo-home" "-e" "RUSTUP_HOME=/opt/rustwide/rustup-home" "-w" "/opt/rustwide/workdir" "-m" "1610612736" "--user" "0:0" "--network" "none" "ghcr.io/rust-lang/crates-build-env/linux@sha256:2788e3201cd34a07e3172128adcd8b3090168a8e3bcc40d7c032b9dda1df7d1c" "/opt/rustwide/cargo-home/bin/cargo" "+1.75.0" "doc" "--frozen" "--no-deps" "--document-private-items" "--message-format=json", kill_on_drop: false }`
[INFO] [stdout] d2b4827c7dc376bc1e6cdbb07c524a6d5f083cddd6e4d965bf7d20d72adcae87
[INFO] running `Command { std: "docker" "start" "-a" "d2b4827c7dc376bc1e6cdbb07c524a6d5f083cddd6e4d965bf7d20d72adcae87", kill_on_drop: false }`
[INFO] [stderr]    Compiling libc v0.2.126
[INFO] [stderr]    Compiling proc-macro2 v1.0.39
[INFO] [stderr]    Compiling unicode-ident v1.0.0
[INFO] [stderr]    Compiling syn v1.0.95
[INFO] [stderr]     Checking once_cell v1.12.0
[INFO] [stderr]    Compiling pkg-config v0.3.25
[INFO] [stderr]    Compiling memoffset v0.6.5
[INFO] [stderr]    Compiling xml-rs v0.8.4
[INFO] [stderr]    Compiling num-traits v0.2.15
[INFO] [stderr]     Checking libloading v0.7.3
[INFO] [stderr]     Checking smallvec v1.8.0
[INFO] [stderr]    Compiling futures-core v0.3.21
[INFO] [stderr]    Compiling ahash v0.7.6
[INFO] [stderr]    Compiling futures-channel v0.3.21
[INFO] [stderr]    Compiling futures-task v0.3.21
[INFO] [stderr]     Checking futures-sink v0.3.21
[INFO] [stderr]     Checking bytes v1.1.0
[INFO] [stderr]    Compiling wayland-sys v0.29.4
[INFO] [stderr]    Compiling futures-util v0.3.21
[INFO] [stderr]    Compiling quote v1.0.18
[INFO] [stderr]    Compiling wayland-scanner v0.29.4
[INFO] [stderr]     Checking cty v0.2.2
[INFO] [stderr]     Checking raw-window-handle v0.4.3
[INFO] [stderr]     Checking dlib v0.5.0
[INFO] [stderr]     Checking slab v0.4.6
[INFO] [stderr]     Checking futures-io v0.3.21
[INFO] [stderr]    Compiling indexmap v1.8.2
[INFO] [stderr]    Compiling lock_api v0.4.7
[INFO] [stderr]     Checking scoped-tls v1.0.0
[INFO] [stderr]    Compiling parking_lot_core v0.8.5
[INFO] [stderr]     Checking downcast-rs v1.2.0
[INFO] [stderr]    Compiling crossbeam-utils v0.8.8
[INFO] [stderr]     Checking instant v0.1.12
[INFO] [stderr]     Checking ppv-lite86 v0.2.16
[INFO] [stderr]     Checking getrandom v0.2.6
[INFO] [stderr]     Checking num_cpus v1.13.1
[INFO] [stderr]     Checking mio v0.8.3
[INFO] [stderr]     Checking nix v0.22.3
[INFO] [stderr]     Checking socket2 v0.4.4
[INFO] [stderr]     Checking rand_core v0.6.3
[INFO] [stderr]     Checking hashbrown v0.11.2
[INFO] [stderr]     Checking rand_chacha v0.3.1
[INFO] [stderr]     Checking nom v7.1.1
[INFO] [stderr]    Compiling crossbeam-epoch v0.9.8
[INFO] [stderr]    Compiling cc v1.0.73
[INFO] [stderr]    Compiling khronos_api v3.1.0
[INFO] [stderr]    Compiling wayland-client v0.29.4
[INFO] [stderr]    Compiling wayland-protocols v0.29.4
[INFO] [stderr]    Compiling openssl-src v111.20.0+1.1.1o
[INFO] [stderr]     Checking rand v0.8.5
[INFO] [stderr]     Checking parking_lot v0.11.2
[INFO] [stderr]    Compiling smithay-client-toolkit v0.15.4
[INFO] [stderr]     Checking either v1.6.1
[INFO] [stderr]    Compiling rayon-core v1.9.3
[INFO] [stderr]     Checking static_assertions v1.1.0
[INFO] [stderr]     Checking rustc-hash v1.1.0
[INFO] [stderr]    Compiling log v0.4.17
[INFO] [stderr]    Compiling openssl-sys v0.9.74
[INFO] [stderr]     Checking twox-hash v1.6.3
[INFO] [stderr]     Checking xcursor v0.3.4
[INFO] [stderr]     Checking memmap2 v0.3.1
[INFO] [stderr]     Checking unicode-width v0.1.9
[INFO] [stderr]     Checking termcolor v1.1.3
[INFO] [stderr]     Checking ttf-parser v0.15.0
[INFO] [stderr]     Checking crossbeam-deque v0.8.1
[INFO] [stderr]    Compiling gl_generator v0.14.0
[INFO] [stderr]     Checking crossbeam-channel v0.5.4
[INFO] [stderr]    Compiling x11-dl v2.19.1
[INFO] [stderr]    Compiling rayon v1.5.3
[INFO] [stderr]     Checking wayland-commons v0.29.4
[INFO] [stderr]     Checking calloop v0.9.3
[INFO] [stderr]     Checking itoa v1.0.2
[INFO] [stderr]     Checking ab_glyph_rasterizer v0.1.5
[INFO] [stderr]    Compiling unicase v2.6.0
[INFO] [stderr]     Checking owned_ttf_parser v0.15.0
[INFO] [stderr]     Checking ab_glyph v0.2.15
[INFO] [stderr]    Compiling glam v0.10.2
[INFO] [stderr]     Checking iced_core v0.5.0
[INFO] [stderr]    Compiling khronos-egl v4.1.0
[INFO] [stderr]    Compiling serde_derive v1.0.137
[INFO] [stderr]     Checking wayland-cursor v0.29.4
[INFO] [stderr]    Compiling ash v0.34.0+1.2.203
[INFO] [stderr]     Checking bit-vec v0.6.3
[INFO] [stderr]     Checking glow v0.11.2
[INFO] [stderr]     Checking iced_style v0.4.0
[INFO] [stderr]     Checking bit-set v0.5.2
[INFO] [stderr]     Checking codespan-reporting v0.11.1
[INFO] [stderr]     Checking approx v0.5.1
[INFO] [stderr]     Checking spirv v0.2.0+1.5.4
[INFO] [stderr]     Checking tracing-core v0.1.26
[INFO] [stderr]     Checking gpu-descriptor-types v0.1.1
[INFO] [stderr]     Checking gpu-alloc-types v0.2.0
[INFO] [stderr]    Compiling winit v0.26.1
[INFO] [stderr]    Compiling serde v1.0.137
[INFO] [stderr]     Checking xi-unicode v0.3.0
[INFO] [stderr]     Checking linked-hash-map v0.5.4
[INFO] [stderr]     Checking hexf-parse v0.2.1
[INFO] [stderr]    Compiling openssl v0.10.40
[INFO] [stderr]     Checking unicode-segmentation v1.9.0
[INFO] [stderr]    Compiling cfg_aliases v0.1.1
[INFO] [stderr]     Checking glyph_brush_layout v0.2.3
[INFO] [stderr]    Compiling wgpu-core v0.12.2
[INFO] [stderr]    Compiling tokio-macros v1.7.0
[INFO] [stderr]    Compiling futures-macro v0.3.21
[INFO] [stderr]    Compiling thiserror-impl v1.0.31
[INFO] [stderr]    Compiling bytemuck_derive v1.1.0
[INFO] [stderr]    Compiling tracing-attributes v0.1.21
[INFO] [stderr]     Checking glyph_brush_draw_cache v0.1.5
[INFO] [stderr]     Checking tokio v1.18.2
[INFO] [stderr]     Checking bytemuck v1.9.1
[INFO] [stderr]    Compiling openssl-macros v0.1.0
[INFO] [stderr]     Checking thiserror v1.0.31
[INFO] [stderr]     Checking naga v0.8.5
[INFO] [stderr]     Checking fxhash v0.2.1
[INFO] [stderr]     Checking http v0.2.7
[INFO] [stderr]     Checking tracing v0.1.34
[INFO] [stderr]     Checking gpu-alloc v0.5.3
[INFO] [stderr]     Checking gpu-descriptor v0.2.2
[INFO] [stderr]     Checking futures-executor v0.3.21
[INFO] [stderr]     Checking futures v0.3.21
[INFO] [stderr]     Checking iced_futures v0.4.1
[INFO] [stderr]     Checking gethostname v0.2.3
[INFO] [stderr]     Checking ordered-float v3.0.0
[INFO] [stderr]     Checking iced_native v0.5.1
[INFO] [stderr]    Compiling proc-macro-error-attr v1.0.4
[INFO] [stderr]     Checking wgpu-types v0.12.0
[INFO] [stderr]     Checking profiling v1.0.6
[INFO] [stderr]    Compiling native-tls v0.2.10
[INFO] [stderr]     Checking inplace_it v0.3.3
[INFO] [stderr]     Checking tinyvec_macros v0.1.0
[INFO] [stderr]     Checking arrayvec v0.7.2
[INFO] [stderr]     Checking matches v0.1.9
[INFO] [stderr]     Checking renderdoc-sys v0.7.1
[INFO] [stderr]    Compiling httparse v1.7.1
[INFO] [stderr]     Checking iced_graphics v0.3.0
[INFO] [stderr]     Checking tinyvec v1.6.0
[INFO] [stderr]    Compiling xcb v0.8.2
[INFO] [stderr]     Checking glyph_brush v0.7.4
[INFO] [stderr]     Checking x11rb v0.9.0
[INFO] [stderr]     Checking tokio-util v0.7.2
[INFO] [stderr]    Compiling glutin_egl_sys v0.1.5
[INFO] [stderr]    Compiling glutin_glx_sys v0.1.7
[INFO] [stderr]    Compiling proc-macro-error v1.0.4
[INFO] [stderr]     Checking copyless v0.1.5
[INFO] [stderr]     Checking try-lock v0.2.3
[INFO] [stderr]     Checking want v0.3.0
[INFO] [stderr]     Checking h2 v0.3.13
[INFO] [stderr]    Compiling mime_guess v2.0.4
[INFO] [stderr]     Checking unicode-normalization v0.1.19
[INFO] [stderr] error: failed to run custom build command for `xcb v0.8.2`
[INFO] [stderr] note: To improve backtraces for build dependencies, set the CARGO_PROFILE_DEV_BUILD_OVERRIDE_DEBUG=true environment variable to enable debug information generation.
[INFO] [stderr] 
[INFO] [stderr] Caused by:
[INFO] [stderr]   process didn't exit successfully: `/opt/rustwide/target/debug/build/xcb-ecd051e40e7c2a21/build-script-build` (exit status: 101)
[INFO] [stderr]   --- stderr
[INFO] [stderr]   error occured in handler:  ('request: ', ('xcb', 'SELinux', 'GetClientContext'))
[INFO] [stderr]   Traceback (most recent call last):
[INFO] [stderr]     File "/opt/rustwide/cargo-home/registry/src/index.crates.io-6f17d22bba15001f/xcb-0.8.2/rs_client.py", line 2448, in <module>
[INFO] [stderr]       module.generate()
[INFO] [stderr]     File "/opt/rustwide/cargo-home/registry/src/index.crates.io-6f17d22bba15001f/xcb-0.8.2/xcbgen/state.py", line 108, in generate
[INFO] [stderr]       self.close()
[INFO] [stderr]     File "/opt/rustwide/cargo-home/registry/src/index.crates.io-6f17d22bba15001f/xcb-0.8.2/rs_client.py", line 296, in rs_close
[INFO] [stderr]       _f.writeout(os.path.join(module.rs_srcdir, "ffi", "%s.rs" % _module_name(_ns.ext_name)))
[INFO] [stderr]     File "/opt/rustwide/cargo-home/registry/src/index.crates.io-6f17d22bba15001f/xcb-0.8.2/rs_client.py", line 114, in writeout
[INFO] [stderr]       with open(path, 'w') as f:
[INFO] [stderr]   OSError: [Errno 30] Read-only file system: '/opt/rustwide/cargo-home/registry/src/index.crates.io-6f17d22bba15001f/xcb-0.8.2/src/ffi/selinux.rs'
[INFO] [stderr]   thread 'main' panicked at /opt/rustwide/cargo-home/registry/src/index.crates.io-6f17d22bba15001f/xcb-0.8.2/build.rs:75:17:
[INFO] [stderr]   processing of /opt/rustwide/cargo-home/registry/src/index.crates.io-6f17d22bba15001f/xcb-0.8.2/xml/xselinux.xml returned non-zero (1)
[INFO] [stderr]   stack backtrace:
[INFO] [stderr]      0:     0x561b4b8952cc - std::backtrace_rs::backtrace::libunwind::trace::ha637c64ce894333a
[INFO] [stderr]                                  at /rustc/82e1608dfa6e0b5569232559e3d385fea5a93112/library/std/src/../../backtrace/src/backtrace/libunwind.rs:104:5
[INFO] [stderr]      1:     0x561b4b8952cc - std::backtrace_rs::backtrace::trace_unsynchronized::h47f62dea28e0c88d
[INFO] [stderr]                                  at /rustc/82e1608dfa6e0b5569232559e3d385fea5a93112/library/std/src/../../backtrace/src/backtrace/mod.rs:66:5
[INFO] [stderr]      2:     0x561b4b8952cc - std::sys_common::backtrace::_print_fmt::h9eef0abe20ede486
[INFO] [stderr]                                  at /rustc/82e1608dfa6e0b5569232559e3d385fea5a93112/library/std/src/sys_common/backtrace.rs:67:5
[INFO] [stderr]      3:     0x561b4b8952cc - <std::sys_common::backtrace::_print::DisplayBacktrace as core::fmt::Display>::fmt::hed7f999df88cc644
[INFO] [stderr]                                  at /rustc/82e1608dfa6e0b5569232559e3d385fea5a93112/library/std/src/sys_common/backtrace.rs:44:22
[INFO] [stderr]      4:     0x561b4b8b86c0 - core::fmt::rt::Argument::fmt::h1539a9308b8d058d
[INFO] [stderr]                                  at /rustc/82e1608dfa6e0b5569232559e3d385fea5a93112/library/core/src/fmt/rt.rs:142:9
[INFO] [stderr]      5:     0x561b4b8b86c0 - core::fmt::write::h3a39390d8560d9c9
[INFO] [stderr]                                  at /rustc/82e1608dfa6e0b5569232559e3d385fea5a93112/library/core/src/fmt/mod.rs:1120:17
[INFO] [stderr]      6:     0x561b4b89329f - std::io::Write::write_fmt::h5fc9997dfe05f882
[INFO] [stderr]                                  at /rustc/82e1608dfa6e0b5569232559e3d385fea5a93112/library/std/src/io/mod.rs:1762:15
[INFO] [stderr]      7:     0x561b4b8950b4 - std::sys_common::backtrace::_print::h894006fb5c6f3d45
[INFO] [stderr]                                  at /rustc/82e1608dfa6e0b5569232559e3d385fea5a93112/library/std/src/sys_common/backtrace.rs:47:5
[INFO] [stderr]      8:     0x561b4b8950b4 - std::sys_common::backtrace::print::h23a2d212c6fff936
[INFO] [stderr]                                  at /rustc/82e1608dfa6e0b5569232559e3d385fea5a93112/library/std/src/sys_common/backtrace.rs:34:9
[INFO] [stderr]      9:     0x561b4b896757 - std::panicking::default_hook::{{closure}}::h8a1d2ee00185001a
[INFO] [stderr]     10:     0x561b4b8964bf - std::panicking::default_hook::h6038f2eba384e475
[INFO] [stderr]                                  at /rustc/82e1608dfa6e0b5569232559e3d385fea5a93112/library/std/src/panicking.rs:292:9
[INFO] [stderr]     11:     0x561b4b896bd8 - std::panicking::rust_panic_with_hook::h2b5517d590cab22e
[INFO] [stderr]                                  at /rustc/82e1608dfa6e0b5569232559e3d385fea5a93112/library/std/src/panicking.rs:779:13
[INFO] [stderr]     12:     0x561b4b896abe - std::panicking::begin_panic_handler::{{closure}}::h233112c06e0ef43e
[INFO] [stderr]                                  at /rustc/82e1608dfa6e0b5569232559e3d385fea5a93112/library/std/src/panicking.rs:657:13
[INFO] [stderr]     13:     0x561b4b895796 - std::sys_common::backtrace::__rust_end_short_backtrace::h6e893f24d7ebbff8
[INFO] [stderr]                                  at /rustc/82e1608dfa6e0b5569232559e3d385fea5a93112/library/std/src/sys_common/backtrace.rs:170:18
[INFO] [stderr]     14:     0x561b4b896822 - rust_begin_unwind
[INFO] [stderr]                                  at /rustc/82e1608dfa6e0b5569232559e3d385fea5a93112/library/std/src/panicking.rs:645:5
[INFO] [stderr]     15:     0x561b4b86f285 - core::panicking::panic_fmt::hbf0e066aabfa482c
[INFO] [stderr]                                  at /rustc/82e1608dfa6e0b5569232559e3d385fea5a93112/library/core/src/panicking.rs:72:14
[INFO] [stderr]     16:     0x561b4b8751e1 - build_script_build::main::{{closure}}::h5d61365dd87fb549
[INFO] [stderr]     17:     0x561b4b8740d5 - build_script_build::visit_xml::hb099947f33c8e531
[INFO] [stderr]     18:     0x561b4b874773 - build_script_build::main::h14b5998d83ffea34
[INFO] [stderr]     19:     0x561b4b870d83 - core::ops::function::FnOnce::call_once::h5a081dbfd2578362
[INFO] [stderr]     20:     0x561b4b86fdc6 - std::sys_common::backtrace::__rust_begin_short_backtrace::h85eb982d6e1ddb96
[INFO] [stderr]     21:     0x561b4b870509 - std::rt::lang_start::{{closure}}::hbd98ceb431482c0f
[INFO] [stderr]     22:     0x561b4b88ffa7 - core::ops::function::impls::<impl core::ops::function::FnOnce<A> for &F>::call_once::hd95060ecd5e1ca24
[INFO] [stderr]                                  at /rustc/82e1608dfa6e0b5569232559e3d385fea5a93112/library/core/src/ops/function.rs:284:13
[INFO] [stderr]     23:     0x561b4b88ffa7 - std::panicking::try::do_call::h6e8cf51db32a6e4b
[INFO] [stderr]                                  at /rustc/82e1608dfa6e0b5569232559e3d385fea5a93112/library/std/src/panicking.rs:552:40
[INFO] [stderr]     24:     0x561b4b88ffa7 - std::panicking::try::h3a52eefe24fe3c29
[INFO] [stderr]                                  at /rustc/82e1608dfa6e0b5569232559e3d385fea5a93112/library/std/src/panicking.rs:516:19
[INFO] [stderr]     25:     0x561b4b88ffa7 - std::panic::catch_unwind::h24c28c23c02c3841
[INFO] [stderr]                                  at /rustc/82e1608dfa6e0b5569232559e3d385fea5a93112/library/std/src/panic.rs:142:14
[INFO] [stderr]     26:     0x561b4b88ffa7 - std::rt::lang_start_internal::{{closure}}::h705d3c9cbc06ef47
[INFO] [stderr]                                  at /rustc/82e1608dfa6e0b5569232559e3d385fea5a93112/library/std/src/rt.rs:148:48
[INFO] [stderr]     27:     0x561b4b88ffa7 - std::panicking::try::do_call::ha21f52ba13158470
[INFO] [stderr]                                  at /rustc/82e1608dfa6e0b5569232559e3d385fea5a93112/library/std/src/panicking.rs:552:40
[INFO] [stderr]     28:     0x561b4b88ffa7 - std::panicking::try::h5581346bf6aeb1f8
[INFO] [stderr]                                  at /rustc/82e1608dfa6e0b5569232559e3d385fea5a93112/library/std/src/panicking.rs:516:19
[INFO] [stderr]     29:     0x561b4b88ffa7 - std::panic::catch_unwind::h7919645a6b72e25b
[INFO] [stderr]                                  at /rustc/82e1608dfa6e0b5569232559e3d385fea5a93112/library/std/src/panic.rs:142:14
[INFO] [stderr]     30:     0x561b4b88ffa7 - std::rt::lang_start_internal::h12de51168669836e
[INFO] [stderr]                                  at /rustc/82e1608dfa6e0b5569232559e3d385fea5a93112/library/std/src/rt.rs:148:20
[INFO] [stderr]     31:     0x561b4b8704e7 - std::rt::lang_start::h2e7c0685256c3b0e
[INFO] [stderr]     32:     0x561b4b875265 - main
[INFO] [stderr]     33:     0x7fee91a46d90 - <unknown>
[INFO] [stderr]     34:     0x7fee91a46e40 - __libc_start_main
[INFO] [stderr]     35:     0x561b4b86f9a5 - _start
[INFO] [stderr]     36:                0x0 - <unknown>
[INFO] [stderr] warning: build failed, waiting for other jobs to finish...
[INFO] running `Command { std: "docker" "inspect" "d2b4827c7dc376bc1e6cdbb07c524a6d5f083cddd6e4d965bf7d20d72adcae87", kill_on_drop: false }`
[INFO] running `Command { std: "docker" "rm" "-f" "d2b4827c7dc376bc1e6cdbb07c524a6d5f083cddd6e4d965bf7d20d72adcae87", kill_on_drop: false }`
[INFO] [stdout] d2b4827c7dc376bc1e6cdbb07c524a6d5f083cddd6e4d965bf7d20d72adcae87
[INFO] documenting ascella-desktop-0.5.2 against beta-2023-12-22 for beta-1.76-rustdoc-1
[INFO] extracting crate ascella-desktop 0.5.2 into /workspace/builds/worker-4-tc2/source
[INFO] validating manifest of crates.io crate ascella-desktop 0.5.2 on toolchain beta-2023-12-22
[INFO] running `Command { std: CARGO_HOME="/workspace/cargo-home" RUSTUP_HOME="/workspace/rustup-home" "/workspace/cargo-home/bin/cargo" "+beta-2023-12-22" "metadata" "--manifest-path" "Cargo.toml" "--no-deps", kill_on_drop: false }`
[INFO] started tweaking crates.io crate ascella-desktop 0.5.2
[INFO] finished tweaking crates.io crate ascella-desktop 0.5.2
[INFO] tweaked toml for crates.io crate ascella-desktop 0.5.2 written to /workspace/builds/worker-4-tc2/source/Cargo.toml
[INFO] crate crates.io crate ascella-desktop 0.5.2 already has a lockfile, it will not be regenerated
[INFO] running `Command { std: CARGO_HOME="/workspace/cargo-home" RUSTUP_HOME="/workspace/rustup-home" "/workspace/cargo-home/bin/cargo" "+beta-2023-12-22" "fetch" "--manifest-path" "Cargo.toml", kill_on_drop: false }`
[INFO] running `Command { std: "docker" "create" "-v" "/var/lib/crater-agent-workspace/builds/worker-4-tc2/target:/opt/rustwide/target:rw,Z" "-v" "/var/lib/crater-agent-workspace/builds/worker-4-tc2/source:/opt/rustwide/workdir:ro,Z" "-v" "/var/lib/crater-agent-workspace/cargo-home:/opt/rustwide/cargo-home:ro,Z" "-v" "/var/lib/crater-agent-workspace/rustup-home:/opt/rustwide/rustup-home:ro,Z" "-e" "SOURCE_DIR=/opt/rustwide/workdir" "-e" "CARGO_TARGET_DIR=/opt/rustwide/target" "-e" "CARGO_HOME=/opt/rustwide/cargo-home" "-e" "RUSTUP_HOME=/opt/rustwide/rustup-home" "-w" "/opt/rustwide/workdir" "-m" "1610612736" "--user" "0:0" "--network" "none" "ghcr.io/rust-lang/crates-build-env/linux@sha256:2788e3201cd34a07e3172128adcd8b3090168a8e3bcc40d7c032b9dda1df7d1c" "/opt/rustwide/cargo-home/bin/cargo" "+beta-2023-12-22" "metadata" "--no-deps" "--format-version=1", kill_on_drop: false }`
[INFO] [stdout] fbd6c9baa23f7dcf415b701a8c68c768ff53daf56f4e4c4876513b3932e329c6
[INFO] running `Command { std: "docker" "start" "-a" "fbd6c9baa23f7dcf415b701a8c68c768ff53daf56f4e4c4876513b3932e329c6", kill_on_drop: false }`
[INFO] running `Command { std: "docker" "inspect" "fbd6c9baa23f7dcf415b701a8c68c768ff53daf56f4e4c4876513b3932e329c6", kill_on_drop: false }`
[INFO] running `Command { std: "docker" "rm" "-f" "fbd6c9baa23f7dcf415b701a8c68c768ff53daf56f4e4c4876513b3932e329c6", kill_on_drop: false }`
[INFO] [stdout] fbd6c9baa23f7dcf415b701a8c68c768ff53daf56f4e4c4876513b3932e329c6
[INFO] running `Command { std: "docker" "create" "-v" "/var/lib/crater-agent-workspace/builds/worker-4-tc2/target:/opt/rustwide/target:rw,Z" "-v" "/var/lib/crater-agent-workspace/builds/worker-4-tc2/source:/opt/rustwide/workdir:ro,Z" "-v" "/var/lib/crater-agent-workspace/cargo-home:/opt/rustwide/cargo-home:ro,Z" "-v" "/var/lib/crater-agent-workspace/rustup-home:/opt/rustwide/rustup-home:ro,Z" "-e" "SOURCE_DIR=/opt/rustwide/workdir" "-e" "CARGO_TARGET_DIR=/opt/rustwide/target" "-e" "CARGO_INCREMENTAL=0" "-e" "RUST_BACKTRACE=full" "-e" "RUSTFLAGS=--cap-lints=warn" "-e" "RUSTDOCFLAGS=--cap-lints=warn" "-e" "CARGO_HOME=/opt/rustwide/cargo-home" "-e" "RUSTUP_HOME=/opt/rustwide/rustup-home" "-w" "/opt/rustwide/workdir" "-m" "1610612736" "--user" "0:0" "--network" "none" "ghcr.io/rust-lang/crates-build-env/linux@sha256:2788e3201cd34a07e3172128adcd8b3090168a8e3bcc40d7c032b9dda1df7d1c" "/opt/rustwide/cargo-home/bin/cargo" "+beta-2023-12-22" "doc" "--frozen" "--no-deps" "--document-private-items" "--message-format=json", kill_on_drop: false }`
[INFO] [stdout] f584579b3d1223b563ab392aa23fb574b461d292ec25aecc730bd7413c6d7832
[INFO] running `Command { std: "docker" "start" "-a" "f584579b3d1223b563ab392aa23fb574b461d292ec25aecc730bd7413c6d7832", kill_on_drop: false }`
[INFO] [stderr]    Compiling libc v0.2.126
[INFO] [stderr]    Compiling proc-macro2 v1.0.39
[INFO] [stderr]    Compiling unicode-ident v1.0.0
[INFO] [stderr]    Compiling syn v1.0.95
[INFO] [stderr]     Checking once_cell v1.12.0
[INFO] [stderr]    Compiling pkg-config v0.3.25
[INFO] [stderr]    Compiling memoffset v0.6.5
[INFO] [stderr]    Compiling xml-rs v0.8.4
[INFO] [stderr]    Compiling num-traits v0.2.15
[INFO] [stderr]     Checking libloading v0.7.3
[INFO] [stderr]     Checking smallvec v1.8.0
[INFO] [stderr]    Compiling futures-core v0.3.21
[INFO] [stderr]    Compiling ahash v0.7.6
[INFO] [stderr]     Checking futures-sink v0.3.21
[INFO] [stderr]    Compiling futures-task v0.3.21
[INFO] [stderr]     Checking bytes v1.1.0
[INFO] [stderr]    Compiling futures-channel v0.3.21
[INFO] [stderr]    Compiling quote v1.0.18
[INFO] [stderr]    Compiling wayland-sys v0.29.4
[INFO] [stderr]    Compiling wayland-scanner v0.29.4
[INFO] [stderr]    Compiling futures-util v0.3.21
[INFO] [stderr]     Checking cty v0.2.2
[INFO] [stderr]     Checking raw-window-handle v0.4.3
[INFO] [stderr]     Checking dlib v0.5.0
[INFO] [stderr]     Checking futures-io v0.3.21
[INFO] [stderr]     Checking slab v0.4.6
[INFO] [stderr]    Compiling indexmap v1.8.2
[INFO] [stderr]     Checking getrandom v0.2.6
[INFO] [stderr]     Checking num_cpus v1.13.1
[INFO] [stderr]     Checking mio v0.8.3
[INFO] [stderr]     Checking nix v0.22.3
[INFO] [stderr]     Checking socket2 v0.4.4
[INFO] [stderr]    Compiling lock_api v0.4.7
[INFO] [stderr]     Checking scoped-tls v1.0.0
[INFO] [stderr]     Checking downcast-rs v1.2.0
[INFO] [stderr]    Compiling crossbeam-utils v0.8.8
[INFO] [stderr]    Compiling parking_lot_core v0.8.5
[INFO] [stderr]     Checking rand_core v0.6.3
[INFO] [stderr]     Checking hashbrown v0.11.2
[INFO] [stderr]     Checking instant v0.1.12
[INFO] [stderr]     Checking ppv-lite86 v0.2.16
[INFO] [stderr]     Checking nom v7.1.1
[INFO] [stderr]    Compiling crossbeam-epoch v0.9.8
[INFO] [stderr]    Compiling khronos_api v3.1.0
[INFO] [stderr]     Checking rand_chacha v0.3.1
[INFO] [stderr]    Compiling cc v1.0.73
[INFO] [stderr]    Compiling wayland-client v0.29.4
[INFO] [stderr]    Compiling wayland-protocols v0.29.4
[INFO] [stderr]     Checking rand v0.8.5
[INFO] [stderr]     Checking parking_lot v0.11.2
[INFO] [stderr]    Compiling smithay-client-toolkit v0.15.4
[INFO] [stderr]    Compiling openssl-src v111.20.0+1.1.1o
[INFO] [stderr]     Checking static_assertions v1.1.0
[INFO] [stderr]     Checking rustc-hash v1.1.0
[INFO] [stderr]     Checking either v1.6.1
[INFO] [stderr]    Compiling rayon-core v1.9.3
[INFO] [stderr]    Compiling log v0.4.17
[INFO] [stderr]     Checking twox-hash v1.6.3
[INFO] [stderr]    Compiling openssl-sys v0.9.74
[INFO] [stderr]     Checking memmap2 v0.3.1
[INFO] [stderr]     Checking unicode-width v0.1.9
[INFO] [stderr]     Checking ttf-parser v0.15.0
[INFO] [stderr]     Checking termcolor v1.1.3
[INFO] [stderr]     Checking xcursor v0.3.4
[INFO] [stderr]     Checking crossbeam-deque v0.8.1
[INFO] [stderr]    Compiling gl_generator v0.14.0
[INFO] [stderr]     Checking crossbeam-channel v0.5.4
[INFO] [stderr]    Compiling x11-dl v2.19.1
[INFO] [stderr]    Compiling rayon v1.5.3
[INFO] [stderr]     Checking itoa v1.0.2
[INFO] [stderr]     Checking ab_glyph_rasterizer v0.1.5
[INFO] [stderr]     Checking wayland-commons v0.29.4
[INFO] [stderr]     Checking calloop v0.9.3
[INFO] [stderr]    Compiling unicase v2.6.0
[INFO] [stderr]    Compiling glam v0.10.2
[INFO] [stderr]     Checking iced_core v0.5.0
[INFO] [stderr]    Compiling ash v0.34.0+1.2.203
[INFO] [stderr]     Checking glow v0.11.2
[INFO] [stderr]     Checking bit-vec v0.6.3
[INFO] [stderr]    Compiling khronos-egl v4.1.0
[INFO] [stderr]     Checking owned_ttf_parser v0.15.0
[INFO] [stderr]     Checking ab_glyph v0.2.15
[INFO] [stderr]    Compiling serde_derive v1.0.137
[INFO] [stderr]     Checking bit-set v0.5.2
[INFO] [stderr]     Checking wayland-cursor v0.29.4
[INFO] [stderr]     Checking iced_style v0.4.0
[INFO] [stderr]     Checking codespan-reporting v0.11.1
[INFO] [stderr]     Checking spirv v0.2.0+1.5.4
[INFO] [stderr]     Checking approx v0.5.1
[INFO] [stderr]     Checking tracing-core v0.1.26
[INFO] [stderr]     Checking gpu-descriptor-types v0.1.1
[INFO] [stderr]     Checking gpu-alloc-types v0.2.0
[INFO] [stderr]    Compiling cfg_aliases v0.1.1
[INFO] [stderr]    Compiling winit v0.26.1
[INFO] [stderr]     Checking unicode-segmentation v1.9.0
[INFO] [stderr]     Checking hexf-parse v0.2.1
[INFO] [stderr]    Compiling serde v1.0.137
[INFO] [stderr]    Compiling openssl v0.10.40
[INFO] [stderr]     Checking linked-hash-map v0.5.4
[INFO] [stderr]     Checking xi-unicode v0.3.0
[INFO] [stderr]     Checking fxhash v0.2.1
[INFO] [stderr]     Checking glyph_brush_layout v0.2.3
[INFO] [stderr]    Compiling wgpu-core v0.12.2
[INFO] [stderr]     Checking http v0.2.7
[INFO] [stderr]     Checking gpu-alloc v0.5.3
[INFO] [stderr]     Checking gpu-descriptor v0.2.2
[INFO] [stderr]     Checking glyph_brush_draw_cache v0.1.5
[INFO] [stderr]    Compiling tokio-macros v1.7.0
[INFO] [stderr]    Compiling futures-macro v0.3.21
[INFO] [stderr]    Compiling thiserror-impl v1.0.31
[INFO] [stderr]    Compiling bytemuck_derive v1.1.0
[INFO] [stderr]    Compiling tracing-attributes v0.1.21
[INFO] [stderr]     Checking tokio v1.18.2
[INFO] [stderr]     Checking bytemuck v1.9.1
[INFO] [stderr]    Compiling openssl-macros v0.1.0
[INFO] [stderr]     Checking thiserror v1.0.31
[INFO] [stderr]     Checking naga v0.8.5
[INFO] [stderr]     Checking tracing v0.1.34
[INFO] [stderr]     Checking ordered-float v3.0.0
[INFO] [stderr]     Checking gethostname v0.2.3
[INFO] [stderr]    Compiling proc-macro-error-attr v1.0.4
[INFO] [stderr]     Checking wgpu-types v0.12.0
[INFO] [stderr]     Checking inplace_it v0.3.3
[INFO] [stderr]     Checking profiling v1.0.6
[INFO] [stderr]     Checking futures-executor v0.3.21
[INFO] [stderr]    Compiling httparse v1.7.1
[INFO] [stderr]     Checking futures v0.3.21
[INFO] [stderr]     Checking matches v0.1.9
[INFO] [stderr]     Checking iced_futures v0.4.1
[INFO] [stderr]    Compiling native-tls v0.2.10
[INFO] [stderr]     Checking iced_native v0.5.1
[INFO] [stderr]     Checking tinyvec_macros v0.1.0
[INFO] [stderr]     Checking arrayvec v0.7.2
[INFO] [stderr]     Checking renderdoc-sys v0.7.1
[INFO] [stderr]     Checking tinyvec v1.6.0
[INFO] [stderr]     Checking tokio-util v0.7.2
[INFO] [stderr]     Checking x11rb v0.9.0
[INFO] [stderr]     Checking glyph_brush v0.7.4
[INFO] [stderr]     Checking iced_graphics v0.3.0
[INFO] [stderr]    Compiling xcb v0.8.2
[INFO] [stderr]    Compiling glutin_egl_sys v0.1.5
[INFO] [stderr]    Compiling glutin_glx_sys v0.1.7
[INFO] [stderr]    Compiling proc-macro-error v1.0.4
[INFO] [stderr]     Checking copyless v0.1.5
[INFO] [stderr]     Checking try-lock v0.2.3
[INFO] [stderr]     Checking want v0.3.0
[INFO] [stderr] error: failed to run custom build command for `xcb v0.8.2`
[INFO] [stderr] note: To improve backtraces for build dependencies, set the CARGO_PROFILE_DEV_BUILD_OVERRIDE_DEBUG=true environment variable to enable debug information generation.
[INFO] [stderr] 
[INFO] [stderr] Caused by:
[INFO] [stderr]   process didn't exit successfully: `/opt/rustwide/target/debug/build/xcb-8b9d58f3f3d03124/build-script-build` (exit status: 101)
[INFO] [stderr]   --- stderr
[INFO] [stderr]   error occured in handler:  ('request: ', ('xcb', 'SELinux', 'GetClientContext'))
[INFO] [stderr]   Traceback (most recent call last):
[INFO] [stderr]     File "/opt/rustwide/cargo-home/registry/src/index.crates.io-6f17d22bba15001f/xcb-0.8.2/rs_client.py", line 2448, in <module>
[INFO] [stderr]       module.generate()
[INFO] [stderr]     File "/opt/rustwide/cargo-home/registry/src/index.crates.io-6f17d22bba15001f/xcb-0.8.2/xcbgen/state.py", line 108, in generate
[INFO] [stderr]       self.close()
[INFO] [stderr]     File "/opt/rustwide/cargo-home/registry/src/index.crates.io-6f17d22bba15001f/xcb-0.8.2/rs_client.py", line 296, in rs_close
[INFO] [stderr]       _f.writeout(os.path.join(module.rs_srcdir, "ffi", "%s.rs" % _module_name(_ns.ext_name)))
[INFO] [stderr]     File "/opt/rustwide/cargo-home/registry/src/index.crates.io-6f17d22bba15001f/xcb-0.8.2/rs_client.py", line 114, in writeout
[INFO] [stderr]       with open(path, 'w') as f:
[INFO] [stderr]   OSError: [Errno 30] Read-only file system: '/opt/rustwide/cargo-home/registry/src/index.crates.io-6f17d22bba15001f/xcb-0.8.2/src/ffi/selinux.rs'
[INFO] [stderr]   thread 'main' panicked at /opt/rustwide/cargo-home/registry/src/index.crates.io-6f17d22bba15001f/xcb-0.8.2/build.rs:75:17:
[INFO] [stderr]   processing of /opt/rustwide/cargo-home/registry/src/index.crates.io-6f17d22bba15001f/xcb-0.8.2/xml/xselinux.xml returned non-zero (1)
[INFO] [stderr]   stack backtrace:
[INFO] [stderr]      0:     0x55c120ea6376 - std::backtrace_rs::backtrace::libunwind::trace::h261606ad26a499c1
[INFO] [stderr]                                  at /rustc/0e09125c6c3c2fd70d7de961bcf0e51575235fad/library/std/src/../../backtrace/src/backtrace/libunwind.rs:104:5
[INFO] [stderr]      1:     0x55c120ea6376 - std::backtrace_rs::backtrace::trace_unsynchronized::hd183f0625477fb28
[INFO] [stderr]                                  at /rustc/0e09125c6c3c2fd70d7de961bcf0e51575235fad/library/std/src/../../backtrace/src/backtrace/mod.rs:66:5
[INFO] [stderr]      2:     0x55c120ea6376 - std::sys_common::backtrace::_print_fmt::hd7f8fef21b4eda67
[INFO] [stderr]                                  at /rustc/0e09125c6c3c2fd70d7de961bcf0e51575235fad/library/std/src/sys_common/backtrace.rs:68:5
[INFO] [stderr]      3:     0x55c120ea6376 - <std::sys_common::backtrace::_print::DisplayBacktrace as core::fmt::Display>::fmt::h623d9b51f2f453f1
[INFO] [stderr]                                  at /rustc/0e09125c6c3c2fd70d7de961bcf0e51575235fad/library/std/src/sys_common/backtrace.rs:44:22
[INFO] [stderr]      4:     0x55c120ec8aa0 - core::fmt::rt::Argument::fmt::h9f417ac76a86f368
[INFO] [stderr]                                  at /rustc/0e09125c6c3c2fd70d7de961bcf0e51575235fad/library/core/src/fmt/rt.rs:142:9
[INFO] [stderr]      5:     0x55c120ec8aa0 - core::fmt::write::hc9b6faf4ac2aeff7
[INFO] [stderr]                                  at /rustc/0e09125c6c3c2fd70d7de961bcf0e51575235fad/library/core/src/fmt/mod.rs:1120:17
[INFO] [stderr]      6:     0x55c120ea43ef - std::io::Write::write_fmt::hfead1eee52c2e65e
[INFO] [stderr]                                  at /rustc/0e09125c6c3c2fd70d7de961bcf0e51575235fad/library/std/src/io/mod.rs:1810:15
[INFO] [stderr]      7:     0x55c120ea6154 - std::sys_common::backtrace::_print::hd5d66399c7df88a2
[INFO] [stderr]                                  at /rustc/0e09125c6c3c2fd70d7de961bcf0e51575235fad/library/std/src/sys_common/backtrace.rs:47:5
[INFO] [stderr]      8:     0x55c120ea6154 - std::sys_common::backtrace::print::he81ed2da642d37e5
[INFO] [stderr]                                  at /rustc/0e09125c6c3c2fd70d7de961bcf0e51575235fad/library/std/src/sys_common/backtrace.rs:34:9
[INFO] [stderr]      9:     0x55c120ea7847 - std::panicking::default_hook::{{closure}}::h85773f4fa117163d
[INFO] [stderr]     10:     0x55c120ea75a9 - std::panicking::default_hook::h6a1694a91d09b278
[INFO] [stderr]                                  at /rustc/0e09125c6c3c2fd70d7de961bcf0e51575235fad/library/std/src/panicking.rs:292:9
[INFO] [stderr]     11:     0x55c120ea7cd8 - std::panicking::rust_panic_with_hook::h0a7ad96e90f7145b
[INFO] [stderr]                                  at /rustc/0e09125c6c3c2fd70d7de961bcf0e51575235fad/library/std/src/panicking.rs:779:13
[INFO] [stderr]     12:     0x55c120ea7bb2 - std::panicking::begin_panic_handler::{{closure}}::h7919090525c6485e
[INFO] [stderr]                                  at /rustc/0e09125c6c3c2fd70d7de961bcf0e51575235fad/library/std/src/panicking.rs:657:13
[INFO] [stderr]     13:     0x55c120ea6876 - std::sys_common::backtrace::__rust_end_short_backtrace::hf3289479464f7dfe
[INFO] [stderr]                                  at /rustc/0e09125c6c3c2fd70d7de961bcf0e51575235fad/library/std/src/sys_common/backtrace.rs:171:18
[INFO] [stderr]     14:     0x55c120ea7910 - rust_begin_unwind
[INFO] [stderr]                                  at /rustc/0e09125c6c3c2fd70d7de961bcf0e51575235fad/library/std/src/panicking.rs:645:5
[INFO] [stderr]     15:     0x55c120e80285 - core::panicking::panic_fmt::hcc9f77c5c132af55
[INFO] [stderr]                                  at /rustc/0e09125c6c3c2fd70d7de961bcf0e51575235fad/library/core/src/panicking.rs:72:14
[INFO] [stderr]     16:     0x55c120e861b1 - build_script_build::main::{{closure}}::h38ce6ecd6d9bca0c
[INFO] [stderr]     17:     0x55c120e850a3 - build_script_build::visit_xml::ha96a864b3f259758
[INFO] [stderr]     18:     0x55c120e85743 - build_script_build::main::he84dbe18dec322fd
[INFO] [stderr]     19:     0x55c120e81d53 - core::ops::function::FnOnce::call_once::h2b865f96fcc5149e
[INFO] [stderr]     20:     0x55c120e80dd6 - std::sys_common::backtrace::__rust_begin_short_backtrace::h7d58d61476e920c4
[INFO] [stderr]     21:     0x55c120e81509 - std::rt::lang_start::{{closure}}::h0b02c3005743ced8
[INFO] [stderr]     22:     0x55c120ea0fd1 - core::ops::function::impls::<impl core::ops::function::FnOnce<A> for &F>::call_once::h4eb4c5e1620f29b0
[INFO] [stderr]                                  at /rustc/0e09125c6c3c2fd70d7de961bcf0e51575235fad/library/core/src/ops/function.rs:284:13
[INFO] [stderr]     23:     0x55c120ea0fd1 - std::panicking::try::do_call::h73fd26535faffcdf
[INFO] [stderr]                                  at /rustc/0e09125c6c3c2fd70d7de961bcf0e51575235fad/library/std/src/panicking.rs:552:40
[INFO] [stderr]     24:     0x55c120ea0fd1 - std::panicking::try::h77ff1d98f0fb9f39
[INFO] [stderr]                                  at /rustc/0e09125c6c3c2fd70d7de961bcf0e51575235fad/library/std/src/panicking.rs:516:19
[INFO] [stderr]     25:     0x55c120ea0fd1 - std::panic::catch_unwind::hab3caf2448b95e37
[INFO] [stderr]                                  at /rustc/0e09125c6c3c2fd70d7de961bcf0e51575235fad/library/std/src/panic.rs:142:14
[INFO] [stderr]     26:     0x55c120ea0fd1 - std::rt::lang_start_internal::{{closure}}::h8086711f9c783f78
[INFO] [stderr]                                  at /rustc/0e09125c6c3c2fd70d7de961bcf0e51575235fad/library/std/src/rt.rs:148:48
[INFO] [stderr]     27:     0x55c120ea0fd1 - std::panicking::try::do_call::hf920d4dc291cd6ca
[INFO] [stderr]                                  at /rustc/0e09125c6c3c2fd70d7de961bcf0e51575235fad/library/std/src/panicking.rs:552:40
[INFO] [stderr]     28:     0x55c120ea0fd1 - std::panicking::try::h2b806ccc0a85db74
[INFO] [stderr]                                  at /rustc/0e09125c6c3c2fd70d7de961bcf0e51575235fad/library/std/src/panicking.rs:516:19
[INFO] [stderr]     29:     0x55c120ea0fd1 - std::panic::catch_unwind::h038489539c507df2
[INFO] [stderr]                                  at /rustc/0e09125c6c3c2fd70d7de961bcf0e51575235fad/library/std/src/panic.rs:142:14
[INFO] [stderr]     30:     0x55c120ea0fd1 - std::rt::lang_start_internal::h28503b88912e8a5c
[INFO] [stderr]                                  at /rustc/0e09125c6c3c2fd70d7de961bcf0e51575235fad/library/std/src/rt.rs:148:20
[INFO] [stderr]     31:     0x55c120e814e7 - std::rt::lang_start::hf1b4833be42bb0dd
[INFO] [stderr]     32:     0x55c120e86235 - main
[INFO] [stderr]     33:     0x7fba13431d90 - <unknown>
[INFO] [stderr]     34:     0x7fba13431e40 - __libc_start_main
[INFO] [stderr]     35:     0x55c120e809b5 - _start
[INFO] [stderr]     36:                0x0 - <unknown>
[INFO] [stderr] warning: build failed, waiting for other jobs to finish...
[INFO] running `Command { std: "docker" "inspect" "f584579b3d1223b563ab392aa23fb574b461d292ec25aecc730bd7413c6d7832", kill_on_drop: false }`
[INFO] running `Command { std: "docker" "rm" "-f" "f584579b3d1223b563ab392aa23fb574b461d292ec25aecc730bd7413c6d7832", kill_on_drop: false }`
[INFO] [stdout] f584579b3d1223b563ab392aa23fb574b461d292ec25aecc730bd7413c6d7832
